144.76.32.114 - - [19/Aug/2026:04:32:27 +0300] "GET /outlet/207013906 HTTP/1.1" 200 0 "-" "Mozilla/5.0 (compatible; SERankingBacklinksBot/1.0; +https://seranking.com/backlinks-crawler)"
144.76.32.114 - - [19/Aug/2026:04:32:30 +0300] "GET /outlet/207018236 HTTP/1.1" 200 0 "-" "Mozilla/5.0 (compatible; SERankingBacklinksBot/1.0; +https://seranking.com/backlinks-crawler)"
144.76.32.114 - - [19/Aug/2026:04:32:33 +0300] "GET /outlet/207019952 HTTP/1.1" 200 0 "-" "Mozilla/5.0 (compatible; SERankingBacklinksBot/1.0; +https://seranking.com/backlinks-crawler)"
144.76.32.114 - - [19/Aug/2026:04:32:36 +0300] "GET /outlet/207021738 HTTP/1.1" 200 0 "-" "Mozilla/5.0 (compatible; SERankingBacklinksBot/1.0; +https://seranking.com/backlinks-crawler)"
144.76.32.114 - - [19/Aug/2026:04:32:39 +0300] "GET /outlet/207022182 HTTP/1.1" 200 0 "-" "Mozilla/5.0 (compatible; SERankingBacklinksBot/1.0; +https://seranking.com/backlinks-crawler)"
144.76.32.114 - - [19/Aug/2026:04:32:43 +0300] "GET /outlet/207024804 HTTP/1.1" 200 0 "-" "Mozilla/5.0 (compatible; SERankingBacklinksBot/1.0; +https://seranking.com/backlinks-crawler)"
144.76.32.114 - - [19/Aug/2026:04:32:46 +0300] "GET /outlet/207027414 HTTP/1.1" 200 0 "-" "Mozilla/5.0 (compatible; SERankingBacklinksBot/1.0; +https://seranking.com/backlinks-crawler)"
207.46.13.107 - - [19/Aug/2026:04:32:47 +0300] "GET /vystavka-vse-ottenki-yaponskoj-tushi-v-ryazani/irina_levasheva_ryazan_2017_07/ HTTP/2.0" 200 0 "-" "Mozilla/5.0 AppleWebKit/537.36 (KHTML, like Gecko; compatible; bingbot/2.0; +http://www.bing.com/bingbot.htm) Chrome/116.0.1938.76 Safari/537.36"
144.76.32.114 - - [19/Aug/2026:04:32:49 +0300] "GET /outlet/207028438 HTTP/1.1" 200 0 "-" "Mozilla/5.0 (compatible; SERankingBacklinksBot/1.0; +https://seranking.com/backlinks-crawler)"
40.77.167.78 - - [19/Aug/2026:04:32:51 +0300] "GET /vystavka-otbleski-vosxodyashhego-solnca-v-moskve/irina_levasheva_moscow_lavrushinsky_2019_38/ HTTP/2.0" 200 0 "-" "Mozilla/5.0 AppleWebKit/537.36 (KHTML, like Gecko; compatible; bingbot/2.0; +http://www.bing.com/bingbot.htm) Chrome/116.0.1938.76 Safari/537.36"
144.76.32.114 - - [19/Aug/2026:04:32:52 +0300] "GET /outlet/207030416 HTTP/1.1" 200 0 "-" "Mozilla/5.0 (compatible; SERankingBacklinksBot/1.0; +https://seranking.com/backlinks-crawler)"
144.76.32.114 - - [19/Aug/2026:04:32:55 +0300] "GET /outlet/207031312 HTTP/1.1" 200 0 "-" "Mozilla/5.0 (compatible; SERankingBacklinksBot/1.0; +https://seranking.com/backlinks-crawler)"
144.76.32.114 - - [19/Aug/2026:04:32:58 +0300] "GET /outlet/207037840 HTTP/1.1" 200 0 "-" "Mozilla/5.0 (compatible; SERankingBacklinksBot/1.0; +https://seranking.com/backlinks-crawler)"
144.76.32.114 - - [19/Aug/2026:04:33:01 +0300] "GET /outlet/207039312 HTTP/1.1" 200 0 "-" "Mozilla/5.0 (compatible; SERankingBacklinksBot/1.0; +https://seranking.com/backlinks-crawler)"
144.76.32.114 - - [19/Aug/2026:04:33:05 +0300] "GET /outlet/207039680 HTTP/1.1" 200 0 "-" "Mozilla/5.0 (compatible; SERankingBacklinksBot/1.0; +https://seranking.com/backlinks-crawler)"
129.121.74.194 - - [19/Aug/2026:04:33:07 +0300] "GET /wp-login.php HTTP/2.0" 200 0 "-" "Mozilla/5.0 (Windows NT 10.0; Win64; x64) AppleWebKit/537.36 (KHTML, like Gecko) Chrome/149.0.0.0 Safari/537.36"
144.76.32.114 - - [19/Aug/2026:04:33:08 +0300] "GET /outlet/207039986 HTTP/1.1" 200 0 "-" "Mozilla/5.0 (compatible; SERankingBacklinksBot/1.0; +https://seranking.com/backlinks-crawler)"
144.76.32.114 - - [19/Aug/2026:04:33:11 +0300] "GET /outlet/207041968 HTTP/1.1" 200 0 "-" "Mozilla/5.0 (compatible; SERankingBacklinksBot/1.0; +https://seranking.com/backlinks-crawler)"
89.111.174.139 - - [19/Aug/2026:04:33:13 +0300] "GET https://levasheva.ru/ HTTP/1.1" 200 0 "-" "https://reg.ru monitoring abuse@reg.ru"
144.76.32.114 - - [19/Aug/2026:04:33:14 +0300] "GET /outlet/207044336 HTTP/1.1" 200 0 "-" "Mozilla/5.0 (compatible; SERankingBacklinksBot/1.0; +https://seranking.com/backlinks-crawler)"
144.76.32.114 - - [19/Aug/2026:04:33:17 +0300] "GET /outlet/207048550 HTTP/1.1" 200 0 "-" "Mozilla/5.0 (compatible; SERankingBacklinksBot/1.0; +https://seranking.com/backlinks-crawler)"
144.76.32.114 - - [19/Aug/2026:04:33:20 +0300] "GET /outlet/208002003 HTTP/1.1" 200 0 "-" "Mozilla/5.0 (compatible; SERankingBacklinksBot/1.0; +https://seranking.com/backlinks-crawler)"
144.76.32.114 - - [19/Aug/2026:04:33:23 +0300] "GET /outlet/208003229 HTTP/1.1" 200 0 "-" "Mozilla/5.0 (compatible; SERankingBacklinksBot/1.0; +https://seranking.com/backlinks-crawler)"
144.76.32.114 - - [19/Aug/2026:04:33:27 +0300] "GET /outlet/208007903 HTTP/1.1" 200 0 "-" "Mozilla/5.0 (compatible; SERankingBacklinksBot/1.0; +https://seranking.com/backlinks-crawler)"
144.76.32.114 - - [19/Aug/2026:04:33:30 +0300] "GET /outlet/208008311 HTTP/1.1" 200 0 "-" "Mozilla/5.0 (compatible; SERankingBacklinksBot/1.0; +https://seranking.com/backlinks-crawler)"
144.76.32.114 - - [19/Aug/2026:04:33:33 +0300] "GET /outlet/208013097 HTTP/1.1" 200 0 "-" "Mozilla/5.0 (compatible; SERankingBacklinksBot/1.0; +https://seranking.com/backlinks-crawler)"
144.76.32.114 - - [19/Aug/2026:04:33:36 +0300] "GET /outlet/208013301 HTTP/1.1" 200 0 "-" "Mozilla/5.0 (compatible; SERankingBacklinksBot/1.0; +https://seranking.com/backlinks-crawler)"
144.76.32.114 - - [19/Aug/2026:04:33:39 +0300] "GET /outlet/208013363 HTTP/1.1" 200 0 "-" "Mozilla/5.0 (compatible; SERankingBacklinksBot/1.0; +https://seranking.com/backlinks-crawler)"
144.76.32.114 - - [19/Aug/2026:04:33:42 +0300] "GET /outlet/208013569 HTTP/1.1" 200 0 "-" "Mozilla/5.0 (compatible; SERankingBacklinksBot/1.0; +https://seranking.com/backlinks-crawler)"
144.76.32.114 - - [19/Aug/2026:04:33:46 +0300] "GET /outlet/208018567 HTTP/1.1" 200 0 "-" "Mozilla/5.0 (compatible; SERankingBacklinksBot/1.0; +https://seranking.com/backlinks-crawler)"
144.76.32.114 - - [19/Aug/2026:04:33:49 +0300] "GET /outlet/208019483 HTTP/1.1" 200 0 "-" "Mozilla/5.0 (compatible; SERankingBacklinksBot/1.0; +https://seranking.com/backlinks-crawler)"
144.76.32.114 - - [19/Aug/2026:04:33:52 +0300] "GET /outlet/298016701 HTTP/1.1" 200 0 "-" "Mozilla/5.0 (compatible; SERankingBacklinksBot/1.0; +https://seranking.com/backlinks-crawler)"
144.76.32.114 - - [19/Aug/2026:04:33:55 +0300] "GET /outlet/208019503 HTTP/1.1" 200 0 "-" "Mozilla/5.0 (compatible; SERankingBacklinksBot/1.0; +https://seranking.com/backlinks-crawler)"
207.46.13.107 - - [19/Aug/2026:04:33:57 +0300] "GET /product/73710895192 HTTP/2.0" 200 0 "-" "Mozilla/5.0 AppleWebKit/537.36 (KHTML, like Gecko; compatible; bingbot/2.0; +http://www.bing.com/bingbot.htm) Chrome/116.0.1938.76 Safari/537.36"
144.76.32.114 - - [19/Aug/2026:04:33:58 +0300] "GET /outlet/208019895 HTTP/1.1" 200 0 "-" "Mozilla/5.0 (compatible; SERankingBacklinksBot/1.0; +https://seranking.com/backlinks-crawler)"
66.249.66.74 - - [19/Aug/2026:04:34:01 +0300] "GET /outlet/089000950 HTTP/1.1" 200 0 "-" "Mozilla/5.0 (Linux; Android 6.0.1; Nexus 5X Build/MMB29P) AppleWebKit/537.36 (KHTML, like Gecko) Chrome/151.0.7922.137 Mobile Safari/537.36 (compatible; Googlebot/2.1; +http://www.google.com/bot.html)"
144.76.32.114 - - [19/Aug/2026:04:34:01 +0300] "GET /outlet/208023153 HTTP/1.1" 200 0 "-" "Mozilla/5.0 (compatible; SERankingBacklinksBot/1.0; +https://seranking.com/backlinks-crawler)"
144.76.32.114 - - [19/Aug/2026:04:34:04 +0300] "GET /outlet/208024209 HTTP/1.1" 200 0 "-" "Mozilla/5.0 (compatible; SERankingBacklinksBot/1.0; +https://seranking.com/backlinks-crawler)"
144.76.32.114 - - [19/Aug/2026:04:34:08 +0300] "GET /outlet/208025335 HTTP/1.1" 200 0 "-" "Mozilla/5.0 (compatible; SERankingBacklinksBot/1.0; +https://seranking.com/backlinks-crawler)"
144.76.32.114 - - [19/Aug/2026:04:34:11 +0300] "GET /outlet/208028435 HTTP/1.1" 200 0 "-" "Mozilla/5.0 (compatible; SERankingBacklinksBot/1.0; +https://seranking.com/backlinks-crawler)"
144.76.32.114 - - [19/Aug/2026:04:34:14 +0300] "GET /outlet/208030149 HTTP/1.1" 200 0 "-" "Mozilla/5.0 (compatible; SERankingBacklinksBot/1.0; +https://seranking.com/backlinks-crawler)"
144.76.32.114 - - [19/Aug/2026:04:34:17 +0300] "GET /outlet/208030261 HTTP/1.1" 200 0 "-" "Mozilla/5.0 (compatible; SERankingBacklinksBot/1.0; +https://seranking.com/backlinks-crawler)"
144.76.32.114 - - [19/Aug/2026:04:34:20 +0300] "GET /outlet/208030739 HTTP/1.1" 200 0 "-" "Mozilla/5.0 (compatible; SERankingBacklinksBot/1.0; +https://seranking.com/backlinks-crawler)"
144.76.32.114 - - [19/Aug/2026:04:34:23 +0300] "GET /outlet/208032619 HTTP/1.1" 200 0 "-" "Mozilla/5.0 (compatible; SERankingBacklinksBot/1.0; +https://seranking.com/backlinks-crawler)"
144.76.32.114 - - [19/Aug/2026:04:34:26 +0300] "GET /outlet/208034807 HTTP/1.1" 200 0 "-" "Mozilla/5.0 (compatible; SERankingBacklinksBot/1.0; +https://seranking.com/backlinks-crawler)"
144.76.32.114 - - [19/Aug/2026:04:34:30 +0300] "GET /outlet/208037235 HTTP/1.1" 200 0 "-" "Mozilla/5.0 (compatible; SERankingBacklinksBot/1.0; +https://seranking.com/backlinks-crawler)"
144.76.32.114 - - [19/Aug/2026:04:34:33 +0300] "GET /outlet/208038281 HTTP/1.1" 200 0 "-" "Mozilla/5.0 (compatible; SERankingBacklinksBot/1.0; +https://seranking.com/backlinks-crawler)"
89.104.66.67 - - [19/Aug/2026:04:34:34 +0300] "GET https://levasheva.ru/ HTTP/1.1" 200 0 "-" "https://reg.ru monitoring abuse@reg.ru"
144.76.32.114 - - [19/Aug/2026:04:34:36 +0300] "GET /outlet/208039293 HTTP/1.1" 200 0 "-" "Mozilla/5.0 (compatible; SERankingBacklinksBot/1.0; +https://seranking.com/backlinks-crawler)"
144.76.32.114 - - [19/Aug/2026:04:34:39 +0300] "GET /outlet/208041393 HTTP/1.1" 200 0 "-" "Mozilla/5.0 (compatible; SERankingBacklinksBot/1.0; +https://seranking.com/backlinks-crawler)"
114.119.154.81 - - [19/Aug/2026:04:34:40 +0300] "GET /sitemap890.xml HTTP/1.1" 200 0 "-" "Mozilla/5.0 (Linux; Android 7.0;) AppleWebKit/537.36 (KHTML, like Gecko) Mobile Safari/537.36 (compatible; PetalBot;+https://webmaster.petalsearch.com/site/petalbot)"
144.76.32.114 - - [19/Aug/2026:04:34:42 +0300] "GET /outlet/208045243 HTTP/1.1" 200 0 "-" "Mozilla/5.0 (compatible; SERankingBacklinksBot/1.0; +https://seranking.com/backlinks-crawler)"
144.76.32.114 - - [19/Aug/2026:04:34:45 +0300] "GET /outlet/208046847 HTTP/1.1" 200 0 "-" "Mozilla/5.0 (compatible; SERankingBacklinksBot/1.0; +https://seranking.com/backlinks-crawler)"
144.76.32.114 - - [19/Aug/2026:04:34:48 +0300] "GET /outlet/208049101 HTTP/1.1" 200 0 "-" "Mozilla/5.0 (compatible; SERankingBacklinksBot/1.0; +https://seranking.com/backlinks-crawler)"
144.76.32.114 - - [19/Aug/2026:04:34:51 +0300] "GET /outlet/208049183 HTTP/1.1" 200 0 "-" "Mozilla/5.0 (compatible; SERankingBacklinksBot/1.0; +https://seranking.com/backlinks-crawler)"
144.76.32.114 - - [19/Aug/2026:04:34:55 +0300] "GET /outlet/208049887 HTTP/1.1" 200 0 "-" "Mozilla/5.0 (compatible; SERankingBacklinksBot/1.0; +https://seranking.com/backlinks-crawler)"
144.76.32.114 - - [19/Aug/2026:04:34:58 +0300] "GET /outlet/209000080 HTTP/1.1" 200 0 "-" "Mozilla/5.0 (compatible; SERankingBacklinksBot/1.0; +https://seranking.com/backlinks-crawler)"
144.76.32.114 - - [19/Aug/2026:04:35:01 +0300] "GET /outlet/209000362 HTTP/1.1" 200 0 "-" "Mozilla/5.0 (compatible; SERankingBacklinksBot/1.0; +https://seranking.com/backlinks-crawler)"
144.76.32.114 - - [19/Aug/2026:04:35:04 +0300] "GET /outlet/209002102 HTTP/1.1" 200 0 "-" "Mozilla/5.0 (compatible; SERankingBacklinksBot/1.0; +https://seranking.com/backlinks-crawler)"
144.76.32.114 - - [19/Aug/2026:04:35:07 +0300] "GET /outlet/209002260 HTTP/1.1" 200 0 "-" "Mozilla/5.0 (compatible; SERankingBacklinksBot/1.0; +https://seranking.com/backlinks-crawler)"
144.76.32.114 - - [19/Aug/2026:04:35:10 +0300] "GET /outlet/209002524 HTTP/1.1" 200 0 "-" "Mozilla/5.0 (compatible; SERankingBacklinksBot/1.0; +https://seranking.com/backlinks-crawler)"
216.26.236.165 - - [19/Aug/2026:04:35:12 +0300] "HEAD / HTTP/1.1" 200 0 "-" "curl/8.6.0"
144.76.32.114 - - [19/Aug/2026:04:35:14 +0300] "GET /outlet/209002740 HTTP/1.1" 200 0 "-" "Mozilla/5.0 (compatible; SERankingBacklinksBot/1.0; +https://seranking.com/backlinks-crawler)"
144.76.32.114 - - [19/Aug/2026:04:35:17 +0300] "GET /outlet/209008256 HTTP/1.1" 200 0 "-" "Mozilla/5.0 (compatible; SERankingBacklinksBot/1.0; +https://seranking.com/backlinks-crawler)"
144.76.32.114 - - [19/Aug/2026:04:35:20 +0300] "GET /outlet/209011230 HTTP/1.1" 200 0 "-" "Mozilla/5.0 (compatible; SERankingBacklinksBot/1.0; +https://seranking.com/backlinks-crawler)"
144.76.32.114 - - [19/Aug/2026:04:35:23 +0300] "GET /outlet/209012258 HTTP/1.1" 200 0 "-" "Mozilla/5.0 (compatible; SERankingBacklinksBot/1.0; +https://seranking.com/backlinks-crawler)"
144.76.32.114 - - [19/Aug/2026:04:35:26 +0300] "GET /outlet/298017335 HTTP/1.1" 200 0 "-" "Mozilla/5.0 (compatible; SERankingBacklinksBot/1.0; +https://seranking.com/backlinks-crawler)"
144.76.32.114 - - [19/Aug/2026:04:35:29 +0300] "GET /outlet/209023894 HTTP/1.1" 200 0 "-" "Mozilla/5.0 (compatible; SERankingBacklinksBot/1.0; +https://seranking.com/backlinks-crawler)"
144.76.32.114 - - [19/Aug/2026:04:35:32 +0300] "GET /outlet/209024784 HTTP/1.1" 200 0 "-" "Mozilla/5.0 (compatible; SERankingBacklinksBot/1.0; +https://seranking.com/backlinks-crawler)"
144.76.32.114 - - [19/Aug/2026:04:35:36 +0300] "GET /outlet/209025592 HTTP/1.1" 200 0 "-" "Mozilla/5.0 (compatible; SERankingBacklinksBot/1.0; +https://seranking.com/backlinks-crawler)"
144.76.32.114 - - [19/Aug/2026:04:35:39 +0300] "GET /outlet/209025882 HTTP/1.1" 200 0 "-" "Mozilla/5.0 (compatible; SERankingBacklinksBot/1.0; +https://seranking.com/backlinks-crawler)"
144.76.32.114 - - [19/Aug/2026:04:35:42 +0300] "GET /outlet/209028702 HTTP/1.1" 200 0 "-" "Mozilla/5.0 (compatible; SERankingBacklinksBot/1.0; +https://seranking.com/backlinks-crawler)"
144.76.32.114 - - [19/Aug/2026:04:35:45 +0300] "GET /outlet/209032716 HTTP/1.1" 200 0 "-" "Mozilla/5.0 (compatible; SERankingBacklinksBot/1.0; +https://seranking.com/backlinks-crawler)"
144.76.32.114 - - [19/Aug/2026:04:35:48 +0300] "GET /outlet/209035156 HTTP/1.1" 200 0 "-" "Mozilla/5.0 (compatible; SERankingBacklinksBot/1.0; +https://seranking.com/backlinks-crawler)"
144.76.32.114 - - [19/Aug/2026:04:35:51 +0300] "GET /outlet/209035458 HTTP/1.1" 200 0 "-" "Mozilla/5.0 (compatible; SERankingBacklinksBot/1.0; +https://seranking.com/backlinks-crawler)"
144.76.32.114 - - [19/Aug/2026:04:35:54 +0300] "GET /outlet/209035926 HTTP/1.1" 200 0 "-" "Mozilla/5.0 (compatible; SERankingBacklinksBot/1.0; +https://seranking.com/backlinks-crawler)"
144.76.32.114 - - [19/Aug/2026:04:35:57 +0300] "GET /outlet/209039496 HTTP/1.1" 200 0 "-" "Mozilla/5.0 (compatible; SERankingBacklinksBot/1.0; +https://seranking.com/backlinks-crawler)"
144.76.32.114 - - [19/Aug/2026:04:36:01 +0300] "GET /outlet/209043118 HTTP/1.1" 200 0 "-" "Mozilla/5.0 (compatible; SERankingBacklinksBot/1.0; +https://seranking.com/backlinks-crawler)"
144.76.32.114 - - [19/Aug/2026:04:36:04 +0300] "GET /outlet/209046560 HTTP/1.1" 200 0 "-" "Mozilla/5.0 (compatible; SERankingBacklinksBot/1.0; +https://seranking.com/backlinks-crawler)"
144.76.32.114 - - [19/Aug/2026:04:36:07 +0300] "GET /outlet/209047908 HTTP/1.1" 200 0 "-" "Mozilla/5.0 (compatible; SERankingBacklinksBot/1.0; +https://seranking.com/backlinks-crawler)"
144.76.32.114 - - [19/Aug/2026:04:36:10 +0300] "GET /outlet/210000619 HTTP/1.1" 200 0 "-" "Mozilla/5.0 (compatible; SERankingBacklinksBot/1.0; +https://seranking.com/backlinks-crawler)"
144.76.32.114 - - [19/Aug/2026:04:36:13 +0300] "GET /outlet/210003447 HTTP/1.1" 200 0 "-" "Mozilla/5.0 (compatible; SERankingBacklinksBot/1.0; +https://seranking.com/backlinks-crawler)"
144.76.32.114 - - [19/Aug/2026:04:36:16 +0300] "GET /outlet/210006187 HTTP/1.1" 200 0 "-" "Mozilla/5.0 (compatible; SERankingBacklinksBot/1.0; +https://seranking.com/backlinks-crawler)"
144.76.32.114 - - [19/Aug/2026:04:36:20 +0300] "GET /outlet/210008349 HTTP/1.1" 200 0 "-" "Mozilla/5.0 (compatible; SERankingBacklinksBot/1.0; +https://seranking.com/backlinks-crawler)"
144.76.32.114 - - [19/Aug/2026:04:36:23 +0300] "GET /outlet/210012319 HTTP/1.1" 200 0 "-" "Mozilla/5.0 (compatible; SERankingBacklinksBot/1.0; +https://seranking.com/backlinks-crawler)"
52.21.68.171 - - [19/Aug/2026:04:36:26 +0300] "HEAD /NEW HTTP/1.1" 301 0 "-" "Mozilla/5.0 (X11; Linux x86_64) AppleWebKit/537.36 (KHTML, like Gecko) Chrome/96.0.4664.45 Safari/537.36"
144.76.32.114 - - [19/Aug/2026:04:36:26 +0300] "GET /outlet/210012535 HTTP/1.1" 200 0 "-" "Mozilla/5.0 (compatible; SERankingBacklinksBot/1.0; +https://seranking.com/backlinks-crawler)"
52.21.68.171 - - [19/Aug/2026:04:36:27 +0300] "HEAD /NEW HTTP/1.1" 200 0 "http://levasheva.ru/NEW" "Mozilla/5.0 (X11; Linux x86_64) AppleWebKit/537.36 (KHTML, like Gecko) Chrome/96.0.4664.45 Safari/537.36"
144.76.32.114 - - [19/Aug/2026:04:36:29 +0300] "GET /outlet/210015043 HTTP/1.1" 200 0 "-" "Mozilla/5.0 (compatible; SERankingBacklinksBot/1.0; +https://seranking.com/backlinks-crawler)"
144.76.32.114 - - [19/Aug/2026:04:36:32 +0300] "GET /outlet/210015367 HTTP/1.1" 200 0 "-" "Mozilla/5.0 (compatible; SERankingBacklinksBot/1.0; +https://seranking.com/backlinks-crawler)"
144.76.32.114 - - [19/Aug/2026:04:36:35 +0300] "GET /outlet/210015759 HTTP/1.1" 200 0 "-" "Mozilla/5.0 (compatible; SERankingBacklinksBot/1.0; +https://seranking.com/backlinks-crawler)"
144.76.32.114 - - [19/Aug/2026:04:36:38 +0300] "GET /outlet/210015805 HTTP/1.1" 200 0 "-" "Mozilla/5.0 (compatible; SERankingBacklinksBot/1.0; +https://seranking.com/backlinks-crawler)"
144.76.32.114 - - [19/Aug/2026:04:36:42 +0300] "GET /outlet/210019097 HTTP/1.1" 200 0 "-" "Mozilla/5.0 (compatible; SERankingBacklinksBot/1.0; +https://seranking.com/backlinks-crawler)"
144.76.32.114 - - [19/Aug/2026:04:36:45 +0300] "GET /outlet/210019791 HTTP/1.1" 200 0 "-" "Mozilla/5.0 (compatible; SERankingBacklinksBot/1.0; +https://seranking.com/backlinks-crawler)"
144.76.32.114 - - [19/Aug/2026:04:36:48 +0300] "GET /outlet/210021369 HTTP/1.1" 200 0 "-" "Mozilla/5.0 (compatible; SERankingBacklinksBot/1.0; +https://seranking.com/backlinks-crawler)"
144.76.32.114 - - [19/Aug/2026:04:36:51 +0300] "GET /outlet/210025065 HTTP/1.1" 200 0 "-" "Mozilla/5.0 (compatible; SERankingBacklinksBot/1.0; +https://seranking.com/backlinks-crawler)"
92.242.60.95 - - [19/Aug/2026:04:36:51 +0300] "GET https://levasheva.ru/ HTTP/1.1" 200 0 "-" "https://reg.ru monitoring abuse@reg.ru"
144.76.32.114 - - [19/Aug/2026:04:36:54 +0300] "GET /outlet/210028209 HTTP/1.1" 200 0 "-" "Mozilla/5.0 (compatible; SERankingBacklinksBot/1.0; +https://seranking.com/backlinks-crawler)"
144.76.32.114 - - [19/Aug/2026:04:36:57 +0300] "GET /outlet/210030613 HTTP/1.1" 200 0 "-" "Mozilla/5.0 (compatible; SERankingBacklinksBot/1.0; +https://seranking.com/backlinks-crawler)"
144.76.32.114 - - [19/Aug/2026:04:37:00 +0300] "GET /outlet/298021247 HTTP/1.1" 200 0 "-" "Mozilla/5.0 (compatible; SERankingBacklinksBot/1.0; +https://seranking.com/backlinks-crawler)"
144.76.32.114 - - [19/Aug/2026:04:37:03 +0300] "GET /outlet/210031337 HTTP/1.1" 200 0 "-" "Mozilla/5.0 (compatible; SERankingBacklinksBot/1.0; +https://seranking.com/backlinks-crawler)"
144.76.32.114 - - [19/Aug/2026:04:37:07 +0300] "GET /outlet/210032997 HTTP/1.1" 200 0 "-" "Mozilla/5.0 (compatible; SERankingBacklinksBot/1.0; +https://seranking.com/backlinks-crawler)"
144.76.32.114 - - [19/Aug/2026:04:37:10 +0300] "GET /outlet/210033237 HTTP/1.1" 200 0 "-" "Mozilla/5.0 (compatible; SERankingBacklinksBot/1.0; +https://seranking.com/backlinks-crawler)"
144.76.32.114 - - [19/Aug/2026:04:37:13 +0300] "GET /outlet/210033801 HTTP/1.1" 200 0 "-" "Mozilla/5.0 (compatible; SERankingBacklinksBot/1.0; +https://seranking.com/backlinks-crawler)"
144.76.32.114 - - [19/Aug/2026:04:37:16 +0300] "GET /outlet/210037651 HTTP/1.1" 200 0 "-" "Mozilla/5.0 (compatible; SERankingBacklinksBot/1.0; +https://seranking.com/backlinks-crawler)"
144.76.32.114 - - [19/Aug/2026:04:37:19 +0300] "GET /outlet/210038447 HTTP/1.1" 200 0 "-" "Mozilla/5.0 (compatible; SERankingBacklinksBot/1.0; +https://seranking.com/backlinks-crawler)"
144.76.32.114 - - [19/Aug/2026:04:37:22 +0300] "GET /outlet/210039201 HTTP/1.1" 200 0 "-" "Mozilla/5.0 (compatible; SERankingBacklinksBot/1.0; +https://seranking.com/backlinks-crawler)"
144.76.32.114 - - [19/Aug/2026:04:37:26 +0300] "GET /outlet/210042391 HTTP/1.1" 200 0 "-" "Mozilla/5.0 (compatible; SERankingBacklinksBot/1.0; +https://seranking.com/backlinks-crawler)"
144.76.32.114 - - [19/Aug/2026:04:37:29 +0300] "GET /outlet/210042565 HTTP/1.1" 200 0 "-" "Mozilla/5.0 (compatible; SERankingBacklinksBot/1.0; +https://seranking.com/backlinks-crawler)"
144.76.32.114 - - [19/Aug/2026:04:37:32 +0300] "GET /outlet/210045453 HTTP/1.1" 200 0 "-" "Mozilla/5.0 (compatible; SERankingBacklinksBot/1.0; +https://seranking.com/backlinks-crawler)"
144.76.32.114 - - [19/Aug/2026:04:37:35 +0300] "GET /outlet/210046981 HTTP/1.1" 200 0 "-" "Mozilla/5.0 (compatible; SERankingBacklinksBot/1.0; +https://seranking.com/backlinks-crawler)"
144.76.32.114 - - [19/Aug/2026:04:37:38 +0300] "GET /outlet/210048659 HTTP/1.1" 200 0 "-" "Mozilla/5.0 (compatible; SERankingBacklinksBot/1.0; +https://seranking.com/backlinks-crawler)"
144.76.32.114 - - [19/Aug/2026:04:37:41 +0300] "GET /outlet/211000376 HTTP/1.1" 200 0 "-" "Mozilla/5.0 (compatible; SERankingBacklinksBot/1.0; +https://seranking.com/backlinks-crawler)"
144.76.32.114 - - [19/Aug/2026:04:37:44 +0300] "GET /outlet/211004330 HTTP/1.1" 200 0 "-" "Mozilla/5.0 (compatible; SERankingBacklinksBot/1.0; +https://seranking.com/backlinks-crawler)"
144.76.32.114 - - [19/Aug/2026:04:37:48 +0300] "GET /outlet/211006564 HTTP/1.1" 200 0 "-" "Mozilla/5.0 (compatible; SERankingBacklinksBot/1.0; +https://seranking.com/backlinks-crawler)"
95.108.213.95 - - [19/Aug/2026:04:37:50 +0300] "GET /robots.txt HTTP/1.1" 200 0 "-" "Mozilla/5.0 (compatible; YandexBot/3.0; +http://yandex.com/bots)"
144.76.32.114 - - [19/Aug/2026:04:37:51 +0300] "GET /outlet/211006972 HTTP/1.1" 200 0 "-" "Mozilla/5.0 (compatible; SERankingBacklinksBot/1.0; +https://seranking.com/backlinks-crawler)"
5.255.231.21 - - [19/Aug/2026:04:37:51 +0300] "GET /pickup/X21213 HTTP/2.0" 200 0 "-" "Mozilla/5.0 (compatible; YandexBot/3.0; +http://yandex.com/bots)"
144.76.32.114 - - [19/Aug/2026:04:37:54 +0300] "GET /outlet/211007778 HTTP/1.1" 200 0 "-" "Mozilla/5.0 (compatible; SERankingBacklinksBot/1.0; +https://seranking.com/backlinks-crawler)"
144.76.32.114 - - [19/Aug/2026:04:37:57 +0300] "GET /outlet/211009566 HTTP/1.1" 200 0 "-" "Mozilla/5.0 (compatible; SERankingBacklinksBot/1.0; +https://seranking.com/backlinks-crawler)"
66.249.78.69 - - [19/Aug/2026:04:37:59 +0300] "GET /item/012000766 HTTP/1.1" 200 0 "-" "Mozilla/5.0 (Linux; Android 6.0.1; Nexus 5X Build/MMB29P) AppleWebKit/537.36 (KHTML, like Gecko) Chrome/151.0.7922.137 Mobile Safari/537.36 (compatible; Googlebot/2.1; +http://www.google.com/bot.html)"
144.76.32.114 - - [19/Aug/2026:04:38:00 +0300] "GET /outlet/211014060 HTTP/1.1" 200 0 "-" "Mozilla/5.0 (compatible; SERankingBacklinksBot/1.0; +https://seranking.com/backlinks-crawler)"
144.76.32.114 - - [19/Aug/2026:04:38:03 +0300] "GET /outlet/211018236 HTTP/1.1" 200 0 "-" "Mozilla/5.0 (compatible; SERankingBacklinksBot/1.0; +https://seranking.com/backlinks-crawler)"
144.76.32.114 - - [19/Aug/2026:04:38:06 +0300] "GET /outlet/211019214 HTTP/1.1" 200 0 "-" "Mozilla/5.0 (compatible; SERankingBacklinksBot/1.0; +https://seranking.com/backlinks-crawler)"
144.76.32.114 - - [19/Aug/2026:04:38:10 +0300] "GET /outlet/211019296 HTTP/1.1" 200 0 "-" "Mozilla/5.0 (compatible; SERankingBacklinksBot/1.0; +https://seranking.com/backlinks-crawler)"
144.76.32.114 - - [19/Aug/2026:04:38:13 +0300] "GET /outlet/211019614 HTTP/1.1" 200 0 "-" "Mozilla/5.0 (compatible; SERankingBacklinksBot/1.0; +https://seranking.com/backlinks-crawler)"
144.76.32.114 - - [19/Aug/2026:04:38:16 +0300] "GET /outlet/211020504 HTTP/1.1" 200 0 "-" "Mozilla/5.0 (compatible; SERankingBacklinksBot/1.0; +https://seranking.com/backlinks-crawler)"
144.76.32.114 - - [19/Aug/2026:04:38:19 +0300] "GET /outlet/211024482 HTTP/1.1" 200 0 "-" "Mozilla/5.0 (compatible; SERankingBacklinksBot/1.0; +https://seranking.com/backlinks-crawler)"
144.76.32.114 - - [19/Aug/2026:04:38:22 +0300] "GET /outlet/211027352 HTTP/1.1" 200 0 "-" "Mozilla/5.0 (compatible; SERankingBacklinksBot/1.0; +https://seranking.com/backlinks-crawler)"
144.76.32.114 - - [19/Aug/2026:04:38:25 +0300] "GET /outlet/211034022 HTTP/1.1" 200 0 "-" "Mozilla/5.0 (compatible; SERankingBacklinksBot/1.0; +https://seranking.com/backlinks-crawler)"
89.111.174.139 - - [19/Aug/2026:04:38:28 +0300] "GET https://levasheva.ru/ HTTP/1.1" 200 0 "-" "https://reg.ru monitoring abuse@reg.ru"
144.76.32.114 - - [19/Aug/2026:04:38:28 +0300] "GET /outlet/211034452 HTTP/1.1" 200 0 "-" "Mozilla/5.0 (compatible; SERankingBacklinksBot/1.0; +https://seranking.com/backlinks-crawler)"
144.76.32.114 - - [19/Aug/2026:04:38:31 +0300] "GET /outlet/211036484 HTTP/1.1" 200 0 "-" "Mozilla/5.0 (compatible; SERankingBacklinksBot/1.0; +https://seranking.com/backlinks-crawler)"
144.76.32.114 - - [19/Aug/2026:04:38:35 +0300] "GET /outlet/298025953 HTTP/1.1" 200 0 "-" "Mozilla/5.0 (compatible; SERankingBacklinksBot/1.0; +https://seranking.com/backlinks-crawler)"
144.76.32.114 - - [19/Aug/2026:04:38:38 +0300] "GET /outlet/211040682 HTTP/1.1" 200 0 "-" "Mozilla/5.0 (compatible; SERankingBacklinksBot/1.0; +https://seranking.com/backlinks-crawler)"
144.76.32.114 - - [19/Aug/2026:04:38:41 +0300] "GET /outlet/211042292 HTTP/1.1" 200 0 "-" "Mozilla/5.0 (compatible; SERankingBacklinksBot/1.0; +https://seranking.com/backlinks-crawler)"
144.76.32.114 - - [19/Aug/2026:04:38:44 +0300] "GET /outlet/211043178 HTTP/1.1" 200 0 "-" "Mozilla/5.0 (compatible; SERankingBacklinksBot/1.0; +https://seranking.com/backlinks-crawler)"
144.76.32.114 - - [19/Aug/2026:04:38:47 +0300] "GET /outlet/211043498 HTTP/1.1" 200 0 "-" "Mozilla/5.0 (compatible; SERankingBacklinksBot/1.0; +https://seranking.com/backlinks-crawler)"
144.76.32.114 - - [19/Aug/2026:04:38:50 +0300] "GET /outlet/211044696 HTTP/1.1" 200 0 "-" "Mozilla/5.0 (compatible; SERankingBacklinksBot/1.0; +https://seranking.com/backlinks-crawler)"
144.76.32.114 - - [19/Aug/2026:04:38:53 +0300] "GET /outlet/211049208 HTTP/1.1" 200 0 "-" "Mozilla/5.0 (compatible; SERankingBacklinksBot/1.0; +https://seranking.com/backlinks-crawler)"
144.76.32.114 - - [19/Aug/2026:04:38:57 +0300] "GET /outlet/211049856 HTTP/1.1" 200 0 "-" "Mozilla/5.0 (compatible; SERankingBacklinksBot/1.0; +https://seranking.com/backlinks-crawler)"
144.76.32.114 - - [19/Aug/2026:04:39:00 +0300] "GET /outlet/212000291 HTTP/1.1" 200 0 "-" "Mozilla/5.0 (compatible; SERankingBacklinksBot/1.0; +https://seranking.com/backlinks-crawler)"
144.76.32.114 - - [19/Aug/2026:04:39:03 +0300] "GET /outlet/212000801 HTTP/1.1" 200 0 "-" "Mozilla/5.0 (compatible; SERankingBacklinksBot/1.0; +https://seranking.com/backlinks-crawler)"
144.76.32.114 - - [19/Aug/2026:04:39:06 +0300] "GET /outlet/212008821 HTTP/1.1" 200 0 "-" "Mozilla/5.0 (compatible; SERankingBacklinksBot/1.0; +https://seranking.com/backlinks-crawler)"
144.76.32.114 - - [19/Aug/2026:04:39:09 +0300] "GET /outlet/212009423 HTTP/1.1" 200 0 "-" "Mozilla/5.0 (compatible; SERankingBacklinksBot/1.0; +https://seranking.com/backlinks-crawler)"
144.76.32.114 - - [19/Aug/2026:04:39:12 +0300] "GET /outlet/212013875 HTTP/1.1" 200 0 "-" "Mozilla/5.0 (compatible; SERankingBacklinksBot/1.0; +https://seranking.com/backlinks-crawler)"
144.76.32.114 - - [19/Aug/2026:04:39:15 +0300] "GET /outlet/212015869 HTTP/1.1" 200 0 "-" "Mozilla/5.0 (compatible; SERankingBacklinksBot/1.0; +https://seranking.com/backlinks-crawler)"
144.76.32.114 - - [19/Aug/2026:04:39:19 +0300] "GET /outlet/212018135 HTTP/1.1" 200 0 "-" "Mozilla/5.0 (compatible; SERankingBacklinksBot/1.0; +https://seranking.com/backlinks-crawler)"
144.76.32.114 - - [19/Aug/2026:04:39:22 +0300] "GET /outlet/212018377 HTTP/1.1" 200 0 "-" "Mozilla/5.0 (compatible; SERankingBacklinksBot/1.0; +https://seranking.com/backlinks-crawler)"
144.76.32.114 - - [19/Aug/2026:04:39:25 +0300] "GET /outlet/212018587 HTTP/1.1" 200 0 "-" "Mozilla/5.0 (compatible; SERankingBacklinksBot/1.0; +https://seranking.com/backlinks-crawler)"
144.76.32.114 - - [19/Aug/2026:04:39:28 +0300] "GET /outlet/212021081 HTTP/1.1" 200 0 "-" "Mozilla/5.0 (compatible; SERankingBacklinksBot/1.0; +https://seranking.com/backlinks-crawler)"
144.76.32.114 - - [19/Aug/2026:04:39:31 +0300] "GET /outlet/212021451 HTTP/1.1" 200 0 "-" "Mozilla/5.0 (compatible; SERankingBacklinksBot/1.0; +https://seranking.com/backlinks-crawler)"
144.76.32.114 - - [19/Aug/2026:04:39:34 +0300] "GET /outlet/212021735 HTTP/1.1" 200 0 "-" "Mozilla/5.0 (compatible; SERankingBacklinksBot/1.0; +https://seranking.com/backlinks-crawler)"
144.76.32.114 - - [19/Aug/2026:04:39:37 +0300] "GET /outlet/212027213 HTTP/1.1" 200 0 "-" "Mozilla/5.0 (compatible; SERankingBacklinksBot/1.0; +https://seranking.com/backlinks-crawler)"
144.76.32.114 - - [19/Aug/2026:04:39:41 +0300] "GET /outlet/212028009 HTTP/1.1" 200 0 "-" "Mozilla/5.0 (compatible; SERankingBacklinksBot/1.0; +https://seranking.com/backlinks-crawler)"
89.104.66.67 - - [19/Aug/2026:04:39:42 +0300] "GET https://levasheva.ru/ HTTP/1.1" 200 0 "-" "https://reg.ru monitoring abuse@reg.ru"
144.76.32.114 - - [19/Aug/2026:04:39:44 +0300] "GET /outlet/212038449 HTTP/1.1" 200 0 "-" "Mozilla/5.0 (compatible; SERankingBacklinksBot/1.0; +https://seranking.com/backlinks-crawler)"
144.76.32.114 - - [19/Aug/2026:04:39:47 +0300] "GET /outlet/212038861 HTTP/1.1" 200 0 "-" "Mozilla/5.0 (compatible; SERankingBacklinksBot/1.0; +https://seranking.com/backlinks-crawler)"
144.76.32.114 - - [19/Aug/2026:04:39:50 +0300] "GET /outlet/212040237 HTTP/1.1" 200 0 "-" "Mozilla/5.0 (compatible; SERankingBacklinksBot/1.0; +https://seranking.com/backlinks-crawler)"
144.76.32.114 - - [19/Aug/2026:04:39:53 +0300] "GET /outlet/212040391 HTTP/1.1" 200 0 "-" "Mozilla/5.0 (compatible; SERankingBacklinksBot/1.0; +https://seranking.com/backlinks-crawler)"
144.76.32.114 - - [19/Aug/2026:04:39:56 +0300] "GET /outlet/212040999 HTTP/1.1" 200 0 "-" "Mozilla/5.0 (compatible; SERankingBacklinksBot/1.0; +https://seranking.com/backlinks-crawler)"
144.76.32.114 - - [19/Aug/2026:04:39:59 +0300] "GET /outlet/212045431 HTTP/1.1" 200 0 "-" "Mozilla/5.0 (compatible; SERankingBacklinksBot/1.0; +https://seranking.com/backlinks-crawler)"
144.76.32.114 - - [19/Aug/2026:04:40:02 +0300] "GET /outlet/212045601 HTTP/1.1" 200 0 "-" "Mozilla/5.0 (compatible; SERankingBacklinksBot/1.0; +https://seranking.com/backlinks-crawler)"
144.76.32.114 - - [19/Aug/2026:04:40:06 +0300] "GET /outlet/212046685 HTTP/1.1" 200 0 "-" "Mozilla/5.0 (compatible; SERankingBacklinksBot/1.0; +https://seranking.com/backlinks-crawler)"
144.76.32.114 - - [19/Aug/2026:04:40:09 +0300] "GET /outlet/298032561 HTTP/1.1" 200 0 "-" "Mozilla/5.0 (compatible; SERankingBacklinksBot/1.0; +https://seranking.com/backlinks-crawler)"
144.76.32.114 - - [19/Aug/2026:04:40:12 +0300] "GET /outlet/212047007 HTTP/1.1" 200 0 "-" "Mozilla/5.0 (compatible; SERankingBacklinksBot/1.0; +https://seranking.com/backlinks-crawler)"
144.76.32.114 - - [19/Aug/2026:04:40:15 +0300] "GET /outlet/213000920 HTTP/1.1" 200 0 "-" "Mozilla/5.0 (compatible; SERankingBacklinksBot/1.0; +https://seranking.com/backlinks-crawler)"
144.76.32.114 - - [19/Aug/2026:04:40:18 +0300] "GET /outlet/213002028 HTTP/1.1" 200 0 "-" "Mozilla/5.0 (compatible; SERankingBacklinksBot/1.0; +https://seranking.com/backlinks-crawler)"
144.76.32.114 - - [19/Aug/2026:04:40:21 +0300] "GET /outlet/213007294 HTTP/1.1" 200 0 "-" "Mozilla/5.0 (compatible; SERankingBacklinksBot/1.0; +https://seranking.com/backlinks-crawler)"
144.76.32.114 - - [19/Aug/2026:04:40:25 +0300] "GET /outlet/213007634 HTTP/1.1" 200 0 "-" "Mozilla/5.0 (compatible; SERankingBacklinksBot/1.0; +https://seranking.com/backlinks-crawler)"
43.157.98.187 - - [19/Aug/2026:04:40:26 +0300] "GET / HTTP/1.1" 301 162 "-" "Mozilla/5.0 (iPhone; CPU iPhone OS 13_2_3 like Mac OS X) AppleWebKit/605.1.15 (KHTML, like Gecko) Version/13.0.3 Mobile/15E148 Safari/604.1"
144.76.32.114 - - [19/Aug/2026:04:40:28 +0300] "GET /outlet/213007638 HTTP/1.1" 200 0 "-" "Mozilla/5.0 (compatible; SERankingBacklinksBot/1.0; +https://seranking.com/backlinks-crawler)"
43.157.98.187 - - [19/Aug/2026:04:40:28 +0300] "GET / HTTP/1.1" 200 0 "https://www.levasheva.ru/" "Mozilla/5.0 (iPhone; CPU iPhone OS 13_2_3 like Mac OS X) AppleWebKit/605.1.15 (KHTML, like Gecko) Version/13.0.3 Mobile/15E148 Safari/604.1"
144.76.32.114 - - [19/Aug/2026:04:40:31 +0300] "GET /outlet/213014004 HTTP/1.1" 200 0 "-" "Mozilla/5.0 (compatible; SERankingBacklinksBot/1.0; +https://seranking.com/backlinks-crawler)"
144.76.32.114 - - [19/Aug/2026:04:40:34 +0300] "GET /outlet/213014566 HTTP/1.1" 200 0 "-" "Mozilla/5.0 (compatible; SERankingBacklinksBot/1.0; +https://seranking.com/backlinks-crawler)"
157.55.39.61 - - [19/Aug/2026:04:40:36 +0300] "GET /product/491108104873 HTTP/2.0" 200 0 "-" "Mozilla/5.0 AppleWebKit/537.36 (KHTML, like Gecko; compatible; bingbot/2.0; +http://www.bing.com/bingbot.htm) Chrome/116.0.1938.76 Safari/537.36"
144.76.32.114 - - [19/Aug/2026:04:40:37 +0300] "GET /outlet/213015900 HTTP/1.1" 200 0 "-" "Mozilla/5.0 (compatible; SERankingBacklinksBot/1.0; +https://seranking.com/backlinks-crawler)"
144.76.32.114 - - [19/Aug/2026:04:40:40 +0300] "GET /outlet/213016260 HTTP/1.1" 200 0 "-" "Mozilla/5.0 (compatible; SERankingBacklinksBot/1.0; +https://seranking.com/backlinks-crawler)"
144.76.32.114 - - [19/Aug/2026:04:40:44 +0300] "GET /outlet/213017712 HTTP/1.1" 200 0 "-" "Mozilla/5.0 (compatible; SERankingBacklinksBot/1.0; +https://seranking.com/backlinks-crawler)"
144.76.32.114 - - [19/Aug/2026:04:40:47 +0300] "GET /outlet/213018922 HTTP/1.1" 200 0 "-" "Mozilla/5.0 (compatible; SERankingBacklinksBot/1.0; +https://seranking.com/backlinks-crawler)"
144.76.32.114 - - [19/Aug/2026:04:40:50 +0300] "GET /outlet/213019648 HTTP/1.1" 200 0 "-" "Mozilla/5.0 (compatible; SERankingBacklinksBot/1.0; +https://seranking.com/backlinks-crawler)"
144.76.32.114 - - [19/Aug/2026:04:40:53 +0300] "GET /outlet/213020428 HTTP/1.1" 200 0 "-" "Mozilla/5.0 (compatible; SERankingBacklinksBot/1.0; +https://seranking.com/backlinks-crawler)"
144.76.32.114 - - [19/Aug/2026:04:40:56 +0300] "GET /outlet/213021914 HTTP/1.1" 200 0 "-" "Mozilla/5.0 (compatible; SERankingBacklinksBot/1.0; +https://seranking.com/backlinks-crawler)"
144.76.32.114 - - [19/Aug/2026:04:40:59 +0300] "GET /outlet/213028878 HTTP/1.1" 200 0 "-" "Mozilla/5.0 (compatible; SERankingBacklinksBot/1.0; +https://seranking.com/backlinks-crawler)"
144.76.32.114 - - [19/Aug/2026:04:41:03 +0300] "GET /outlet/213029194 HTTP/1.1" 200 0 "-" "Mozilla/5.0 (compatible; SERankingBacklinksBot/1.0; +https://seranking.com/backlinks-crawler)"
144.76.32.114 - - [19/Aug/2026:04:41:06 +0300] "GET /outlet/213029210 HTTP/1.1" 200 0 "-" "Mozilla/5.0 (compatible; SERankingBacklinksBot/1.0; +https://seranking.com/backlinks-crawler)"
144.76.32.114 - - [19/Aug/2026:04:41:09 +0300] "GET /outlet/213032390 HTTP/1.1" 200 0 "-" "Mozilla/5.0 (compatible; SERankingBacklinksBot/1.0; +https://seranking.com/backlinks-crawler)"
144.76.32.114 - - [19/Aug/2026:04:41:12 +0300] "GET /outlet/213034006 HTTP/1.1" 200 0 "-" "Mozilla/5.0 (compatible; SERankingBacklinksBot/1.0; +https://seranking.com/backlinks-crawler)"
144.76.32.114 - - [19/Aug/2026:04:41:15 +0300] "GET /outlet/213034184 HTTP/1.1" 200 0 "-" "Mozilla/5.0 (compatible; SERankingBacklinksBot/1.0; +https://seranking.com/backlinks-crawler)"
144.76.32.114 - - [19/Aug/2026:04:41:18 +0300] "GET /outlet/213034364 HTTP/1.1" 200 0 "-" "Mozilla/5.0 (compatible; SERankingBacklinksBot/1.0; +https://seranking.com/backlinks-crawler)"
144.76.32.114 - - [19/Aug/2026:04:41:21 +0300] "GET /outlet/213035842 HTTP/1.1" 200 0 "-" "Mozilla/5.0 (compatible; SERankingBacklinksBot/1.0; +https://seranking.com/backlinks-crawler)"
144.76.32.114 - - [19/Aug/2026:04:41:24 +0300] "GET /outlet/213038188 HTTP/1.1" 200 0 "-" "Mozilla/5.0 (compatible; SERankingBacklinksBot/1.0; +https://seranking.com/backlinks-crawler)"
144.76.32.114 - - [19/Aug/2026:04:41:28 +0300] "GET /outlet/213039840 HTTP/1.1" 200 0 "-" "Mozilla/5.0 (compatible; SERankingBacklinksBot/1.0; +https://seranking.com/backlinks-crawler)"
144.76.32.114 - - [19/Aug/2026:04:41:31 +0300] "GET /outlet/213040668 HTTP/1.1" 200 0 "-" "Mozilla/5.0 (compatible; SERankingBacklinksBot/1.0; +https://seranking.com/backlinks-crawler)"
144.76.32.114 - - [19/Aug/2026:04:41:34 +0300] "GET /outlet/213041976 HTTP/1.1" 200 0 "-" "Mozilla/5.0 (compatible; SERankingBacklinksBot/1.0; +https://seranking.com/backlinks-crawler)"
144.76.32.114 - - [19/Aug/2026:04:41:37 +0300] "GET /outlet/213043456 HTTP/1.1" 200 0 "-" "Mozilla/5.0 (compatible; SERankingBacklinksBot/1.0; +https://seranking.com/backlinks-crawler)"
144.76.32.114 - - [19/Aug/2026:04:41:40 +0300] "GET /outlet/213044884 HTTP/1.1" 200 0 "-" "Mozilla/5.0 (compatible; SERankingBacklinksBot/1.0; +https://seranking.com/backlinks-crawler)"
144.76.32.114 - - [19/Aug/2026:04:41:43 +0300] "GET /outlet/298033529 HTTP/1.1" 200 0 "-" "Mozilla/5.0 (compatible; SERankingBacklinksBot/1.0; +https://seranking.com/backlinks-crawler)"
144.76.32.114 - - [19/Aug/2026:04:41:46 +0300] "GET /outlet/213047300 HTTP/1.1" 200 0 "-" "Mozilla/5.0 (compatible; SERankingBacklinksBot/1.0; +https://seranking.com/backlinks-crawler)"
66.249.66.75 - - [19/Aug/2026:04:41:49 +0300] "GET /965938852 HTTP/1.1" 200 0 "-" "Mozilla/5.0 (Linux; Android 6.0.1; Nexus 5X Build/MMB29P) AppleWebKit/537.36 (KHTML, like Gecko) Chrome/151.0.7922.137 Mobile Safari/537.36 (compatible; Googlebot/2.1; +http://www.google.com/bot.html)"
66.249.66.75 - - [19/Aug/2026:04:41:49 +0300] "GET /robots.txt HTTP/1.1" 200 0 "-" "Mozilla/5.0 (compatible; Googlebot/2.1; +http://www.google.com/bot.html)"
144.76.32.114 - - [19/Aug/2026:04:41:50 +0300] "GET /outlet/214002143 HTTP/1.1" 200 0 "-" "Mozilla/5.0 (compatible; SERankingBacklinksBot/1.0; +https://seranking.com/backlinks-crawler)"
144.76.32.114 - - [19/Aug/2026:04:41:53 +0300] "GET /outlet/214003917 HTTP/1.1" 200 0 "-" "Mozilla/5.0 (compatible; SERankingBacklinksBot/1.0; +https://seranking.com/backlinks-crawler)"
66.249.66.34 - - [19/Aug/2026:04:41:53 +0300] "GET /m19825971639 HTTP/1.1" 200 0 "-" "Mozilla/5.0 (Linux; Android 6.0.1; Nexus 5X Build/MMB29P) AppleWebKit/537.36 (KHTML, like Gecko) Chrome/151.0.7922.137 Mobile Safari/537.36 (compatible; Googlebot/2.1; +http://www.google.com/bot.html)"
144.76.32.114 - - [19/Aug/2026:04:41:56 +0300] "GET /outlet/214014065 HTTP/1.1" 200 0 "-" "Mozilla/5.0 (compatible; SERankingBacklinksBot/1.0; +https://seranking.com/backlinks-crawler)"
144.76.32.114 - - [19/Aug/2026:04:41:59 +0300] "GET /outlet/214014537 HTTP/1.1" 200 0 "-" "Mozilla/5.0 (compatible; SERankingBacklinksBot/1.0; +https://seranking.com/backlinks-crawler)"
92.242.60.95 - - [19/Aug/2026:04:41:59 +0300] "GET https://levasheva.ru/ HTTP/1.1" 200 0 "-" "https://reg.ru monitoring abuse@reg.ru"
144.76.32.114 - - [19/Aug/2026:04:42:02 +0300] "GET /outlet/214018021 HTTP/1.1" 200 0 "-" "Mozilla/5.0 (compatible; SERankingBacklinksBot/1.0; +https://seranking.com/backlinks-crawler)"
144.76.32.114 - - [19/Aug/2026:04:42:05 +0300] "GET /outlet/214021665 HTTP/1.1" 200 0 "-" "Mozilla/5.0 (compatible; SERankingBacklinksBot/1.0; +https://seranking.com/backlinks-crawler)"
144.76.32.114 - - [19/Aug/2026:04:42:08 +0300] "GET /outlet/214022175 HTTP/1.1" 200 0 "-" "Mozilla/5.0 (compatible; SERankingBacklinksBot/1.0; +https://seranking.com/backlinks-crawler)"
144.76.32.114 - - [19/Aug/2026:04:42:11 +0300] "GET /outlet/214022339 HTTP/1.1" 200 0 "-" "Mozilla/5.0 (compatible; SERankingBacklinksBot/1.0; +https://seranking.com/backlinks-crawler)"
144.76.32.114 - - [19/Aug/2026:04:42:15 +0300] "GET /outlet/214024631 HTTP/1.1" 200 0 "-" "Mozilla/5.0 (compatible; SERankingBacklinksBot/1.0; +https://seranking.com/backlinks-crawler)"
144.76.32.114 - - [19/Aug/2026:04:42:18 +0300] "GET /outlet/214027101 HTTP/1.1" 200 0 "-" "Mozilla/5.0 (compatible; SERankingBacklinksBot/1.0; +https://seranking.com/backlinks-crawler)"
144.76.32.114 - - [19/Aug/2026:04:42:21 +0300] "GET /outlet/214029255 HTTP/1.1" 200 0 "-" "Mozilla/5.0 (compatible; SERankingBacklinksBot/1.0; +https://seranking.com/backlinks-crawler)"
144.76.32.114 - - [19/Aug/2026:04:42:24 +0300] "GET /outlet/214031911 HTTP/1.1" 200 0 "-" "Mozilla/5.0 (compatible; SERankingBacklinksBot/1.0; +https://seranking.com/backlinks-crawler)"
144.76.32.114 - - [19/Aug/2026:04:42:27 +0300] "GET /outlet/214032269 HTTP/1.1" 200 0 "-" "Mozilla/5.0 (compatible; SERankingBacklinksBot/1.0; +https://seranking.com/backlinks-crawler)"
144.76.32.114 - - [19/Aug/2026:04:42:31 +0300] "GET /outlet/214032391 HTTP/1.1" 200 0 "-" "Mozilla/5.0 (compatible; SERankingBacklinksBot/1.0; +https://seranking.com/backlinks-crawler)"
144.76.32.114 - - [19/Aug/2026:04:42:34 +0300] "GET /outlet/214033655 HTTP/1.1" 200 0 "-" "Mozilla/5.0 (compatible; SERankingBacklinksBot/1.0; +https://seranking.com/backlinks-crawler)"
144.76.32.114 - - [19/Aug/2026:04:42:37 +0300] "GET /outlet/214035345 HTTP/1.1" 200 0 "-" "Mozilla/5.0 (compatible; SERankingBacklinksBot/1.0; +https://seranking.com/backlinks-crawler)"
144.76.32.114 - - [19/Aug/2026:04:42:40 +0300] "GET /outlet/214039241 HTTP/1.1" 200 0 "-" "Mozilla/5.0 (compatible; SERankingBacklinksBot/1.0; +https://seranking.com/backlinks-crawler)"
66.249.66.201 - - [19/Aug/2026:04:42:40 +0300] "GET /outlet/054000749 HTTP/1.1" 200 0 "-" "Mozilla/5.0 (Linux; Android 6.0.1; Nexus 5X Build/MMB29P) AppleWebKit/537.36 (KHTML, like Gecko) Chrome/151.0.7922.137 Mobile Safari/537.36 (compatible; Googlebot/2.1; +http://www.google.com/bot.html)"
66.249.66.35 - - [19/Aug/2026:04:42:41 +0300] "GET /item/041000695 HTTP/1.1" 200 0 "-" "Mozilla/5.0 (Linux; Android 6.0.1; Nexus 5X Build/MMB29P) AppleWebKit/537.36 (KHTML, like Gecko) Chrome/151.0.7922.137 Mobile Safari/537.36 (compatible; Googlebot/2.1; +http://www.google.com/bot.html)"
66.249.66.35 - - [19/Aug/2026:04:42:41 +0300] "GET /?jp/176002198.html HTTP/1.1" 200 0 "-" "Mozilla/5.0 (Linux; Android 6.0.1; Nexus 5X Build/MMB29P) AppleWebKit/537.36 (KHTML, like Gecko) Chrome/151.0.7922.137 Mobile Safari/537.36 (compatible; Googlebot/2.1; +http://www.google.com/bot.html)"
144.76.32.114 - - [19/Aug/2026:04:42:43 +0300] "GET /outlet/214040663 HTTP/1.1" 200 0 "-" "Mozilla/5.0 (compatible; SERankingBacklinksBot/1.0; +https://seranking.com/backlinks-crawler)"
144.76.32.114 - - [19/Aug/2026:04:42:46 +0300] "GET /outlet/214041389 HTTP/1.1" 200 0 "-" "Mozilla/5.0 (compatible; SERankingBacklinksBot/1.0; +https://seranking.com/backlinks-crawler)"
144.76.32.114 - - [19/Aug/2026:04:42:49 +0300] "GET /outlet/214043349 HTTP/1.1" 200 0 "-" "Mozilla/5.0 (compatible; SERankingBacklinksBot/1.0; +https://seranking.com/backlinks-crawler)"
144.76.32.114 - - [19/Aug/2026:04:42:52 +0300] "GET /outlet/214047819 HTTP/1.1" 200 0 "-" "Mozilla/5.0 (compatible; SERankingBacklinksBot/1.0; +https://seranking.com/backlinks-crawler)"
144.76.32.114 - - [19/Aug/2026:04:42:56 +0300] "GET /outlet/214047967 HTTP/1.1" 200 0 "-" "Mozilla/5.0 (compatible; SERankingBacklinksBot/1.0; +https://seranking.com/backlinks-crawler)"
144.76.32.114 - - [19/Aug/2026:04:42:59 +0300] "GET /outlet/214049093 HTTP/1.1" 200 0 "-" "Mozilla/5.0 (compatible; SERankingBacklinksBot/1.0; +https://seranking.com/backlinks-crawler)"
52.21.68.171 - - [19/Aug/2026:04:42:59 +0300] "HEAD /wp-old HTTP/1.1" 301 0 "-" "Mozilla/5.0 (X11; Linux x86_64) AppleWebKit/537.36 (KHTML, like Gecko) Chrome/96.0.4664.45 Safari/537.36"
52.21.68.171 - - [19/Aug/2026:04:43:01 +0300] "HEAD /wp-old HTTP/1.1" 200 0 "http://levasheva.ru/wp-old" "Mozilla/5.0 (X11; Linux x86_64) AppleWebKit/537.36 (KHTML, like Gecko) Chrome/96.0.4664.45 Safari/537.36"
144.76.32.114 - - [19/Aug/2026:04:43:02 +0300] "GET /outlet/214049097 HTTP/1.1" 200 0 "-" "Mozilla/5.0 (compatible; SERankingBacklinksBot/1.0; +https://seranking.com/backlinks-crawler)"
144.76.32.114 - - [19/Aug/2026:04:43:05 +0300] "GET /outlet/214049359 HTTP/1.1" 200 0 "-" "Mozilla/5.0 (compatible; SERankingBacklinksBot/1.0; +https://seranking.com/backlinks-crawler)"
144.76.32.114 - - [19/Aug/2026:04:43:08 +0300] "GET /outlet/215001236 HTTP/1.1" 200 0 "-" "Mozilla/5.0 (compatible; SERankingBacklinksBot/1.0; +https://seranking.com/backlinks-crawler)"
144.76.32.114 - - [19/Aug/2026:04:43:11 +0300] "GET /outlet/215003320 HTTP/1.1" 200 0 "-" "Mozilla/5.0 (compatible; SERankingBacklinksBot/1.0; +https://seranking.com/backlinks-crawler)"
144.76.32.114 - - [19/Aug/2026:04:43:14 +0300] "GET /outlet/215006586 HTTP/1.1" 200 0 "-" "Mozilla/5.0 (compatible; SERankingBacklinksBot/1.0; +https://seranking.com/backlinks-crawler)"
144.76.32.114 - - [19/Aug/2026:04:43:18 +0300] "GET /outlet/298035195 HTTP/1.1" 200 0 "-" "Mozilla/5.0 (compatible; SERankingBacklinksBot/1.0; +https://seranking.com/backlinks-crawler)"
144.76.32.114 - - [19/Aug/2026:04:43:21 +0300] "GET /outlet/215007468 HTTP/1.1" 200 0 "-" "Mozilla/5.0 (compatible; SERankingBacklinksBot/1.0; +https://seranking.com/backlinks-crawler)"
144.76.32.114 - - [19/Aug/2026:04:43:24 +0300] "GET /outlet/215013546 HTTP/1.1" 200 0 "-" "Mozilla/5.0 (compatible; SERankingBacklinksBot/1.0; +https://seranking.com/backlinks-crawler)"
89.111.174.139 - - [19/Aug/2026:04:43:27 +0300] "GET https://levasheva.ru/ HTTP/1.1" 200 0 "-" "https://reg.ru monitoring abuse@reg.ru"
144.76.32.114 - - [19/Aug/2026:04:43:27 +0300] "GET /outlet/215014176 HTTP/1.1" 200 0 "-" "Mozilla/5.0 (compatible; SERankingBacklinksBot/1.0; +https://seranking.com/backlinks-crawler)"
178.20.45.128 - - [19/Aug/2026:04:43:29 +0300] "GET / HTTP/1.0" 301 162 "http://levasheva.ru/" "Mozilla/5.0 (Windows NT 10.0; Win64; x64) AppleWebKit/537.36 (KHTML, like Gecko) Chrome/130.0.0.0 Safari/537.36"
178.20.45.128 - - [19/Aug/2026:04:43:29 +0300] "GET / HTTP/1.0" 200 0 "https://levasheva.ru/" "Mozilla/5.0 (Windows NT 10.0; Win64; x64) AppleWebKit/537.36 (KHTML, like Gecko) Chrome/130.0.0.0 Safari/537.36"
144.76.32.114 - - [19/Aug/2026:04:43:30 +0300] "GET /outlet/215018186 HTTP/1.1" 200 0 "-" "Mozilla/5.0 (compatible; SERankingBacklinksBot/1.0; +https://seranking.com/backlinks-crawler)"
144.76.32.114 - - [19/Aug/2026:04:43:33 +0300] "GET /outlet/215024808 HTTP/1.1" 200 0 "-" "Mozilla/5.0 (compatible; SERankingBacklinksBot/1.0; +https://seranking.com/backlinks-crawler)"
144.76.32.114 - - [19/Aug/2026:04:43:38 +0300] "GET /outlet/215025636 HTTP/1.1" 200 0 "-" "Mozilla/5.0 (compatible; SERankingBacklinksBot/1.0; +https://seranking.com/backlinks-crawler)"
144.76.32.114 - - [19/Aug/2026:04:43:41 +0300] "GET /outlet/215027206 HTTP/1.1" 200 0 "-" "Mozilla/5.0 (compatible; SERankingBacklinksBot/1.0; +https://seranking.com/backlinks-crawler)"
66.249.78.70 - - [19/Aug/2026:04:43:42 +0300] "GET /m46911709716 HTTP/1.1" 200 0 "-" "Mozilla/5.0 (Linux; Android 6.0.1; Nexus 5X Build/MMB29P) AppleWebKit/537.36 (KHTML, like Gecko) Chrome/151.0.7922.137 Mobile Safari/537.36 (compatible; Googlebot/2.1; +http://www.google.com/bot.html)"
66.249.78.70 - - [19/Aug/2026:04:43:42 +0300] "GET /robots.txt HTTP/1.1" 200 0 "-" "Mozilla/5.0 (compatible; Googlebot/2.1; +http://www.google.com/bot.html)"
66.249.66.35 - - [19/Aug/2026:04:43:43 +0300] "GET /?jp/112008129.html HTTP/1.1" 200 0 "-" "Mozilla/5.0 (Linux; Android 6.0.1; Nexus 5X Build/MMB29P) AppleWebKit/537.36 (KHTML, like Gecko) Chrome/151.0.7922.137 Mobile Safari/537.36 (compatible; Googlebot/2.1; +http://www.google.com/bot.html)"
144.76.32.114 - - [19/Aug/2026:04:43:44 +0300] "GET /outlet/215028664 HTTP/1.1" 200 0 "-" "Mozilla/5.0 (compatible; SERankingBacklinksBot/1.0; +https://seranking.com/backlinks-crawler)"
144.76.32.114 - - [19/Aug/2026:04:43:47 +0300] "GET /outlet/215029136 HTTP/1.1" 200 0 "-" "Mozilla/5.0 (compatible; SERankingBacklinksBot/1.0; +https://seranking.com/backlinks-crawler)"
144.76.32.114 - - [19/Aug/2026:04:43:50 +0300] "GET /outlet/215029196 HTTP/1.1" 200 0 "-" "Mozilla/5.0 (compatible; SERankingBacklinksBot/1.0; +https://seranking.com/backlinks-crawler)"
144.76.32.114 - - [19/Aug/2026:04:43:53 +0300] "GET /outlet/215029602 HTTP/1.1" 200 0 "-" "Mozilla/5.0 (compatible; SERankingBacklinksBot/1.0; +https://seranking.com/backlinks-crawler)"
144.76.32.114 - - [19/Aug/2026:04:43:57 +0300] "GET /outlet/215035488 HTTP/1.1" 200 0 "-" "Mozilla/5.0 (compatible; SERankingBacklinksBot/1.0; +https://seranking.com/backlinks-crawler)"
144.76.32.114 - - [19/Aug/2026:04:44:00 +0300] "GET /outlet/215037040 HTTP/1.1" 200 0 "-" "Mozilla/5.0 (compatible; SERankingBacklinksBot/1.0; +https://seranking.com/backlinks-crawler)"
144.76.32.114 - - [19/Aug/2026:04:44:03 +0300] "GET /outlet/215037958 HTTP/1.1" 200 0 "-" "Mozilla/5.0 (compatible; SERankingBacklinksBot/1.0; +https://seranking.com/backlinks-crawler)"
144.76.32.114 - - [19/Aug/2026:04:44:06 +0300] "GET /outlet/215041018 HTTP/1.1" 200 0 "-" "Mozilla/5.0 (compatible; SERankingBacklinksBot/1.0; +https://seranking.com/backlinks-crawler)"
144.76.32.114 - - [19/Aug/2026:04:44:09 +0300] "GET /outlet/215041086 HTTP/1.1" 200 0 "-" "Mozilla/5.0 (compatible; SERankingBacklinksBot/1.0; +https://seranking.com/backlinks-crawler)"
144.76.32.114 - - [19/Aug/2026:04:44:12 +0300] "GET /outlet/215041144 HTTP/1.1" 200 0 "-" "Mozilla/5.0 (compatible; SERankingBacklinksBot/1.0; +https://seranking.com/backlinks-crawler)"
144.76.32.114 - - [19/Aug/2026:04:44:16 +0300] "GET /outlet/215043122 HTTP/1.1" 200 0 "-" "Mozilla/5.0 (compatible; SERankingBacklinksBot/1.0; +https://seranking.com/backlinks-crawler)"
144.76.32.114 - - [19/Aug/2026:04:44:19 +0300] "GET /outlet/215045088 HTTP/1.1" 200 0 "-" "Mozilla/5.0 (compatible; SERankingBacklinksBot/1.0; +https://seranking.com/backlinks-crawler)"
144.76.32.114 - - [19/Aug/2026:04:44:22 +0300] "GET /outlet/215049876 HTTP/1.1" 200 0 "-" "Mozilla/5.0 (compatible; SERankingBacklinksBot/1.0; +https://seranking.com/backlinks-crawler)"
