103.168.66.237 - - [19/Aug/2026:04:25:36 +0300] "POST /admin HTTP/1.1" 405 552 "-" "Mozilla/5.0 (Windows NT 10.0; Win64; x64) Chrome/120.0.0.0"
103.168.66.237 - - [19/Aug/2026:04:25:36 +0300] "POST /admin HTTP/1.1" 405 552 "-" "Mozilla/5.0 (Windows NT 10.0; Win64; x64) Chrome/120.0.0.0"
103.168.66.237 - - [19/Aug/2026:04:25:36 +0300] "POST /admin HTTP/1.1" 405 552 "-" "Mozilla/5.0 (Windows NT 10.0; Win64; x64) Chrome/120.0.0.0"
103.168.66.237 - - [19/Aug/2026:04:25:37 +0300] "POST /admin HTTP/1.1" 405 552 "-" "Mozilla/5.0 (Windows NT 10.0; Win64; x64) Chrome/120.0.0.0"
103.168.66.237 - - [19/Aug/2026:04:25:37 +0300] "POST /admin HTTP/1.1" 405 552 "-" "Mozilla/5.0 (Windows NT 10.0; Win64; x64) Chrome/120.0.0.0"
103.168.66.237 - - [19/Aug/2026:04:25:37 +0300] "POST /account HTTP/1.1" 405 552 "-" "Mozilla/5.0 (Windows NT 10.0; Win64; x64) Chrome/120.0.0.0"
103.168.66.237 - - [19/Aug/2026:04:25:37 +0300] "POST /account HTTP/1.1" 405 552 "-" "Mozilla/5.0 (Windows NT 10.0; Win64; x64) Chrome/120.0.0.0"
103.168.66.237 - - [19/Aug/2026:04:25:37 +0300] "POST /account HTTP/1.1" 405 552 "-" "Mozilla/5.0 (Windows NT 10.0; Win64; x64) Chrome/120.0.0.0"
103.168.66.237 - - [19/Aug/2026:04:25:37 +0300] "POST /account HTTP/1.1" 405 552 "-" "Mozilla/5.0 (Windows NT 10.0; Win64; x64) Chrome/120.0.0.0"
103.168.66.237 - - [19/Aug/2026:04:25:38 +0300] "POST /account HTTP/1.1" 405 552 "-" "Mozilla/5.0 (Windows NT 10.0; Win64; x64) Chrome/120.0.0.0"
103.168.66.237 - - [19/Aug/2026:04:25:38 +0300] "POST /account HTTP/1.1" 405 552 "-" "Mozilla/5.0 (Windows NT 10.0; Win64; x64) Chrome/120.0.0.0"
103.168.66.237 - - [19/Aug/2026:04:25:38 +0300] "POST /account HTTP/1.1" 405 552 "-" "Mozilla/5.0 (Windows NT 10.0; Win64; x64) Chrome/120.0.0.0"
52.21.68.171 - - [19/Aug/2026:04:25:38 +0300] "HEAD /new HTTP/1.1" 200 0 "http://levasheva.ru/new" "Mozilla/5.0 (X11; Linux x86_64) AppleWebKit/537.36 (KHTML, like Gecko) Chrome/96.0.4664.45 Safari/537.36"
103.168.66.237 - - [19/Aug/2026:04:25:38 +0300] "POST /account HTTP/1.1" 405 552 "-" "Mozilla/5.0 (Windows NT 10.0; Win64; x64) Chrome/120.0.0.0"
144.76.32.114 - - [19/Aug/2026:04:25:38 +0300] "GET /outlet/202032419 HTTP/1.1" 200 0 "-" "Mozilla/5.0 (compatible; SERankingBacklinksBot/1.0; +https://seranking.com/backlinks-crawler)"
103.168.66.237 - - [19/Aug/2026:04:25:38 +0300] "POST /account HTTP/1.1" 405 552 "-" "Mozilla/5.0 (Windows NT 10.0; Win64; x64) Chrome/120.0.0.0"
103.168.66.237 - - [19/Aug/2026:04:25:38 +0300] "POST /account HTTP/1.1" 405 552 "-" "Mozilla/5.0 (Windows NT 10.0; Win64; x64) Chrome/120.0.0.0"
103.168.66.237 - - [19/Aug/2026:04:25:38 +0300] "POST /account HTTP/1.1" 405 552 "-" "Mozilla/5.0 (Windows NT 10.0; Win64; x64) Chrome/120.0.0.0"
103.168.66.237 - - [19/Aug/2026:04:25:39 +0300] "POST /account HTTP/1.1" 405 552 "-" "Mozilla/5.0 (Windows NT 10.0; Win64; x64) Chrome/120.0.0.0"
103.168.66.237 - - [19/Aug/2026:04:25:39 +0300] "POST /account HTTP/1.1" 405 552 "-" "Mozilla/5.0 (Windows NT 10.0; Win64; x64) Chrome/120.0.0.0"
103.168.66.237 - - [19/Aug/2026:04:25:39 +0300] "POST /account HTTP/1.1" 405 552 "-" "Mozilla/5.0 (Windows NT 10.0; Win64; x64) Chrome/120.0.0.0"
103.168.66.237 - - [19/Aug/2026:04:25:39 +0300] "POST /account HTTP/1.1" 405 552 "-" "Mozilla/5.0 (Windows NT 10.0; Win64; x64) Chrome/120.0.0.0"
103.168.66.237 - - [19/Aug/2026:04:25:39 +0300] "POST /account HTTP/1.1" 405 552 "-" "Mozilla/5.0 (Windows NT 10.0; Win64; x64) Chrome/120.0.0.0"
103.168.66.237 - - [19/Aug/2026:04:25:39 +0300] "POST /account HTTP/1.1" 405 552 "-" "Mozilla/5.0 (Windows NT 10.0; Win64; x64) Chrome/120.0.0.0"
103.168.66.237 - - [19/Aug/2026:04:25:40 +0300] "POST /account HTTP/1.1" 405 552 "-" "Mozilla/5.0 (Windows NT 10.0; Win64; x64) Chrome/120.0.0.0"
103.168.66.237 - - [19/Aug/2026:04:25:40 +0300] "POST /account HTTP/1.1" 405 552 "-" "Mozilla/5.0 (Windows NT 10.0; Win64; x64) Chrome/120.0.0.0"
103.168.66.237 - - [19/Aug/2026:04:25:40 +0300] "POST /account HTTP/1.1" 405 552 "-" "Mozilla/5.0 (Windows NT 10.0; Win64; x64) Chrome/120.0.0.0"
103.168.66.237 - - [19/Aug/2026:04:25:40 +0300] "POST /account HTTP/1.1" 405 552 "-" "Mozilla/5.0 (Windows NT 10.0; Win64; x64) Chrome/120.0.0.0"
103.168.66.237 - - [19/Aug/2026:04:25:40 +0300] "POST /account HTTP/1.1" 405 552 "-" "Mozilla/5.0 (Windows NT 10.0; Win64; x64) Chrome/120.0.0.0"
103.168.66.237 - - [19/Aug/2026:04:25:40 +0300] "POST /account HTTP/1.1" 405 552 "-" "Mozilla/5.0 (Windows NT 10.0; Win64; x64) Chrome/120.0.0.0"
103.168.66.237 - - [19/Aug/2026:04:25:41 +0300] "POST /account HTTP/1.1" 405 552 "-" "Mozilla/5.0 (Windows NT 10.0; Win64; x64) Chrome/120.0.0.0"
103.168.66.237 - - [19/Aug/2026:04:25:41 +0300] "POST /account HTTP/1.1" 405 552 "-" "Mozilla/5.0 (Windows NT 10.0; Win64; x64) Chrome/120.0.0.0"
103.168.66.237 - - [19/Aug/2026:04:25:41 +0300] "POST /account HTTP/1.1" 405 552 "-" "Mozilla/5.0 (Windows NT 10.0; Win64; x64) Chrome/120.0.0.0"
103.168.66.237 - - [19/Aug/2026:04:25:41 +0300] "POST /account HTTP/1.1" 405 552 "-" "Mozilla/5.0 (Windows NT 10.0; Win64; x64) Chrome/120.0.0.0"
103.168.66.237 - - [19/Aug/2026:04:25:41 +0300] "POST /account HTTP/1.1" 405 552 "-" "Mozilla/5.0 (Windows NT 10.0; Win64; x64) Chrome/120.0.0.0"
103.168.66.237 - - [19/Aug/2026:04:25:41 +0300] "POST /account HTTP/1.1" 405 552 "-" "Mozilla/5.0 (Windows NT 10.0; Win64; x64) Chrome/120.0.0.0"
144.76.32.114 - - [19/Aug/2026:04:25:41 +0300] "GET /outlet/202038419 HTTP/1.1" 200 0 "-" "Mozilla/5.0 (compatible; SERankingBacklinksBot/1.0; +https://seranking.com/backlinks-crawler)"
103.168.66.237 - - [19/Aug/2026:04:25:41 +0300] "POST /account HTTP/1.1" 405 552 "-" "Mozilla/5.0 (Windows NT 10.0; Win64; x64) Chrome/120.0.0.0"
103.168.66.237 - - [19/Aug/2026:04:25:42 +0300] "POST /account HTTP/1.1" 405 552 "-" "Mozilla/5.0 (Windows NT 10.0; Win64; x64) Chrome/120.0.0.0"
103.168.66.237 - - [19/Aug/2026:04:25:42 +0300] "POST /account HTTP/1.1" 405 552 "-" "Mozilla/5.0 (Windows NT 10.0; Win64; x64) Chrome/120.0.0.0"
103.168.66.237 - - [19/Aug/2026:04:25:42 +0300] "POST /account HTTP/1.1" 405 552 "-" "Mozilla/5.0 (Windows NT 10.0; Win64; x64) Chrome/120.0.0.0"
103.168.66.237 - - [19/Aug/2026:04:25:42 +0300] "POST /account HTTP/1.1" 405 552 "-" "Mozilla/5.0 (Windows NT 10.0; Win64; x64) Chrome/120.0.0.0"
103.168.66.237 - - [19/Aug/2026:04:25:42 +0300] "POST /account HTTP/1.1" 405 552 "-" "Mozilla/5.0 (Windows NT 10.0; Win64; x64) Chrome/120.0.0.0"
103.168.66.237 - - [19/Aug/2026:04:25:42 +0300] "POST /account HTTP/1.1" 405 552 "-" "Mozilla/5.0 (Windows NT 10.0; Win64; x64) Chrome/120.0.0.0"
103.168.66.237 - - [19/Aug/2026:04:25:43 +0300] "POST /account HTTP/1.1" 405 552 "-" "Mozilla/5.0 (Windows NT 10.0; Win64; x64) Chrome/120.0.0.0"
103.168.66.237 - - [19/Aug/2026:04:25:43 +0300] "POST /account HTTP/1.1" 405 552 "-" "Mozilla/5.0 (Windows NT 10.0; Win64; x64) Chrome/120.0.0.0"
103.168.66.237 - - [19/Aug/2026:04:25:44 +0300] "POST /account HTTP/1.1" 405 552 "-" "Mozilla/5.0 (Windows NT 10.0; Win64; x64) Chrome/120.0.0.0"
103.168.66.237 - - [19/Aug/2026:04:25:44 +0300] "POST /account HTTP/1.1" 405 552 "-" "Mozilla/5.0 (Windows NT 10.0; Win64; x64) Chrome/120.0.0.0"
103.168.66.237 - - [19/Aug/2026:04:25:44 +0300] "POST /account HTTP/1.1" 405 552 "-" "Mozilla/5.0 (Windows NT 10.0; Win64; x64) Chrome/120.0.0.0"
103.168.66.237 - - [19/Aug/2026:04:25:44 +0300] "POST /account HTTP/1.1" 405 552 "-" "Mozilla/5.0 (Windows NT 10.0; Win64; x64) Chrome/120.0.0.0"
103.168.66.237 - - [19/Aug/2026:04:25:44 +0300] "POST /account HTTP/1.1" 405 552 "-" "Mozilla/5.0 (Windows NT 10.0; Win64; x64) Chrome/120.0.0.0"
144.76.32.114 - - [19/Aug/2026:04:25:44 +0300] "GET /outlet/202039303 HTTP/1.1" 200 0 "-" "Mozilla/5.0 (compatible; SERankingBacklinksBot/1.0; +https://seranking.com/backlinks-crawler)"
103.168.66.237 - - [19/Aug/2026:04:25:44 +0300] "POST /account HTTP/1.1" 405 552 "-" "Mozilla/5.0 (Windows NT 10.0; Win64; x64) Chrome/120.0.0.0"
103.168.66.237 - - [19/Aug/2026:04:25:44 +0300] "POST /auth/callback HTTP/1.1" 405 552 "-" "Mozilla/5.0 (Windows NT 10.0; Win64; x64) Chrome/120.0.0.0"
103.168.66.237 - - [19/Aug/2026:04:25:45 +0300] "POST /auth/callback HTTP/1.1" 405 552 "-" "Mozilla/5.0 (Windows NT 10.0; Win64; x64) Chrome/120.0.0.0"
103.168.66.237 - - [19/Aug/2026:04:25:45 +0300] "POST /auth/callback HTTP/1.1" 405 552 "-" "Mozilla/5.0 (Windows NT 10.0; Win64; x64) Chrome/120.0.0.0"
103.168.66.237 - - [19/Aug/2026:04:25:45 +0300] "POST /auth/callback HTTP/1.1" 405 552 "-" "Mozilla/5.0 (Windows NT 10.0; Win64; x64) Chrome/120.0.0.0"
103.168.66.237 - - [19/Aug/2026:04:25:45 +0300] "POST /auth/callback HTTP/1.1" 405 552 "-" "Mozilla/5.0 (Windows NT 10.0; Win64; x64) Chrome/120.0.0.0"
103.168.66.237 - - [19/Aug/2026:04:25:45 +0300] "POST /auth/callback HTTP/1.1" 405 552 "-" "Mozilla/5.0 (Windows NT 10.0; Win64; x64) Chrome/120.0.0.0"
103.168.66.237 - - [19/Aug/2026:04:25:45 +0300] "POST /auth/callback HTTP/1.1" 405 552 "-" "Mozilla/5.0 (Windows NT 10.0; Win64; x64) Chrome/120.0.0.0"
103.168.66.237 - - [19/Aug/2026:04:25:46 +0300] "POST /auth/callback HTTP/1.1" 405 552 "-" "Mozilla/5.0 (Windows NT 10.0; Win64; x64) Chrome/120.0.0.0"
103.168.66.237 - - [19/Aug/2026:04:25:46 +0300] "POST /auth/callback HTTP/1.1" 405 552 "-" "Mozilla/5.0 (Windows NT 10.0; Win64; x64) Chrome/120.0.0.0"
103.168.66.237 - - [19/Aug/2026:04:25:46 +0300] "POST /auth/callback HTTP/1.1" 405 552 "-" "Mozilla/5.0 (Windows NT 10.0; Win64; x64) Chrome/120.0.0.0"
103.168.66.237 - - [19/Aug/2026:04:25:46 +0300] "POST /auth/callback HTTP/1.1" 405 552 "-" "Mozilla/5.0 (Windows NT 10.0; Win64; x64) Chrome/120.0.0.0"
103.168.66.237 - - [19/Aug/2026:04:25:46 +0300] "POST /auth/callback HTTP/1.1" 405 552 "-" "Mozilla/5.0 (Windows NT 10.0; Win64; x64) Chrome/120.0.0.0"
103.168.66.237 - - [19/Aug/2026:04:25:46 +0300] "POST /auth/callback HTTP/1.1" 405 552 "-" "Mozilla/5.0 (Windows NT 10.0; Win64; x64) Chrome/120.0.0.0"
103.168.66.237 - - [19/Aug/2026:04:25:47 +0300] "POST /auth/callback HTTP/1.1" 405 552 "-" "Mozilla/5.0 (Windows NT 10.0; Win64; x64) Chrome/120.0.0.0"
103.168.66.237 - - [19/Aug/2026:04:25:47 +0300] "POST /auth/callback HTTP/1.1" 405 552 "-" "Mozilla/5.0 (Windows NT 10.0; Win64; x64) Chrome/120.0.0.0"
103.168.66.237 - - [19/Aug/2026:04:25:47 +0300] "POST /auth/callback HTTP/1.1" 405 552 "-" "Mozilla/5.0 (Windows NT 10.0; Win64; x64) Chrome/120.0.0.0"
103.168.66.237 - - [19/Aug/2026:04:25:47 +0300] "POST /auth/callback HTTP/1.1" 405 552 "-" "Mozilla/5.0 (Windows NT 10.0; Win64; x64) Chrome/120.0.0.0"
103.168.66.237 - - [19/Aug/2026:04:25:47 +0300] "POST /auth/callback HTTP/1.1" 405 552 "-" "Mozilla/5.0 (Windows NT 10.0; Win64; x64) Chrome/120.0.0.0"
103.168.66.237 - - [19/Aug/2026:04:25:47 +0300] "POST /auth/callback HTTP/1.1" 405 552 "-" "Mozilla/5.0 (Windows NT 10.0; Win64; x64) Chrome/120.0.0.0"
103.168.66.237 - - [19/Aug/2026:04:25:48 +0300] "POST /auth/callback HTTP/1.1" 405 552 "-" "Mozilla/5.0 (Windows NT 10.0; Win64; x64) Chrome/120.0.0.0"
144.76.32.114 - - [19/Aug/2026:04:25:48 +0300] "GET /outlet/202039841 HTTP/1.1" 200 0 "-" "Mozilla/5.0 (compatible; SERankingBacklinksBot/1.0; +https://seranking.com/backlinks-crawler)"
103.168.66.237 - - [19/Aug/2026:04:25:48 +0300] "POST /auth/callback HTTP/1.1" 405 552 "-" "Mozilla/5.0 (Windows NT 10.0; Win64; x64) Chrome/120.0.0.0"
103.168.66.237 - - [19/Aug/2026:04:25:48 +0300] "POST /auth/callback HTTP/1.1" 405 552 "-" "Mozilla/5.0 (Windows NT 10.0; Win64; x64) Chrome/120.0.0.0"
103.168.66.237 - - [19/Aug/2026:04:25:48 +0300] "POST /auth/callback HTTP/1.1" 405 552 "-" "Mozilla/5.0 (Windows NT 10.0; Win64; x64) Chrome/120.0.0.0"
103.168.66.237 - - [19/Aug/2026:04:25:48 +0300] "POST /auth/callback HTTP/1.1" 405 552 "-" "Mozilla/5.0 (Windows NT 10.0; Win64; x64) Chrome/120.0.0.0"
103.168.66.237 - - [19/Aug/2026:04:25:48 +0300] "POST /auth/callback HTTP/1.1" 405 552 "-" "Mozilla/5.0 (Windows NT 10.0; Win64; x64) Chrome/120.0.0.0"
103.168.66.237 - - [19/Aug/2026:04:25:49 +0300] "POST /auth/callback HTTP/1.1" 405 552 "-" "Mozilla/5.0 (Windows NT 10.0; Win64; x64) Chrome/120.0.0.0"
103.168.66.237 - - [19/Aug/2026:04:25:49 +0300] "POST /auth/callback HTTP/1.1" 405 552 "-" "Mozilla/5.0 (Windows NT 10.0; Win64; x64) Chrome/120.0.0.0"
103.168.66.237 - - [19/Aug/2026:04:25:49 +0300] "POST /auth/callback HTTP/1.1" 405 552 "-" "Mozilla/5.0 (Windows NT 10.0; Win64; x64) Chrome/120.0.0.0"
103.168.66.237 - - [19/Aug/2026:04:25:49 +0300] "POST /auth/callback HTTP/1.1" 405 552 "-" "Mozilla/5.0 (Windows NT 10.0; Win64; x64) Chrome/120.0.0.0"
103.168.66.237 - - [19/Aug/2026:04:25:49 +0300] "POST /auth/callback HTTP/1.1" 405 552 "-" "Mozilla/5.0 (Windows NT 10.0; Win64; x64) Chrome/120.0.0.0"
103.168.66.237 - - [19/Aug/2026:04:25:49 +0300] "POST /auth/callback HTTP/1.1" 405 552 "-" "Mozilla/5.0 (Windows NT 10.0; Win64; x64) Chrome/120.0.0.0"
103.168.66.237 - - [19/Aug/2026:04:25:49 +0300] "POST /auth/callback HTTP/1.1" 405 552 "-" "Mozilla/5.0 (Windows NT 10.0; Win64; x64) Chrome/120.0.0.0"
103.168.66.237 - - [19/Aug/2026:04:25:50 +0300] "POST /auth/callback HTTP/1.1" 405 552 "-" "Mozilla/5.0 (Windows NT 10.0; Win64; x64) Chrome/120.0.0.0"
103.168.66.237 - - [19/Aug/2026:04:25:50 +0300] "POST /auth/callback HTTP/1.1" 405 552 "-" "Mozilla/5.0 (Windows NT 10.0; Win64; x64) Chrome/120.0.0.0"
103.168.66.237 - - [19/Aug/2026:04:25:50 +0300] "POST /auth/callback HTTP/1.1" 405 552 "-" "Mozilla/5.0 (Windows NT 10.0; Win64; x64) Chrome/120.0.0.0"
103.168.66.237 - - [19/Aug/2026:04:25:50 +0300] "POST /auth/callback HTTP/1.1" 405 552 "-" "Mozilla/5.0 (Windows NT 10.0; Win64; x64) Chrome/120.0.0.0"
103.168.66.237 - - [19/Aug/2026:04:25:50 +0300] "POST /auth/callback HTTP/1.1" 405 552 "-" "Mozilla/5.0 (Windows NT 10.0; Win64; x64) Chrome/120.0.0.0"
103.168.66.237 - - [19/Aug/2026:04:25:50 +0300] "POST /auth/callback HTTP/1.1" 405 552 "-" "Mozilla/5.0 (Windows NT 10.0; Win64; x64) Chrome/120.0.0.0"
103.168.66.237 - - [19/Aug/2026:04:25:51 +0300] "POST /auth/callback HTTP/1.1" 405 552 "-" "Mozilla/5.0 (Windows NT 10.0; Win64; x64) Chrome/120.0.0.0"
144.76.32.114 - - [19/Aug/2026:04:25:51 +0300] "GET /outlet/202040895 HTTP/1.1" 200 0 "-" "Mozilla/5.0 (compatible; SERankingBacklinksBot/1.0; +https://seranking.com/backlinks-crawler)"
103.168.66.237 - - [19/Aug/2026:04:25:51 +0300] "POST /auth/callback HTTP/1.1" 405 552 "-" "Mozilla/5.0 (Windows NT 10.0; Win64; x64) Chrome/120.0.0.0"
103.168.66.237 - - [19/Aug/2026:04:25:51 +0300] "POST /auth/callback HTTP/1.1" 405 552 "-" "Mozilla/5.0 (Windows NT 10.0; Win64; x64) Chrome/120.0.0.0"
103.168.66.237 - - [19/Aug/2026:04:25:51 +0300] "POST /auth/callback HTTP/1.1" 405 552 "-" "Mozilla/5.0 (Windows NT 10.0; Win64; x64) Chrome/120.0.0.0"
103.168.66.237 - - [19/Aug/2026:04:25:51 +0300] "POST /auth/callback HTTP/1.1" 405 552 "-" "Mozilla/5.0 (Windows NT 10.0; Win64; x64) Chrome/120.0.0.0"
103.168.66.237 - - [19/Aug/2026:04:25:51 +0300] "POST /auth/callback HTTP/1.1" 405 552 "-" "Mozilla/5.0 (Windows NT 10.0; Win64; x64) Chrome/120.0.0.0"
103.168.66.237 - - [19/Aug/2026:04:25:52 +0300] "POST / HTTP/1.1" 301 162 "-" "Mozilla/5.0 (Windows NT 10.0; Win64; x64) Chrome/120.0.0.0"
103.168.66.237 - - [19/Aug/2026:04:25:52 +0300] "GET / HTTP/1.1" 200 0 "http://levasheva.ru" "Mozilla/5.0 (Windows NT 10.0; Win64; x64) Chrome/120.0.0.0"
103.168.66.237 - - [19/Aug/2026:04:25:52 +0300] "POST / HTTP/1.1" 301 162 "-" "Mozilla/5.0 (Windows NT 10.0; Win64; x64) Chrome/120.0.0.0"
103.168.66.237 - - [19/Aug/2026:04:25:52 +0300] "GET / HTTP/1.1" 200 0 "http://levasheva.ru" "Mozilla/5.0 (Windows NT 10.0; Win64; x64) Chrome/120.0.0.0"
103.168.66.237 - - [19/Aug/2026:04:25:53 +0300] "POST / HTTP/1.1" 301 162 "-" "Mozilla/5.0 (Windows NT 10.0; Win64; x64) Chrome/120.0.0.0"
103.168.66.237 - - [19/Aug/2026:04:25:53 +0300] "GET / HTTP/1.1" 200 0 "http://levasheva.ru" "Mozilla/5.0 (Windows NT 10.0; Win64; x64) Chrome/120.0.0.0"
103.168.66.237 - - [19/Aug/2026:04:25:53 +0300] "POST / HTTP/1.1" 301 162 "-" "Mozilla/5.0 (Windows NT 10.0; Win64; x64) Chrome/120.0.0.0"
103.168.66.237 - - [19/Aug/2026:04:25:53 +0300] "GET / HTTP/1.1" 200 0 "http://levasheva.ru" "Mozilla/5.0 (Windows NT 10.0; Win64; x64) Chrome/120.0.0.0"
103.168.66.237 - - [19/Aug/2026:04:25:53 +0300] "POST / HTTP/1.1" 301 162 "-" "Mozilla/5.0 (Windows NT 10.0; Win64; x64) Chrome/120.0.0.0"
103.168.66.237 - - [19/Aug/2026:04:25:53 +0300] "GET / HTTP/1.1" 200 0 "http://levasheva.ru" "Mozilla/5.0 (Windows NT 10.0; Win64; x64) Chrome/120.0.0.0"
103.168.66.237 - - [19/Aug/2026:04:25:53 +0300] "POST / HTTP/1.1" 301 162 "-" "Mozilla/5.0 (Windows NT 10.0; Win64; x64) Chrome/120.0.0.0"
103.168.66.237 - - [19/Aug/2026:04:25:54 +0300] "GET / HTTP/1.1" 200 0 "http://levasheva.ru" "Mozilla/5.0 (Windows NT 10.0; Win64; x64) Chrome/120.0.0.0"
103.168.66.237 - - [19/Aug/2026:04:25:54 +0300] "POST / HTTP/1.1" 301 162 "-" "Mozilla/5.0 (Windows NT 10.0; Win64; x64) Chrome/120.0.0.0"
144.76.32.114 - - [19/Aug/2026:04:25:54 +0300] "GET /outlet/202041891 HTTP/1.1" 200 0 "-" "Mozilla/5.0 (compatible; SERankingBacklinksBot/1.0; +https://seranking.com/backlinks-crawler)"
103.168.66.237 - - [19/Aug/2026:04:25:54 +0300] "GET / HTTP/1.1" 200 0 "http://levasheva.ru" "Mozilla/5.0 (Windows NT 10.0; Win64; x64) Chrome/120.0.0.0"
103.168.66.237 - - [19/Aug/2026:04:25:54 +0300] "POST / HTTP/1.1" 301 162 "-" "Mozilla/5.0 (Windows NT 10.0; Win64; x64) Chrome/120.0.0.0"
103.168.66.237 - - [19/Aug/2026:04:25:54 +0300] "GET / HTTP/1.1" 200 0 "http://levasheva.ru" "Mozilla/5.0 (Windows NT 10.0; Win64; x64) Chrome/120.0.0.0"
103.168.66.237 - - [19/Aug/2026:04:25:54 +0300] "POST / HTTP/1.1" 301 162 "-" "Mozilla/5.0 (Windows NT 10.0; Win64; x64) Chrome/120.0.0.0"
103.168.66.237 - - [19/Aug/2026:04:25:55 +0300] "GET / HTTP/1.1" 200 0 "http://levasheva.ru" "Mozilla/5.0 (Windows NT 10.0; Win64; x64) Chrome/120.0.0.0"
103.168.66.237 - - [19/Aug/2026:04:25:55 +0300] "POST / HTTP/1.1" 301 162 "-" "Mozilla/5.0 (Windows NT 10.0; Win64; x64) Chrome/120.0.0.0"
103.168.66.237 - - [19/Aug/2026:04:25:55 +0300] "GET / HTTP/1.1" 200 0 "http://levasheva.ru" "Mozilla/5.0 (Windows NT 10.0; Win64; x64) Chrome/120.0.0.0"
103.168.66.237 - - [19/Aug/2026:04:25:55 +0300] "POST / HTTP/1.1" 301 162 "-" "Mozilla/5.0 (Windows NT 10.0; Win64; x64) Chrome/120.0.0.0"
103.168.66.237 - - [19/Aug/2026:04:25:55 +0300] "GET / HTTP/1.1" 200 0 "http://levasheva.ru" "Mozilla/5.0 (Windows NT 10.0; Win64; x64) Chrome/120.0.0.0"
103.168.66.237 - - [19/Aug/2026:04:25:55 +0300] "POST / HTTP/1.1" 301 162 "-" "Mozilla/5.0 (Windows NT 10.0; Win64; x64) Chrome/120.0.0.0"
103.168.66.237 - - [19/Aug/2026:04:25:55 +0300] "GET / HTTP/1.1" 200 0 "http://levasheva.ru" "Mozilla/5.0 (Windows NT 10.0; Win64; x64) Chrome/120.0.0.0"
103.168.66.237 - - [19/Aug/2026:04:25:56 +0300] "POST / HTTP/1.1" 301 162 "-" "Mozilla/5.0 (Windows NT 10.0; Win64; x64) Chrome/120.0.0.0"
103.168.66.237 - - [19/Aug/2026:04:25:56 +0300] "GET / HTTP/1.1" 200 0 "http://levasheva.ru" "Mozilla/5.0 (Windows NT 10.0; Win64; x64) Chrome/120.0.0.0"
103.168.66.237 - - [19/Aug/2026:04:25:56 +0300] "POST / HTTP/1.1" 301 162 "-" "Mozilla/5.0 (Windows NT 10.0; Win64; x64) Chrome/120.0.0.0"
103.168.66.237 - - [19/Aug/2026:04:25:56 +0300] "GET / HTTP/1.1" 200 0 "http://levasheva.ru" "Mozilla/5.0 (Windows NT 10.0; Win64; x64) Chrome/120.0.0.0"
103.168.66.237 - - [19/Aug/2026:04:25:56 +0300] "POST / HTTP/1.1" 301 162 "-" "Mozilla/5.0 (Windows NT 10.0; Win64; x64) Chrome/120.0.0.0"
103.168.66.237 - - [19/Aug/2026:04:25:56 +0300] "GET / HTTP/1.1" 200 0 "http://levasheva.ru" "Mozilla/5.0 (Windows NT 10.0; Win64; x64) Chrome/120.0.0.0"
103.168.66.237 - - [19/Aug/2026:04:25:57 +0300] "POST / HTTP/1.1" 301 162 "-" "Mozilla/5.0 (Windows NT 10.0; Win64; x64) Chrome/120.0.0.0"
103.168.66.237 - - [19/Aug/2026:04:25:57 +0300] "GET / HTTP/1.1" 200 0 "http://levasheva.ru" "Mozilla/5.0 (Windows NT 10.0; Win64; x64) Chrome/120.0.0.0"
103.168.66.237 - - [19/Aug/2026:04:25:57 +0300] "POST / HTTP/1.1" 301 162 "-" "Mozilla/5.0 (Windows NT 10.0; Win64; x64) Chrome/120.0.0.0"
144.76.32.114 - - [19/Aug/2026:04:25:57 +0300] "GET /outlet/202046621 HTTP/1.1" 200 0 "-" "Mozilla/5.0 (compatible; SERankingBacklinksBot/1.0; +https://seranking.com/backlinks-crawler)"
103.168.66.237 - - [19/Aug/2026:04:25:57 +0300] "GET / HTTP/1.1" 200 0 "http://levasheva.ru" "Mozilla/5.0 (Windows NT 10.0; Win64; x64) Chrome/120.0.0.0"
103.168.66.237 - - [19/Aug/2026:04:25:57 +0300] "POST / HTTP/1.1" 301 162 "-" "Mozilla/5.0 (Windows NT 10.0; Win64; x64) Chrome/120.0.0.0"
103.168.66.237 - - [19/Aug/2026:04:25:57 +0300] "GET / HTTP/1.1" 200 0 "http://levasheva.ru" "Mozilla/5.0 (Windows NT 10.0; Win64; x64) Chrome/120.0.0.0"
103.168.66.237 - - [19/Aug/2026:04:25:57 +0300] "POST / HTTP/1.1" 301 162 "-" "Mozilla/5.0 (Windows NT 10.0; Win64; x64) Chrome/120.0.0.0"
103.168.66.237 - - [19/Aug/2026:04:25:58 +0300] "GET / HTTP/1.1" 200 0 "http://levasheva.ru" "Mozilla/5.0 (Windows NT 10.0; Win64; x64) Chrome/120.0.0.0"
103.168.66.237 - - [19/Aug/2026:04:25:58 +0300] "POST / HTTP/1.1" 301 162 "-" "Mozilla/5.0 (Windows NT 10.0; Win64; x64) Chrome/120.0.0.0"
103.168.66.237 - - [19/Aug/2026:04:25:58 +0300] "GET / HTTP/1.1" 200 0 "http://levasheva.ru" "Mozilla/5.0 (Windows NT 10.0; Win64; x64) Chrome/120.0.0.0"
103.168.66.237 - - [19/Aug/2026:04:25:58 +0300] "GET / HTTP/1.1" 200 0 "http://levasheva.ru" "Mozilla/5.0 (Windows NT 10.0; Win64; x64) Chrome/120.0.0.0"
103.168.66.237 - - [19/Aug/2026:04:25:58 +0300] "POST / HTTP/1.1" 301 162 "-" "Mozilla/5.0 (Windows NT 10.0; Win64; x64) Chrome/120.0.0.0"
103.168.66.237 - - [19/Aug/2026:04:25:58 +0300] "POST / HTTP/1.1" 301 162 "-" "Mozilla/5.0 (Windows NT 10.0; Win64; x64) Chrome/120.0.0.0"
103.168.66.237 - - [19/Aug/2026:04:25:58 +0300] "GET / HTTP/1.1" 200 0 "http://levasheva.ru" "Mozilla/5.0 (Windows NT 10.0; Win64; x64) Chrome/120.0.0.0"
103.168.66.237 - - [19/Aug/2026:04:25:59 +0300] "POST / HTTP/1.1" 301 162 "-" "Mozilla/5.0 (Windows NT 10.0; Win64; x64) Chrome/120.0.0.0"
103.168.66.237 - - [19/Aug/2026:04:25:59 +0300] "GET / HTTP/1.1" 200 0 "http://levasheva.ru" "Mozilla/5.0 (Windows NT 10.0; Win64; x64) Chrome/120.0.0.0"
66.249.66.73 - - [19/Aug/2026:04:25:59 +0300] "GET /?goods/116049140 HTTP/1.1" 200 0 "-" "Mozilla/5.0 (Linux; Android 6.0.1; Nexus 5X Build/MMB29P) AppleWebKit/537.36 (KHTML, like Gecko) Chrome/151.0.7922.137 Mobile Safari/537.36 (compatible; Googlebot/2.1; +http://www.google.com/bot.html)"
103.168.66.237 - - [19/Aug/2026:04:25:59 +0300] "POST / HTTP/1.1" 301 162 "-" "Mozilla/5.0 (Windows NT 10.0; Win64; x64) Chrome/120.0.0.0"
103.168.66.237 - - [19/Aug/2026:04:25:59 +0300] "GET / HTTP/1.1" 200 0 "http://levasheva.ru" "Mozilla/5.0 (Windows NT 10.0; Win64; x64) Chrome/120.0.0.0"
103.168.66.237 - - [19/Aug/2026:04:25:59 +0300] "POST / HTTP/1.1" 301 162 "-" "Mozilla/5.0 (Windows NT 10.0; Win64; x64) Chrome/120.0.0.0"
103.168.66.237 - - [19/Aug/2026:04:25:59 +0300] "GET / HTTP/1.1" 200 0 "http://levasheva.ru" "Mozilla/5.0 (Windows NT 10.0; Win64; x64) Chrome/120.0.0.0"
144.76.32.114 - - [19/Aug/2026:04:26:00 +0300] "GET /outlet/298008981 HTTP/1.1" 200 0 "-" "Mozilla/5.0 (compatible; SERankingBacklinksBot/1.0; +https://seranking.com/backlinks-crawler)"
144.76.32.114 - - [19/Aug/2026:04:26:03 +0300] "GET /outlet/202047917 HTTP/1.1" 200 0 "-" "Mozilla/5.0 (compatible; SERankingBacklinksBot/1.0; +https://seranking.com/backlinks-crawler)"
144.76.32.114 - - [19/Aug/2026:04:26:06 +0300] "GET /outlet/203000364 HTTP/1.1" 200 0 "-" "Mozilla/5.0 (compatible; SERankingBacklinksBot/1.0; +https://seranking.com/backlinks-crawler)"
144.76.32.114 - - [19/Aug/2026:04:26:10 +0300] "GET /outlet/203004036 HTTP/1.1" 200 0 "-" "Mozilla/5.0 (compatible; SERankingBacklinksBot/1.0; +https://seranking.com/backlinks-crawler)"
144.76.32.114 - - [19/Aug/2026:04:26:13 +0300] "GET /outlet/203007572 HTTP/1.1" 200 0 "-" "Mozilla/5.0 (compatible; SERankingBacklinksBot/1.0; +https://seranking.com/backlinks-crawler)"
144.76.32.114 - - [19/Aug/2026:04:26:16 +0300] "GET /outlet/203008868 HTTP/1.1" 200 0 "-" "Mozilla/5.0 (compatible; SERankingBacklinksBot/1.0; +https://seranking.com/backlinks-crawler)"
121.200.216.188 - - [19/Aug/2026:04:26:18 +0300] "GET /wp-login.php HTTP/2.0" 200 0 "-" "Mozilla/5.0 (Windows NT 10.0; Win64; x64) AppleWebKit/537.36 (KHTML, like Gecko) Chrome/149.0.0.0 Safari/537.36"
144.76.32.114 - - [19/Aug/2026:04:26:19 +0300] "GET /outlet/203008894 HTTP/1.1" 200 0 "-" "Mozilla/5.0 (compatible; SERankingBacklinksBot/1.0; +https://seranking.com/backlinks-crawler)"
144.76.32.114 - - [19/Aug/2026:04:26:22 +0300] "GET /outlet/203009002 HTTP/1.1" 200 0 "-" "Mozilla/5.0 (compatible; SERankingBacklinksBot/1.0; +https://seranking.com/backlinks-crawler)"
144.76.32.114 - - [19/Aug/2026:04:26:25 +0300] "GET /outlet/203010916 HTTP/1.1" 200 0 "-" "Mozilla/5.0 (compatible; SERankingBacklinksBot/1.0; +https://seranking.com/backlinks-crawler)"
144.76.32.114 - - [19/Aug/2026:04:26:29 +0300] "GET /outlet/203011452 HTTP/1.1" 200 0 "-" "Mozilla/5.0 (compatible; SERankingBacklinksBot/1.0; +https://seranking.com/backlinks-crawler)"
52.21.68.171 - - [19/Aug/2026:04:26:30 +0300] "HEAD /New HTTP/1.1" 301 0 "-" "Mozilla/5.0 (X11; Linux x86_64) AppleWebKit/537.36 (KHTML, like Gecko) Chrome/96.0.4664.45 Safari/537.36"
52.21.68.171 - - [19/Aug/2026:04:26:31 +0300] "HEAD /New HTTP/1.1" 200 0 "http://levasheva.ru/New" "Mozilla/5.0 (X11; Linux x86_64) AppleWebKit/537.36 (KHTML, like Gecko) Chrome/96.0.4664.45 Safari/537.36"
144.76.32.114 - - [19/Aug/2026:04:26:32 +0300] "GET /outlet/203017410 HTTP/1.1" 200 0 "-" "Mozilla/5.0 (compatible; SERankingBacklinksBot/1.0; +https://seranking.com/backlinks-crawler)"
144.76.32.114 - - [19/Aug/2026:04:26:35 +0300] "GET /outlet/203021560 HTTP/1.1" 200 0 "-" "Mozilla/5.0 (compatible; SERankingBacklinksBot/1.0; +https://seranking.com/backlinks-crawler)"
92.242.60.95 - - [19/Aug/2026:04:26:35 +0300] "GET https://levasheva.ru/ HTTP/1.1" 200 0 "-" "https://reg.ru monitoring abuse@reg.ru"
144.76.32.114 - - [19/Aug/2026:04:26:38 +0300] "GET /outlet/203022226 HTTP/1.1" 200 0 "-" "Mozilla/5.0 (compatible; SERankingBacklinksBot/1.0; +https://seranking.com/backlinks-crawler)"
144.76.32.114 - - [19/Aug/2026:04:26:41 +0300] "GET /outlet/203024146 HTTP/1.1" 200 0 "-" "Mozilla/5.0 (compatible; SERankingBacklinksBot/1.0; +https://seranking.com/backlinks-crawler)"
144.76.32.114 - - [19/Aug/2026:04:26:44 +0300] "GET /outlet/203028712 HTTP/1.1" 200 0 "-" "Mozilla/5.0 (compatible; SERankingBacklinksBot/1.0; +https://seranking.com/backlinks-crawler)"
144.76.32.114 - - [19/Aug/2026:04:26:47 +0300] "GET /outlet/203028948 HTTP/1.1" 200 0 "-" "Mozilla/5.0 (compatible; SERankingBacklinksBot/1.0; +https://seranking.com/backlinks-crawler)"
144.76.32.114 - - [19/Aug/2026:04:26:50 +0300] "GET /outlet/203029636 HTTP/1.1" 200 0 "-" "Mozilla/5.0 (compatible; SERankingBacklinksBot/1.0; +https://seranking.com/backlinks-crawler)"
144.76.32.114 - - [19/Aug/2026:04:26:54 +0300] "GET /outlet/203030830 HTTP/1.1" 200 0 "-" "Mozilla/5.0 (compatible; SERankingBacklinksBot/1.0; +https://seranking.com/backlinks-crawler)"
144.76.32.114 - - [19/Aug/2026:04:26:57 +0300] "GET /outlet/203031468 HTTP/1.1" 200 0 "-" "Mozilla/5.0 (compatible; SERankingBacklinksBot/1.0; +https://seranking.com/backlinks-crawler)"
144.76.32.114 - - [19/Aug/2026:04:27:00 +0300] "GET /outlet/203032538 HTTP/1.1" 200 0 "-" "Mozilla/5.0 (compatible; SERankingBacklinksBot/1.0; +https://seranking.com/backlinks-crawler)"
144.76.32.114 - - [19/Aug/2026:04:27:03 +0300] "GET /outlet/203034438 HTTP/1.1" 200 0 "-" "Mozilla/5.0 (compatible; SERankingBacklinksBot/1.0; +https://seranking.com/backlinks-crawler)"
144.76.32.114 - - [19/Aug/2026:04:27:06 +0300] "GET /outlet/203036182 HTTP/1.1" 200 0 "-" "Mozilla/5.0 (compatible; SERankingBacklinksBot/1.0; +https://seranking.com/backlinks-crawler)"
144.76.32.114 - - [19/Aug/2026:04:27:09 +0300] "GET /outlet/203039000 HTTP/1.1" 200 0 "-" "Mozilla/5.0 (compatible; SERankingBacklinksBot/1.0; +https://seranking.com/backlinks-crawler)"
144.76.32.114 - - [19/Aug/2026:04:27:12 +0300] "GET /outlet/203044014 HTTP/1.1" 200 0 "-" "Mozilla/5.0 (compatible; SERankingBacklinksBot/1.0; +https://seranking.com/backlinks-crawler)"
144.76.32.114 - - [19/Aug/2026:04:27:15 +0300] "GET /outlet/203044908 HTTP/1.1" 200 0 "-" "Mozilla/5.0 (compatible; SERankingBacklinksBot/1.0; +https://seranking.com/backlinks-crawler)"
144.76.32.114 - - [19/Aug/2026:04:27:19 +0300] "GET /outlet/203045156 HTTP/1.1" 200 0 "-" "Mozilla/5.0 (compatible; SERankingBacklinksBot/1.0; +https://seranking.com/backlinks-crawler)"
144.76.32.114 - - [19/Aug/2026:04:27:22 +0300] "GET /outlet/203045936 HTTP/1.1" 200 0 "-" "Mozilla/5.0 (compatible; SERankingBacklinksBot/1.0; +https://seranking.com/backlinks-crawler)"
144.76.32.114 - - [19/Aug/2026:04:27:25 +0300] "GET /outlet/203047992 HTTP/1.1" 200 0 "-" "Mozilla/5.0 (compatible; SERankingBacklinksBot/1.0; +https://seranking.com/backlinks-crawler)"
144.76.32.114 - - [19/Aug/2026:04:27:28 +0300] "GET /outlet/203048770 HTTP/1.1" 200 0 "-" "Mozilla/5.0 (compatible; SERankingBacklinksBot/1.0; +https://seranking.com/backlinks-crawler)"
144.76.32.114 - - [19/Aug/2026:04:27:31 +0300] "GET /outlet/204007823 HTTP/1.1" 200 0 "-" "Mozilla/5.0 (compatible; SERankingBacklinksBot/1.0; +https://seranking.com/backlinks-crawler)"
144.76.32.114 - - [19/Aug/2026:04:27:34 +0300] "GET /outlet/298011127 HTTP/1.1" 200 0 "-" "Mozilla/5.0 (compatible; SERankingBacklinksBot/1.0; +https://seranking.com/backlinks-crawler)"
144.76.32.114 - - [19/Aug/2026:04:27:37 +0300] "GET /outlet/204009175 HTTP/1.1" 200 0 "-" "Mozilla/5.0 (compatible; SERankingBacklinksBot/1.0; +https://seranking.com/backlinks-crawler)"
144.76.32.114 - - [19/Aug/2026:04:27:41 +0300] "GET /outlet/204010233 HTTP/1.1" 200 0 "-" "Mozilla/5.0 (compatible; SERankingBacklinksBot/1.0; +https://seranking.com/backlinks-crawler)"
144.76.32.114 - - [19/Aug/2026:04:27:44 +0300] "GET /outlet/204010907 HTTP/1.1" 200 0 "-" "Mozilla/5.0 (compatible; SERankingBacklinksBot/1.0; +https://seranking.com/backlinks-crawler)"
144.76.32.114 - - [19/Aug/2026:04:27:47 +0300] "GET /outlet/204011087 HTTP/1.1" 200 0 "-" "Mozilla/5.0 (compatible; SERankingBacklinksBot/1.0; +https://seranking.com/backlinks-crawler)"
144.76.32.114 - - [19/Aug/2026:04:27:50 +0300] "GET /outlet/204019367 HTTP/1.1" 200 0 "-" "Mozilla/5.0 (compatible; SERankingBacklinksBot/1.0; +https://seranking.com/backlinks-crawler)"
144.76.32.114 - - [19/Aug/2026:04:27:53 +0300] "GET /outlet/204021005 HTTP/1.1" 200 0 "-" "Mozilla/5.0 (compatible; SERankingBacklinksBot/1.0; +https://seranking.com/backlinks-crawler)"
144.76.32.114 - - [19/Aug/2026:04:27:56 +0300] "GET /outlet/204021095 HTTP/1.1" 200 0 "-" "Mozilla/5.0 (compatible; SERankingBacklinksBot/1.0; +https://seranking.com/backlinks-crawler)"
144.76.32.114 - - [19/Aug/2026:04:28:00 +0300] "GET /outlet/204021271 HTTP/1.1" 200 0 "-" "Mozilla/5.0 (compatible; SERankingBacklinksBot/1.0; +https://seranking.com/backlinks-crawler)"
89.111.174.139 - - [19/Aug/2026:04:28:02 +0300] "GET https://levasheva.ru/ HTTP/1.1" 200 0 "-" "https://reg.ru monitoring abuse@reg.ru"
144.76.32.114 - - [19/Aug/2026:04:28:03 +0300] "GET /outlet/204021411 HTTP/1.1" 200 0 "-" "Mozilla/5.0 (compatible; SERankingBacklinksBot/1.0; +https://seranking.com/backlinks-crawler)"
144.76.32.114 - - [19/Aug/2026:04:28:06 +0300] "GET /outlet/204023369 HTTP/1.1" 200 0 "-" "Mozilla/5.0 (compatible; SERankingBacklinksBot/1.0; +https://seranking.com/backlinks-crawler)"
144.76.32.114 - - [19/Aug/2026:04:28:09 +0300] "GET /outlet/204024017 HTTP/1.1" 200 0 "-" "Mozilla/5.0 (compatible; SERankingBacklinksBot/1.0; +https://seranking.com/backlinks-crawler)"
144.76.32.114 - - [19/Aug/2026:04:28:12 +0300] "GET /outlet/204027385 HTTP/1.1" 200 0 "-" "Mozilla/5.0 (compatible; SERankingBacklinksBot/1.0; +https://seranking.com/backlinks-crawler)"
144.76.32.114 - - [19/Aug/2026:04:28:15 +0300] "GET /outlet/204030931 HTTP/1.1" 200 0 "-" "Mozilla/5.0 (compatible; SERankingBacklinksBot/1.0; +https://seranking.com/backlinks-crawler)"
66.249.78.68 - - [19/Aug/2026:04:28:17 +0300] "GET /m41972870542 HTTP/1.1" 200 0 "-" "Mozilla/5.0 (Linux; Android 6.0.1; Nexus 5X Build/MMB29P) AppleWebKit/537.36 (KHTML, like Gecko) Chrome/151.0.7922.137 Mobile Safari/537.36 (compatible; Googlebot/2.1; +http://www.google.com/bot.html)"
66.249.78.70 - - [19/Aug/2026:04:28:18 +0300] "GET /?detail/2950137649678 HTTP/1.1" 200 0 "-" "Mozilla/5.0 (Linux; Android 6.0.1; Nexus 5X Build/MMB29P) AppleWebKit/537.36 (KHTML, like Gecko) Chrome/151.0.7922.137 Mobile Safari/537.36 (compatible; Googlebot/2.1; +http://www.google.com/bot.html)"
144.76.32.114 - - [19/Aug/2026:04:28:18 +0300] "GET /outlet/204032159 HTTP/1.1" 200 0 "-" "Mozilla/5.0 (compatible; SERankingBacklinksBot/1.0; +https://seranking.com/backlinks-crawler)"
8.29.155.129 - - [19/Aug/2026:04:28:19 +0300] "GET /wp-login.php HTTP/2.0" 200 0 "-" "Mozilla/5.0 (Windows NT 10.0; Win64; x64) AppleWebKit/537.36 (KHTML, like Gecko) Chrome/149.0.0.0 Safari/537.36"
144.76.32.114 - - [19/Aug/2026:04:28:22 +0300] "GET /outlet/204032321 HTTP/1.1" 200 0 "-" "Mozilla/5.0 (compatible; SERankingBacklinksBot/1.0; +https://seranking.com/backlinks-crawler)"
144.76.32.114 - - [19/Aug/2026:04:28:25 +0300] "GET /outlet/204032343 HTTP/1.1" 200 0 "-" "Mozilla/5.0 (compatible; SERankingBacklinksBot/1.0; +https://seranking.com/backlinks-crawler)"
144.76.32.114 - - [19/Aug/2026:04:28:28 +0300] "GET /outlet/204032559 HTTP/1.1" 200 0 "-" "Mozilla/5.0 (compatible; SERankingBacklinksBot/1.0; +https://seranking.com/backlinks-crawler)"
144.76.32.114 - - [19/Aug/2026:04:28:31 +0300] "GET /outlet/204033975 HTTP/1.1" 200 0 "-" "Mozilla/5.0 (compatible; SERankingBacklinksBot/1.0; +https://seranking.com/backlinks-crawler)"
144.76.32.114 - - [19/Aug/2026:04:28:34 +0300] "GET /outlet/204036043 HTTP/1.1" 200 0 "-" "Mozilla/5.0 (compatible; SERankingBacklinksBot/1.0; +https://seranking.com/backlinks-crawler)"
144.76.32.114 - - [19/Aug/2026:04:28:37 +0300] "GET /outlet/204037743 HTTP/1.1" 200 0 "-" "Mozilla/5.0 (compatible; SERankingBacklinksBot/1.0; +https://seranking.com/backlinks-crawler)"
144.76.32.114 - - [19/Aug/2026:04:28:41 +0300] "GET /outlet/204039077 HTTP/1.1" 200 0 "-" "Mozilla/5.0 (compatible; SERankingBacklinksBot/1.0; +https://seranking.com/backlinks-crawler)"
144.76.32.114 - - [19/Aug/2026:04:28:44 +0300] "GET /outlet/204044145 HTTP/1.1" 200 0 "-" "Mozilla/5.0 (compatible; SERankingBacklinksBot/1.0; +https://seranking.com/backlinks-crawler)"
144.76.32.114 - - [19/Aug/2026:04:28:47 +0300] "GET /outlet/204044639 HTTP/1.1" 200 0 "-" "Mozilla/5.0 (compatible; SERankingBacklinksBot/1.0; +https://seranking.com/backlinks-crawler)"
144.76.32.114 - - [19/Aug/2026:04:28:50 +0300] "GET /outlet/204048039 HTTP/1.1" 200 0 "-" "Mozilla/5.0 (compatible; SERankingBacklinksBot/1.0; +https://seranking.com/backlinks-crawler)"
144.76.32.114 - - [19/Aug/2026:04:28:53 +0300] "GET /outlet/204048443 HTTP/1.1" 200 0 "-" "Mozilla/5.0 (compatible; SERankingBacklinksBot/1.0; +https://seranking.com/backlinks-crawler)"
144.76.32.114 - - [19/Aug/2026:04:28:56 +0300] "GET /outlet/204049279 HTTP/1.1" 200 0 "-" "Mozilla/5.0 (compatible; SERankingBacklinksBot/1.0; +https://seranking.com/backlinks-crawler)"
144.76.32.114 - - [19/Aug/2026:04:28:59 +0300] "GET /outlet/205000178 HTTP/1.1" 200 0 "-" "Mozilla/5.0 (compatible; SERankingBacklinksBot/1.0; +https://seranking.com/backlinks-crawler)"
144.76.32.114 - - [19/Aug/2026:04:29:02 +0300] "GET /outlet/205003888 HTTP/1.1" 200 0 "-" "Mozilla/5.0 (compatible; SERankingBacklinksBot/1.0; +https://seranking.com/backlinks-crawler)"
144.76.32.114 - - [19/Aug/2026:04:29:06 +0300] "GET /outlet/205004766 HTTP/1.1" 200 0 "-" "Mozilla/5.0 (compatible; SERankingBacklinksBot/1.0; +https://seranking.com/backlinks-crawler)"
144.76.32.114 - - [19/Aug/2026:04:29:09 +0300] "GET /outlet/298012729 HTTP/1.1" 200 0 "-" "Mozilla/5.0 (compatible; SERankingBacklinksBot/1.0; +https://seranking.com/backlinks-crawler)"
144.76.32.114 - - [19/Aug/2026:04:29:12 +0300] "GET /outlet/205006472 HTTP/1.1" 200 0 "-" "Mozilla/5.0 (compatible; SERankingBacklinksBot/1.0; +https://seranking.com/backlinks-crawler)"
144.76.32.114 - - [19/Aug/2026:04:29:15 +0300] "GET /outlet/205008742 HTTP/1.1" 200 0 "-" "Mozilla/5.0 (compatible; SERankingBacklinksBot/1.0; +https://seranking.com/backlinks-crawler)"
144.76.32.114 - - [19/Aug/2026:04:29:18 +0300] "GET /outlet/205012482 HTTP/1.1" 200 0 "-" "Mozilla/5.0 (compatible; SERankingBacklinksBot/1.0; +https://seranking.com/backlinks-crawler)"
144.76.32.114 - - [19/Aug/2026:04:29:21 +0300] "GET /outlet/205013052 HTTP/1.1" 200 0 "-" "Mozilla/5.0 (compatible; SERankingBacklinksBot/1.0; +https://seranking.com/backlinks-crawler)"
144.76.32.114 - - [19/Aug/2026:04:29:24 +0300] "GET /outlet/205018460 HTTP/1.1" 200 0 "-" "Mozilla/5.0 (compatible; SERankingBacklinksBot/1.0; +https://seranking.com/backlinks-crawler)"
144.76.32.114 - - [19/Aug/2026:04:29:28 +0300] "GET /outlet/205018548 HTTP/1.1" 200 0 "-" "Mozilla/5.0 (compatible; SERankingBacklinksBot/1.0; +https://seranking.com/backlinks-crawler)"
89.104.66.67 - - [19/Aug/2026:04:29:28 +0300] "GET https://levasheva.ru/ HTTP/1.1" 200 0 "-" "https://reg.ru monitoring abuse@reg.ru"
144.76.32.114 - - [19/Aug/2026:04:29:31 +0300] "GET /outlet/205019580 HTTP/1.1" 200 0 "-" "Mozilla/5.0 (compatible; SERankingBacklinksBot/1.0; +https://seranking.com/backlinks-crawler)"
144.76.32.114 - - [19/Aug/2026:04:29:34 +0300] "GET /outlet/205019826 HTTP/1.1" 200 0 "-" "Mozilla/5.0 (compatible; SERankingBacklinksBot/1.0; +https://seranking.com/backlinks-crawler)"
144.76.32.114 - - [19/Aug/2026:04:29:37 +0300] "GET /outlet/205021264 HTTP/1.1" 200 0 "-" "Mozilla/5.0 (compatible; SERankingBacklinksBot/1.0; +https://seranking.com/backlinks-crawler)"
144.76.32.114 - - [19/Aug/2026:04:29:40 +0300] "GET /outlet/205022348 HTTP/1.1" 200 0 "-" "Mozilla/5.0 (compatible; SERankingBacklinksBot/1.0; +https://seranking.com/backlinks-crawler)"
144.76.32.114 - - [19/Aug/2026:04:29:43 +0300] "GET /outlet/205022868 HTTP/1.1" 200 0 "-" "Mozilla/5.0 (compatible; SERankingBacklinksBot/1.0; +https://seranking.com/backlinks-crawler)"
144.76.32.114 - - [19/Aug/2026:04:29:47 +0300] "GET /outlet/205023000 HTTP/1.1" 200 0 "-" "Mozilla/5.0 (compatible; SERankingBacklinksBot/1.0; +https://seranking.com/backlinks-crawler)"
144.76.32.114 - - [19/Aug/2026:04:29:50 +0300] "GET /outlet/205023686 HTTP/1.1" 200 0 "-" "Mozilla/5.0 (compatible; SERankingBacklinksBot/1.0; +https://seranking.com/backlinks-crawler)"
144.76.32.114 - - [19/Aug/2026:04:29:53 +0300] "GET /outlet/205023742 HTTP/1.1" 200 0 "-" "Mozilla/5.0 (compatible; SERankingBacklinksBot/1.0; +https://seranking.com/backlinks-crawler)"
66.249.78.69 - - [19/Aug/2026:04:29:55 +0300] "GET /item/070000100 HTTP/1.1" 200 0 "-" "Mozilla/5.0 (Linux; Android 6.0.1; Nexus 5X Build/MMB29P) AppleWebKit/537.36 (KHTML, like Gecko) Chrome/151.0.7922.137 Mobile Safari/537.36 (compatible; Googlebot/2.1; +http://www.google.com/bot.html)"
66.249.66.74 - - [19/Aug/2026:04:29:56 +0300] "GET /m54164714455 HTTP/1.1" 200 0 "-" "Mozilla/5.0 (Linux; Android 6.0.1; Nexus 5X Build/MMB29P) AppleWebKit/537.36 (KHTML, like Gecko) Chrome/151.0.7922.137 Mobile Safari/537.36 (compatible; Googlebot/2.1; +http://www.google.com/bot.html)"
144.76.32.114 - - [19/Aug/2026:04:29:56 +0300] "GET /outlet/205024274 HTTP/1.1" 200 0 "-" "Mozilla/5.0 (compatible; SERankingBacklinksBot/1.0; +https://seranking.com/backlinks-crawler)"
144.76.32.114 - - [19/Aug/2026:04:29:59 +0300] "GET /outlet/205027980 HTTP/1.1" 200 0 "-" "Mozilla/5.0 (compatible; SERankingBacklinksBot/1.0; +https://seranking.com/backlinks-crawler)"
144.76.32.114 - - [19/Aug/2026:04:30:02 +0300] "GET /outlet/205029312 HTTP/1.1" 200 0 "-" "Mozilla/5.0 (compatible; SERankingBacklinksBot/1.0; +https://seranking.com/backlinks-crawler)"
144.76.32.114 - - [19/Aug/2026:04:30:05 +0300] "GET /outlet/205033702 HTTP/1.1" 200 0 "-" "Mozilla/5.0 (compatible; SERankingBacklinksBot/1.0; +https://seranking.com/backlinks-crawler)"
144.76.32.114 - - [19/Aug/2026:04:30:09 +0300] "GET /outlet/205039938 HTTP/1.1" 200 0 "-" "Mozilla/5.0 (compatible; SERankingBacklinksBot/1.0; +https://seranking.com/backlinks-crawler)"
144.76.32.114 - - [19/Aug/2026:04:30:12 +0300] "GET /outlet/205041370 HTTP/1.1" 200 0 "-" "Mozilla/5.0 (compatible; SERankingBacklinksBot/1.0; +https://seranking.com/backlinks-crawler)"
144.76.32.114 - - [19/Aug/2026:04:30:15 +0300] "GET /outlet/205041914 HTTP/1.1" 200 0 "-" "Mozilla/5.0 (compatible; SERankingBacklinksBot/1.0; +https://seranking.com/backlinks-crawler)"
144.76.32.114 - - [19/Aug/2026:04:30:18 +0300] "GET /outlet/205041978 HTTP/1.1" 200 0 "-" "Mozilla/5.0 (compatible; SERankingBacklinksBot/1.0; +https://seranking.com/backlinks-crawler)"
144.76.32.114 - - [19/Aug/2026:04:30:21 +0300] "GET /outlet/205044774 HTTP/1.1" 200 0 "-" "Mozilla/5.0 (compatible; SERankingBacklinksBot/1.0; +https://seranking.com/backlinks-crawler)"
144.76.32.114 - - [19/Aug/2026:04:30:24 +0300] "GET /outlet/205046040 HTTP/1.1" 200 0 "-" "Mozilla/5.0 (compatible; SERankingBacklinksBot/1.0; +https://seranking.com/backlinks-crawler)"
144.76.32.114 - - [19/Aug/2026:04:30:27 +0300] "GET /outlet/205046466 HTTP/1.1" 200 0 "-" "Mozilla/5.0 (compatible; SERankingBacklinksBot/1.0; +https://seranking.com/backlinks-crawler)"
144.76.32.114 - - [19/Aug/2026:04:30:30 +0300] "GET /outlet/205048680 HTTP/1.1" 200 0 "-" "Mozilla/5.0 (compatible; SERankingBacklinksBot/1.0; +https://seranking.com/backlinks-crawler)"
144.76.32.114 - - [19/Aug/2026:04:30:34 +0300] "GET /outlet/205048844 HTTP/1.1" 200 0 "-" "Mozilla/5.0 (compatible; SERankingBacklinksBot/1.0; +https://seranking.com/backlinks-crawler)"
144.76.32.114 - - [19/Aug/2026:04:30:37 +0300] "GET /outlet/206000327 HTTP/1.1" 200 0 "-" "Mozilla/5.0 (compatible; SERankingBacklinksBot/1.0; +https://seranking.com/backlinks-crawler)"
144.76.32.114 - - [19/Aug/2026:04:30:40 +0300] "GET /outlet/206001665 HTTP/1.1" 200 0 "-" "Mozilla/5.0 (compatible; SERankingBacklinksBot/1.0; +https://seranking.com/backlinks-crawler)"
160.250.130.168 - - [19/Aug/2026:04:30:40 +0300] "GET /wp-login.php HTTP/2.0" 200 0 "-" "Mozilla/5.0 (Windows NT 10.0; Win64; x64) AppleWebKit/537.36 (KHTML, like Gecko) Chrome/149.0.0.0 Safari/537.36"
66.249.78.69 - - [19/Aug/2026:04:30:43 +0300] "GET /item/088000410 HTTP/1.1" 200 0 "-" "Mozilla/5.0 (Linux; Android 6.0.1; Nexus 5X Build/MMB29P) AppleWebKit/537.36 (KHTML, like Gecko) Chrome/151.0.7922.137 Mobile Safari/537.36 (compatible; Googlebot/2.1; +http://www.google.com/bot.html)"
144.76.32.114 - - [19/Aug/2026:04:30:43 +0300] "GET /outlet/298013113 HTTP/1.1" 200 0 "-" "Mozilla/5.0 (compatible; SERankingBacklinksBot/1.0; +https://seranking.com/backlinks-crawler)"
66.249.66.75 - - [19/Aug/2026:04:30:43 +0300] "GET /?jp/246033329.html HTTP/1.1" 200 0 "-" "Mozilla/5.0 (Linux; Android 6.0.1; Nexus 5X Build/MMB29P) AppleWebKit/537.36 (KHTML, like Gecko) Chrome/151.0.7922.137 Mobile Safari/537.36 (compatible; Googlebot/2.1; +http://www.google.com/bot.html)"
144.76.32.114 - - [19/Aug/2026:04:30:46 +0300] "GET /outlet/206002993 HTTP/1.1" 200 0 "-" "Mozilla/5.0 (compatible; SERankingBacklinksBot/1.0; +https://seranking.com/backlinks-crawler)"
144.76.32.114 - - [19/Aug/2026:04:30:49 +0300] "GET /outlet/206003041 HTTP/1.1" 200 0 "-" "Mozilla/5.0 (compatible; SERankingBacklinksBot/1.0; +https://seranking.com/backlinks-crawler)"
144.76.32.114 - - [19/Aug/2026:04:30:52 +0300] "GET /outlet/206009165 HTTP/1.1" 200 0 "-" "Mozilla/5.0 (compatible; SERankingBacklinksBot/1.0; +https://seranking.com/backlinks-crawler)"
4.43.184.113 - - [19/Aug/2026:04:30:53 +0300] "GET /POST-IS/index/index.php HTTP/1.1" 301 162 "-" "Mozilla/5.0 (X11; Linux x86_64) AppleWebKit/537.36 (KHTML, like Gecko) Chrome/44.0.2403.157 Safari/537.36"
4.43.184.113 - - [19/Aug/2026:04:30:54 +0300] "GET /POST-IS/index/index.php HTTP/1.1" 200 0 "-" "Mozilla/5.0 (X11; Linux x86_64) AppleWebKit/537.36 (KHTML, like Gecko) Chrome/44.0.2403.157 Safari/537.36"
144.76.32.114 - - [19/Aug/2026:04:30:56 +0300] "GET /outlet/206010153 HTTP/1.1" 200 0 "-" "Mozilla/5.0 (compatible; SERankingBacklinksBot/1.0; +https://seranking.com/backlinks-crawler)"
144.76.32.114 - - [19/Aug/2026:04:30:59 +0300] "GET /outlet/206010839 HTTP/1.1" 200 0 "-" "Mozilla/5.0 (compatible; SERankingBacklinksBot/1.0; +https://seranking.com/backlinks-crawler)"
144.76.32.114 - - [19/Aug/2026:04:31:02 +0300] "GET /outlet/206012167 HTTP/1.1" 200 0 "-" "Mozilla/5.0 (compatible; SERankingBacklinksBot/1.0; +https://seranking.com/backlinks-crawler)"
144.76.32.114 - - [19/Aug/2026:04:31:05 +0300] "GET /outlet/206013261 HTTP/1.1" 200 0 "-" "Mozilla/5.0 (compatible; SERankingBacklinksBot/1.0; +https://seranking.com/backlinks-crawler)"
144.76.32.114 - - [19/Aug/2026:04:31:08 +0300] "GET /outlet/206014715 HTTP/1.1" 200 0 "-" "Mozilla/5.0 (compatible; SERankingBacklinksBot/1.0; +https://seranking.com/backlinks-crawler)"
144.76.32.114 - - [19/Aug/2026:04:31:11 +0300] "GET /outlet/206015403 HTTP/1.1" 200 0 "-" "Mozilla/5.0 (compatible; SERankingBacklinksBot/1.0; +https://seranking.com/backlinks-crawler)"
144.76.32.114 - - [19/Aug/2026:04:31:15 +0300] "GET /outlet/206016579 HTTP/1.1" 200 0 "-" "Mozilla/5.0 (compatible; SERankingBacklinksBot/1.0; +https://seranking.com/backlinks-crawler)"
144.76.32.114 - - [19/Aug/2026:04:31:18 +0300] "GET /outlet/206018661 HTTP/1.1" 200 0 "-" "Mozilla/5.0 (compatible; SERankingBacklinksBot/1.0; +https://seranking.com/backlinks-crawler)"
144.76.32.114 - - [19/Aug/2026:04:31:21 +0300] "GET /outlet/206019321 HTTP/1.1" 200 0 "-" "Mozilla/5.0 (compatible; SERankingBacklinksBot/1.0; +https://seranking.com/backlinks-crawler)"
144.76.32.114 - - [19/Aug/2026:04:31:24 +0300] "GET /outlet/206020209 HTTP/1.1" 200 0 "-" "Mozilla/5.0 (compatible; SERankingBacklinksBot/1.0; +https://seranking.com/backlinks-crawler)"
144.76.32.114 - - [19/Aug/2026:04:31:27 +0300] "GET /outlet/206024441 HTTP/1.1" 200 0 "-" "Mozilla/5.0 (compatible; SERankingBacklinksBot/1.0; +https://seranking.com/backlinks-crawler)"
144.76.32.114 - - [19/Aug/2026:04:31:30 +0300] "GET /outlet/206026569 HTTP/1.1" 200 0 "-" "Mozilla/5.0 (compatible; SERankingBacklinksBot/1.0; +https://seranking.com/backlinks-crawler)"
144.76.32.114 - - [19/Aug/2026:04:31:33 +0300] "GET /outlet/206026591 HTTP/1.1" 200 0 "-" "Mozilla/5.0 (compatible; SERankingBacklinksBot/1.0; +https://seranking.com/backlinks-crawler)"
144.76.32.114 - - [19/Aug/2026:04:31:36 +0300] "GET /outlet/206027103 HTTP/1.1" 200 0 "-" "Mozilla/5.0 (compatible; SERankingBacklinksBot/1.0; +https://seranking.com/backlinks-crawler)"
144.76.32.114 - - [19/Aug/2026:04:31:40 +0300] "GET /outlet/206029291 HTTP/1.1" 200 0 "-" "Mozilla/5.0 (compatible; SERankingBacklinksBot/1.0; +https://seranking.com/backlinks-crawler)"
144.76.32.114 - - [19/Aug/2026:04:31:43 +0300] "GET /outlet/206029621 HTTP/1.1" 200 0 "-" "Mozilla/5.0 (compatible; SERankingBacklinksBot/1.0; +https://seranking.com/backlinks-crawler)"
92.242.60.95 - - [19/Aug/2026:04:31:44 +0300] "GET https://levasheva.ru/ HTTP/1.1" 200 0 "-" "https://reg.ru monitoring abuse@reg.ru"
144.76.32.114 - - [19/Aug/2026:04:31:46 +0300] "GET /outlet/206030321 HTTP/1.1" 200 0 "-" "Mozilla/5.0 (compatible; SERankingBacklinksBot/1.0; +https://seranking.com/backlinks-crawler)"
144.76.32.114 - - [19/Aug/2026:04:31:49 +0300] "GET /outlet/206031371 HTTP/1.1" 200 0 "-" "Mozilla/5.0 (compatible; SERankingBacklinksBot/1.0; +https://seranking.com/backlinks-crawler)"
144.76.32.114 - - [19/Aug/2026:04:31:52 +0300] "GET /outlet/206031889 HTTP/1.1" 200 0 "-" "Mozilla/5.0 (compatible; SERankingBacklinksBot/1.0; +https://seranking.com/backlinks-crawler)"
144.76.32.114 - - [19/Aug/2026:04:31:55 +0300] "GET /outlet/206033959 HTTP/1.1" 200 0 "-" "Mozilla/5.0 (compatible; SERankingBacklinksBot/1.0; +https://seranking.com/backlinks-crawler)"
144.76.32.114 - - [19/Aug/2026:04:31:58 +0300] "GET /outlet/206038899 HTTP/1.1" 200 0 "-" "Mozilla/5.0 (compatible; SERankingBacklinksBot/1.0; +https://seranking.com/backlinks-crawler)"
144.76.32.114 - - [19/Aug/2026:04:32:02 +0300] "GET /outlet/206039889 HTTP/1.1" 200 0 "-" "Mozilla/5.0 (compatible; SERankingBacklinksBot/1.0; +https://seranking.com/backlinks-crawler)"
144.76.32.114 - - [19/Aug/2026:04:32:05 +0300] "GET /outlet/206048971 HTTP/1.1" 200 0 "-" "Mozilla/5.0 (compatible; SERankingBacklinksBot/1.0; +https://seranking.com/backlinks-crawler)"
144.76.32.114 - - [19/Aug/2026:04:32:08 +0300] "GET /outlet/207000100 HTTP/1.1" 200 0 "-" "Mozilla/5.0 (compatible; SERankingBacklinksBot/1.0; +https://seranking.com/backlinks-crawler)"
144.76.32.114 - - [19/Aug/2026:04:32:11 +0300] "GET /outlet/207001706 HTTP/1.1" 200 0 "-" "Mozilla/5.0 (compatible; SERankingBacklinksBot/1.0; +https://seranking.com/backlinks-crawler)"
144.76.32.114 - - [19/Aug/2026:04:32:14 +0300] "GET /outlet/207007128 HTTP/1.1" 200 0 "-" "Mozilla/5.0 (compatible; SERankingBacklinksBot/1.0; +https://seranking.com/backlinks-crawler)"
66.249.66.35 - - [19/Aug/2026:04:32:16 +0300] "GET /outlet/004000705 HTTP/1.1" 200 0 "-" "Mozilla/5.0 (Linux; Android 6.0.1; Nexus 5X Build/MMB29P) AppleWebKit/537.36 (KHTML, like Gecko) Chrome/151.0.7922.137 Mobile Safari/537.36 (compatible; Googlebot/2.1; +http://www.google.com/bot.html)"
144.76.32.114 - - [19/Aug/2026:04:32:17 +0300] "GET /outlet/298015655 HTTP/1.1" 200 0 "-" "Mozilla/5.0 (compatible; SERankingBacklinksBot/1.0; +https://seranking.com/backlinks-crawler)"
144.76.32.114 - - [19/Aug/2026:04:32:21 +0300] "GET /outlet/207007838 HTTP/1.1" 200 0 "-" "Mozilla/5.0 (compatible; SERankingBacklinksBot/1.0; +https://seranking.com/backlinks-crawler)"
144.76.32.114 - - [19/Aug/2026:04:32:24 +0300] "GET /outlet/207012402 HTTP/1.1" 200 0 "-" "Mozilla/5.0 (compatible; SERankingBacklinksBot/1.0; +https://seranking.com/backlinks-crawler)"
