144.76.32.114 - - [19/Aug/2026:04:56:29 +0300] "GET /outlet/224021477 HTTP/1.1" 200 0 "-" "Mozilla/5.0 (compatible; SERankingBacklinksBot/1.0; +https://seranking.com/backlinks-crawler)"
144.76.32.114 - - [19/Aug/2026:04:56:32 +0300] "GET /outlet/224024389 HTTP/1.1" 200 0 "-" "Mozilla/5.0 (compatible; SERankingBacklinksBot/1.0; +https://seranking.com/backlinks-crawler)"
144.76.32.114 - - [19/Aug/2026:04:56:35 +0300] "GET /outlet/224025475 HTTP/1.1" 200 0 "-" "Mozilla/5.0 (compatible; SERankingBacklinksBot/1.0; +https://seranking.com/backlinks-crawler)"
144.76.32.114 - - [19/Aug/2026:04:56:38 +0300] "GET /outlet/224030835 HTTP/1.1" 200 0 "-" "Mozilla/5.0 (compatible; SERankingBacklinksBot/1.0; +https://seranking.com/backlinks-crawler)"
144.76.32.114 - - [19/Aug/2026:04:56:42 +0300] "GET /outlet/224032935 HTTP/1.1" 200 0 "-" "Mozilla/5.0 (compatible; SERankingBacklinksBot/1.0; +https://seranking.com/backlinks-crawler)"
144.76.32.114 - - [19/Aug/2026:04:56:45 +0300] "GET /outlet/224033019 HTTP/1.1" 200 0 "-" "Mozilla/5.0 (compatible; SERankingBacklinksBot/1.0; +https://seranking.com/backlinks-crawler)"
144.76.32.114 - - [19/Aug/2026:04:56:48 +0300] "GET /outlet/224034661 HTTP/1.1" 200 0 "-" "Mozilla/5.0 (compatible; SERankingBacklinksBot/1.0; +https://seranking.com/backlinks-crawler)"
95.111.251.70 - - [19/Aug/2026:04:56:50 +0300] "GET /wp-login.php HTTP/2.0" 200 0 "-" "Mozilla/5.0 (Windows NT 10.0; Win64; x64) AppleWebKit/537.36 (KHTML, like Gecko) Chrome/149.0.0.0 Safari/537.36"
144.76.32.114 - - [19/Aug/2026:04:56:51 +0300] "GET /outlet/224036011 HTTP/1.1" 200 0 "-" "Mozilla/5.0 (compatible; SERankingBacklinksBot/1.0; +https://seranking.com/backlinks-crawler)"
144.76.32.114 - - [19/Aug/2026:04:56:54 +0300] "GET /outlet/224038723 HTTP/1.1" 200 0 "-" "Mozilla/5.0 (compatible; SERankingBacklinksBot/1.0; +https://seranking.com/backlinks-crawler)"
144.76.32.114 - - [19/Aug/2026:04:56:57 +0300] "GET /outlet/224039095 HTTP/1.1" 200 0 "-" "Mozilla/5.0 (compatible; SERankingBacklinksBot/1.0; +https://seranking.com/backlinks-crawler)"
144.76.32.114 - - [19/Aug/2026:04:57:00 +0300] "GET /outlet/224039305 HTTP/1.1" 200 0 "-" "Mozilla/5.0 (compatible; SERankingBacklinksBot/1.0; +https://seranking.com/backlinks-crawler)"
144.76.32.114 - - [19/Aug/2026:04:57:03 +0300] "GET /outlet/224040243 HTTP/1.1" 200 0 "-" "Mozilla/5.0 (compatible; SERankingBacklinksBot/1.0; +https://seranking.com/backlinks-crawler)"
144.76.32.114 - - [19/Aug/2026:04:57:07 +0300] "GET /outlet/224040507 HTTP/1.1" 200 0 "-" "Mozilla/5.0 (compatible; SERankingBacklinksBot/1.0; +https://seranking.com/backlinks-crawler)"
144.76.32.114 - - [19/Aug/2026:04:57:10 +0300] "GET /outlet/224048321 HTTP/1.1" 200 0 "-" "Mozilla/5.0 (compatible; SERankingBacklinksBot/1.0; +https://seranking.com/backlinks-crawler)"
144.76.32.114 - - [19/Aug/2026:04:57:13 +0300] "GET /outlet/224049631 HTTP/1.1" 200 0 "-" "Mozilla/5.0 (compatible; SERankingBacklinksBot/1.0; +https://seranking.com/backlinks-crawler)"
144.76.32.114 - - [19/Aug/2026:04:57:16 +0300] "GET /outlet/225000550 HTTP/1.1" 200 0 "-" "Mozilla/5.0 (compatible; SERankingBacklinksBot/1.0; +https://seranking.com/backlinks-crawler)"
144.76.32.114 - - [19/Aug/2026:04:57:19 +0300] "GET /outlet/225002360 HTTP/1.1" 200 0 "-" "Mozilla/5.0 (compatible; SERankingBacklinksBot/1.0; +https://seranking.com/backlinks-crawler)"
144.76.32.114 - - [19/Aug/2026:04:57:22 +0300] "GET /outlet/225002494 HTTP/1.1" 200 0 "-" "Mozilla/5.0 (compatible; SERankingBacklinksBot/1.0; +https://seranking.com/backlinks-crawler)"
144.76.32.114 - - [19/Aug/2026:04:57:25 +0300] "GET /outlet/225003460 HTTP/1.1" 200 0 "-" "Mozilla/5.0 (compatible; SERankingBacklinksBot/1.0; +https://seranking.com/backlinks-crawler)"
92.242.60.95 - - [19/Aug/2026:04:57:26 +0300] "GET https://levasheva.ru/ HTTP/1.1" 200 0 "-" "https://reg.ru monitoring abuse@reg.ru"
144.76.32.114 - - [19/Aug/2026:04:57:29 +0300] "GET /outlet/299000122 HTTP/1.1" 200 0 "-" "Mozilla/5.0 (compatible; SERankingBacklinksBot/1.0; +https://seranking.com/backlinks-crawler)"
144.76.32.114 - - [19/Aug/2026:04:57:32 +0300] "GET /outlet/225003616 HTTP/1.1" 200 0 "-" "Mozilla/5.0 (compatible; SERankingBacklinksBot/1.0; +https://seranking.com/backlinks-crawler)"
144.76.32.114 - - [19/Aug/2026:04:57:35 +0300] "GET /outlet/225005538 HTTP/1.1" 200 0 "-" "Mozilla/5.0 (compatible; SERankingBacklinksBot/1.0; +https://seranking.com/backlinks-crawler)"
144.76.32.114 - - [19/Aug/2026:04:57:38 +0300] "GET /outlet/225007002 HTTP/1.1" 200 0 "-" "Mozilla/5.0 (compatible; SERankingBacklinksBot/1.0; +https://seranking.com/backlinks-crawler)"
144.76.32.114 - - [19/Aug/2026:04:57:41 +0300] "GET /outlet/225009576 HTTP/1.1" 200 0 "-" "Mozilla/5.0 (compatible; SERankingBacklinksBot/1.0; +https://seranking.com/backlinks-crawler)"
144.76.32.114 - - [19/Aug/2026:04:57:44 +0300] "GET /outlet/225011050 HTTP/1.1" 200 0 "-" "Mozilla/5.0 (compatible; SERankingBacklinksBot/1.0; +https://seranking.com/backlinks-crawler)"
144.76.32.114 - - [19/Aug/2026:04:57:47 +0300] "GET /outlet/225011412 HTTP/1.1" 200 0 "-" "Mozilla/5.0 (compatible; SERankingBacklinksBot/1.0; +https://seranking.com/backlinks-crawler)"
144.76.32.114 - - [19/Aug/2026:04:57:50 +0300] "GET /outlet/225012626 HTTP/1.1" 200 0 "-" "Mozilla/5.0 (compatible; SERankingBacklinksBot/1.0; +https://seranking.com/backlinks-crawler)"
144.76.32.114 - - [19/Aug/2026:04:57:54 +0300] "GET /outlet/225013174 HTTP/1.1" 200 0 "-" "Mozilla/5.0 (compatible; SERankingBacklinksBot/1.0; +https://seranking.com/backlinks-crawler)"
144.76.32.114 - - [19/Aug/2026:04:57:57 +0300] "GET /outlet/225013806 HTTP/1.1" 200 0 "-" "Mozilla/5.0 (compatible; SERankingBacklinksBot/1.0; +https://seranking.com/backlinks-crawler)"
144.76.32.114 - - [19/Aug/2026:04:58:00 +0300] "GET /outlet/225019396 HTTP/1.1" 200 0 "-" "Mozilla/5.0 (compatible; SERankingBacklinksBot/1.0; +https://seranking.com/backlinks-crawler)"
144.76.32.114 - - [19/Aug/2026:04:58:03 +0300] "GET /outlet/225026390 HTTP/1.1" 200 0 "-" "Mozilla/5.0 (compatible; SERankingBacklinksBot/1.0; +https://seranking.com/backlinks-crawler)"
144.76.32.114 - - [19/Aug/2026:04:58:06 +0300] "GET /outlet/225028456 HTTP/1.1" 200 0 "-" "Mozilla/5.0 (compatible; SERankingBacklinksBot/1.0; +https://seranking.com/backlinks-crawler)"
144.76.32.114 - - [19/Aug/2026:04:58:09 +0300] "GET /outlet/225032388 HTTP/1.1" 200 0 "-" "Mozilla/5.0 (compatible; SERankingBacklinksBot/1.0; +https://seranking.com/backlinks-crawler)"
144.76.32.114 - - [19/Aug/2026:04:58:13 +0300] "GET /outlet/225032896 HTTP/1.1" 200 0 "-" "Mozilla/5.0 (compatible; SERankingBacklinksBot/1.0; +https://seranking.com/backlinks-crawler)"
144.76.32.114 - - [19/Aug/2026:04:58:16 +0300] "GET /outlet/225034038 HTTP/1.1" 200 0 "-" "Mozilla/5.0 (compatible; SERankingBacklinksBot/1.0; +https://seranking.com/backlinks-crawler)"
144.76.32.114 - - [19/Aug/2026:04:58:19 +0300] "GET /outlet/225035166 HTTP/1.1" 200 0 "-" "Mozilla/5.0 (compatible; SERankingBacklinksBot/1.0; +https://seranking.com/backlinks-crawler)"
144.76.32.114 - - [19/Aug/2026:04:58:22 +0300] "GET /outlet/225035932 HTTP/1.1" 200 0 "-" "Mozilla/5.0 (compatible; SERankingBacklinksBot/1.0; +https://seranking.com/backlinks-crawler)"
144.76.32.114 - - [19/Aug/2026:04:58:25 +0300] "GET /outlet/225036006 HTTP/1.1" 200 0 "-" "Mozilla/5.0 (compatible; SERankingBacklinksBot/1.0; +https://seranking.com/backlinks-crawler)"
144.76.32.114 - - [19/Aug/2026:04:58:28 +0300] "GET /outlet/225037760 HTTP/1.1" 200 0 "-" "Mozilla/5.0 (compatible; SERankingBacklinksBot/1.0; +https://seranking.com/backlinks-crawler)"
144.76.32.114 - - [19/Aug/2026:04:58:31 +0300] "GET /outlet/225038174 HTTP/1.1" 200 0 "-" "Mozilla/5.0 (compatible; SERankingBacklinksBot/1.0; +https://seranking.com/backlinks-crawler)"
144.76.32.114 - - [19/Aug/2026:04:58:35 +0300] "GET /outlet/225038922 HTTP/1.1" 200 0 "-" "Mozilla/5.0 (compatible; SERankingBacklinksBot/1.0; +https://seranking.com/backlinks-crawler)"
144.76.32.114 - - [19/Aug/2026:04:58:38 +0300] "GET /outlet/225048092 HTTP/1.1" 200 0 "-" "Mozilla/5.0 (compatible; SERankingBacklinksBot/1.0; +https://seranking.com/backlinks-crawler)"
144.76.32.114 - - [19/Aug/2026:04:58:41 +0300] "GET /outlet/225048136 HTTP/1.1" 200 0 "-" "Mozilla/5.0 (compatible; SERankingBacklinksBot/1.0; +https://seranking.com/backlinks-crawler)"
144.76.32.114 - - [19/Aug/2026:04:58:44 +0300] "GET /outlet/225048684 HTTP/1.1" 200 0 "-" "Mozilla/5.0 (compatible; SERankingBacklinksBot/1.0; +https://seranking.com/backlinks-crawler)"
144.76.32.114 - - [19/Aug/2026:04:58:47 +0300] "GET /outlet/225049284 HTTP/1.1" 200 0 "-" "Mozilla/5.0 (compatible; SERankingBacklinksBot/1.0; +https://seranking.com/backlinks-crawler)"
144.76.32.114 - - [19/Aug/2026:04:58:50 +0300] "GET /outlet/226000687 HTTP/1.1" 200 0 "-" "Mozilla/5.0 (compatible; SERankingBacklinksBot/1.0; +https://seranking.com/backlinks-crawler)"
144.76.32.114 - - [19/Aug/2026:04:58:53 +0300] "GET /outlet/226002819 HTTP/1.1" 200 0 "-" "Mozilla/5.0 (compatible; SERankingBacklinksBot/1.0; +https://seranking.com/backlinks-crawler)"
144.76.32.114 - - [19/Aug/2026:04:58:56 +0300] "GET /outlet/226003321 HTTP/1.1" 200 0 "-" "Mozilla/5.0 (compatible; SERankingBacklinksBot/1.0; +https://seranking.com/backlinks-crawler)"
144.76.32.114 - - [19/Aug/2026:04:59:00 +0300] "GET /outlet/226004181 HTTP/1.1" 200 0 "-" "Mozilla/5.0 (compatible; SERankingBacklinksBot/1.0; +https://seranking.com/backlinks-crawler)"
89.111.174.139 - - [19/Aug/2026:04:59:00 +0300] "GET https://levasheva.ru/ HTTP/1.1" 200 0 "-" "https://reg.ru monitoring abuse@reg.ru"
144.76.32.114 - - [19/Aug/2026:04:59:03 +0300] "GET /outlet/299001532 HTTP/1.1" 200 0 "-" "Mozilla/5.0 (compatible; SERankingBacklinksBot/1.0; +https://seranking.com/backlinks-crawler)"
144.76.32.114 - - [19/Aug/2026:04:59:06 +0300] "GET /outlet/226004303 HTTP/1.1" 200 0 "-" "Mozilla/5.0 (compatible; SERankingBacklinksBot/1.0; +https://seranking.com/backlinks-crawler)"
144.76.32.114 - - [19/Aug/2026:04:59:09 +0300] "GET /outlet/226010401 HTTP/1.1" 200 0 "-" "Mozilla/5.0 (compatible; SERankingBacklinksBot/1.0; +https://seranking.com/backlinks-crawler)"
144.76.32.114 - - [19/Aug/2026:04:59:12 +0300] "GET /outlet/226017099 HTTP/1.1" 200 0 "-" "Mozilla/5.0 (compatible; SERankingBacklinksBot/1.0; +https://seranking.com/backlinks-crawler)"
144.76.32.114 - - [19/Aug/2026:04:59:15 +0300] "GET /outlet/226020625 HTTP/1.1" 200 0 "-" "Mozilla/5.0 (compatible; SERankingBacklinksBot/1.0; +https://seranking.com/backlinks-crawler)"
144.76.32.114 - - [19/Aug/2026:04:59:18 +0300] "GET /outlet/226021015 HTTP/1.1" 200 0 "-" "Mozilla/5.0 (compatible; SERankingBacklinksBot/1.0; +https://seranking.com/backlinks-crawler)"
129.121.103.155 - - [19/Aug/2026:04:59:19 +0300] "GET /wp-login.php HTTP/2.0" 200 0 "-" "Mozilla/5.0 (Windows NT 10.0; Win64; x64) AppleWebKit/537.36 (KHTML, like Gecko) Chrome/149.0.0.0 Safari/537.36"
144.76.32.114 - - [19/Aug/2026:04:59:22 +0300] "GET /outlet/226022559 HTTP/1.1" 200 0 "-" "Mozilla/5.0 (compatible; SERankingBacklinksBot/1.0; +https://seranking.com/backlinks-crawler)"
144.76.32.114 - - [19/Aug/2026:04:59:25 +0300] "GET /outlet/226025045 HTTP/1.1" 200 0 "-" "Mozilla/5.0 (compatible; SERankingBacklinksBot/1.0; +https://seranking.com/backlinks-crawler)"
144.76.32.114 - - [19/Aug/2026:04:59:28 +0300] "GET /outlet/226025113 HTTP/1.1" 200 0 "-" "Mozilla/5.0 (compatible; SERankingBacklinksBot/1.0; +https://seranking.com/backlinks-crawler)"
52.21.68.171 - - [19/Aug/2026:04:59:28 +0300] "HEAD /2026 HTTP/1.1" 301 0 "-" "Mozilla/5.0 (X11; Linux x86_64) AppleWebKit/537.36 (KHTML, like Gecko) Chrome/96.0.4664.45 Safari/537.36"
144.76.32.114 - - [19/Aug/2026:04:59:31 +0300] "GET /outlet/226028911 HTTP/1.1" 200 0 "-" "Mozilla/5.0 (compatible; SERankingBacklinksBot/1.0; +https://seranking.com/backlinks-crawler)"
52.21.68.171 - - [19/Aug/2026:04:59:32 +0300] "HEAD /2026 HTTP/1.1" 200 0 "http://levasheva.ru/2026" "Mozilla/5.0 (X11; Linux x86_64) AppleWebKit/537.36 (KHTML, like Gecko) Chrome/96.0.4664.45 Safari/537.36"
144.76.32.114 - - [19/Aug/2026:04:59:34 +0300] "GET /outlet/226033431 HTTP/1.1" 200 0 "-" "Mozilla/5.0 (compatible; SERankingBacklinksBot/1.0; +https://seranking.com/backlinks-crawler)"
144.76.32.114 - - [19/Aug/2026:04:59:37 +0300] "GET /outlet/226034089 HTTP/1.1" 200 0 "-" "Mozilla/5.0 (compatible; SERankingBacklinksBot/1.0; +https://seranking.com/backlinks-crawler)"
144.76.32.114 - - [19/Aug/2026:04:59:41 +0300] "GET /outlet/226037023 HTTP/1.1" 200 0 "-" "Mozilla/5.0 (compatible; SERankingBacklinksBot/1.0; +https://seranking.com/backlinks-crawler)"
144.76.32.114 - - [19/Aug/2026:04:59:44 +0300] "GET /outlet/226037641 HTTP/1.1" 200 0 "-" "Mozilla/5.0 (compatible; SERankingBacklinksBot/1.0; +https://seranking.com/backlinks-crawler)"
144.76.32.114 - - [19/Aug/2026:04:59:47 +0300] "GET /outlet/226037899 HTTP/1.1" 200 0 "-" "Mozilla/5.0 (compatible; SERankingBacklinksBot/1.0; +https://seranking.com/backlinks-crawler)"
144.76.32.114 - - [19/Aug/2026:04:59:50 +0300] "GET /outlet/226039805 HTTP/1.1" 200 0 "-" "Mozilla/5.0 (compatible; SERankingBacklinksBot/1.0; +https://seranking.com/backlinks-crawler)"
144.76.32.114 - - [19/Aug/2026:04:59:53 +0300] "GET /outlet/226041045 HTTP/1.1" 200 0 "-" "Mozilla/5.0 (compatible; SERankingBacklinksBot/1.0; +https://seranking.com/backlinks-crawler)"
144.76.32.114 - - [19/Aug/2026:04:59:56 +0300] "GET /outlet/226044683 HTTP/1.1" 200 0 "-" "Mozilla/5.0 (compatible; SERankingBacklinksBot/1.0; +https://seranking.com/backlinks-crawler)"
144.76.32.114 - - [19/Aug/2026:04:59:59 +0300] "GET /outlet/226044853 HTTP/1.1" 200 0 "-" "Mozilla/5.0 (compatible; SERankingBacklinksBot/1.0; +https://seranking.com/backlinks-crawler)"
66.249.66.35 - - [19/Aug/2026:05:00:01 +0300] "GET /item/178020276 HTTP/1.1" 200 0 "-" "Mozilla/5.0 (Linux; Android 6.0.1; Nexus 5X Build/MMB29P) AppleWebKit/537.36 (KHTML, like Gecko) Chrome/151.0.7922.137 Mobile Safari/537.36 (compatible; Googlebot/2.1; +http://www.google.com/bot.html)"
144.76.32.114 - - [19/Aug/2026:05:00:03 +0300] "GET /outlet/226047611 HTTP/1.1" 200 0 "-" "Mozilla/5.0 (compatible; SERankingBacklinksBot/1.0; +https://seranking.com/backlinks-crawler)"
144.76.32.114 - - [19/Aug/2026:05:00:06 +0300] "GET /outlet/226048441 HTTP/1.1" 200 0 "-" "Mozilla/5.0 (compatible; SERankingBacklinksBot/1.0; +https://seranking.com/backlinks-crawler)"
89.104.66.67 - - [19/Aug/2026:05:00:06 +0300] "GET https://levasheva.ru/ HTTP/1.1" 200 0 "-" "https://reg.ru monitoring abuse@reg.ru"
114.119.146.141 - - [19/Aug/2026:05:00:06 +0300] "GET /sitemap883.xml HTTP/1.1" 200 0 "-" "Mozilla/5.0 (Linux; Android 7.0;) AppleWebKit/537.36 (KHTML, like Gecko) Mobile Safari/537.36 (compatible; PetalBot;+https://webmaster.petalsearch.com/site/petalbot)"
144.76.32.114 - - [19/Aug/2026:05:00:09 +0300] "GET /outlet/227000714 HTTP/1.1" 200 0 "-" "Mozilla/5.0 (compatible; SERankingBacklinksBot/1.0; +https://seranking.com/backlinks-crawler)"
144.76.32.114 - - [19/Aug/2026:05:00:12 +0300] "GET /outlet/227001624 HTTP/1.1" 200 0 "-" "Mozilla/5.0 (compatible; SERankingBacklinksBot/1.0; +https://seranking.com/backlinks-crawler)"
144.76.32.114 - - [19/Aug/2026:05:00:15 +0300] "GET /outlet/227001750 HTTP/1.1" 200 0 "-" "Mozilla/5.0 (compatible; SERankingBacklinksBot/1.0; +https://seranking.com/backlinks-crawler)"
144.76.32.114 - - [19/Aug/2026:05:00:18 +0300] "GET /outlet/227002744 HTTP/1.1" 200 0 "-" "Mozilla/5.0 (compatible; SERankingBacklinksBot/1.0; +https://seranking.com/backlinks-crawler)"
144.76.32.114 - - [19/Aug/2026:05:00:21 +0300] "GET /outlet/227003900 HTTP/1.1" 200 0 "-" "Mozilla/5.0 (compatible; SERankingBacklinksBot/1.0; +https://seranking.com/backlinks-crawler)"
144.76.32.114 - - [19/Aug/2026:05:00:25 +0300] "GET /outlet/227004438 HTTP/1.1" 200 0 "-" "Mozilla/5.0 (compatible; SERankingBacklinksBot/1.0; +https://seranking.com/backlinks-crawler)"
144.76.32.114 - - [19/Aug/2026:05:00:28 +0300] "GET /outlet/227004546 HTTP/1.1" 200 0 "-" "Mozilla/5.0 (compatible; SERankingBacklinksBot/1.0; +https://seranking.com/backlinks-crawler)"
144.76.32.114 - - [19/Aug/2026:05:00:31 +0300] "GET /outlet/227006554 HTTP/1.1" 200 0 "-" "Mozilla/5.0 (compatible; SERankingBacklinksBot/1.0; +https://seranking.com/backlinks-crawler)"
144.76.32.114 - - [19/Aug/2026:05:00:34 +0300] "GET /outlet/227009382 HTTP/1.1" 200 0 "-" "Mozilla/5.0 (compatible; SERankingBacklinksBot/1.0; +https://seranking.com/backlinks-crawler)"
144.76.32.114 - - [19/Aug/2026:05:00:37 +0300] "GET /outlet/299001666 HTTP/1.1" 200 0 "-" "Mozilla/5.0 (compatible; SERankingBacklinksBot/1.0; +https://seranking.com/backlinks-crawler)"
144.76.32.114 - - [19/Aug/2026:05:00:40 +0300] "GET /outlet/227009840 HTTP/1.1" 200 0 "-" "Mozilla/5.0 (compatible; SERankingBacklinksBot/1.0; +https://seranking.com/backlinks-crawler)"
144.76.32.114 - - [19/Aug/2026:05:00:43 +0300] "GET /outlet/227011682 HTTP/1.1" 200 0 "-" "Mozilla/5.0 (compatible; SERankingBacklinksBot/1.0; +https://seranking.com/backlinks-crawler)"
144.76.32.114 - - [19/Aug/2026:05:00:47 +0300] "GET /outlet/227013314 HTTP/1.1" 200 0 "-" "Mozilla/5.0 (compatible; SERankingBacklinksBot/1.0; +https://seranking.com/backlinks-crawler)"
144.76.32.114 - - [19/Aug/2026:05:00:50 +0300] "GET /outlet/227014492 HTTP/1.1" 200 0 "-" "Mozilla/5.0 (compatible; SERankingBacklinksBot/1.0; +https://seranking.com/backlinks-crawler)"
144.76.32.114 - - [19/Aug/2026:05:00:53 +0300] "GET /outlet/227015060 HTTP/1.1" 200 0 "-" "Mozilla/5.0 (compatible; SERankingBacklinksBot/1.0; +https://seranking.com/backlinks-crawler)"
144.76.32.114 - - [19/Aug/2026:05:00:56 +0300] "GET /outlet/227016514 HTTP/1.1" 200 0 "-" "Mozilla/5.0 (compatible; SERankingBacklinksBot/1.0; +https://seranking.com/backlinks-crawler)"
144.76.32.114 - - [19/Aug/2026:05:00:59 +0300] "GET /outlet/227016776 HTTP/1.1" 200 0 "-" "Mozilla/5.0 (compatible; SERankingBacklinksBot/1.0; +https://seranking.com/backlinks-crawler)"
144.76.32.114 - - [19/Aug/2026:05:01:02 +0300] "GET /outlet/227017496 HTTP/1.1" 200 0 "-" "Mozilla/5.0 (compatible; SERankingBacklinksBot/1.0; +https://seranking.com/backlinks-crawler)"
144.76.32.114 - - [19/Aug/2026:05:01:05 +0300] "GET /outlet/227019822 HTTP/1.1" 200 0 "-" "Mozilla/5.0 (compatible; SERankingBacklinksBot/1.0; +https://seranking.com/backlinks-crawler)"
144.76.32.114 - - [19/Aug/2026:05:01:09 +0300] "GET /outlet/227020874 HTTP/1.1" 200 0 "-" "Mozilla/5.0 (compatible; SERankingBacklinksBot/1.0; +https://seranking.com/backlinks-crawler)"
144.76.32.114 - - [19/Aug/2026:05:01:12 +0300] "GET /outlet/227021804 HTTP/1.1" 200 0 "-" "Mozilla/5.0 (compatible; SERankingBacklinksBot/1.0; +https://seranking.com/backlinks-crawler)"
144.76.32.114 - - [19/Aug/2026:05:01:15 +0300] "GET /outlet/227022014 HTTP/1.1" 200 0 "-" "Mozilla/5.0 (compatible; SERankingBacklinksBot/1.0; +https://seranking.com/backlinks-crawler)"
17.241.227.103 - - [19/Aug/2026:05:01:16 +0300] "GET /robots.txt HTTP/2.0" 200 0 "-" "Mozilla/5.0 (Macintosh; Intel Mac OS X 10_15_7) AppleWebKit/605.1.15 (KHTML, like Gecko) Version/17.4 Safari/605.1.15 (Applebot/0.1; +http://www.apple.com/go/applebot)"
17.241.227.103 - - [19/Aug/2026:05:01:17 +0300] "GET /vystavka-obrazy-chukotki-v-svetlogorske/irina_levasheva_11/ HTTP/2.0" 200 0 "-" "Mozilla/5.0 (Macintosh; Intel Mac OS X 10_15_7) AppleWebKit/605.1.15 (KHTML, like Gecko) Version/17.4 Safari/605.1.15 (Applebot/0.1; +http://www.apple.com/go/applebot)"
144.76.32.114 - - [19/Aug/2026:05:01:18 +0300] "GET /outlet/227028648 HTTP/1.1" 200 0 "-" "Mozilla/5.0 (compatible; SERankingBacklinksBot/1.0; +https://seranking.com/backlinks-crawler)"
144.76.32.114 - - [19/Aug/2026:05:01:21 +0300] "GET /outlet/227031272 HTTP/1.1" 200 0 "-" "Mozilla/5.0 (compatible; SERankingBacklinksBot/1.0; +https://seranking.com/backlinks-crawler)"
144.76.32.114 - - [19/Aug/2026:05:01:24 +0300] "GET /outlet/227033984 HTTP/1.1" 200 0 "-" "Mozilla/5.0 (compatible; SERankingBacklinksBot/1.0; +https://seranking.com/backlinks-crawler)"
144.76.32.114 - - [19/Aug/2026:05:01:27 +0300] "GET /outlet/227036700 HTTP/1.1" 200 0 "-" "Mozilla/5.0 (compatible; SERankingBacklinksBot/1.0; +https://seranking.com/backlinks-crawler)"
144.76.32.114 - - [19/Aug/2026:05:01:30 +0300] "GET /outlet/227043116 HTTP/1.1" 200 0 "-" "Mozilla/5.0 (compatible; SERankingBacklinksBot/1.0; +https://seranking.com/backlinks-crawler)"
144.76.32.114 - - [19/Aug/2026:05:01:34 +0300] "GET /outlet/227045066 HTTP/1.1" 200 0 "-" "Mozilla/5.0 (compatible; SERankingBacklinksBot/1.0; +https://seranking.com/backlinks-crawler)"
144.76.32.114 - - [19/Aug/2026:05:01:37 +0300] "GET /outlet/228005357 HTTP/1.1" 200 0 "-" "Mozilla/5.0 (compatible; SERankingBacklinksBot/1.0; +https://seranking.com/backlinks-crawler)"
144.76.32.114 - - [19/Aug/2026:05:01:40 +0300] "GET /outlet/228005863 HTTP/1.1" 200 0 "-" "Mozilla/5.0 (compatible; SERankingBacklinksBot/1.0; +https://seranking.com/backlinks-crawler)"
144.76.32.114 - - [19/Aug/2026:05:01:43 +0300] "GET /outlet/228006281 HTTP/1.1" 200 0 "-" "Mozilla/5.0 (compatible; SERankingBacklinksBot/1.0; +https://seranking.com/backlinks-crawler)"
144.76.32.114 - - [19/Aug/2026:05:01:46 +0300] "GET /outlet/228007873 HTTP/1.1" 200 0 "-" "Mozilla/5.0 (compatible; SERankingBacklinksBot/1.0; +https://seranking.com/backlinks-crawler)"
144.76.32.114 - - [19/Aug/2026:05:01:49 +0300] "GET /outlet/228010771 HTTP/1.1" 200 0 "-" "Mozilla/5.0 (compatible; SERankingBacklinksBot/1.0; +https://seranking.com/backlinks-crawler)"
144.76.32.114 - - [19/Aug/2026:05:01:53 +0300] "GET /outlet/228017495 HTTP/1.1" 200 0 "-" "Mozilla/5.0 (compatible; SERankingBacklinksBot/1.0; +https://seranking.com/backlinks-crawler)"
144.76.32.114 - - [19/Aug/2026:05:01:56 +0300] "GET /outlet/228019237 HTTP/1.1" 200 0 "-" "Mozilla/5.0 (compatible; SERankingBacklinksBot/1.0; +https://seranking.com/backlinks-crawler)"
144.76.32.114 - - [19/Aug/2026:05:01:59 +0300] "GET /outlet/228019901 HTTP/1.1" 200 0 "-" "Mozilla/5.0 (compatible; SERankingBacklinksBot/1.0; +https://seranking.com/backlinks-crawler)"
144.76.32.114 - - [19/Aug/2026:05:02:02 +0300] "GET /outlet/228019967 HTTP/1.1" 200 0 "-" "Mozilla/5.0 (compatible; SERankingBacklinksBot/1.0; +https://seranking.com/backlinks-crawler)"
144.76.32.114 - - [19/Aug/2026:05:02:05 +0300] "GET /outlet/228021525 HTTP/1.1" 200 0 "-" "Mozilla/5.0 (compatible; SERankingBacklinksBot/1.0; +https://seranking.com/backlinks-crawler)"
144.76.32.114 - - [19/Aug/2026:05:02:08 +0300] "GET /outlet/228022617 HTTP/1.1" 200 0 "-" "Mozilla/5.0 (compatible; SERankingBacklinksBot/1.0; +https://seranking.com/backlinks-crawler)"
144.76.32.114 - - [19/Aug/2026:05:02:11 +0300] "GET /outlet/299005246 HTTP/1.1" 200 0 "-" "Mozilla/5.0 (compatible; SERankingBacklinksBot/1.0; +https://seranking.com/backlinks-crawler)"
144.76.32.114 - - [19/Aug/2026:05:02:15 +0300] "GET /outlet/228023511 HTTP/1.1" 200 0 "-" "Mozilla/5.0 (compatible; SERankingBacklinksBot/1.0; +https://seranking.com/backlinks-crawler)"
144.76.32.114 - - [19/Aug/2026:05:02:18 +0300] "GET /outlet/228025503 HTTP/1.1" 200 0 "-" "Mozilla/5.0 (compatible; SERankingBacklinksBot/1.0; +https://seranking.com/backlinks-crawler)"
144.76.32.114 - - [19/Aug/2026:05:02:21 +0300] "GET /outlet/228029295 HTTP/1.1" 200 0 "-" "Mozilla/5.0 (compatible; SERankingBacklinksBot/1.0; +https://seranking.com/backlinks-crawler)"
144.76.32.114 - - [19/Aug/2026:05:02:24 +0300] "GET /outlet/228029361 HTTP/1.1" 200 0 "-" "Mozilla/5.0 (compatible; SERankingBacklinksBot/1.0; +https://seranking.com/backlinks-crawler)"
144.76.32.114 - - [19/Aug/2026:05:02:27 +0300] "GET /outlet/228030627 HTTP/1.1" 200 0 "-" "Mozilla/5.0 (compatible; SERankingBacklinksBot/1.0; +https://seranking.com/backlinks-crawler)"
144.76.32.114 - - [19/Aug/2026:05:02:30 +0300] "GET /outlet/228031235 HTTP/1.1" 200 0 "-" "Mozilla/5.0 (compatible; SERankingBacklinksBot/1.0; +https://seranking.com/backlinks-crawler)"
144.76.32.114 - - [19/Aug/2026:05:02:33 +0300] "GET /outlet/228034655 HTTP/1.1" 200 0 "-" "Mozilla/5.0 (compatible; SERankingBacklinksBot/1.0; +https://seranking.com/backlinks-crawler)"
5.255.231.128 - - [19/Aug/2026:05:02:36 +0300] "GET /tag/roppongi/ HTTP/2.0" 200 0 "-" "Mozilla/5.0 (compatible; YandexBot/3.0; +http://yandex.com/bots)"
144.76.32.114 - - [19/Aug/2026:05:02:36 +0300] "GET /outlet/228036343 HTTP/1.1" 200 0 "-" "Mozilla/5.0 (compatible; SERankingBacklinksBot/1.0; +https://seranking.com/backlinks-crawler)"
92.242.60.95 - - [19/Aug/2026:05:02:37 +0300] "GET https://levasheva.ru/ HTTP/1.1" 200 0 "-" "https://reg.ru monitoring abuse@reg.ru"
144.76.32.114 - - [19/Aug/2026:05:02:40 +0300] "GET /outlet/228036399 HTTP/1.1" 200 0 "-" "Mozilla/5.0 (compatible; SERankingBacklinksBot/1.0; +https://seranking.com/backlinks-crawler)"
144.76.32.114 - - [19/Aug/2026:05:02:43 +0300] "GET /outlet/228043219 HTTP/1.1" 200 0 "-" "Mozilla/5.0 (compatible; SERankingBacklinksBot/1.0; +https://seranking.com/backlinks-crawler)"
144.76.32.114 - - [19/Aug/2026:05:02:46 +0300] "GET /outlet/228043987 HTTP/1.1" 200 0 "-" "Mozilla/5.0 (compatible; SERankingBacklinksBot/1.0; +https://seranking.com/backlinks-crawler)"
144.76.32.114 - - [19/Aug/2026:05:02:49 +0300] "GET /outlet/228046405 HTTP/1.1" 200 0 "-" "Mozilla/5.0 (compatible; SERankingBacklinksBot/1.0; +https://seranking.com/backlinks-crawler)"
144.76.32.114 - - [19/Aug/2026:05:02:52 +0300] "GET /outlet/228046807 HTTP/1.1" 200 0 "-" "Mozilla/5.0 (compatible; SERankingBacklinksBot/1.0; +https://seranking.com/backlinks-crawler)"
144.76.32.114 - - [19/Aug/2026:05:02:55 +0300] "GET /outlet/229000902 HTTP/1.1" 200 0 "-" "Mozilla/5.0 (compatible; SERankingBacklinksBot/1.0; +https://seranking.com/backlinks-crawler)"
144.76.32.114 - - [19/Aug/2026:05:02:59 +0300] "GET /outlet/229005140 HTTP/1.1" 200 0 "-" "Mozilla/5.0 (compatible; SERankingBacklinksBot/1.0; +https://seranking.com/backlinks-crawler)"
114.119.132.38 - - [19/Aug/2026:05:03:01 +0300] "GET /robots.txt HTTP/1.1" 200 0 "https://levasheva.ru/robots.txt" "Mozilla/5.0 (compatible;PetalBot;+https://webmaster.petalsearch.com/site/petalbot)"
144.76.32.114 - - [19/Aug/2026:05:03:02 +0300] "GET /outlet/229005172 HTTP/1.1" 200 0 "-" "Mozilla/5.0 (compatible; SERankingBacklinksBot/1.0; +https://seranking.com/backlinks-crawler)"
144.76.32.114 - - [19/Aug/2026:05:03:05 +0300] "GET /outlet/229006964 HTTP/1.1" 200 0 "-" "Mozilla/5.0 (compatible; SERankingBacklinksBot/1.0; +https://seranking.com/backlinks-crawler)"
144.76.32.114 - - [19/Aug/2026:05:03:08 +0300] "GET /outlet/229007774 HTTP/1.1" 200 0 "-" "Mozilla/5.0 (compatible; SERankingBacklinksBot/1.0; +https://seranking.com/backlinks-crawler)"
66.249.78.70 - - [19/Aug/2026:05:03:11 +0300] "GET /outlet/028000485 HTTP/1.1" 200 0 "-" "Mozilla/5.0 (Linux; Android 6.0.1; Nexus 5X Build/MMB29P) AppleWebKit/537.36 (KHTML, like Gecko) Chrome/151.0.7922.137 Mobile Safari/537.36 (compatible; Googlebot/2.1; +http://www.google.com/bot.html)"
144.76.32.114 - - [19/Aug/2026:05:03:11 +0300] "GET /outlet/229011116 HTTP/1.1" 200 0 "-" "Mozilla/5.0 (compatible; SERankingBacklinksBot/1.0; +https://seranking.com/backlinks-crawler)"
66.249.66.75 - - [19/Aug/2026:05:03:12 +0300] "GET /m53605760731 HTTP/1.1" 200 0 "-" "Mozilla/5.0 (Linux; Android 6.0.1; Nexus 5X Build/MMB29P) AppleWebKit/537.36 (KHTML, like Gecko) Chrome/151.0.7922.137 Mobile Safari/537.36 (compatible; Googlebot/2.1; +http://www.google.com/bot.html)"
144.76.32.114 - - [19/Aug/2026:05:03:14 +0300] "GET /outlet/229011442 HTTP/1.1" 200 0 "-" "Mozilla/5.0 (compatible; SERankingBacklinksBot/1.0; +https://seranking.com/backlinks-crawler)"
144.76.32.114 - - [19/Aug/2026:05:03:17 +0300] "GET /outlet/229011692 HTTP/1.1" 200 0 "-" "Mozilla/5.0 (compatible; SERankingBacklinksBot/1.0; +https://seranking.com/backlinks-crawler)"
144.76.32.114 - - [19/Aug/2026:05:03:21 +0300] "GET /outlet/229012924 HTTP/1.1" 200 0 "-" "Mozilla/5.0 (compatible; SERankingBacklinksBot/1.0; +https://seranking.com/backlinks-crawler)"
144.76.32.114 - - [19/Aug/2026:05:03:24 +0300] "GET /outlet/229014268 HTTP/1.1" 200 0 "-" "Mozilla/5.0 (compatible; SERankingBacklinksBot/1.0; +https://seranking.com/backlinks-crawler)"
144.76.32.114 - - [19/Aug/2026:05:03:27 +0300] "GET /outlet/229015328 HTTP/1.1" 200 0 "-" "Mozilla/5.0 (compatible; SERankingBacklinksBot/1.0; +https://seranking.com/backlinks-crawler)"
144.76.32.114 - - [19/Aug/2026:05:03:30 +0300] "GET /outlet/229021698 HTTP/1.1" 200 0 "-" "Mozilla/5.0 (compatible; SERankingBacklinksBot/1.0; +https://seranking.com/backlinks-crawler)"
144.76.32.114 - - [19/Aug/2026:05:03:33 +0300] "GET /outlet/229026396 HTTP/1.1" 200 0 "-" "Mozilla/5.0 (compatible; SERankingBacklinksBot/1.0; +https://seranking.com/backlinks-crawler)"
144.76.32.114 - - [19/Aug/2026:05:03:36 +0300] "GET /outlet/229029584 HTTP/1.1" 200 0 "-" "Mozilla/5.0 (compatible; SERankingBacklinksBot/1.0; +https://seranking.com/backlinks-crawler)"
216.73.216.75 - - [19/Aug/2026:05:03:36 +0300] "GET /robots.txt HTTP/1.1" 200 0 "-" "Mozilla/5.0 (Macintosh; Intel Mac OS X 10_15_7) AppleWebKit/537.36 (KHTML, like Gecko) Chrome/131.0.0.0 Safari/537.36; ClaudeBot/1.0; +claudebot@anthropic.com)"
216.73.216.75 - - [19/Aug/2026:05:03:37 +0300] "GET /index/irina_levasheva_2017_49/ HTTP/2.0" 200 0 "-" "Mozilla/5.0 (Macintosh; Intel Mac OS X 10_15_7) AppleWebKit/537.36 (KHTML, like Gecko) Chrome/131.0.0.0 Safari/537.36; ClaudeBot/1.0; +claudebot@anthropic.com)"
144.76.32.114 - - [19/Aug/2026:05:03:39 +0300] "GET /outlet/229029846 HTTP/1.1" 200 0 "-" "Mozilla/5.0 (compatible; SERankingBacklinksBot/1.0; +https://seranking.com/backlinks-crawler)"
144.76.32.114 - - [19/Aug/2026:05:03:42 +0300] "GET /outlet/229031736 HTTP/1.1" 200 0 "-" "Mozilla/5.0 (compatible; SERankingBacklinksBot/1.0; +https://seranking.com/backlinks-crawler)"
144.76.32.114 - - [19/Aug/2026:05:03:46 +0300] "GET /outlet/299007476 HTTP/1.1" 200 0 "-" "Mozilla/5.0 (compatible; SERankingBacklinksBot/1.0; +https://seranking.com/backlinks-crawler)"
144.76.32.114 - - [19/Aug/2026:05:03:49 +0300] "GET /outlet/229031954 HTTP/1.1" 200 0 "-" "Mozilla/5.0 (compatible; SERankingBacklinksBot/1.0; +https://seranking.com/backlinks-crawler)"
144.76.32.114 - - [19/Aug/2026:05:03:52 +0300] "GET /outlet/229034740 HTTP/1.1" 200 0 "-" "Mozilla/5.0 (compatible; SERankingBacklinksBot/1.0; +https://seranking.com/backlinks-crawler)"
144.76.32.114 - - [19/Aug/2026:05:03:55 +0300] "GET /outlet/229035080 HTTP/1.1" 200 0 "-" "Mozilla/5.0 (compatible; SERankingBacklinksBot/1.0; +https://seranking.com/backlinks-crawler)"
52.21.68.171 - - [19/Aug/2026:05:03:56 +0300] "HEAD /2023 HTTP/1.1" 301 0 "-" "Mozilla/5.0 (X11; Linux x86_64) AppleWebKit/537.36 (KHTML, like Gecko) Chrome/96.0.4664.45 Safari/537.36"
52.21.68.171 - - [19/Aug/2026:05:03:58 +0300] "HEAD /2023 HTTP/1.1" 200 0 "http://levasheva.ru/2023" "Mozilla/5.0 (X11; Linux x86_64) AppleWebKit/537.36 (KHTML, like Gecko) Chrome/96.0.4664.45 Safari/537.36"
144.76.32.114 - - [19/Aug/2026:05:03:58 +0300] "GET /outlet/229035408 HTTP/1.1" 200 0 "-" "Mozilla/5.0 (compatible; SERankingBacklinksBot/1.0; +https://seranking.com/backlinks-crawler)"
144.76.32.114 - - [19/Aug/2026:05:04:01 +0300] "GET /outlet/229037692 HTTP/1.1" 200 0 "-" "Mozilla/5.0 (compatible; SERankingBacklinksBot/1.0; +https://seranking.com/backlinks-crawler)"
144.76.32.114 - - [19/Aug/2026:05:04:05 +0300] "GET /outlet/229038526 HTTP/1.1" 200 0 "-" "Mozilla/5.0 (compatible; SERankingBacklinksBot/1.0; +https://seranking.com/backlinks-crawler)"
89.111.174.139 - - [19/Aug/2026:05:04:05 +0300] "GET https://levasheva.ru/ HTTP/1.1" 200 0 "-" "https://reg.ru monitoring abuse@reg.ru"
144.76.32.114 - - [19/Aug/2026:05:04:08 +0300] "GET /outlet/229039820 HTTP/1.1" 200 0 "-" "Mozilla/5.0 (compatible; SERankingBacklinksBot/1.0; +https://seranking.com/backlinks-crawler)"
144.76.32.114 - - [19/Aug/2026:05:04:11 +0300] "GET /outlet/229042192 HTTP/1.1" 200 0 "-" "Mozilla/5.0 (compatible; SERankingBacklinksBot/1.0; +https://seranking.com/backlinks-crawler)"
144.76.32.114 - - [19/Aug/2026:05:04:14 +0300] "GET /outlet/229043836 HTTP/1.1" 200 0 "-" "Mozilla/5.0 (compatible; SERankingBacklinksBot/1.0; +https://seranking.com/backlinks-crawler)"
144.76.32.114 - - [19/Aug/2026:05:04:17 +0300] "GET /outlet/229044046 HTTP/1.1" 200 0 "-" "Mozilla/5.0 (compatible; SERankingBacklinksBot/1.0; +https://seranking.com/backlinks-crawler)"
144.76.32.114 - - [19/Aug/2026:05:04:20 +0300] "GET /outlet/229047838 HTTP/1.1" 200 0 "-" "Mozilla/5.0 (compatible; SERankingBacklinksBot/1.0; +https://seranking.com/backlinks-crawler)"
144.76.32.114 - - [19/Aug/2026:05:04:23 +0300] "GET /outlet/229049448 HTTP/1.1" 200 0 "-" "Mozilla/5.0 (compatible; SERankingBacklinksBot/1.0; +https://seranking.com/backlinks-crawler)"
144.76.32.114 - - [19/Aug/2026:05:04:27 +0300] "GET /outlet/230000859 HTTP/1.1" 200 0 "-" "Mozilla/5.0 (compatible; SERankingBacklinksBot/1.0; +https://seranking.com/backlinks-crawler)"
144.76.32.114 - - [19/Aug/2026:05:04:30 +0300] "GET /outlet/230006139 HTTP/1.1" 200 0 "-" "Mozilla/5.0 (compatible; SERankingBacklinksBot/1.0; +https://seranking.com/backlinks-crawler)"
213.180.203.125 - - [19/Aug/2026:05:04:30 +0300] "GET /pickup/O20892 HTTP/2.0" 200 0 "-" "Mozilla/5.0 (compatible; YandexBot/3.0; +http://yandex.com/bots)"
144.76.32.114 - - [19/Aug/2026:05:04:33 +0300] "GET /outlet/230006249 HTTP/1.1" 200 0 "-" "Mozilla/5.0 (compatible; SERankingBacklinksBot/1.0; +https://seranking.com/backlinks-crawler)"
144.76.32.114 - - [19/Aug/2026:05:04:36 +0300] "GET /outlet/230007653 HTTP/1.1" 200 0 "-" "Mozilla/5.0 (compatible; SERankingBacklinksBot/1.0; +https://seranking.com/backlinks-crawler)"
144.76.32.114 - - [19/Aug/2026:05:04:39 +0300] "GET /outlet/230008865 HTTP/1.1" 200 0 "-" "Mozilla/5.0 (compatible; SERankingBacklinksBot/1.0; +https://seranking.com/backlinks-crawler)"
144.76.32.114 - - [19/Aug/2026:05:04:42 +0300] "GET /outlet/230009821 HTTP/1.1" 200 0 "-" "Mozilla/5.0 (compatible; SERankingBacklinksBot/1.0; +https://seranking.com/backlinks-crawler)"
144.76.32.114 - - [19/Aug/2026:05:04:45 +0300] "GET /outlet/230010181 HTTP/1.1" 200 0 "-" "Mozilla/5.0 (compatible; SERankingBacklinksBot/1.0; +https://seranking.com/backlinks-crawler)"
144.76.32.114 - - [19/Aug/2026:05:04:49 +0300] "GET /outlet/230010717 HTTP/1.1" 200 0 "-" "Mozilla/5.0 (compatible; SERankingBacklinksBot/1.0; +https://seranking.com/backlinks-crawler)"
144.76.32.114 - - [19/Aug/2026:05:04:52 +0300] "GET /outlet/230012363 HTTP/1.1" 200 0 "-" "Mozilla/5.0 (compatible; SERankingBacklinksBot/1.0; +https://seranking.com/backlinks-crawler)"
82.27.233.230 - - [19/Aug/2026:05:04:55 +0300] "POST /wp-content/plugins/revslider/revslider.php HTTP/1.1" 405 552 "-" "Mozilla/5.0 (X11; Linux x86_64) AppleWebKit/537.36 (KHTML, like Gecko) Chrome/131.0.0.0 Safari/537.36"
144.76.32.114 - - [19/Aug/2026:05:04:55 +0300] "GET /outlet/230013307 HTTP/1.1" 200 0 "-" "Mozilla/5.0 (compatible; SERankingBacklinksBot/1.0; +https://seranking.com/backlinks-crawler)"
144.76.32.114 - - [19/Aug/2026:05:04:58 +0300] "GET /outlet/230015171 HTTP/1.1" 200 0 "-" "Mozilla/5.0 (compatible; SERankingBacklinksBot/1.0; +https://seranking.com/backlinks-crawler)"
144.76.32.114 - - [19/Aug/2026:05:05:01 +0300] "GET /outlet/230019225 HTTP/1.1" 200 0 "-" "Mozilla/5.0 (compatible; SERankingBacklinksBot/1.0; +https://seranking.com/backlinks-crawler)"
144.76.32.114 - - [19/Aug/2026:05:05:04 +0300] "GET /outlet/230022177 HTTP/1.1" 200 0 "-" "Mozilla/5.0 (compatible; SERankingBacklinksBot/1.0; +https://seranking.com/backlinks-crawler)"
144.76.32.114 - - [19/Aug/2026:05:05:07 +0300] "GET /outlet/230025955 HTTP/1.1" 200 0 "-" "Mozilla/5.0 (compatible; SERankingBacklinksBot/1.0; +https://seranking.com/backlinks-crawler)"
89.104.66.67 - - [19/Aug/2026:05:05:10 +0300] "GET https://levasheva.ru/ HTTP/1.1" 200 0 "-" "https://reg.ru monitoring abuse@reg.ru"
144.76.32.114 - - [19/Aug/2026:05:05:10 +0300] "GET /outlet/230028229 HTTP/1.1" 200 0 "-" "Mozilla/5.0 (compatible; SERankingBacklinksBot/1.0; +https://seranking.com/backlinks-crawler)"
144.76.32.114 - - [19/Aug/2026:05:05:14 +0300] "GET /outlet/230032525 HTTP/1.1" 200 0 "-" "Mozilla/5.0 (compatible; SERankingBacklinksBot/1.0; +https://seranking.com/backlinks-crawler)"
49.247.14.246 - - [19/Aug/2026:05:05:14 +0300] "GET /wp-login.php HTTP/2.0" 200 0 "-" "Mozilla/5.0 (Windows NT 10.0; Win64; x64) AppleWebKit/537.36 (KHTML, like Gecko) Chrome/149.0.0.0 Safari/537.36"
144.76.32.114 - - [19/Aug/2026:05:05:17 +0300] "GET /outlet/230042285 HTTP/1.1" 200 0 "-" "Mozilla/5.0 (compatible; SERankingBacklinksBot/1.0; +https://seranking.com/backlinks-crawler)"
144.76.32.114 - - [19/Aug/2026:05:05:20 +0300] "GET /outlet/299007752 HTTP/1.1" 200 0 "-" "Mozilla/5.0 (compatible; SERankingBacklinksBot/1.0; +https://seranking.com/backlinks-crawler)"
144.76.32.114 - - [19/Aug/2026:05:05:23 +0300] "GET /outlet/230043321 HTTP/1.1" 200 0 "-" "Mozilla/5.0 (compatible; SERankingBacklinksBot/1.0; +https://seranking.com/backlinks-crawler)"
144.76.32.114 - - [19/Aug/2026:05:05:26 +0300] "GET /outlet/230044073 HTTP/1.1" 200 0 "-" "Mozilla/5.0 (compatible; SERankingBacklinksBot/1.0; +https://seranking.com/backlinks-crawler)"
144.76.32.114 - - [19/Aug/2026:05:05:29 +0300] "GET /outlet/230044801 HTTP/1.1" 200 0 "-" "Mozilla/5.0 (compatible; SERankingBacklinksBot/1.0; +https://seranking.com/backlinks-crawler)"
144.76.32.114 - - [19/Aug/2026:05:05:33 +0300] "GET /outlet/230048133 HTTP/1.1" 200 0 "-" "Mozilla/5.0 (compatible; SERankingBacklinksBot/1.0; +https://seranking.com/backlinks-crawler)"
144.76.32.114 - - [19/Aug/2026:05:05:36 +0300] "GET /outlet/231004274 HTTP/1.1" 200 0 "-" "Mozilla/5.0 (compatible; SERankingBacklinksBot/1.0; +https://seranking.com/backlinks-crawler)"
144.76.32.114 - - [19/Aug/2026:05:05:39 +0300] "GET /outlet/231007760 HTTP/1.1" 200 0 "-" "Mozilla/5.0 (compatible; SERankingBacklinksBot/1.0; +https://seranking.com/backlinks-crawler)"
107.175.57.104 - - [19/Aug/2026:05:05:40 +0300] "GET /wp-content/uploads/2026/02/levasheva_chukotka.jpg HTTP/2.0" 200 0 "https://levasheva.ru/works/japanese-painting/" "Mozilla/5.0 (Macintosh; Intel Mac OS X 10_15_7) AppleWebKit/537.36 (KHTML, like Gecko) Chrome/131.0.0.0 Safari/537.36"
144.76.32.114 - - [19/Aug/2026:05:05:42 +0300] "GET /outlet/231009426 HTTP/1.1" 200 0 "-" "Mozilla/5.0 (compatible; SERankingBacklinksBot/1.0; +https://seranking.com/backlinks-crawler)"
144.76.32.114 - - [19/Aug/2026:05:05:45 +0300] "GET /outlet/231011204 HTTP/1.1" 200 0 "-" "Mozilla/5.0 (compatible; SERankingBacklinksBot/1.0; +https://seranking.com/backlinks-crawler)"
144.76.32.114 - - [19/Aug/2026:05:05:48 +0300] "GET /outlet/231013904 HTTP/1.1" 200 0 "-" "Mozilla/5.0 (compatible; SERankingBacklinksBot/1.0; +https://seranking.com/backlinks-crawler)"
144.76.32.114 - - [19/Aug/2026:05:05:51 +0300] "GET /outlet/231018200 HTTP/1.1" 200 0 "-" "Mozilla/5.0 (compatible; SERankingBacklinksBot/1.0; +https://seranking.com/backlinks-crawler)"
144.76.32.114 - - [19/Aug/2026:05:05:55 +0300] "GET /outlet/231020642 HTTP/1.1" 200 0 "-" "Mozilla/5.0 (compatible; SERankingBacklinksBot/1.0; +https://seranking.com/backlinks-crawler)"
144.76.32.114 - - [19/Aug/2026:05:05:58 +0300] "GET /outlet/231024986 HTTP/1.1" 200 0 "-" "Mozilla/5.0 (compatible; SERankingBacklinksBot/1.0; +https://seranking.com/backlinks-crawler)"
144.76.32.114 - - [19/Aug/2026:05:06:01 +0300] "GET /outlet/231028408 HTTP/1.1" 200 0 "-" "Mozilla/5.0 (compatible; SERankingBacklinksBot/1.0; +https://seranking.com/backlinks-crawler)"
144.76.32.114 - - [19/Aug/2026:05:06:04 +0300] "GET /outlet/231029714 HTTP/1.1" 200 0 "-" "Mozilla/5.0 (compatible; SERankingBacklinksBot/1.0; +https://seranking.com/backlinks-crawler)"
144.76.32.114 - - [19/Aug/2026:05:06:07 +0300] "GET /outlet/231029962 HTTP/1.1" 200 0 "-" "Mozilla/5.0 (compatible; SERankingBacklinksBot/1.0; +https://seranking.com/backlinks-crawler)"
144.76.32.114 - - [19/Aug/2026:05:06:10 +0300] "GET /outlet/231029970 HTTP/1.1" 200 0 "-" "Mozilla/5.0 (compatible; SERankingBacklinksBot/1.0; +https://seranking.com/backlinks-crawler)"
144.76.32.114 - - [19/Aug/2026:05:06:13 +0300] "GET /outlet/231030454 HTTP/1.1" 200 0 "-" "Mozilla/5.0 (compatible; SERankingBacklinksBot/1.0; +https://seranking.com/backlinks-crawler)"
144.76.32.114 - - [19/Aug/2026:05:06:16 +0300] "GET /outlet/231030998 HTTP/1.1" 200 0 "-" "Mozilla/5.0 (compatible; SERankingBacklinksBot/1.0; +https://seranking.com/backlinks-crawler)"
144.76.32.114 - - [19/Aug/2026:05:06:20 +0300] "GET /outlet/231032358 HTTP/1.1" 200 0 "-" "Mozilla/5.0 (compatible; SERankingBacklinksBot/1.0; +https://seranking.com/backlinks-crawler)"
144.76.32.114 - - [19/Aug/2026:05:06:23 +0300] "GET /outlet/231032702 HTTP/1.1" 200 0 "-" "Mozilla/5.0 (compatible; SERankingBacklinksBot/1.0; +https://seranking.com/backlinks-crawler)"
144.76.32.114 - - [19/Aug/2026:05:06:26 +0300] "GET /outlet/231034274 HTTP/1.1" 200 0 "-" "Mozilla/5.0 (compatible; SERankingBacklinksBot/1.0; +https://seranking.com/backlinks-crawler)"
144.76.32.114 - - [19/Aug/2026:05:06:29 +0300] "GET /outlet/231035280 HTTP/1.1" 200 0 "-" "Mozilla/5.0 (compatible; SERankingBacklinksBot/1.0; +https://seranking.com/backlinks-crawler)"
144.76.32.114 - - [19/Aug/2026:05:06:32 +0300] "GET /outlet/231037256 HTTP/1.1" 200 0 "-" "Mozilla/5.0 (compatible; SERankingBacklinksBot/1.0; +https://seranking.com/backlinks-crawler)"
144.76.32.114 - - [19/Aug/2026:05:06:35 +0300] "GET /outlet/231037402 HTTP/1.1" 200 0 "-" "Mozilla/5.0 (compatible; SERankingBacklinksBot/1.0; +https://seranking.com/backlinks-crawler)"
144.76.32.114 - - [19/Aug/2026:05:06:39 +0300] "GET /outlet/231038660 HTTP/1.1" 200 0 "-" "Mozilla/5.0 (compatible; SERankingBacklinksBot/1.0; +https://seranking.com/backlinks-crawler)"
144.76.32.114 - - [19/Aug/2026:05:06:42 +0300] "GET /outlet/231041092 HTTP/1.1" 200 0 "-" "Mozilla/5.0 (compatible; SERankingBacklinksBot/1.0; +https://seranking.com/backlinks-crawler)"
144.76.32.114 - - [19/Aug/2026:05:06:45 +0300] "GET /outlet/231042762 HTTP/1.1" 200 0 "-" "Mozilla/5.0 (compatible; SERankingBacklinksBot/1.0; +https://seranking.com/backlinks-crawler)"
144.76.32.114 - - [19/Aug/2026:05:06:48 +0300] "GET /outlet/231043558 HTTP/1.1" 200 0 "-" "Mozilla/5.0 (compatible; SERankingBacklinksBot/1.0; +https://seranking.com/backlinks-crawler)"
144.76.32.114 - - [19/Aug/2026:05:06:51 +0300] "GET /outlet/231044026 HTTP/1.1" 200 0 "-" "Mozilla/5.0 (compatible; SERankingBacklinksBot/1.0; +https://seranking.com/backlinks-crawler)"
144.76.32.114 - - [19/Aug/2026:05:06:54 +0300] "GET /outlet/299008672 HTTP/1.1" 200 0 "-" "Mozilla/5.0 (compatible; SERankingBacklinksBot/1.0; +https://seranking.com/backlinks-crawler)"
144.76.32.114 - - [19/Aug/2026:05:06:57 +0300] "GET /outlet/232001119 HTTP/1.1" 200 0 "-" "Mozilla/5.0 (compatible; SERankingBacklinksBot/1.0; +https://seranking.com/backlinks-crawler)"
144.76.32.114 - - [19/Aug/2026:05:07:01 +0300] "GET /outlet/232001253 HTTP/1.1" 200 0 "-" "Mozilla/5.0 (compatible; SERankingBacklinksBot/1.0; +https://seranking.com/backlinks-crawler)"
144.76.32.114 - - [19/Aug/2026:05:07:04 +0300] "GET /outlet/232005519 HTTP/1.1" 200 0 "-" "Mozilla/5.0 (compatible; SERankingBacklinksBot/1.0; +https://seranking.com/backlinks-crawler)"
144.76.32.114 - - [19/Aug/2026:05:07:07 +0300] "GET /outlet/232006901 HTTP/1.1" 200 0 "-" "Mozilla/5.0 (compatible; SERankingBacklinksBot/1.0; +https://seranking.com/backlinks-crawler)"
66.249.66.35 - - [19/Aug/2026:05:07:09 +0300] "GET /?goods/181010622 HTTP/1.1" 200 0 "-" "Mozilla/5.0 (Linux; Android 6.0.1; Nexus 5X Build/MMB29P) AppleWebKit/537.36 (KHTML, like Gecko) Chrome/151.0.7922.137 Mobile Safari/537.36 (compatible; Googlebot/2.1; +http://www.google.com/bot.html)"
144.76.32.114 - - [19/Aug/2026:05:07:10 +0300] "GET /outlet/232006933 HTTP/1.1" 200 0 "-" "Mozilla/5.0 (compatible; SERankingBacklinksBot/1.0; +https://seranking.com/backlinks-crawler)"
129.121.123.168 - - [19/Aug/2026:05:07:10 +0300] "GET /wp-login.php HTTP/2.0" 200 0 "-" "Mozilla/5.0 (Windows NT 10.0; Win64; x64) AppleWebKit/537.36 (KHTML, like Gecko) Chrome/149.0.0.0 Safari/537.36"
144.76.32.114 - - [19/Aug/2026:05:07:13 +0300] "GET /outlet/232007569 HTTP/1.1" 200 0 "-" "Mozilla/5.0 (compatible; SERankingBacklinksBot/1.0; +https://seranking.com/backlinks-crawler)"
144.76.32.114 - - [19/Aug/2026:05:07:16 +0300] "GET /outlet/232007983 HTTP/1.1" 200 0 "-" "Mozilla/5.0 (compatible; SERankingBacklinksBot/1.0; +https://seranking.com/backlinks-crawler)"
144.76.32.114 - - [19/Aug/2026:05:07:19 +0300] "GET /outlet/232008575 HTTP/1.1" 200 0 "-" "Mozilla/5.0 (compatible; SERankingBacklinksBot/1.0; +https://seranking.com/backlinks-crawler)"
66.249.66.35 - - [19/Aug/2026:05:07:20 +0300] "GET /item/079000641 HTTP/1.1" 200 0 "-" "Mozilla/5.0 (Linux; Android 6.0.1; Nexus 5X Build/MMB29P) AppleWebKit/537.36 (KHTML, like Gecko) Chrome/151.0.7922.137 Mobile Safari/537.36 (compatible; Googlebot/2.1; +http://www.google.com/bot.html)"
144.76.32.114 - - [19/Aug/2026:05:07:23 +0300] "GET /outlet/232009083 HTTP/1.1" 200 0 "-" "Mozilla/5.0 (compatible; SERankingBacklinksBot/1.0; +https://seranking.com/backlinks-crawler)"
144.76.32.114 - - [19/Aug/2026:05:07:26 +0300] "GET /outlet/232011403 HTTP/1.1" 200 0 "-" "Mozilla/5.0 (compatible; SERankingBacklinksBot/1.0; +https://seranking.com/backlinks-crawler)"
144.76.32.114 - - [19/Aug/2026:05:07:29 +0300] "GET /outlet/232011415 HTTP/1.1" 200 0 "-" "Mozilla/5.0 (compatible; SERankingBacklinksBot/1.0; +https://seranking.com/backlinks-crawler)"
144.76.32.114 - - [19/Aug/2026:05:07:32 +0300] "GET /outlet/232012255 HTTP/1.1" 200 0 "-" "Mozilla/5.0 (compatible; SERankingBacklinksBot/1.0; +https://seranking.com/backlinks-crawler)"
144.76.32.114 - - [19/Aug/2026:05:07:35 +0300] "GET /outlet/232015305 HTTP/1.1" 200 0 "-" "Mozilla/5.0 (compatible; SERankingBacklinksBot/1.0; +https://seranking.com/backlinks-crawler)"
66.249.66.34 - - [19/Aug/2026:05:07:36 +0300] "GET /?goods/250014796 HTTP/1.1" 200 0 "-" "Mozilla/5.0 (Linux; Android 6.0.1; Nexus 5X Build/MMB29P) AppleWebKit/537.36 (KHTML, like Gecko) Chrome/151.0.7922.137 Mobile Safari/537.36 (compatible; Googlebot/2.1; +http://www.google.com/bot.html)"
144.76.32.114 - - [19/Aug/2026:05:07:38 +0300] "GET /outlet/232021891 HTTP/1.1" 200 0 "-" "Mozilla/5.0 (compatible; SERankingBacklinksBot/1.0; +https://seranking.com/backlinks-crawler)"
144.76.32.114 - - [19/Aug/2026:05:07:41 +0300] "GET /outlet/232025331 HTTP/1.1" 200 0 "-" "Mozilla/5.0 (compatible; SERankingBacklinksBot/1.0; +https://seranking.com/backlinks-crawler)"
144.76.32.114 - - [19/Aug/2026:05:07:45 +0300] "GET /outlet/232028463 HTTP/1.1" 200 0 "-" "Mozilla/5.0 (compatible; SERankingBacklinksBot/1.0; +https://seranking.com/backlinks-crawler)"
92.242.60.95 - - [19/Aug/2026:05:07:47 +0300] "GET https://levasheva.ru/ HTTP/1.1" 200 0 "-" "https://reg.ru monitoring abuse@reg.ru"
144.76.32.114 - - [19/Aug/2026:05:07:48 +0300] "GET /outlet/232029947 HTTP/1.1" 200 0 "-" "Mozilla/5.0 (compatible; SERankingBacklinksBot/1.0; +https://seranking.com/backlinks-crawler)"
144.76.32.114 - - [19/Aug/2026:05:07:51 +0300] "GET /outlet/232030043 HTTP/1.1" 200 0 "-" "Mozilla/5.0 (compatible; SERankingBacklinksBot/1.0; +https://seranking.com/backlinks-crawler)"
144.76.32.114 - - [19/Aug/2026:05:07:54 +0300] "GET /outlet/232030293 HTTP/1.1" 200 0 "-" "Mozilla/5.0 (compatible; SERankingBacklinksBot/1.0; +https://seranking.com/backlinks-crawler)"
144.76.32.114 - - [19/Aug/2026:05:07:57 +0300] "GET /outlet/232031983 HTTP/1.1" 200 0 "-" "Mozilla/5.0 (compatible; SERankingBacklinksBot/1.0; +https://seranking.com/backlinks-crawler)"
144.76.32.114 - - [19/Aug/2026:05:08:00 +0300] "GET /outlet/232033019 HTTP/1.1" 200 0 "-" "Mozilla/5.0 (compatible; SERankingBacklinksBot/1.0; +https://seranking.com/backlinks-crawler)"
144.76.32.114 - - [19/Aug/2026:05:08:03 +0300] "GET /outlet/232034141 HTTP/1.1" 200 0 "-" "Mozilla/5.0 (compatible; SERankingBacklinksBot/1.0; +https://seranking.com/backlinks-crawler)"
213.180.203.125 - - [19/Aug/2026:05:08:06 +0300] "GET /wp-content/uploads/2014/10/irina_levasheva_japan_painting_051.jpg HTTP/2.0" 200 0 "-" "Mozilla/5.0 (compatible; YandexImages/3.0; +http://yandex.com/bots)"
144.76.32.114 - - [19/Aug/2026:05:08:07 +0300] "GET /outlet/232034655 HTTP/1.1" 200 0 "-" "Mozilla/5.0 (compatible; SERankingBacklinksBot/1.0; +https://seranking.com/backlinks-crawler)"
144.76.32.114 - - [19/Aug/2026:05:08:10 +0300] "GET /outlet/232036857 HTTP/1.1" 200 0 "-" "Mozilla/5.0 (compatible; SERankingBacklinksBot/1.0; +https://seranking.com/backlinks-crawler)"
144.76.32.114 - - [19/Aug/2026:05:08:13 +0300] "GET /outlet/232037787 HTTP/1.1" 200 0 "-" "Mozilla/5.0 (compatible; SERankingBacklinksBot/1.0; +https://seranking.com/backlinks-crawler)"
144.76.32.114 - - [19/Aug/2026:05:08:16 +0300] "GET /outlet/232042201 HTTP/1.1" 200 0 "-" "Mozilla/5.0 (compatible; SERankingBacklinksBot/1.0; +https://seranking.com/backlinks-crawler)"
144.76.32.114 - - [19/Aug/2026:05:08:19 +0300] "GET /outlet/232045029 HTTP/1.1" 200 0 "-" "Mozilla/5.0 (compatible; SERankingBacklinksBot/1.0; +https://seranking.com/backlinks-crawler)"
144.76.32.114 - - [19/Aug/2026:05:08:22 +0300] "GET /outlet/232047471 HTTP/1.1" 200 0 "-" "Mozilla/5.0 (compatible; SERankingBacklinksBot/1.0; +https://seranking.com/backlinks-crawler)"
144.76.32.114 - - [19/Aug/2026:05:08:25 +0300] "GET /outlet/232047671 HTTP/1.1" 200 0 "-" "Mozilla/5.0 (compatible; SERankingBacklinksBot/1.0; +https://seranking.com/backlinks-crawler)"
144.76.32.114 - - [19/Aug/2026:05:08:29 +0300] "GET /outlet/299020642 HTTP/1.1" 200 0 "-" "Mozilla/5.0 (compatible; SERankingBacklinksBot/1.0; +https://seranking.com/backlinks-crawler)"
144.76.32.114 - - [19/Aug/2026:05:08:32 +0300] "GET /outlet/233000452 HTTP/1.1" 200 0 "-" "Mozilla/5.0 (compatible; SERankingBacklinksBot/1.0; +https://seranking.com/backlinks-crawler)"
144.76.32.114 - - [19/Aug/2026:05:08:35 +0300] "GET /outlet/233003066 HTTP/1.1" 200 0 "-" "Mozilla/5.0 (compatible; SERankingBacklinksBot/1.0; +https://seranking.com/backlinks-crawler)"
