91.148.228.147 - - [19/Aug/2026:04:21:52 +0300] "GET //images/images/images/images/cache.php HTTP/1.1" 200 0 "www.google.com" "Mozlila/5.0 (Linux; Android 7.0; SM-G892A Bulid/NRD90M; wv) AppleWebKit/537.36 (KHTML, like Gecko) Version/4.0 Chrome/60.0.3112.107 Moblie Safari/537.36"
91.148.228.147 - - [19/Aug/2026:04:21:52 +0300] "GET //images/images/images/cache.php HTTP/1.1" 301 162 "www.google.com" "Mozlila/5.0 (Linux; Android 7.0; SM-G892A Bulid/NRD90M; wv) AppleWebKit/537.36 (KHTML, like Gecko) Version/4.0 Chrome/60.0.3112.107 Moblie Safari/537.36"
91.148.228.147 - - [19/Aug/2026:04:21:53 +0300] "GET //images/images/images/cache.php HTTP/1.1" 200 0 "www.google.com" "Mozlila/5.0 (Linux; Android 7.0; SM-G892A Bulid/NRD90M; wv) AppleWebKit/537.36 (KHTML, like Gecko) Version/4.0 Chrome/60.0.3112.107 Moblie Safari/537.36"
144.76.32.114 - - [19/Aug/2026:04:21:53 +0300] "GET /outlet/199038190 HTTP/1.1" 200 0 "-" "Mozilla/5.0 (compatible; SERankingBacklinksBot/1.0; +https://seranking.com/backlinks-crawler)"
91.148.228.147 - - [19/Aug/2026:04:21:53 +0300] "GET //wp-content/plugins/plugins/cache.php HTTP/1.1" 301 162 "www.google.com" "Mozlila/5.0 (Linux; Android 7.0; SM-G892A Bulid/NRD90M; wv) AppleWebKit/537.36 (KHTML, like Gecko) Version/4.0 Chrome/60.0.3112.107 Moblie Safari/537.36"
91.148.228.147 - - [19/Aug/2026:04:21:54 +0300] "GET //wp-content/plugins/plugins/cache.php HTTP/1.1" 200 0 "www.google.com" "Mozlila/5.0 (Linux; Android 7.0; SM-G892A Bulid/NRD90M; wv) AppleWebKit/537.36 (KHTML, like Gecko) Version/4.0 Chrome/60.0.3112.107 Moblie Safari/537.36"
91.148.228.147 - - [19/Aug/2026:04:21:55 +0300] "GET //assets/images/images/cache.php HTTP/1.1" 301 162 "www.google.com" "Mozlila/5.0 (Linux; Android 7.0; SM-G892A Bulid/NRD90M; wv) AppleWebKit/537.36 (KHTML, like Gecko) Version/4.0 Chrome/60.0.3112.107 Moblie Safari/537.36"
91.148.228.147 - - [19/Aug/2026:04:21:55 +0300] "GET //assets/images/images/cache.php HTTP/1.1" 200 0 "www.google.com" "Mozlila/5.0 (Linux; Android 7.0; SM-G892A Bulid/NRD90M; wv) AppleWebKit/537.36 (KHTML, like Gecko) Version/4.0 Chrome/60.0.3112.107 Moblie Safari/537.36"
91.148.228.147 - - [19/Aug/2026:04:21:56 +0300] "GET //blogs/media/media/cache.php HTTP/1.1" 301 162 "www.google.com" "Mozlila/5.0 (Linux; Android 7.0; SM-G892A Bulid/NRD90M; wv) AppleWebKit/537.36 (KHTML, like Gecko) Version/4.0 Chrome/60.0.3112.107 Moblie Safari/537.36"
144.76.32.114 - - [19/Aug/2026:04:21:56 +0300] "GET /outlet/199038606 HTTP/1.1" 200 0 "-" "Mozilla/5.0 (compatible; SERankingBacklinksBot/1.0; +https://seranking.com/backlinks-crawler)"
91.148.228.147 - - [19/Aug/2026:04:21:56 +0300] "GET //blogs/media/media/cache.php HTTP/1.1" 200 0 "www.google.com" "Mozlila/5.0 (Linux; Android 7.0; SM-G892A Bulid/NRD90M; wv) AppleWebKit/537.36 (KHTML, like Gecko) Version/4.0 Chrome/60.0.3112.107 Moblie Safari/537.36"
91.148.228.147 - - [19/Aug/2026:04:21:56 +0300] "GET //cache/cache/cache.php HTTP/1.1" 301 162 "www.google.com" "Mozlila/5.0 (Linux; Android 7.0; SM-G892A Bulid/NRD90M; wv) AppleWebKit/537.36 (KHTML, like Gecko) Version/4.0 Chrome/60.0.3112.107 Moblie Safari/537.36"
91.148.228.147 - - [19/Aug/2026:04:21:57 +0300] "GET //cache/cache/cache.php HTTP/1.1" 200 0 "www.google.com" "Mozlila/5.0 (Linux; Android 7.0; SM-G892A Bulid/NRD90M; wv) AppleWebKit/537.36 (KHTML, like Gecko) Version/4.0 Chrome/60.0.3112.107 Moblie Safari/537.36"
144.76.32.114 - - [19/Aug/2026:04:21:59 +0300] "GET /outlet/199040254 HTTP/1.1" 200 0 "-" "Mozilla/5.0 (compatible; SERankingBacklinksBot/1.0; +https://seranking.com/backlinks-crawler)"
144.76.32.114 - - [19/Aug/2026:04:22:02 +0300] "GET /outlet/199041956 HTTP/1.1" 200 0 "-" "Mozilla/5.0 (compatible; SERankingBacklinksBot/1.0; +https://seranking.com/backlinks-crawler)"
165.173.18.124 - - [19/Aug/2026:04:22:05 +0300] "GET /wp-login.php HTTP/2.0" 200 0 "-" "Mozilla/5.0 (Windows NT 10.0; Win64; x64) AppleWebKit/537.36 (KHTML, like Gecko) Chrome/149.0.0.0 Safari/537.36"
144.76.32.114 - - [19/Aug/2026:04:22:06 +0300] "GET /outlet/199042032 HTTP/1.1" 200 0 "-" "Mozilla/5.0 (compatible; SERankingBacklinksBot/1.0; +https://seranking.com/backlinks-crawler)"
144.76.32.114 - - [19/Aug/2026:04:22:09 +0300] "GET /outlet/199042466 HTTP/1.1" 200 0 "-" "Mozilla/5.0 (compatible; SERankingBacklinksBot/1.0; +https://seranking.com/backlinks-crawler)"
144.76.32.114 - - [19/Aug/2026:04:22:12 +0300] "GET /outlet/199042558 HTTP/1.1" 200 0 "-" "Mozilla/5.0 (compatible; SERankingBacklinksBot/1.0; +https://seranking.com/backlinks-crawler)"
144.76.32.114 - - [19/Aug/2026:04:22:15 +0300] "GET /outlet/199045190 HTTP/1.1" 200 0 "-" "Mozilla/5.0 (compatible; SERankingBacklinksBot/1.0; +https://seranking.com/backlinks-crawler)"
114.119.155.96 - - [19/Aug/2026:04:22:18 +0300] "GET /sitemap9.xml HTTP/1.1" 200 0 "-" "Mozilla/5.0 (Linux; Android 7.0;) AppleWebKit/537.36 (KHTML, like Gecko) Mobile Safari/537.36 (compatible; PetalBot;+https://webmaster.petalsearch.com/site/petalbot)"
144.76.32.114 - - [19/Aug/2026:04:22:18 +0300] "GET /outlet/199048558 HTTP/1.1" 200 0 "-" "Mozilla/5.0 (compatible; SERankingBacklinksBot/1.0; +https://seranking.com/backlinks-crawler)"
144.76.32.114 - - [19/Aug/2026:04:22:21 +0300] "GET /outlet/199049666 HTTP/1.1" 200 0 "-" "Mozilla/5.0 (compatible; SERankingBacklinksBot/1.0; +https://seranking.com/backlinks-crawler)"
144.76.32.114 - - [19/Aug/2026:04:22:24 +0300] "GET /outlet/200004447 HTTP/1.1" 200 0 "-" "Mozilla/5.0 (compatible; SERankingBacklinksBot/1.0; +https://seranking.com/backlinks-crawler)"
144.76.32.114 - - [19/Aug/2026:04:22:27 +0300] "GET /outlet/200007903 HTTP/1.1" 200 0 "-" "Mozilla/5.0 (compatible; SERankingBacklinksBot/1.0; +https://seranking.com/backlinks-crawler)"
144.76.32.114 - - [19/Aug/2026:04:22:31 +0300] "GET /outlet/200009021 HTTP/1.1" 200 0 "-" "Mozilla/5.0 (compatible; SERankingBacklinksBot/1.0; +https://seranking.com/backlinks-crawler)"
144.76.32.114 - - [19/Aug/2026:04:22:34 +0300] "GET /outlet/200010685 HTTP/1.1" 200 0 "-" "Mozilla/5.0 (compatible; SERankingBacklinksBot/1.0; +https://seranking.com/backlinks-crawler)"
144.76.32.114 - - [19/Aug/2026:04:22:37 +0300] "GET /outlet/200012595 HTTP/1.1" 200 0 "-" "Mozilla/5.0 (compatible; SERankingBacklinksBot/1.0; +https://seranking.com/backlinks-crawler)"
144.76.32.114 - - [19/Aug/2026:04:22:40 +0300] "GET /outlet/200013921 HTTP/1.1" 200 0 "-" "Mozilla/5.0 (compatible; SERankingBacklinksBot/1.0; +https://seranking.com/backlinks-crawler)"
144.76.32.114 - - [19/Aug/2026:04:22:43 +0300] "GET /outlet/200013999 HTTP/1.1" 200 0 "-" "Mozilla/5.0 (compatible; SERankingBacklinksBot/1.0; +https://seranking.com/backlinks-crawler)"
144.76.32.114 - - [19/Aug/2026:04:22:46 +0300] "GET /outlet/200016373 HTTP/1.1" 200 0 "-" "Mozilla/5.0 (compatible; SERankingBacklinksBot/1.0; +https://seranking.com/backlinks-crawler)"
144.76.32.114 - - [19/Aug/2026:04:22:50 +0300] "GET /outlet/298008165 HTTP/1.1" 200 0 "-" "Mozilla/5.0 (compatible; SERankingBacklinksBot/1.0; +https://seranking.com/backlinks-crawler)"
144.76.32.114 - - [19/Aug/2026:04:22:53 +0300] "GET /outlet/200019077 HTTP/1.1" 200 0 "-" "Mozilla/5.0 (compatible; SERankingBacklinksBot/1.0; +https://seranking.com/backlinks-crawler)"
89.111.174.139 - - [19/Aug/2026:04:22:54 +0300] "GET https://levasheva.ru/ HTTP/1.1" 200 0 "-" "https://reg.ru monitoring abuse@reg.ru"
144.76.32.114 - - [19/Aug/2026:04:22:56 +0300] "GET /outlet/200019909 HTTP/1.1" 200 0 "-" "Mozilla/5.0 (compatible; SERankingBacklinksBot/1.0; +https://seranking.com/backlinks-crawler)"
144.76.32.114 - - [19/Aug/2026:04:22:59 +0300] "GET /outlet/200021155 HTTP/1.1" 200 0 "-" "Mozilla/5.0 (compatible; SERankingBacklinksBot/1.0; +https://seranking.com/backlinks-crawler)"
144.76.32.114 - - [19/Aug/2026:04:23:02 +0300] "GET /outlet/200021895 HTTP/1.1" 200 0 "-" "Mozilla/5.0 (compatible; SERankingBacklinksBot/1.0; +https://seranking.com/backlinks-crawler)"
144.76.32.114 - - [19/Aug/2026:04:23:05 +0300] "GET /outlet/200022095 HTTP/1.1" 200 0 "-" "Mozilla/5.0 (compatible; SERankingBacklinksBot/1.0; +https://seranking.com/backlinks-crawler)"
144.76.32.114 - - [19/Aug/2026:04:23:08 +0300] "GET /outlet/200025441 HTTP/1.1" 200 0 "-" "Mozilla/5.0 (compatible; SERankingBacklinksBot/1.0; +https://seranking.com/backlinks-crawler)"
144.76.32.114 - - [19/Aug/2026:04:23:12 +0300] "GET /outlet/200031683 HTTP/1.1" 200 0 "-" "Mozilla/5.0 (compatible; SERankingBacklinksBot/1.0; +https://seranking.com/backlinks-crawler)"
144.76.32.114 - - [19/Aug/2026:04:23:15 +0300] "GET /outlet/200033867 HTTP/1.1" 200 0 "-" "Mozilla/5.0 (compatible; SERankingBacklinksBot/1.0; +https://seranking.com/backlinks-crawler)"
144.76.32.114 - - [19/Aug/2026:04:23:18 +0300] "GET /outlet/200036497 HTTP/1.1" 200 0 "-" "Mozilla/5.0 (compatible; SERankingBacklinksBot/1.0; +https://seranking.com/backlinks-crawler)"
144.76.32.114 - - [19/Aug/2026:04:23:21 +0300] "GET /outlet/200036841 HTTP/1.1" 200 0 "-" "Mozilla/5.0 (compatible; SERankingBacklinksBot/1.0; +https://seranking.com/backlinks-crawler)"
144.76.32.114 - - [19/Aug/2026:04:23:24 +0300] "GET /outlet/200036847 HTTP/1.1" 200 0 "-" "Mozilla/5.0 (compatible; SERankingBacklinksBot/1.0; +https://seranking.com/backlinks-crawler)"
144.76.32.114 - - [19/Aug/2026:04:23:27 +0300] "GET /outlet/200039199 HTTP/1.1" 200 0 "-" "Mozilla/5.0 (compatible; SERankingBacklinksBot/1.0; +https://seranking.com/backlinks-crawler)"
144.76.32.114 - - [19/Aug/2026:04:23:30 +0300] "GET /outlet/200039315 HTTP/1.1" 200 0 "-" "Mozilla/5.0 (compatible; SERankingBacklinksBot/1.0; +https://seranking.com/backlinks-crawler)"
144.76.32.114 - - [19/Aug/2026:04:23:34 +0300] "GET /outlet/200039605 HTTP/1.1" 200 0 "-" "Mozilla/5.0 (compatible; SERankingBacklinksBot/1.0; +https://seranking.com/backlinks-crawler)"
144.76.32.114 - - [19/Aug/2026:04:23:37 +0300] "GET /outlet/200040077 HTTP/1.1" 200 0 "-" "Mozilla/5.0 (compatible; SERankingBacklinksBot/1.0; +https://seranking.com/backlinks-crawler)"
144.76.32.114 - - [19/Aug/2026:04:23:40 +0300] "GET /outlet/200048655 HTTP/1.1" 200 0 "-" "Mozilla/5.0 (compatible; SERankingBacklinksBot/1.0; +https://seranking.com/backlinks-crawler)"
144.76.32.114 - - [19/Aug/2026:04:23:43 +0300] "GET /outlet/201005374 HTTP/1.1" 200 0 "-" "Mozilla/5.0 (compatible; SERankingBacklinksBot/1.0; +https://seranking.com/backlinks-crawler)"
144.76.32.114 - - [19/Aug/2026:04:23:46 +0300] "GET /outlet/201005808 HTTP/1.1" 200 0 "-" "Mozilla/5.0 (compatible; SERankingBacklinksBot/1.0; +https://seranking.com/backlinks-crawler)"
144.76.32.114 - - [19/Aug/2026:04:23:49 +0300] "GET /outlet/201007248 HTTP/1.1" 200 0 "-" "Mozilla/5.0 (compatible; SERankingBacklinksBot/1.0; +https://seranking.com/backlinks-crawler)"
144.76.32.114 - - [19/Aug/2026:04:23:53 +0300] "GET /outlet/201011608 HTTP/1.1" 200 0 "-" "Mozilla/5.0 (compatible; SERankingBacklinksBot/1.0; +https://seranking.com/backlinks-crawler)"
144.76.32.114 - - [19/Aug/2026:04:23:56 +0300] "GET /outlet/201016018 HTTP/1.1" 200 0 "-" "Mozilla/5.0 (compatible; SERankingBacklinksBot/1.0; +https://seranking.com/backlinks-crawler)"
144.76.32.114 - - [19/Aug/2026:04:23:59 +0300] "GET /outlet/201016274 HTTP/1.1" 200 0 "-" "Mozilla/5.0 (compatible; SERankingBacklinksBot/1.0; +https://seranking.com/backlinks-crawler)"
144.76.32.114 - - [19/Aug/2026:04:24:02 +0300] "GET /outlet/201017142 HTTP/1.1" 200 0 "-" "Mozilla/5.0 (compatible; SERankingBacklinksBot/1.0; +https://seranking.com/backlinks-crawler)"
144.76.32.114 - - [19/Aug/2026:04:24:05 +0300] "GET /outlet/201022314 HTTP/1.1" 200 0 "-" "Mozilla/5.0 (compatible; SERankingBacklinksBot/1.0; +https://seranking.com/backlinks-crawler)"
103.168.66.237 - - [19/Aug/2026:04:24:08 +0300] "POST /?rest_route=/batch/v1 HTTP/1.1" 405 552 "-" "Mozilla/5.0 (Windows NT 10.0; Win64; x64) AppleWebKit/537.36 (KHTML, like Gecko) Chrome/120.0.0.0 Safari/537.36"
144.76.32.114 - - [19/Aug/2026:04:24:08 +0300] "GET /outlet/201028226 HTTP/1.1" 200 0 "-" "Mozilla/5.0 (compatible; SERankingBacklinksBot/1.0; +https://seranking.com/backlinks-crawler)"
103.168.66.237 - - [19/Aug/2026:04:24:08 +0300] "POST /index.php?rest_route=/batch/v1 HTTP/1.1" 405 552 "-" "Mozilla/5.0 (Windows NT 10.0; Win64; x64) AppleWebKit/537.36 (KHTML, like Gecko) Chrome/120.0.0.0 Safari/537.36"
103.168.66.237 - - [19/Aug/2026:04:24:08 +0300] "POST /?rest_route=%2Fbatch%2Fv1 HTTP/1.1" 405 552 "-" "Mozilla/5.0 (Windows NT 10.0; Win64; x64) AppleWebKit/537.36 (KHTML, like Gecko) Chrome/120.0.0.0 Safari/537.36"
103.168.66.237 - - [19/Aug/2026:04:24:09 +0300] "POST /?rest_route=/batch%2Fv1 HTTP/1.1" 405 552 "-" "Mozilla/5.0 (Windows NT 10.0; Win64; x64) AppleWebKit/537.36 (KHTML, like Gecko) Chrome/120.0.0.0 Safari/537.36"
103.168.66.237 - - [19/Aug/2026:04:24:09 +0300] "POST /?rest_route=/batch/v1 HTTP/1.1" 405 552 "-" "Mozilla/5.0 (Windows NT 10.0; Win64; x64) AppleWebKit/537.36 (KHTML, like Gecko) Chrome/120.0.0.0 Safari/537.36"
103.168.66.237 - - [19/Aug/2026:04:24:09 +0300] "POST /wp-json/batch/v1 HTTP/1.1" 405 552 "-" "Mozilla/5.0 (Windows NT 10.0; Win64; x64) AppleWebKit/537.36 (KHTML, like Gecko) Chrome/120.0.0.0 Safari/537.36"
103.168.66.237 - - [19/Aug/2026:04:24:09 +0300] "POST /wp-json/Batch/v1 HTTP/1.1" 405 552 "-" "Mozilla/5.0 (Windows NT 10.0; Win64; x64) AppleWebKit/537.36 (KHTML, like Gecko) Chrome/120.0.0.0 Safari/537.36"
103.168.66.237 - - [19/Aug/2026:04:24:09 +0300] "POST //wp-json/batch/v1 HTTP/1.1" 405 552 "-" "Mozilla/5.0 (Windows NT 10.0; Win64; x64) AppleWebKit/537.36 (KHTML, like Gecko) Chrome/120.0.0.0 Safari/537.36"
103.168.66.237 - - [19/Aug/2026:04:24:09 +0300] "POST /wp-json/batch/v1/ HTTP/1.1" 405 552 "-" "Mozilla/5.0 (Windows NT 10.0; Win64; x64) AppleWebKit/537.36 (KHTML, like Gecko) Chrome/120.0.0.0 Safari/537.36"
103.168.66.237 - - [19/Aug/2026:04:24:09 +0300] "POST /blog/wp-json/batch/v1 HTTP/1.1" 405 552 "-" "Mozilla/5.0 (Windows NT 10.0; Win64; x64) AppleWebKit/537.36 (KHTML, like Gecko) Chrome/120.0.0.0 Safari/537.36"
103.168.66.237 - - [19/Aug/2026:04:24:10 +0300] "POST /wordpress/wp-json/batch/v1 HTTP/1.1" 405 552 "-" "Mozilla/5.0 (Windows NT 10.0; Win64; x64) AppleWebKit/537.36 (KHTML, like Gecko) Chrome/120.0.0.0 Safari/537.36"
103.168.66.237 - - [19/Aug/2026:04:24:10 +0300] "POST /index.php?rest_route=/batch/v1 HTTP/1.1" 405 552 "https://levasheva.ru/wp-admin/" "Mozilla/5.0 (Windows NT 10.0; Win64; x64) AppleWebKit/537.36 (KHTML, like Gecko) Chrome/120.0.0.0 Safari/537.36"
103.168.66.237 - - [19/Aug/2026:04:24:10 +0300] "POST /?rest_route=%2Fbatch%2Fv1 HTTP/1.1" 405 552 "https://levasheva.ru/wp-admin/" "Mozilla/5.0 (Windows NT 10.0; Win64; x64) AppleWebKit/537.36 (KHTML, like Gecko) Chrome/120.0.0.0 Safari/537.36"
103.168.66.237 - - [19/Aug/2026:04:24:10 +0300] "POST /?rest_route=/batch%2Fv1 HTTP/1.1" 405 552 "https://levasheva.ru/wp-admin/" "Mozilla/5.0 (Windows NT 10.0; Win64; x64) AppleWebKit/537.36 (KHTML, like Gecko) Chrome/120.0.0.0 Safari/537.36"
103.168.66.237 - - [19/Aug/2026:04:24:10 +0300] "POST /?rest_route=/batch/v1 HTTP/1.1" 405 552 "https://levasheva.ru/wp-admin/" "Mozilla/5.0 (Windows NT 10.0; Win64; x64) AppleWebKit/537.36 (KHTML, like Gecko) Chrome/120.0.0.0 Safari/537.36"
103.168.66.237 - - [19/Aug/2026:04:24:10 +0300] "POST /wp-json/batch/v1 HTTP/1.1" 405 552 "https://levasheva.ru/wp-admin/" "Mozilla/5.0 (Windows NT 10.0; Win64; x64) AppleWebKit/537.36 (KHTML, like Gecko) Chrome/120.0.0.0 Safari/537.36"
103.168.66.237 - - [19/Aug/2026:04:24:11 +0300] "POST /wp-json/Batch/v1 HTTP/1.1" 405 552 "https://levasheva.ru/wp-admin/" "Mozilla/5.0 (Windows NT 10.0; Win64; x64) AppleWebKit/537.36 (KHTML, like Gecko) Chrome/120.0.0.0 Safari/537.36"
103.168.66.237 - - [19/Aug/2026:04:24:11 +0300] "POST //wp-json/batch/v1 HTTP/1.1" 405 552 "https://levasheva.ru/wp-admin/" "Mozilla/5.0 (Windows NT 10.0; Win64; x64) AppleWebKit/537.36 (KHTML, like Gecko) Chrome/120.0.0.0 Safari/537.36"
103.168.66.237 - - [19/Aug/2026:04:24:11 +0300] "POST /wp-json/batch/v1/ HTTP/1.1" 405 552 "https://levasheva.ru/wp-admin/" "Mozilla/5.0 (Windows NT 10.0; Win64; x64) AppleWebKit/537.36 (KHTML, like Gecko) Chrome/120.0.0.0 Safari/537.36"
103.168.66.237 - - [19/Aug/2026:04:24:11 +0300] "POST /blog/wp-json/batch/v1 HTTP/1.1" 405 552 "https://levasheva.ru/wp-admin/" "Mozilla/5.0 (Windows NT 10.0; Win64; x64) AppleWebKit/537.36 (KHTML, like Gecko) Chrome/120.0.0.0 Safari/537.36"
103.168.66.237 - - [19/Aug/2026:04:24:11 +0300] "POST /wordpress/wp-json/batch/v1 HTTP/1.1" 405 552 "https://levasheva.ru/wp-admin/" "Mozilla/5.0 (Windows NT 10.0; Win64; x64) AppleWebKit/537.36 (KHTML, like Gecko) Chrome/120.0.0.0 Safari/537.36"
103.168.66.237 - - [19/Aug/2026:04:24:11 +0300] "POST /index.php?rest_route=/batch/v1 HTTP/1.1" 405 552 "https://levasheva.ru/wp-admin/" "Mozilla/5.0 (Windows NT 10.0; Win64; x64) AppleWebKit/537.36 (KHTML, like Gecko) Chrome/120.0.0.0 Safari/537.36"
144.76.32.114 - - [19/Aug/2026:04:24:11 +0300] "GET /outlet/201029584 HTTP/1.1" 200 0 "-" "Mozilla/5.0 (compatible; SERankingBacklinksBot/1.0; +https://seranking.com/backlinks-crawler)"
103.168.66.237 - - [19/Aug/2026:04:24:11 +0300] "POST /?rest_route=%2Fbatch%2Fv1 HTTP/1.1" 405 552 "https://levasheva.ru/wp-admin/" "Mozilla/5.0 (Windows NT 10.0; Win64; x64) AppleWebKit/537.36 (KHTML, like Gecko) Chrome/120.0.0.0 Safari/537.36"
103.168.66.237 - - [19/Aug/2026:04:24:12 +0300] "POST /?rest_route=/batch%2Fv1 HTTP/1.1" 405 552 "https://levasheva.ru/wp-admin/" "Mozilla/5.0 (Windows NT 10.0; Win64; x64) AppleWebKit/537.36 (KHTML, like Gecko) Chrome/120.0.0.0 Safari/537.36"
103.168.66.237 - - [19/Aug/2026:04:24:12 +0300] "POST /?rest_route=/batch/v1 HTTP/1.1" 405 552 "https://levasheva.ru/wp-admin/" "Mozilla/5.0 (Windows NT 10.0; Win64; x64) AppleWebKit/537.36 (KHTML, like Gecko) Chrome/120.0.0.0 Safari/537.36"
103.168.66.237 - - [19/Aug/2026:04:24:12 +0300] "POST /wp-json/batch/v1 HTTP/1.1" 405 552 "https://levasheva.ru/wp-admin/" "Mozilla/5.0 (Windows NT 10.0; Win64; x64) AppleWebKit/537.36 (KHTML, like Gecko) Chrome/120.0.0.0 Safari/537.36"
103.168.66.237 - - [19/Aug/2026:04:24:12 +0300] "POST /wp-json/Batch/v1 HTTP/1.1" 405 552 "https://levasheva.ru/wp-admin/" "Mozilla/5.0 (Windows NT 10.0; Win64; x64) AppleWebKit/537.36 (KHTML, like Gecko) Chrome/120.0.0.0 Safari/537.36"
103.168.66.237 - - [19/Aug/2026:04:24:12 +0300] "POST //wp-json/batch/v1 HTTP/1.1" 405 552 "https://levasheva.ru/wp-admin/" "Mozilla/5.0 (Windows NT 10.0; Win64; x64) AppleWebKit/537.36 (KHTML, like Gecko) Chrome/120.0.0.0 Safari/537.36"
103.168.66.237 - - [19/Aug/2026:04:24:12 +0300] "POST /wp-json/batch/v1/ HTTP/1.1" 405 552 "https://levasheva.ru/wp-admin/" "Mozilla/5.0 (Windows NT 10.0; Win64; x64) AppleWebKit/537.36 (KHTML, like Gecko) Chrome/120.0.0.0 Safari/537.36"
103.168.66.237 - - [19/Aug/2026:04:24:12 +0300] "POST /blog/wp-json/batch/v1 HTTP/1.1" 405 552 "https://levasheva.ru/wp-admin/" "Mozilla/5.0 (Windows NT 10.0; Win64; x64) AppleWebKit/537.36 (KHTML, like Gecko) Chrome/120.0.0.0 Safari/537.36"
103.168.66.237 - - [19/Aug/2026:04:24:13 +0300] "POST /wordpress/wp-json/batch/v1 HTTP/1.1" 405 552 "https://levasheva.ru/wp-admin/" "Mozilla/5.0 (Windows NT 10.0; Win64; x64) AppleWebKit/537.36 (KHTML, like Gecko) Chrome/120.0.0.0 Safari/537.36"
103.168.66.237 - - [19/Aug/2026:04:24:13 +0300] "POST /index.php?rest_route=/batch/v1 HTTP/1.1" 405 552 "https://levasheva.ru/wp-admin/" "Mozilla/5.0 (Windows NT 10.0; Win64; x64) AppleWebKit/537.36 (KHTML, like Gecko) Chrome/120.0.0.0 Safari/537.36"
103.168.66.237 - - [19/Aug/2026:04:24:13 +0300] "POST /?rest_route=%2Fbatch%2Fv1 HTTP/1.1" 405 552 "https://levasheva.ru/wp-admin/" "Mozilla/5.0 (Windows NT 10.0; Win64; x64) AppleWebKit/537.36 (KHTML, like Gecko) Chrome/120.0.0.0 Safari/537.36"
103.168.66.237 - - [19/Aug/2026:04:24:13 +0300] "POST /?rest_route=/batch%2Fv1 HTTP/1.1" 405 552 "https://levasheva.ru/wp-admin/" "Mozilla/5.0 (Windows NT 10.0; Win64; x64) AppleWebKit/537.36 (KHTML, like Gecko) Chrome/120.0.0.0 Safari/537.36"
103.168.66.237 - - [19/Aug/2026:04:24:13 +0300] "POST /?rest_route=/batch/v1 HTTP/1.1" 405 552 "https://levasheva.ru/wp-admin/" "Mozilla/5.0 (Windows NT 10.0; Win64; x64) AppleWebKit/537.36 (KHTML, like Gecko) Chrome/120.0.0.0 Safari/537.36"
103.168.66.237 - - [19/Aug/2026:04:24:13 +0300] "POST /wp-json/batch/v1 HTTP/1.1" 405 552 "https://levasheva.ru/wp-admin/" "Mozilla/5.0 (Windows NT 10.0; Win64; x64) AppleWebKit/537.36 (KHTML, like Gecko) Chrome/120.0.0.0 Safari/537.36"
103.168.66.237 - - [19/Aug/2026:04:24:14 +0300] "POST /wp-json/Batch/v1 HTTP/1.1" 405 552 "https://levasheva.ru/wp-admin/" "Mozilla/5.0 (Windows NT 10.0; Win64; x64) AppleWebKit/537.36 (KHTML, like Gecko) Chrome/120.0.0.0 Safari/537.36"
103.168.66.237 - - [19/Aug/2026:04:24:14 +0300] "POST //wp-json/batch/v1 HTTP/1.1" 405 552 "https://levasheva.ru/wp-admin/" "Mozilla/5.0 (Windows NT 10.0; Win64; x64) AppleWebKit/537.36 (KHTML, like Gecko) Chrome/120.0.0.0 Safari/537.36"
103.168.66.237 - - [19/Aug/2026:04:24:14 +0300] "POST /wp-json/batch/v1/ HTTP/1.1" 405 552 "https://levasheva.ru/wp-admin/" "Mozilla/5.0 (Windows NT 10.0; Win64; x64) AppleWebKit/537.36 (KHTML, like Gecko) Chrome/120.0.0.0 Safari/537.36"
103.168.66.237 - - [19/Aug/2026:04:24:14 +0300] "POST /blog/wp-json/batch/v1 HTTP/1.1" 405 552 "https://levasheva.ru/wp-admin/" "Mozilla/5.0 (Windows NT 10.0; Win64; x64) AppleWebKit/537.36 (KHTML, like Gecko) Chrome/120.0.0.0 Safari/537.36"
103.168.66.237 - - [19/Aug/2026:04:24:14 +0300] "POST /wordpress/wp-json/batch/v1 HTTP/1.1" 405 552 "https://levasheva.ru/wp-admin/" "Mozilla/5.0 (Windows NT 10.0; Win64; x64) AppleWebKit/537.36 (KHTML, like Gecko) Chrome/120.0.0.0 Safari/537.36"
103.168.66.237 - - [19/Aug/2026:04:24:14 +0300] "POST /index.php?rest_route=/batch/v1 HTTP/1.1" 405 552 "https://levasheva.ru/wp-admin/" "Mozilla/5.0 (Windows NT 10.0; Win64; x64) AppleWebKit/537.36 (KHTML, like Gecko) Chrome/120.0.0.0 Safari/537.36"
103.168.66.237 - - [19/Aug/2026:04:24:14 +0300] "POST /?rest_route=%2Fbatch%2Fv1 HTTP/1.1" 405 552 "https://levasheva.ru/wp-admin/" "Mozilla/5.0 (Windows NT 10.0; Win64; x64) AppleWebKit/537.36 (KHTML, like Gecko) Chrome/120.0.0.0 Safari/537.36"
103.168.66.237 - - [19/Aug/2026:04:24:15 +0300] "POST /?rest_route=/batch%2Fv1 HTTP/1.1" 405 552 "https://levasheva.ru/wp-admin/" "Mozilla/5.0 (Windows NT 10.0; Win64; x64) AppleWebKit/537.36 (KHTML, like Gecko) Chrome/120.0.0.0 Safari/537.36"
144.76.32.114 - - [19/Aug/2026:04:24:15 +0300] "GET /outlet/201033312 HTTP/1.1" 200 0 "-" "Mozilla/5.0 (compatible; SERankingBacklinksBot/1.0; +https://seranking.com/backlinks-crawler)"
103.168.66.237 - - [19/Aug/2026:04:24:15 +0300] "POST /?rest_route=/batch/v1 HTTP/1.1" 405 552 "https://levasheva.ru/wp-admin/" "Mozilla/5.0 (Windows NT 10.0; Win64; x64) AppleWebKit/537.36 (KHTML, like Gecko) Chrome/120.0.0.0 Safari/537.36"
103.168.66.237 - - [19/Aug/2026:04:24:15 +0300] "POST /wp-json/batch/v1 HTTP/1.1" 405 552 "https://levasheva.ru/wp-admin/" "Mozilla/5.0 (Windows NT 10.0; Win64; x64) AppleWebKit/537.36 (KHTML, like Gecko) Chrome/120.0.0.0 Safari/537.36"
103.168.66.237 - - [19/Aug/2026:04:24:15 +0300] "POST /wp-json/Batch/v1 HTTP/1.1" 405 552 "https://levasheva.ru/wp-admin/" "Mozilla/5.0 (Windows NT 10.0; Win64; x64) AppleWebKit/537.36 (KHTML, like Gecko) Chrome/120.0.0.0 Safari/537.36"
103.168.66.237 - - [19/Aug/2026:04:24:15 +0300] "POST //wp-json/batch/v1 HTTP/1.1" 405 552 "https://levasheva.ru/wp-admin/" "Mozilla/5.0 (Windows NT 10.0; Win64; x64) AppleWebKit/537.36 (KHTML, like Gecko) Chrome/120.0.0.0 Safari/537.36"
103.168.66.237 - - [19/Aug/2026:04:24:15 +0300] "POST /wp-json/batch/v1/ HTTP/1.1" 405 552 "https://levasheva.ru/wp-admin/" "Mozilla/5.0 (Windows NT 10.0; Win64; x64) AppleWebKit/537.36 (KHTML, like Gecko) Chrome/120.0.0.0 Safari/537.36"
103.168.66.237 - - [19/Aug/2026:04:24:15 +0300] "POST /blog/wp-json/batch/v1 HTTP/1.1" 405 552 "https://levasheva.ru/wp-admin/" "Mozilla/5.0 (Windows NT 10.0; Win64; x64) AppleWebKit/537.36 (KHTML, like Gecko) Chrome/120.0.0.0 Safari/537.36"
103.168.66.237 - - [19/Aug/2026:04:24:16 +0300] "POST /wordpress/wp-json/batch/v1 HTTP/1.1" 405 552 "https://levasheva.ru/wp-admin/" "Mozilla/5.0 (Windows NT 10.0; Win64; x64) AppleWebKit/537.36 (KHTML, like Gecko) Chrome/120.0.0.0 Safari/537.36"
103.168.66.237 - - [19/Aug/2026:04:24:16 +0300] "POST /index.php?rest_route=/batch/v1 HTTP/1.1" 405 552 "https://levasheva.ru/wp-admin/" "Mozilla/5.0 (Windows NT 10.0; Win64; x64) AppleWebKit/537.36 (KHTML, like Gecko) Chrome/120.0.0.0 Safari/537.36"
103.168.66.237 - - [19/Aug/2026:04:24:16 +0300] "POST /?rest_route=%2Fbatch%2Fv1 HTTP/1.1" 405 552 "https://levasheva.ru/wp-admin/" "Mozilla/5.0 (Windows NT 10.0; Win64; x64) AppleWebKit/537.36 (KHTML, like Gecko) Chrome/120.0.0.0 Safari/537.36"
103.168.66.237 - - [19/Aug/2026:04:24:16 +0300] "POST /?rest_route=/batch%2Fv1 HTTP/1.1" 405 552 "https://levasheva.ru/wp-admin/" "Mozilla/5.0 (Windows NT 10.0; Win64; x64) AppleWebKit/537.36 (KHTML, like Gecko) Chrome/120.0.0.0 Safari/537.36"
103.168.66.237 - - [19/Aug/2026:04:24:16 +0300] "POST /?rest_route=/batch/v1 HTTP/1.1" 405 552 "https://levasheva.ru/wp-admin/" "Mozilla/5.0 (Windows NT 10.0; Win64; x64) AppleWebKit/537.36 (KHTML, like Gecko) Chrome/120.0.0.0 Safari/537.36"
103.168.66.237 - - [19/Aug/2026:04:24:16 +0300] "POST /wp-json/batch/v1 HTTP/1.1" 405 552 "https://levasheva.ru/wp-admin/" "Mozilla/5.0 (Windows NT 10.0; Win64; x64) AppleWebKit/537.36 (KHTML, like Gecko) Chrome/120.0.0.0 Safari/537.36"
103.168.66.237 - - [19/Aug/2026:04:24:17 +0300] "POST /wp-json/Batch/v1 HTTP/1.1" 405 552 "https://levasheva.ru/wp-admin/" "Mozilla/5.0 (Windows NT 10.0; Win64; x64) AppleWebKit/537.36 (KHTML, like Gecko) Chrome/120.0.0.0 Safari/537.36"
103.168.66.237 - - [19/Aug/2026:04:24:17 +0300] "POST //wp-json/batch/v1 HTTP/1.1" 405 552 "https://levasheva.ru/wp-admin/" "Mozilla/5.0 (Windows NT 10.0; Win64; x64) AppleWebKit/537.36 (KHTML, like Gecko) Chrome/120.0.0.0 Safari/537.36"
103.168.66.237 - - [19/Aug/2026:04:24:17 +0300] "POST /wp-json/batch/v1/ HTTP/1.1" 405 552 "https://levasheva.ru/wp-admin/" "Mozilla/5.0 (Windows NT 10.0; Win64; x64) AppleWebKit/537.36 (KHTML, like Gecko) Chrome/120.0.0.0 Safari/537.36"
103.168.66.237 - - [19/Aug/2026:04:24:17 +0300] "POST /blog/wp-json/batch/v1 HTTP/1.1" 405 552 "https://levasheva.ru/wp-admin/" "Mozilla/5.0 (Windows NT 10.0; Win64; x64) AppleWebKit/537.36 (KHTML, like Gecko) Chrome/120.0.0.0 Safari/537.36"
103.168.66.237 - - [19/Aug/2026:04:24:17 +0300] "POST /wordpress/wp-json/batch/v1 HTTP/1.1" 405 552 "https://levasheva.ru/wp-admin/" "Mozilla/5.0 (Windows NT 10.0; Win64; x64) AppleWebKit/537.36 (KHTML, like Gecko) Chrome/120.0.0.0 Safari/537.36"
103.168.66.237 - - [19/Aug/2026:04:24:17 +0300] "POST /index.php?rest_route=/batch/v1 HTTP/1.1" 405 150 "https://levasheva.ru/wp-admin/" "WordPress/6.4.3"
103.168.66.237 - - [19/Aug/2026:04:24:17 +0300] "POST /?rest_route=%2Fbatch%2Fv1 HTTP/1.1" 405 150 "https://levasheva.ru/wp-admin/" "WordPress/6.4.3"
103.168.66.237 - - [19/Aug/2026:04:24:18 +0300] "POST /?rest_route=/batch%2Fv1 HTTP/1.1" 405 150 "https://levasheva.ru/wp-admin/" "WordPress/6.4.3"
144.76.32.114 - - [19/Aug/2026:04:24:18 +0300] "GET /outlet/201034924 HTTP/1.1" 200 0 "-" "Mozilla/5.0 (compatible; SERankingBacklinksBot/1.0; +https://seranking.com/backlinks-crawler)"
103.168.66.237 - - [19/Aug/2026:04:24:18 +0300] "POST /?rest_route=/batch/v1 HTTP/1.1" 405 150 "https://levasheva.ru/wp-admin/" "WordPress/6.4.3"
103.168.66.237 - - [19/Aug/2026:04:24:18 +0300] "POST /wp-json/batch/v1 HTTP/1.1" 405 150 "https://levasheva.ru/wp-admin/" "WordPress/6.4.3"
103.168.66.237 - - [19/Aug/2026:04:24:18 +0300] "POST /wp-json/Batch/v1 HTTP/1.1" 405 150 "https://levasheva.ru/wp-admin/" "WordPress/6.4.3"
103.168.66.237 - - [19/Aug/2026:04:24:18 +0300] "POST //wp-json/batch/v1 HTTP/1.1" 405 150 "https://levasheva.ru/wp-admin/" "WordPress/6.4.3"
103.168.66.237 - - [19/Aug/2026:04:24:18 +0300] "POST /wp-json/batch/v1/ HTTP/1.1" 405 150 "https://levasheva.ru/wp-admin/" "WordPress/6.4.3"
103.168.66.237 - - [19/Aug/2026:04:24:19 +0300] "POST /blog/wp-json/batch/v1 HTTP/1.1" 405 150 "https://levasheva.ru/wp-admin/" "WordPress/6.4.3"
103.168.66.237 - - [19/Aug/2026:04:24:19 +0300] "POST /wordpress/wp-json/batch/v1 HTTP/1.1" 405 150 "https://levasheva.ru/wp-admin/" "WordPress/6.4.3"
103.168.66.237 - - [19/Aug/2026:04:24:19 +0300] "GET /wp/v2/posts/999999 HTTP/1.1" 200 0 "-" "Mozilla/5.0 (Windows NT 10.0; Win64; x64) AppleWebKit/537.36 (KHTML, like Gecko) Chrome/120.0.0.0 Safari/537.36"
103.168.66.237 - - [19/Aug/2026:04:24:19 +0300] "GET /?rest_route=/wp/v2/posts/999999 HTTP/1.1" 200 0 "-" "Mozilla/5.0 (Windows NT 10.0; Win64; x64) AppleWebKit/537.36 (KHTML, like Gecko) Chrome/120.0.0.0 Safari/537.36"
103.168.66.237 - - [19/Aug/2026:04:24:19 +0300] "GET /wp/v2/pages HTTP/1.1" 200 0 "-" "Mozilla/5.0 (Windows NT 10.0; Win64; x64) AppleWebKit/537.36 (KHTML, like Gecko) Chrome/120.0.0.0 Safari/537.36"
103.168.66.237 - - [19/Aug/2026:04:24:19 +0300] "GET /?rest_route=/wp/v2/pages HTTP/1.1" 200 0 "-" "Mozilla/5.0 (Windows NT 10.0; Win64; x64) AppleWebKit/537.36 (KHTML, like Gecko) Chrome/120.0.0.0 Safari/537.36"
103.168.66.237 - - [19/Aug/2026:04:24:19 +0300] "GET /wp/v2/media HTTP/1.1" 200 0 "-" "Mozilla/5.0 (Windows NT 10.0; Win64; x64) AppleWebKit/537.36 (KHTML, like Gecko) Chrome/120.0.0.0 Safari/537.36"
103.168.66.237 - - [19/Aug/2026:04:24:20 +0300] "GET /?rest_route=/wp/v2/media HTTP/1.1" 200 0 "-" "Mozilla/5.0 (Windows NT 10.0; Win64; x64) AppleWebKit/537.36 (KHTML, like Gecko) Chrome/120.0.0.0 Safari/537.36"
103.168.66.237 - - [19/Aug/2026:04:24:20 +0300] "GET /wp/v2/categories HTTP/1.1" 200 0 "-" "Mozilla/5.0 (Windows NT 10.0; Win64; x64) AppleWebKit/537.36 (KHTML, like Gecko) Chrome/120.0.0.0 Safari/537.36"
103.168.66.237 - - [19/Aug/2026:04:24:20 +0300] "GET /?rest_route=/wp/v2/categories HTTP/1.1" 200 0 "-" "Mozilla/5.0 (Windows NT 10.0; Win64; x64) AppleWebKit/537.36 (KHTML, like Gecko) Chrome/120.0.0.0 Safari/537.36"
103.168.66.237 - - [19/Aug/2026:04:24:20 +0300] "GET /wp/v2/tags HTTP/1.1" 200 0 "-" "Mozilla/5.0 (Windows NT 10.0; Win64; x64) AppleWebKit/537.36 (KHTML, like Gecko) Chrome/120.0.0.0 Safari/537.36"
103.168.66.237 - - [19/Aug/2026:04:24:20 +0300] "GET /?rest_route=/wp/v2/tags HTTP/1.1" 200 0 "-" "Mozilla/5.0 (Windows NT 10.0; Win64; x64) AppleWebKit/537.36 (KHTML, like Gecko) Chrome/120.0.0.0 Safari/537.36"
103.168.66.237 - - [19/Aug/2026:04:24:20 +0300] "GET /wp/v2/posts/999998 HTTP/1.1" 200 0 "-" "Mozilla/5.0 (Windows NT 10.0; Win64; x64) AppleWebKit/537.36 (KHTML, like Gecko) Chrome/120.0.0.0 Safari/537.36"
103.168.66.237 - - [19/Aug/2026:04:24:20 +0300] "GET /?rest_route=/wp/v2/posts/999998 HTTP/1.1" 200 0 "-" "Mozilla/5.0 (Windows NT 10.0; Win64; x64) AppleWebKit/537.36 (KHTML, like Gecko) Chrome/120.0.0.0 Safari/537.36"
103.168.66.237 - - [19/Aug/2026:04:24:21 +0300] "GET /wp/v2/posts/99999 HTTP/1.1" 200 0 "-" "Mozilla/5.0 (Windows NT 10.0; Win64; x64) AppleWebKit/537.36 (KHTML, like Gecko) Chrome/120.0.0.0 Safari/537.36"
103.168.66.237 - - [19/Aug/2026:04:24:21 +0300] "GET /?rest_route=/wp/v2/posts/99999 HTTP/1.1" 200 0 "-" "Mozilla/5.0 (Windows NT 10.0; Win64; x64) AppleWebKit/537.36 (KHTML, like Gecko) Chrome/120.0.0.0 Safari/537.36"
144.76.32.114 - - [19/Aug/2026:04:24:21 +0300] "GET /outlet/201036712 HTTP/1.1" 200 0 "-" "Mozilla/5.0 (compatible; SERankingBacklinksBot/1.0; +https://seranking.com/backlinks-crawler)"
103.168.66.237 - - [19/Aug/2026:04:24:21 +0300] "GET /wp/v2/posts/9999999 HTTP/1.1" 200 0 "-" "Mozilla/5.0 (Windows NT 10.0; Win64; x64) AppleWebKit/537.36 (KHTML, like Gecko) Chrome/120.0.0.0 Safari/537.36"
103.168.66.237 - - [19/Aug/2026:04:24:21 +0300] "GET /?rest_route=/wp/v2/posts/9999999 HTTP/1.1" 200 0 "-" "Mozilla/5.0 (Windows NT 10.0; Win64; x64) AppleWebKit/537.36 (KHTML, like Gecko) Chrome/120.0.0.0 Safari/537.36"
103.168.66.237 - - [19/Aug/2026:04:24:21 +0300] "GET /wp/v2/users HTTP/1.1" 200 0 "-" "Mozilla/5.0 (Windows NT 10.0; Win64; x64) AppleWebKit/537.36 (KHTML, like Gecko) Chrome/120.0.0.0 Safari/537.36"
103.168.66.237 - - [19/Aug/2026:04:24:21 +0300] "GET /?rest_route=/wp/v2/users HTTP/1.1" 200 0 "-" "Mozilla/5.0 (Windows NT 10.0; Win64; x64) AppleWebKit/537.36 (KHTML, like Gecko) Chrome/120.0.0.0 Safari/537.36"
103.168.66.237 - - [19/Aug/2026:04:24:22 +0300] "GET /wp-json/gravitysmtp/v1/tests/mock-data?page=gravitysmtp-settings HTTP/1.1" 200 0 "-" "Mozilla/5.0 (Windows NT 10.0; Win64; x64) AppleWebKit/537.36 (KHTML, like Gecko) Chrome/120.0.0.0 Safari/537.36"
103.168.66.237 - - [19/Aug/2026:04:24:22 +0300] "GET /?rest_route=/gravitysmtp/v1/tests/mock-data&page=gravitysmtp-settings HTTP/1.1" 200 0 "-" "Mozilla/5.0 (Macintosh; Intel Mac OS X 10_15_7) AppleWebKit/605.1.15 (KHTML, like Gecko) Version/17.0 Safari/605.1.15"
89.104.66.67 - - [19/Aug/2026:04:24:22 +0300] "GET https://levasheva.ru/ HTTP/1.1" 200 0 "-" "https://reg.ru monitoring abuse@reg.ru"
103.168.66.237 - - [19/Aug/2026:04:24:22 +0300] "GET /wp-json/gravitysmtp/v1/tests/mock-data?page=gravitysmtp-connections HTTP/1.1" 200 0 "-" "Mozilla/5.0 (X11; Linux x86_64; rv:121.0) Gecko/20100101 Firefox/121.0"
103.168.66.237 - - [19/Aug/2026:04:24:22 +0300] "GET /?rest_route=/gravitysmtp/v1/tests/mock-data&page=gravitysmtp-connections HTTP/1.1" 200 0 "-" "Mozilla/5.0 (Windows NT 10.0; Win64; x64; rv:121.0) Gecko/20100101 Firefox/121.0"
103.168.66.237 - - [19/Aug/2026:04:24:22 +0300] "GET /index.php?rest_route=/gravitysmtp/v1/tests/mock-data&page=gravitysmtp-settings HTTP/1.1" 200 0 "-" "Mozilla/5.0 (iPhone; CPU iPhone OS 17_0 like Mac OS X) AppleWebKit/605.1.15 (KHTML, like Gecko) Version/17.0 Mobile/15E148 Safari/604.1"
103.168.66.237 - - [19/Aug/2026:04:24:22 +0300] "GET / HTTP/1.1" 200 0 "-" "Mozilla/5.0 (Windows NT 10.0; Win64; x64) AppleWebKit/537.36 (KHTML, like Gecko) Chrome/131.0.0.0 Safari/537.36"
103.168.66.237 - - [19/Aug/2026:04:24:22 +0300] "GET /wp-json/gravitysmtp/v1/tests/mock-data HTTP/1.1" 200 0 "-" "Mozilla/5.0 (Linux; Android 13; SM-S918B) AppleWebKit/537.36 (KHTML, like Gecko) Chrome/120.0.0.0 Mobile Safari/537.36"
103.168.66.237 - - [19/Aug/2026:04:24:22 +0300] "POST / HTTP/1.1" 405 552 "-" "Mozilla/5.0 (Windows NT 10.0; Win64; x64) Chrome/120.0.0.0"
103.168.66.237 - - [19/Aug/2026:04:24:22 +0300] "GET /livewire/update HTTP/1.1" 200 0 "-" "Mozilla/5.0"
103.168.66.237 - - [19/Aug/2026:04:24:22 +0300] "POST / HTTP/1.1" 405 552 "-" "Mozilla/5.0 (Windows NT 10.0; Win64; x64) Chrome/120.0.0.0"
103.168.66.237 - - [19/Aug/2026:04:24:23 +0300] "POST / HTTP/1.1" 405 552 "-" "Mozilla/5.0 (Windows NT 10.0; Win64; x64) Chrome/120.0.0.0"
103.168.66.237 - - [19/Aug/2026:04:24:23 +0300] "POST / HTTP/1.1" 405 552 "-" "Mozilla/5.0 (Windows NT 10.0; Win64; x64) Chrome/120.0.0.0"
103.168.66.237 - - [19/Aug/2026:04:24:23 +0300] "POST / HTTP/1.1" 405 552 "-" "Mozilla/5.0 (Windows NT 10.0; Win64; x64) Chrome/120.0.0.0"
103.168.66.237 - - [19/Aug/2026:04:24:23 +0300] "POST / HTTP/1.1" 405 552 "-" "Mozilla/5.0 (Windows NT 10.0; Win64; x64) Chrome/120.0.0.0"
103.168.66.237 - - [19/Aug/2026:04:24:23 +0300] "POST / HTTP/1.1" 405 552 "-" "Mozilla/5.0 (Windows NT 10.0; Win64; x64) Chrome/120.0.0.0"
103.168.66.237 - - [19/Aug/2026:04:24:23 +0300] "POST / HTTP/1.1" 405 552 "-" "Mozilla/5.0 (Windows NT 10.0; Win64; x64) Chrome/120.0.0.0"
103.168.66.237 - - [19/Aug/2026:04:24:24 +0300] "POST / HTTP/1.1" 405 552 "-" "Mozilla/5.0 (Windows NT 10.0; Win64; x64) Chrome/120.0.0.0"
103.168.66.237 - - [19/Aug/2026:04:24:24 +0300] "POST / HTTP/1.1" 405 552 "-" "Mozilla/5.0 (Windows NT 10.0; Win64; x64) Chrome/120.0.0.0"
103.168.66.237 - - [19/Aug/2026:04:24:24 +0300] "POST / HTTP/1.1" 405 552 "-" "Mozilla/5.0 (Windows NT 10.0; Win64; x64) Chrome/120.0.0.0"
144.76.32.114 - - [19/Aug/2026:04:24:24 +0300] "GET /outlet/298008367 HTTP/1.1" 200 0 "-" "Mozilla/5.0 (compatible; SERankingBacklinksBot/1.0; +https://seranking.com/backlinks-crawler)"
103.168.66.237 - - [19/Aug/2026:04:24:24 +0300] "POST / HTTP/1.1" 405 552 "-" "Mozilla/5.0 (Windows NT 10.0; Win64; x64) Chrome/120.0.0.0"
103.168.66.237 - - [19/Aug/2026:04:24:24 +0300] "POST / HTTP/1.1" 405 552 "-" "Mozilla/5.0 (Windows NT 10.0; Win64; x64) Chrome/120.0.0.0"
103.168.66.237 - - [19/Aug/2026:04:24:24 +0300] "POST / HTTP/1.1" 405 552 "-" "Mozilla/5.0 (Windows NT 10.0; Win64; x64) Chrome/120.0.0.0"
103.168.66.237 - - [19/Aug/2026:04:24:25 +0300] "POST / HTTP/1.1" 405 552 "-" "Mozilla/5.0 (Windows NT 10.0; Win64; x64) Chrome/120.0.0.0"
103.168.66.237 - - [19/Aug/2026:04:24:25 +0300] "POST / HTTP/1.1" 405 552 "-" "Mozilla/5.0 (Windows NT 10.0; Win64; x64) Chrome/120.0.0.0"
103.168.66.237 - - [19/Aug/2026:04:24:25 +0300] "POST / HTTP/1.1" 405 552 "-" "Mozilla/5.0 (Windows NT 10.0; Win64; x64) Chrome/120.0.0.0"
103.168.66.237 - - [19/Aug/2026:04:24:25 +0300] "POST / HTTP/1.1" 405 552 "-" "Mozilla/5.0 (Windows NT 10.0; Win64; x64) Chrome/120.0.0.0"
192.185.176.178 - - [19/Aug/2026:04:24:25 +0300] "GET /wp-login.php HTTP/2.0" 200 0 "-" "Mozilla/5.0 (Windows NT 10.0; Win64; x64) AppleWebKit/537.36 (KHTML, like Gecko) Chrome/149.0.0.0 Safari/537.36"
103.168.66.237 - - [19/Aug/2026:04:24:25 +0300] "POST / HTTP/1.1" 405 552 "-" "Mozilla/5.0 (Windows NT 10.0; Win64; x64) Chrome/120.0.0.0"
103.168.66.237 - - [19/Aug/2026:04:24:25 +0300] "POST / HTTP/1.1" 405 552 "-" "Mozilla/5.0 (Windows NT 10.0; Win64; x64) Chrome/120.0.0.0"
103.168.66.237 - - [19/Aug/2026:04:24:26 +0300] "POST / HTTP/1.1" 405 552 "-" "Mozilla/5.0 (Windows NT 10.0; Win64; x64) Chrome/120.0.0.0"
103.168.66.237 - - [19/Aug/2026:04:24:26 +0300] "POST / HTTP/1.1" 405 552 "-" "Mozilla/5.0 (Windows NT 10.0; Win64; x64) Chrome/120.0.0.0"
103.168.66.237 - - [19/Aug/2026:04:24:26 +0300] "POST / HTTP/1.1" 405 552 "-" "Mozilla/5.0 (Windows NT 10.0; Win64; x64) Chrome/120.0.0.0"
103.168.66.237 - - [19/Aug/2026:04:24:26 +0300] "POST / HTTP/1.1" 405 552 "-" "Mozilla/5.0 (Windows NT 10.0; Win64; x64) Chrome/120.0.0.0"
103.168.66.237 - - [19/Aug/2026:04:24:26 +0300] "POST / HTTP/1.1" 405 552 "-" "Mozilla/5.0 (Windows NT 10.0; Win64; x64) Chrome/120.0.0.0"
103.168.66.237 - - [19/Aug/2026:04:24:26 +0300] "POST / HTTP/1.1" 405 552 "-" "Mozilla/5.0 (Windows NT 10.0; Win64; x64) Chrome/120.0.0.0"
103.168.66.237 - - [19/Aug/2026:04:24:27 +0300] "POST / HTTP/1.1" 405 552 "-" "Mozilla/5.0 (Windows NT 10.0; Win64; x64) Chrome/120.0.0.0"
103.168.66.237 - - [19/Aug/2026:04:24:27 +0300] "POST / HTTP/1.1" 405 552 "-" "Mozilla/5.0 (Windows NT 10.0; Win64; x64) Chrome/120.0.0.0"
66.249.66.203 - - [19/Aug/2026:04:24:27 +0300] "GET /outlet/029000230 HTTP/1.1" 200 0 "-" "Mozilla/5.0 (Linux; Android 6.0.1; Nexus 5X Build/MMB29P) AppleWebKit/537.36 (KHTML, like Gecko) Chrome/151.0.7922.137 Mobile Safari/537.36 (compatible; Googlebot/2.1; +http://www.google.com/bot.html)"
103.168.66.237 - - [19/Aug/2026:04:24:27 +0300] "POST / HTTP/1.1" 405 552 "-" "Mozilla/5.0 (Windows NT 10.0; Win64; x64) Chrome/120.0.0.0"
103.168.66.237 - - [19/Aug/2026:04:24:27 +0300] "POST / HTTP/1.1" 405 552 "-" "Mozilla/5.0 (Windows NT 10.0; Win64; x64) Chrome/120.0.0.0"
144.76.32.114 - - [19/Aug/2026:04:24:27 +0300] "GET /outlet/201039132 HTTP/1.1" 200 0 "-" "Mozilla/5.0 (compatible; SERankingBacklinksBot/1.0; +https://seranking.com/backlinks-crawler)"
103.168.66.237 - - [19/Aug/2026:04:24:27 +0300] "POST / HTTP/1.1" 405 552 "-" "Mozilla/5.0 (Windows NT 10.0; Win64; x64) Chrome/120.0.0.0"
103.168.66.237 - - [19/Aug/2026:04:24:27 +0300] "POST / HTTP/1.1" 405 552 "-" "Mozilla/5.0 (Windows NT 10.0; Win64; x64) Chrome/120.0.0.0"
103.168.66.237 - - [19/Aug/2026:04:24:27 +0300] "POST / HTTP/1.1" 405 552 "-" "Mozilla/5.0 (Windows NT 10.0; Win64; x64) Chrome/120.0.0.0"
103.168.66.237 - - [19/Aug/2026:04:24:28 +0300] "POST / HTTP/1.1" 405 552 "-" "Mozilla/5.0 (Windows NT 10.0; Win64; x64) Chrome/120.0.0.0"
103.168.66.237 - - [19/Aug/2026:04:24:28 +0300] "POST / HTTP/1.1" 405 552 "-" "Mozilla/5.0 (Windows NT 10.0; Win64; x64) Chrome/120.0.0.0"
103.168.66.237 - - [19/Aug/2026:04:24:28 +0300] "POST / HTTP/1.1" 405 552 "-" "Mozilla/5.0 (Windows NT 10.0; Win64; x64) Chrome/120.0.0.0"
103.168.66.237 - - [19/Aug/2026:04:24:28 +0300] "POST / HTTP/1.1" 405 552 "-" "Mozilla/5.0 (Windows NT 10.0; Win64; x64) Chrome/120.0.0.0"
103.168.66.237 - - [19/Aug/2026:04:24:28 +0300] "POST / HTTP/1.1" 405 552 "-" "Mozilla/5.0 (Windows NT 10.0; Win64; x64) Chrome/120.0.0.0"
103.168.66.237 - - [19/Aug/2026:04:24:28 +0300] "POST / HTTP/1.1" 405 552 "-" "Mozilla/5.0 (Windows NT 10.0; Win64; x64) Chrome/120.0.0.0"
103.168.66.237 - - [19/Aug/2026:04:24:29 +0300] "POST / HTTP/1.1" 405 552 "-" "Mozilla/5.0 (Windows NT 10.0; Win64; x64) Chrome/120.0.0.0"
103.168.66.237 - - [19/Aug/2026:04:24:29 +0300] "POST / HTTP/1.1" 405 552 "-" "Mozilla/5.0 (Windows NT 10.0; Win64; x64) Chrome/120.0.0.0"
103.168.66.237 - - [19/Aug/2026:04:24:29 +0300] "POST / HTTP/1.1" 405 552 "-" "Mozilla/5.0 (Windows NT 10.0; Win64; x64) Chrome/120.0.0.0"
103.168.66.237 - - [19/Aug/2026:04:24:29 +0300] "POST / HTTP/1.1" 405 552 "-" "Mozilla/5.0 (Windows NT 10.0; Win64; x64) Chrome/120.0.0.0"
103.168.66.237 - - [19/Aug/2026:04:24:29 +0300] "POST / HTTP/1.1" 405 552 "-" "Mozilla/5.0 (Windows NT 10.0; Win64; x64) Chrome/120.0.0.0"
103.168.66.237 - - [19/Aug/2026:04:24:29 +0300] "POST / HTTP/1.1" 405 552 "-" "Mozilla/5.0 (Windows NT 10.0; Win64; x64) Chrome/120.0.0.0"
103.168.66.237 - - [19/Aug/2026:04:24:29 +0300] "POST / HTTP/1.1" 405 552 "-" "Mozilla/5.0 (Windows NT 10.0; Win64; x64) Chrome/120.0.0.0"
103.168.66.237 - - [19/Aug/2026:04:24:30 +0300] "POST / HTTP/1.1" 405 552 "-" "Mozilla/5.0 (Windows NT 10.0; Win64; x64) Chrome/120.0.0.0"
103.168.66.237 - - [19/Aug/2026:04:24:30 +0300] "POST / HTTP/1.1" 405 552 "-" "Mozilla/5.0 (Windows NT 10.0; Win64; x64) Chrome/120.0.0.0"
103.168.66.237 - - [19/Aug/2026:04:24:30 +0300] "POST / HTTP/1.1" 405 552 "-" "Mozilla/5.0 (Windows NT 10.0; Win64; x64) Chrome/120.0.0.0"
103.168.66.237 - - [19/Aug/2026:04:24:30 +0300] "POST / HTTP/1.1" 405 552 "-" "Mozilla/5.0 (Windows NT 10.0; Win64; x64) Chrome/120.0.0.0"
144.76.32.114 - - [19/Aug/2026:04:24:30 +0300] "GET /outlet/201039178 HTTP/1.1" 200 0 "-" "Mozilla/5.0 (compatible; SERankingBacklinksBot/1.0; +https://seranking.com/backlinks-crawler)"
103.168.66.237 - - [19/Aug/2026:04:24:30 +0300] "POST / HTTP/1.1" 405 552 "-" "Mozilla/5.0 (Windows NT 10.0; Win64; x64) Chrome/120.0.0.0"
103.168.66.237 - - [19/Aug/2026:04:24:30 +0300] "POST / HTTP/1.1" 405 552 "-" "Mozilla/5.0 (Windows NT 10.0; Win64; x64) Chrome/120.0.0.0"
103.168.66.237 - - [19/Aug/2026:04:24:31 +0300] "POST / HTTP/1.1" 405 552 "-" "Mozilla/5.0 (Windows NT 10.0; Win64; x64) Chrome/120.0.0.0"
103.168.66.237 - - [19/Aug/2026:04:24:31 +0300] "POST / HTTP/1.1" 405 552 "-" "Mozilla/5.0 (Windows NT 10.0; Win64; x64) Chrome/120.0.0.0"
103.168.66.237 - - [19/Aug/2026:04:24:31 +0300] "POST / HTTP/1.1" 405 552 "-" "Mozilla/5.0 (Windows NT 10.0; Win64; x64) Chrome/120.0.0.0"
103.168.66.237 - - [19/Aug/2026:04:24:31 +0300] "POST / HTTP/1.1" 405 552 "-" "Mozilla/5.0 (Windows NT 10.0; Win64; x64) Chrome/120.0.0.0"
103.168.66.237 - - [19/Aug/2026:04:24:31 +0300] "POST / HTTP/1.1" 405 552 "-" "Mozilla/5.0 (Windows NT 10.0; Win64; x64) Chrome/120.0.0.0"
103.168.66.237 - - [19/Aug/2026:04:24:31 +0300] "POST / HTTP/1.1" 405 552 "-" "Mozilla/5.0 (Windows NT 10.0; Win64; x64) Chrome/120.0.0.0"
103.168.66.237 - - [19/Aug/2026:04:24:31 +0300] "POST / HTTP/1.1" 405 552 "-" "Mozilla/5.0 (Windows NT 10.0; Win64; x64) Chrome/120.0.0.0"
103.168.66.237 - - [19/Aug/2026:04:24:32 +0300] "POST / HTTP/1.1" 405 552 "-" "Mozilla/5.0 (Windows NT 10.0; Win64; x64) Chrome/120.0.0.0"
103.168.66.237 - - [19/Aug/2026:04:24:32 +0300] "POST / HTTP/1.1" 405 552 "-" "Mozilla/5.0 (Windows NT 10.0; Win64; x64) Chrome/120.0.0.0"
103.168.66.237 - - [19/Aug/2026:04:24:32 +0300] "POST / HTTP/1.1" 405 552 "-" "Mozilla/5.0 (Windows NT 10.0; Win64; x64) Chrome/120.0.0.0"
103.168.66.237 - - [19/Aug/2026:04:24:32 +0300] "POST / HTTP/1.1" 405 552 "-" "Mozilla/5.0 (Windows NT 10.0; Win64; x64) Chrome/120.0.0.0"
103.168.66.237 - - [19/Aug/2026:04:24:32 +0300] "POST / HTTP/1.1" 405 552 "-" "Mozilla/5.0 (Windows NT 10.0; Win64; x64) Chrome/120.0.0.0"
103.168.66.237 - - [19/Aug/2026:04:24:32 +0300] "POST / HTTP/1.1" 405 552 "-" "Mozilla/5.0 (Windows NT 10.0; Win64; x64) Chrome/120.0.0.0"
103.168.66.237 - - [19/Aug/2026:04:24:33 +0300] "POST / HTTP/1.1" 405 552 "-" "Mozilla/5.0 (Windows NT 10.0; Win64; x64) Chrome/120.0.0.0"
103.168.66.237 - - [19/Aug/2026:04:24:34 +0300] "POST / HTTP/1.1" 405 552 "-" "Mozilla/5.0 (Windows NT 10.0; Win64; x64) Chrome/120.0.0.0"
103.168.66.237 - - [19/Aug/2026:04:24:34 +0300] "POST / HTTP/1.1" 405 552 "-" "Mozilla/5.0 (Windows NT 10.0; Win64; x64) Chrome/120.0.0.0"
144.76.32.114 - - [19/Aug/2026:04:24:35 +0300] "GET /outlet/201039456 HTTP/1.1" 200 0 "-" "Mozilla/5.0 (compatible; SERankingBacklinksBot/1.0; +https://seranking.com/backlinks-crawler)"
103.168.66.237 - - [19/Aug/2026:04:24:35 +0300] "POST / HTTP/1.1" 405 552 "-" "Mozilla/5.0 (Windows NT 10.0; Win64; x64) Chrome/120.0.0.0"
103.168.66.237 - - [19/Aug/2026:04:24:35 +0300] "POST / HTTP/1.1" 405 552 "-" "Mozilla/5.0 (Windows NT 10.0; Win64; x64) Chrome/120.0.0.0"
103.168.66.237 - - [19/Aug/2026:04:24:36 +0300] "POST / HTTP/1.1" 405 552 "-" "Mozilla/5.0 (Windows NT 10.0; Win64; x64) Chrome/120.0.0.0"
103.168.66.237 - - [19/Aug/2026:04:24:36 +0300] "POST / HTTP/1.1" 405 552 "-" "Mozilla/5.0 (Windows NT 10.0; Win64; x64) Chrome/120.0.0.0"
103.168.66.237 - - [19/Aug/2026:04:24:36 +0300] "POST / HTTP/1.1" 405 552 "-" "Mozilla/5.0 (Windows NT 10.0; Win64; x64) Chrome/120.0.0.0"
103.168.66.237 - - [19/Aug/2026:04:24:36 +0300] "POST / HTTP/1.1" 405 552 "-" "Mozilla/5.0 (Windows NT 10.0; Win64; x64) Chrome/120.0.0.0"
103.168.66.237 - - [19/Aug/2026:04:24:36 +0300] "POST / HTTP/1.1" 405 552 "-" "Mozilla/5.0 (Windows NT 10.0; Win64; x64) Chrome/120.0.0.0"
103.168.66.237 - - [19/Aug/2026:04:24:36 +0300] "POST / HTTP/1.1" 405 552 "-" "Mozilla/5.0 (Windows NT 10.0; Win64; x64) Chrome/120.0.0.0"
103.168.66.237 - - [19/Aug/2026:04:24:36 +0300] "POST / HTTP/1.1" 405 552 "-" "Mozilla/5.0 (Windows NT 10.0; Win64; x64) Chrome/120.0.0.0"
103.168.66.237 - - [19/Aug/2026:04:24:37 +0300] "POST / HTTP/1.1" 405 552 "-" "Mozilla/5.0 (Windows NT 10.0; Win64; x64) Chrome/120.0.0.0"
103.168.66.237 - - [19/Aug/2026:04:24:37 +0300] "POST / HTTP/1.1" 405 552 "-" "Mozilla/5.0 (Windows NT 10.0; Win64; x64) Chrome/120.0.0.0"
103.168.66.237 - - [19/Aug/2026:04:24:37 +0300] "POST / HTTP/1.1" 405 552 "-" "Mozilla/5.0 (Windows NT 10.0; Win64; x64) Chrome/120.0.0.0"
103.168.66.237 - - [19/Aug/2026:04:24:37 +0300] "POST / HTTP/1.1" 405 552 "-" "Mozilla/5.0 (Windows NT 10.0; Win64; x64) Chrome/120.0.0.0"
103.168.66.237 - - [19/Aug/2026:04:24:37 +0300] "POST / HTTP/1.1" 405 552 "-" "Mozilla/5.0 (Windows NT 10.0; Win64; x64) Chrome/120.0.0.0"
144.76.32.114 - - [19/Aug/2026:04:24:38 +0300] "GET /outlet/201040324 HTTP/1.1" 200 0 "-" "Mozilla/5.0 (compatible; SERankingBacklinksBot/1.0; +https://seranking.com/backlinks-crawler)"
103.168.66.237 - - [19/Aug/2026:04:24:38 +0300] "POST / HTTP/1.1" 405 552 "-" "Mozilla/5.0 (Windows NT 10.0; Win64; x64) Chrome/120.0.0.0"
103.168.66.237 - - [19/Aug/2026:04:24:38 +0300] "POST / HTTP/1.1" 405 552 "-" "Mozilla/5.0 (Windows NT 10.0; Win64; x64) Chrome/120.0.0.0"
103.168.66.237 - - [19/Aug/2026:04:24:39 +0300] "POST / HTTP/1.1" 405 552 "-" "Mozilla/5.0 (Windows NT 10.0; Win64; x64) Chrome/120.0.0.0"
103.168.66.237 - - [19/Aug/2026:04:24:39 +0300] "POST / HTTP/1.1" 405 552 "-" "Mozilla/5.0 (Windows NT 10.0; Win64; x64) Chrome/120.0.0.0"
103.168.66.237 - - [19/Aug/2026:04:24:39 +0300] "POST / HTTP/1.1" 405 552 "-" "Mozilla/5.0 (Windows NT 10.0; Win64; x64) Chrome/120.0.0.0"
103.168.66.237 - - [19/Aug/2026:04:24:39 +0300] "POST / HTTP/1.1" 405 552 "-" "Mozilla/5.0 (Windows NT 10.0; Win64; x64) Chrome/120.0.0.0"
103.168.66.237 - - [19/Aug/2026:04:24:39 +0300] "POST / HTTP/1.1" 405 552 "-" "Mozilla/5.0 (Windows NT 10.0; Win64; x64) Chrome/120.0.0.0"
103.168.66.237 - - [19/Aug/2026:04:24:40 +0300] "POST / HTTP/1.1" 405 552 "-" "Mozilla/5.0 (Windows NT 10.0; Win64; x64) Chrome/120.0.0.0"
103.168.66.237 - - [19/Aug/2026:04:24:40 +0300] "POST / HTTP/1.1" 405 552 "-" "Mozilla/5.0 (Windows NT 10.0; Win64; x64) Chrome/120.0.0.0"
103.168.66.237 - - [19/Aug/2026:04:24:40 +0300] "POST / HTTP/1.1" 405 552 "-" "Mozilla/5.0 (Windows NT 10.0; Win64; x64) Chrome/120.0.0.0"
103.168.66.237 - - [19/Aug/2026:04:24:41 +0300] "POST / HTTP/1.1" 405 552 "-" "Mozilla/5.0 (Windows NT 10.0; Win64; x64) Chrome/120.0.0.0"
103.168.66.237 - - [19/Aug/2026:04:24:41 +0300] "POST / HTTP/1.1" 405 552 "-" "Mozilla/5.0 (Windows NT 10.0; Win64; x64) Chrome/120.0.0.0"
103.168.66.237 - - [19/Aug/2026:04:24:41 +0300] "POST / HTTP/1.1" 405 552 "-" "Mozilla/5.0 (Windows NT 10.0; Win64; x64) Chrome/120.0.0.0"
103.168.66.237 - - [19/Aug/2026:04:24:42 +0300] "POST / HTTP/1.1" 405 552 "-" "Mozilla/5.0 (Windows NT 10.0; Win64; x64) Chrome/120.0.0.0"
144.76.32.114 - - [19/Aug/2026:04:24:42 +0300] "GET /outlet/201040368 HTTP/1.1" 200 0 "-" "Mozilla/5.0 (compatible; SERankingBacklinksBot/1.0; +https://seranking.com/backlinks-crawler)"
103.168.66.237 - - [19/Aug/2026:04:24:42 +0300] "POST / HTTP/1.1" 405 552 "-" "Mozilla/5.0 (Windows NT 10.0; Win64; x64) Chrome/120.0.0.0"
103.168.66.237 - - [19/Aug/2026:04:24:42 +0300] "POST / HTTP/1.1" 405 552 "-" "Mozilla/5.0 (Windows NT 10.0; Win64; x64) Chrome/120.0.0.0"
103.168.66.237 - - [19/Aug/2026:04:24:42 +0300] "POST / HTTP/1.1" 405 552 "-" "Mozilla/5.0 (Windows NT 10.0; Win64; x64) Chrome/120.0.0.0"
103.168.66.237 - - [19/Aug/2026:04:24:42 +0300] "POST / HTTP/1.1" 405 552 "-" "Mozilla/5.0 (Windows NT 10.0; Win64; x64) Chrome/120.0.0.0"
103.168.66.237 - - [19/Aug/2026:04:24:42 +0300] "POST / HTTP/1.1" 405 552 "-" "Mozilla/5.0 (Windows NT 10.0; Win64; x64) Chrome/120.0.0.0"
103.168.66.237 - - [19/Aug/2026:04:24:42 +0300] "POST / HTTP/1.1" 405 552 "-" "Mozilla/5.0 (Windows NT 10.0; Win64; x64) Chrome/120.0.0.0"
