144.76.32.114 - - [19/Aug/2026:00:34:36 +0300] "GET /outlet/026001401 HTTP/1.1" 200 0 "-" "Mozilla/5.0 (compatible; SERankingBacklinksBot/1.0; +https://seranking.com/backlinks-crawler)"
144.76.32.114 - - [19/Aug/2026:00:34:39 +0300] "GET /outlet/026001703 HTTP/1.1" 200 0 "-" "Mozilla/5.0 (compatible; SERankingBacklinksBot/1.0; +https://seranking.com/backlinks-crawler)"
144.76.32.114 - - [19/Aug/2026:00:34:42 +0300] "GET /outlet/026001923 HTTP/1.1" 200 0 "-" "Mozilla/5.0 (compatible; SERankingBacklinksBot/1.0; +https://seranking.com/backlinks-crawler)"
172.238.58.237 - - [19/Aug/2026:00:34:43 +0300] "GET / HTTP/2.0" 200 0 "-" "Mozilla/5.0 (Windows NT 10.0; Win64; x64) AppleWebKit/537.36"
172.238.58.237 - - [19/Aug/2026:00:34:43 +0300] "POST /?rest_route=/batch/v1 HTTP/2.0" 405 150 "-" "Mozilla/5.0 (Windows NT 10.0; Win64; x64) AppleWebKit/537.36"
172.238.58.237 - - [19/Aug/2026:00:34:44 +0300] "POST /?rest_route=/batch/v1 HTTP/2.0" 405 150 "-" "Mozilla/5.0 (Windows NT 10.0; Win64; x64) AppleWebKit/537.36"
172.238.58.237 - - [19/Aug/2026:00:34:45 +0300] "POST /?rest_route=/batch/v1 HTTP/2.0" 405 150 "-" "Mozilla/5.0 (Windows NT 10.0; Win64; x64) AppleWebKit/537.36"
144.76.32.114 - - [19/Aug/2026:00:34:45 +0300] "GET /outlet/026002521 HTTP/1.1" 200 0 "-" "Mozilla/5.0 (compatible; SERankingBacklinksBot/1.0; +https://seranking.com/backlinks-crawler)"
172.238.58.237 - - [19/Aug/2026:00:34:46 +0300] "POST /?rest_route=/batch/v1 HTTP/2.0" 405 150 "-" "Mozilla/5.0 (Windows NT 10.0; Win64; x64) AppleWebKit/537.36"
144.76.32.114 - - [19/Aug/2026:00:34:49 +0300] "GET /outlet/026004321 HTTP/1.1" 200 0 "-" "Mozilla/5.0 (compatible; SERankingBacklinksBot/1.0; +https://seranking.com/backlinks-crawler)"
144.76.32.114 - - [19/Aug/2026:00:34:52 +0300] "GET /outlet/026006131 HTTP/1.1" 200 0 "-" "Mozilla/5.0 (compatible; SERankingBacklinksBot/1.0; +https://seranking.com/backlinks-crawler)"
144.76.32.114 - - [19/Aug/2026:00:34:55 +0300] "GET /outlet/026009047 HTTP/1.1" 200 0 "-" "Mozilla/5.0 (compatible; SERankingBacklinksBot/1.0; +https://seranking.com/backlinks-crawler)"
144.76.32.114 - - [19/Aug/2026:00:34:58 +0300] "GET /outlet/026009999 HTTP/1.1" 200 0 "-" "Mozilla/5.0 (compatible; SERankingBacklinksBot/1.0; +https://seranking.com/backlinks-crawler)"
144.76.32.114 - - [19/Aug/2026:00:35:01 +0300] "GET /outlet/026013335 HTTP/1.1" 200 0 "-" "Mozilla/5.0 (compatible; SERankingBacklinksBot/1.0; +https://seranking.com/backlinks-crawler)"
144.76.32.114 - - [19/Aug/2026:00:35:04 +0300] "GET /outlet/026013609 HTTP/1.1" 200 0 "-" "Mozilla/5.0 (compatible; SERankingBacklinksBot/1.0; +https://seranking.com/backlinks-crawler)"
92.242.60.95 - - [19/Aug/2026:00:35:05 +0300] "GET https://levasheva.ru/ HTTP/1.1" 200 0 "-" "https://reg.ru monitoring abuse@reg.ru"
144.76.32.114 - - [19/Aug/2026:00:35:07 +0300] "GET /outlet/026018197 HTTP/1.1" 200 0 "-" "Mozilla/5.0 (compatible; SERankingBacklinksBot/1.0; +https://seranking.com/backlinks-crawler)"
144.76.32.114 - - [19/Aug/2026:00:35:11 +0300] "GET /outlet/026018463 HTTP/1.1" 200 0 "-" "Mozilla/5.0 (compatible; SERankingBacklinksBot/1.0; +https://seranking.com/backlinks-crawler)"
144.76.32.114 - - [19/Aug/2026:00:35:14 +0300] "GET /outlet/026020987 HTTP/1.1" 200 0 "-" "Mozilla/5.0 (compatible; SERankingBacklinksBot/1.0; +https://seranking.com/backlinks-crawler)"
66.249.78.68 - - [19/Aug/2026:00:35:15 +0300] "GET /?jp/190015195.html HTTP/1.1" 200 0 "-" "Mozilla/5.0 (Linux; Android 6.0.1; Nexus 5X Build/MMB29P) AppleWebKit/537.36 (KHTML, like Gecko) Chrome/151.0.7922.137 Mobile Safari/537.36 (compatible; Googlebot/2.1; +http://www.google.com/bot.html)"
144.76.32.114 - - [19/Aug/2026:00:35:17 +0300] "GET /outlet/026029401 HTTP/1.1" 200 0 "-" "Mozilla/5.0 (compatible; SERankingBacklinksBot/1.0; +https://seranking.com/backlinks-crawler)"
144.76.32.114 - - [19/Aug/2026:00:35:20 +0300] "GET /outlet/026031399 HTTP/1.1" 200 0 "-" "Mozilla/5.0 (compatible; SERankingBacklinksBot/1.0; +https://seranking.com/backlinks-crawler)"
89.104.66.67 - - [19/Aug/2026:00:35:22 +0300] "GET https://levasheva.ru/ HTTP/1.1" 200 0 "-" "https://reg.ru monitoring abuse@reg.ru"
144.76.32.114 - - [19/Aug/2026:00:35:24 +0300] "GET /outlet/026031451 HTTP/1.1" 200 0 "-" "Mozilla/5.0 (compatible; SERankingBacklinksBot/1.0; +https://seranking.com/backlinks-crawler)"
144.76.32.114 - - [19/Aug/2026:00:35:27 +0300] "GET /outlet/026033065 HTTP/1.1" 200 0 "-" "Mozilla/5.0 (compatible; SERankingBacklinksBot/1.0; +https://seranking.com/backlinks-crawler)"
144.76.32.114 - - [19/Aug/2026:00:35:30 +0300] "GET /outlet/026038229 HTTP/1.1" 200 0 "-" "Mozilla/5.0 (compatible; SERankingBacklinksBot/1.0; +https://seranking.com/backlinks-crawler)"
144.76.32.114 - - [19/Aug/2026:00:35:33 +0300] "GET /outlet/026040447 HTTP/1.1" 200 0 "-" "Mozilla/5.0 (compatible; SERankingBacklinksBot/1.0; +https://seranking.com/backlinks-crawler)"
144.76.32.114 - - [19/Aug/2026:00:35:36 +0300] "GET /outlet/026043001 HTTP/1.1" 200 0 "-" "Mozilla/5.0 (compatible; SERankingBacklinksBot/1.0; +https://seranking.com/backlinks-crawler)"
144.76.32.114 - - [19/Aug/2026:00:35:39 +0300] "GET /outlet/026043857 HTTP/1.1" 200 0 "-" "Mozilla/5.0 (compatible; SERankingBacklinksBot/1.0; +https://seranking.com/backlinks-crawler)"
144.76.32.114 - - [19/Aug/2026:00:35:42 +0300] "GET /outlet/026043881 HTTP/1.1" 200 0 "-" "Mozilla/5.0 (compatible; SERankingBacklinksBot/1.0; +https://seranking.com/backlinks-crawler)"
144.76.32.114 - - [19/Aug/2026:00:35:45 +0300] "GET /outlet/026044761 HTTP/1.1" 200 0 "-" "Mozilla/5.0 (compatible; SERankingBacklinksBot/1.0; +https://seranking.com/backlinks-crawler)"
144.76.32.114 - - [19/Aug/2026:00:35:49 +0300] "GET /outlet/026045055 HTTP/1.1" 200 0 "-" "Mozilla/5.0 (compatible; SERankingBacklinksBot/1.0; +https://seranking.com/backlinks-crawler)"
144.76.32.114 - - [19/Aug/2026:00:35:52 +0300] "GET /outlet/026045455 HTTP/1.1" 200 0 "-" "Mozilla/5.0 (compatible; SERankingBacklinksBot/1.0; +https://seranking.com/backlinks-crawler)"
92.222.108.99 - - [19/Aug/2026:00:35:53 +0300] "GET /?commodity/ELECTIVES/OFFLINE778987463358 HTTP/2.0" 200 0 "-" "Mozilla/5.0 (compatible; AhrefsBot/7.0; +http://ahrefs.com/robot/)"
89.111.174.139 - - [19/Aug/2026:00:35:55 +0300] "GET https://levasheva.ru/ HTTP/1.1" 200 0 "-" "https://reg.ru monitoring abuse@reg.ru"
144.76.32.114 - - [19/Aug/2026:00:35:55 +0300] "GET /outlet/026048147 HTTP/1.1" 200 0 "-" "Mozilla/5.0 (compatible; SERankingBacklinksBot/1.0; +https://seranking.com/backlinks-crawler)"
144.76.32.114 - - [19/Aug/2026:00:35:58 +0300] "GET /outlet/026048155 HTTP/1.1" 200 0 "-" "Mozilla/5.0 (compatible; SERankingBacklinksBot/1.0; +https://seranking.com/backlinks-crawler)"
144.76.32.114 - - [19/Aug/2026:00:36:01 +0300] "GET /outlet/026048757 HTTP/1.1" 200 0 "-" "Mozilla/5.0 (compatible; SERankingBacklinksBot/1.0; +https://seranking.com/backlinks-crawler)"
168.144.81.91 - - [19/Aug/2026:00:36:02 +0300] "GET /wp-login.php HTTP/2.0" 200 0 "-" "Mozilla/5.0 (Windows NT 10.0; Win64; x64) AppleWebKit/537.36 (KHTML, like Gecko) Chrome/149.0.0.0 Safari/537.36"
144.76.32.114 - - [19/Aug/2026:00:36:04 +0300] "GET /outlet/027002848 HTTP/1.1" 200 0 "-" "Mozilla/5.0 (compatible; SERankingBacklinksBot/1.0; +https://seranking.com/backlinks-crawler)"
144.76.32.114 - - [19/Aug/2026:00:36:07 +0300] "GET /outlet/027004036 HTTP/1.1" 200 0 "-" "Mozilla/5.0 (compatible; SERankingBacklinksBot/1.0; +https://seranking.com/backlinks-crawler)"
144.76.32.114 - - [19/Aug/2026:00:36:11 +0300] "GET /outlet/027007594 HTTP/1.1" 200 0 "-" "Mozilla/5.0 (compatible; SERankingBacklinksBot/1.0; +https://seranking.com/backlinks-crawler)"
144.76.32.114 - - [19/Aug/2026:00:36:14 +0300] "GET /outlet/027008068 HTTP/1.1" 200 0 "-" "Mozilla/5.0 (compatible; SERankingBacklinksBot/1.0; +https://seranking.com/backlinks-crawler)"
144.76.32.114 - - [19/Aug/2026:00:36:17 +0300] "GET /outlet/027010072 HTTP/1.1" 200 0 "-" "Mozilla/5.0 (compatible; SERankingBacklinksBot/1.0; +https://seranking.com/backlinks-crawler)"
144.76.32.114 - - [19/Aug/2026:00:36:20 +0300] "GET /outlet/027013098 HTTP/1.1" 200 0 "-" "Mozilla/5.0 (compatible; SERankingBacklinksBot/1.0; +https://seranking.com/backlinks-crawler)"
144.76.32.114 - - [19/Aug/2026:00:36:23 +0300] "GET /outlet/027015214 HTTP/1.1" 200 0 "-" "Mozilla/5.0 (compatible; SERankingBacklinksBot/1.0; +https://seranking.com/backlinks-crawler)"
144.76.32.114 - - [19/Aug/2026:00:36:26 +0300] "GET /outlet/027017720 HTTP/1.1" 200 0 "-" "Mozilla/5.0 (compatible; SERankingBacklinksBot/1.0; +https://seranking.com/backlinks-crawler)"
144.76.32.114 - - [19/Aug/2026:00:36:30 +0300] "GET /outlet/027019852 HTTP/1.1" 200 0 "-" "Mozilla/5.0 (compatible; SERankingBacklinksBot/1.0; +https://seranking.com/backlinks-crawler)"
144.76.32.114 - - [19/Aug/2026:00:36:33 +0300] "GET /outlet/027023922 HTTP/1.1" 200 0 "-" "Mozilla/5.0 (compatible; SERankingBacklinksBot/1.0; +https://seranking.com/backlinks-crawler)"
144.76.32.114 - - [19/Aug/2026:00:36:36 +0300] "GET /outlet/027024398 HTTP/1.1" 200 0 "-" "Mozilla/5.0 (compatible; SERankingBacklinksBot/1.0; +https://seranking.com/backlinks-crawler)"
144.76.32.114 - - [19/Aug/2026:00:36:39 +0300] "GET /outlet/027025352 HTTP/1.1" 200 0 "-" "Mozilla/5.0 (compatible; SERankingBacklinksBot/1.0; +https://seranking.com/backlinks-crawler)"
144.76.32.114 - - [19/Aug/2026:00:36:42 +0300] "GET /outlet/027027494 HTTP/1.1" 200 0 "-" "Mozilla/5.0 (compatible; SERankingBacklinksBot/1.0; +https://seranking.com/backlinks-crawler)"
144.76.32.114 - - [19/Aug/2026:00:36:45 +0300] "GET /outlet/027029482 HTTP/1.1" 200 0 "-" "Mozilla/5.0 (compatible; SERankingBacklinksBot/1.0; +https://seranking.com/backlinks-crawler)"
144.76.32.114 - - [19/Aug/2026:00:36:48 +0300] "GET /outlet/027032034 HTTP/1.1" 200 0 "-" "Mozilla/5.0 (compatible; SERankingBacklinksBot/1.0; +https://seranking.com/backlinks-crawler)"
144.76.32.114 - - [19/Aug/2026:00:36:51 +0300] "GET /outlet/027032518 HTTP/1.1" 200 0 "-" "Mozilla/5.0 (compatible; SERankingBacklinksBot/1.0; +https://seranking.com/backlinks-crawler)"
144.76.32.114 - - [19/Aug/2026:00:36:55 +0300] "GET /outlet/027034998 HTTP/1.1" 200 0 "-" "Mozilla/5.0 (compatible; SERankingBacklinksBot/1.0; +https://seranking.com/backlinks-crawler)"
144.76.32.114 - - [19/Aug/2026:00:36:58 +0300] "GET /outlet/027045100 HTTP/1.1" 200 0 "-" "Mozilla/5.0 (compatible; SERankingBacklinksBot/1.0; +https://seranking.com/backlinks-crawler)"
144.76.32.114 - - [19/Aug/2026:00:37:01 +0300] "GET /outlet/180028091 HTTP/1.1" 200 0 "-" "Mozilla/5.0 (compatible; SERankingBacklinksBot/1.0; +https://seranking.com/backlinks-crawler)"
144.76.32.114 - - [19/Aug/2026:00:37:04 +0300] "GET /outlet/027045598 HTTP/1.1" 200 0 "-" "Mozilla/5.0 (compatible; SERankingBacklinksBot/1.0; +https://seranking.com/backlinks-crawler)"
144.76.32.114 - - [19/Aug/2026:00:37:07 +0300] "GET /outlet/027045880 HTTP/1.1" 200 0 "-" "Mozilla/5.0 (compatible; SERankingBacklinksBot/1.0; +https://seranking.com/backlinks-crawler)"
144.76.32.114 - - [19/Aug/2026:00:37:10 +0300] "GET /outlet/027048452 HTTP/1.1" 200 0 "-" "Mozilla/5.0 (compatible; SERankingBacklinksBot/1.0; +https://seranking.com/backlinks-crawler)"
144.76.32.114 - - [19/Aug/2026:00:37:13 +0300] "GET /outlet/027049366 HTTP/1.1" 200 0 "-" "Mozilla/5.0 (compatible; SERankingBacklinksBot/1.0; +https://seranking.com/backlinks-crawler)"
144.76.32.114 - - [19/Aug/2026:00:37:17 +0300] "GET /outlet/028000095 HTTP/1.1" 200 0 "-" "Mozilla/5.0 (compatible; SERankingBacklinksBot/1.0; +https://seranking.com/backlinks-crawler)"
144.76.32.114 - - [19/Aug/2026:00:37:20 +0300] "GET /outlet/028000263 HTTP/1.1" 200 0 "-" "Mozilla/5.0 (compatible; SERankingBacklinksBot/1.0; +https://seranking.com/backlinks-crawler)"
144.76.32.114 - - [19/Aug/2026:00:37:23 +0300] "GET /outlet/028000575 HTTP/1.1" 200 0 "-" "Mozilla/5.0 (compatible; SERankingBacklinksBot/1.0; +https://seranking.com/backlinks-crawler)"
144.76.32.114 - - [19/Aug/2026:00:37:26 +0300] "GET /outlet/028003361 HTTP/1.1" 200 0 "-" "Mozilla/5.0 (compatible; SERankingBacklinksBot/1.0; +https://seranking.com/backlinks-crawler)"
144.76.32.114 - - [19/Aug/2026:00:37:29 +0300] "GET /outlet/028006855 HTTP/1.1" 200 0 "-" "Mozilla/5.0 (compatible; SERankingBacklinksBot/1.0; +https://seranking.com/backlinks-crawler)"
144.76.32.114 - - [19/Aug/2026:00:37:32 +0300] "GET /outlet/028007251 HTTP/1.1" 200 0 "-" "Mozilla/5.0 (compatible; SERankingBacklinksBot/1.0; +https://seranking.com/backlinks-crawler)"
144.76.32.114 - - [19/Aug/2026:00:37:35 +0300] "GET /outlet/028008701 HTTP/1.1" 200 0 "-" "Mozilla/5.0 (compatible; SERankingBacklinksBot/1.0; +https://seranking.com/backlinks-crawler)"
144.76.32.114 - - [19/Aug/2026:00:37:39 +0300] "GET /outlet/028013431 HTTP/1.1" 200 0 "-" "Mozilla/5.0 (compatible; SERankingBacklinksBot/1.0; +https://seranking.com/backlinks-crawler)"
144.76.32.114 - - [19/Aug/2026:00:37:42 +0300] "GET /outlet/028015199 HTTP/1.1" 200 0 "-" "Mozilla/5.0 (compatible; SERankingBacklinksBot/1.0; +https://seranking.com/backlinks-crawler)"
144.76.32.114 - - [19/Aug/2026:00:37:45 +0300] "GET /outlet/028016353 HTTP/1.1" 200 0 "-" "Mozilla/5.0 (compatible; SERankingBacklinksBot/1.0; +https://seranking.com/backlinks-crawler)"
144.76.32.114 - - [19/Aug/2026:00:37:48 +0300] "GET /outlet/028020139 HTTP/1.1" 200 0 "-" "Mozilla/5.0 (compatible; SERankingBacklinksBot/1.0; +https://seranking.com/backlinks-crawler)"
144.76.32.114 - - [19/Aug/2026:00:37:51 +0300] "GET /outlet/028021395 HTTP/1.1" 200 0 "-" "Mozilla/5.0 (compatible; SERankingBacklinksBot/1.0; +https://seranking.com/backlinks-crawler)"
144.76.32.114 - - [19/Aug/2026:00:37:54 +0300] "GET /outlet/028021631 HTTP/1.1" 200 0 "-" "Mozilla/5.0 (compatible; SERankingBacklinksBot/1.0; +https://seranking.com/backlinks-crawler)"
144.76.32.114 - - [19/Aug/2026:00:37:58 +0300] "GET /outlet/028025455 HTTP/1.1" 200 0 "-" "Mozilla/5.0 (compatible; SERankingBacklinksBot/1.0; +https://seranking.com/backlinks-crawler)"
144.76.32.114 - - [19/Aug/2026:00:38:01 +0300] "GET /outlet/028026503 HTTP/1.1" 200 0 "-" "Mozilla/5.0 (compatible; SERankingBacklinksBot/1.0; +https://seranking.com/backlinks-crawler)"
144.76.32.114 - - [19/Aug/2026:00:38:04 +0300] "GET /outlet/028028621 HTTP/1.1" 200 0 "-" "Mozilla/5.0 (compatible; SERankingBacklinksBot/1.0; +https://seranking.com/backlinks-crawler)"
144.76.32.114 - - [19/Aug/2026:00:38:07 +0300] "GET /outlet/028029295 HTTP/1.1" 200 0 "-" "Mozilla/5.0 (compatible; SERankingBacklinksBot/1.0; +https://seranking.com/backlinks-crawler)"
144.76.32.114 - - [19/Aug/2026:00:38:10 +0300] "GET /outlet/028029915 HTTP/1.1" 200 0 "-" "Mozilla/5.0 (compatible; SERankingBacklinksBot/1.0; +https://seranking.com/backlinks-crawler)"
144.76.32.114 - - [19/Aug/2026:00:38:13 +0300] "GET /outlet/028031677 HTTP/1.1" 200 0 "-" "Mozilla/5.0 (compatible; SERankingBacklinksBot/1.0; +https://seranking.com/backlinks-crawler)"
144.76.32.114 - - [19/Aug/2026:00:38:16 +0300] "GET /outlet/028032603 HTTP/1.1" 200 0 "-" "Mozilla/5.0 (compatible; SERankingBacklinksBot/1.0; +https://seranking.com/backlinks-crawler)"
66.249.66.201 - - [19/Aug/2026:00:38:17 +0300] "GET /?goods/280044988 HTTP/1.1" 200 0 "-" "Mozilla/5.0 (Linux; Android 6.0.1; Nexus 5X Build/MMB29P) AppleWebKit/537.36 (KHTML, like Gecko) Chrome/151.0.7922.137 Mobile Safari/537.36 (compatible; GoogleOther)"
144.76.32.114 - - [19/Aug/2026:00:38:19 +0300] "GET /outlet/028038537 HTTP/1.1" 200 0 "-" "Mozilla/5.0 (compatible; SERankingBacklinksBot/1.0; +https://seranking.com/backlinks-crawler)"
144.76.32.114 - - [19/Aug/2026:00:38:23 +0300] "GET /outlet/028038645 HTTP/1.1" 200 0 "-" "Mozilla/5.0 (compatible; SERankingBacklinksBot/1.0; +https://seranking.com/backlinks-crawler)"
144.76.32.114 - - [19/Aug/2026:00:38:26 +0300] "GET /outlet/028038725 HTTP/1.1" 200 0 "-" "Mozilla/5.0 (compatible; SERankingBacklinksBot/1.0; +https://seranking.com/backlinks-crawler)"
144.76.32.114 - - [19/Aug/2026:00:38:29 +0300] "GET /outlet/028038973 HTTP/1.1" 200 0 "-" "Mozilla/5.0 (compatible; SERankingBacklinksBot/1.0; +https://seranking.com/backlinks-crawler)"
144.76.32.114 - - [19/Aug/2026:00:38:32 +0300] "GET /outlet/028040083 HTTP/1.1" 200 0 "-" "Mozilla/5.0 (compatible; SERankingBacklinksBot/1.0; +https://seranking.com/backlinks-crawler)"
144.76.32.114 - - [19/Aug/2026:00:38:35 +0300] "GET /outlet/028043167 HTTP/1.1" 200 0 "-" "Mozilla/5.0 (compatible; SERankingBacklinksBot/1.0; +https://seranking.com/backlinks-crawler)"
176.31.139.31 - - [19/Aug/2026:00:38:38 +0300] "GET /?commodity/ADHERE/CATHEDRAL778890229229 HTTP/2.0" 200 0 "-" "Mozilla/5.0 (compatible; AhrefsBot/7.0; +http://ahrefs.com/robot/)"
144.76.32.114 - - [19/Aug/2026:00:38:38 +0300] "GET /outlet/028043525 HTTP/1.1" 200 0 "-" "Mozilla/5.0 (compatible; SERankingBacklinksBot/1.0; +https://seranking.com/backlinks-crawler)"
144.76.32.114 - - [19/Aug/2026:00:38:41 +0300] "GET /outlet/028044717 HTTP/1.1" 200 0 "-" "Mozilla/5.0 (compatible; SERankingBacklinksBot/1.0; +https://seranking.com/backlinks-crawler)"
144.76.32.114 - - [19/Aug/2026:00:38:45 +0300] "GET /outlet/028049657 HTTP/1.1" 200 0 "-" "Mozilla/5.0 (compatible; SERankingBacklinksBot/1.0; +https://seranking.com/backlinks-crawler)"
144.76.32.114 - - [19/Aug/2026:00:38:48 +0300] "GET /outlet/029000178 HTTP/1.1" 200 0 "-" "Mozilla/5.0 (compatible; SERankingBacklinksBot/1.0; +https://seranking.com/backlinks-crawler)"
144.76.32.114 - - [19/Aug/2026:00:38:51 +0300] "GET /outlet/029001380 HTTP/1.1" 200 0 "-" "Mozilla/5.0 (compatible; SERankingBacklinksBot/1.0; +https://seranking.com/backlinks-crawler)"
144.76.32.114 - - [19/Aug/2026:00:38:54 +0300] "GET /outlet/029002482 HTTP/1.1" 200 0 "-" "Mozilla/5.0 (compatible; SERankingBacklinksBot/1.0; +https://seranking.com/backlinks-crawler)"
144.76.32.114 - - [19/Aug/2026:00:38:57 +0300] "GET /outlet/029003394 HTTP/1.1" 200 0 "-" "Mozilla/5.0 (compatible; SERankingBacklinksBot/1.0; +https://seranking.com/backlinks-crawler)"
212.29.237.5 - - [19/Aug/2026:00:39:00 +0300] "GET /wp-login.php HTTP/2.0" 200 0 "-" "Mozilla/5.0 (Windows NT 10.0; Win64; x64) AppleWebKit/537.36 (KHTML, like Gecko) Chrome/149.0.0.0 Safari/537.36"
144.76.32.114 - - [19/Aug/2026:00:39:00 +0300] "GET /outlet/029003524 HTTP/1.1" 200 0 "-" "Mozilla/5.0 (compatible; SERankingBacklinksBot/1.0; +https://seranking.com/backlinks-crawler)"
144.76.32.114 - - [19/Aug/2026:00:39:04 +0300] "GET /outlet/029009086 HTTP/1.1" 200 0 "-" "Mozilla/5.0 (compatible; SERankingBacklinksBot/1.0; +https://seranking.com/backlinks-crawler)"
144.76.32.114 - - [19/Aug/2026:00:39:07 +0300] "GET /outlet/029012066 HTTP/1.1" 200 0 "-" "Mozilla/5.0 (compatible; SERankingBacklinksBot/1.0; +https://seranking.com/backlinks-crawler)"
144.76.32.114 - - [19/Aug/2026:00:39:10 +0300] "GET /outlet/029015026 HTTP/1.1" 200 0 "-" "Mozilla/5.0 (compatible; SERankingBacklinksBot/1.0; +https://seranking.com/backlinks-crawler)"
144.76.32.114 - - [19/Aug/2026:00:39:13 +0300] "GET /outlet/029016350 HTTP/1.1" 200 0 "-" "Mozilla/5.0 (compatible; SERankingBacklinksBot/1.0; +https://seranking.com/backlinks-crawler)"
144.76.32.114 - - [19/Aug/2026:00:39:16 +0300] "GET /outlet/029018562 HTTP/1.1" 200 0 "-" "Mozilla/5.0 (compatible; SERankingBacklinksBot/1.0; +https://seranking.com/backlinks-crawler)"
144.76.32.114 - - [19/Aug/2026:00:39:19 +0300] "GET /outlet/029020006 HTTP/1.1" 200 0 "-" "Mozilla/5.0 (compatible; SERankingBacklinksBot/1.0; +https://seranking.com/backlinks-crawler)"
144.76.32.114 - - [19/Aug/2026:00:39:22 +0300] "GET /outlet/029023044 HTTP/1.1" 200 0 "-" "Mozilla/5.0 (compatible; SERankingBacklinksBot/1.0; +https://seranking.com/backlinks-crawler)"
144.76.32.114 - - [19/Aug/2026:00:39:25 +0300] "GET /outlet/029026962 HTTP/1.1" 200 0 "-" "Mozilla/5.0 (compatible; SERankingBacklinksBot/1.0; +https://seranking.com/backlinks-crawler)"
144.76.32.114 - - [19/Aug/2026:00:39:29 +0300] "GET /outlet/029027780 HTTP/1.1" 200 0 "-" "Mozilla/5.0 (compatible; SERankingBacklinksBot/1.0; +https://seranking.com/backlinks-crawler)"
144.76.32.114 - - [19/Aug/2026:00:39:32 +0300] "GET /outlet/029030768 HTTP/1.1" 200 0 "-" "Mozilla/5.0 (compatible; SERankingBacklinksBot/1.0; +https://seranking.com/backlinks-crawler)"
144.76.32.114 - - [19/Aug/2026:00:39:35 +0300] "GET /outlet/029031334 HTTP/1.1" 200 0 "-" "Mozilla/5.0 (compatible; SERankingBacklinksBot/1.0; +https://seranking.com/backlinks-crawler)"
144.76.32.114 - - [19/Aug/2026:00:39:38 +0300] "GET /outlet/029033090 HTTP/1.1" 200 0 "-" "Mozilla/5.0 (compatible; SERankingBacklinksBot/1.0; +https://seranking.com/backlinks-crawler)"
144.76.32.114 - - [19/Aug/2026:00:39:41 +0300] "GET /outlet/029033888 HTTP/1.1" 200 0 "-" "Mozilla/5.0 (compatible; SERankingBacklinksBot/1.0; +https://seranking.com/backlinks-crawler)"
144.76.32.114 - - [19/Aug/2026:00:39:44 +0300] "GET /outlet/029040012 HTTP/1.1" 200 0 "-" "Mozilla/5.0 (compatible; SERankingBacklinksBot/1.0; +https://seranking.com/backlinks-crawler)"
144.76.32.114 - - [19/Aug/2026:00:39:47 +0300] "GET /outlet/029042036 HTTP/1.1" 200 0 "-" "Mozilla/5.0 (compatible; SERankingBacklinksBot/1.0; +https://seranking.com/backlinks-crawler)"
144.76.32.114 - - [19/Aug/2026:00:39:51 +0300] "GET /outlet/029045116 HTTP/1.1" 200 0 "-" "Mozilla/5.0 (compatible; SERankingBacklinksBot/1.0; +https://seranking.com/backlinks-crawler)"
144.76.32.114 - - [19/Aug/2026:00:39:54 +0300] "GET /outlet/030001913 HTTP/1.1" 200 0 "-" "Mozilla/5.0 (compatible; SERankingBacklinksBot/1.0; +https://seranking.com/backlinks-crawler)"
144.76.32.114 - - [19/Aug/2026:00:39:57 +0300] "GET /outlet/030001959 HTTP/1.1" 200 0 "-" "Mozilla/5.0 (compatible; SERankingBacklinksBot/1.0; +https://seranking.com/backlinks-crawler)"
144.76.32.114 - - [19/Aug/2026:00:40:00 +0300] "GET /outlet/030004999 HTTP/1.1" 200 0 "-" "Mozilla/5.0 (compatible; SERankingBacklinksBot/1.0; +https://seranking.com/backlinks-crawler)"
144.76.32.114 - - [19/Aug/2026:00:40:03 +0300] "GET /outlet/030008013 HTTP/1.1" 200 0 "-" "Mozilla/5.0 (compatible; SERankingBacklinksBot/1.0; +https://seranking.com/backlinks-crawler)"
144.76.32.114 - - [19/Aug/2026:00:40:06 +0300] "GET /outlet/030012529 HTTP/1.1" 200 0 "-" "Mozilla/5.0 (compatible; SERankingBacklinksBot/1.0; +https://seranking.com/backlinks-crawler)"
144.76.32.114 - - [19/Aug/2026:00:40:10 +0300] "GET /outlet/030017221 HTTP/1.1" 200 0 "-" "Mozilla/5.0 (compatible; SERankingBacklinksBot/1.0; +https://seranking.com/backlinks-crawler)"
144.76.32.114 - - [19/Aug/2026:00:40:13 +0300] "GET /outlet/030021073 HTTP/1.1" 200 0 "-" "Mozilla/5.0 (compatible; SERankingBacklinksBot/1.0; +https://seranking.com/backlinks-crawler)"
92.242.60.95 - - [19/Aug/2026:00:40:14 +0300] "GET https://levasheva.ru/ HTTP/1.1" 200 0 "-" "https://reg.ru monitoring abuse@reg.ru"
144.76.32.114 - - [19/Aug/2026:00:40:16 +0300] "GET /outlet/030022681 HTTP/1.1" 200 0 "-" "Mozilla/5.0 (compatible; SERankingBacklinksBot/1.0; +https://seranking.com/backlinks-crawler)"
144.76.32.114 - - [19/Aug/2026:00:40:19 +0300] "GET /outlet/030025043 HTTP/1.1" 200 0 "-" "Mozilla/5.0 (compatible; SERankingBacklinksBot/1.0; +https://seranking.com/backlinks-crawler)"
144.76.32.114 - - [19/Aug/2026:00:40:22 +0300] "GET /outlet/030026917 HTTP/1.1" 200 0 "-" "Mozilla/5.0 (compatible; SERankingBacklinksBot/1.0; +https://seranking.com/backlinks-crawler)"
144.76.32.114 - - [19/Aug/2026:00:40:25 +0300] "GET /outlet/030028575 HTTP/1.1" 200 0 "-" "Mozilla/5.0 (compatible; SERankingBacklinksBot/1.0; +https://seranking.com/backlinks-crawler)"
144.76.32.114 - - [19/Aug/2026:00:40:28 +0300] "GET /outlet/030029841 HTTP/1.1" 200 0 "-" "Mozilla/5.0 (compatible; SERankingBacklinksBot/1.0; +https://seranking.com/backlinks-crawler)"
89.104.66.67 - - [19/Aug/2026:00:40:29 +0300] "GET https://levasheva.ru/ HTTP/1.1" 200 0 "-" "https://reg.ru monitoring abuse@reg.ru"
144.76.32.114 - - [19/Aug/2026:00:40:32 +0300] "GET /outlet/030030179 HTTP/1.1" 200 0 "-" "Mozilla/5.0 (compatible; SERankingBacklinksBot/1.0; +https://seranking.com/backlinks-crawler)"
144.76.32.114 - - [19/Aug/2026:00:40:35 +0300] "GET /outlet/030034459 HTTP/1.1" 200 0 "-" "Mozilla/5.0 (compatible; SERankingBacklinksBot/1.0; +https://seranking.com/backlinks-crawler)"
144.76.32.114 - - [19/Aug/2026:00:40:38 +0300] "GET /outlet/030035035 HTTP/1.1" 200 0 "-" "Mozilla/5.0 (compatible; SERankingBacklinksBot/1.0; +https://seranking.com/backlinks-crawler)"
144.76.32.114 - - [19/Aug/2026:00:40:41 +0300] "GET /outlet/030035819 HTTP/1.1" 200 0 "-" "Mozilla/5.0 (compatible; SERankingBacklinksBot/1.0; +https://seranking.com/backlinks-crawler)"
144.76.32.114 - - [19/Aug/2026:00:40:44 +0300] "GET /outlet/030039297 HTTP/1.1" 200 0 "-" "Mozilla/5.0 (compatible; SERankingBacklinksBot/1.0; +https://seranking.com/backlinks-crawler)"
144.76.32.114 - - [19/Aug/2026:00:40:47 +0300] "GET /outlet/030044009 HTTP/1.1" 200 0 "-" "Mozilla/5.0 (compatible; SERankingBacklinksBot/1.0; +https://seranking.com/backlinks-crawler)"
66.249.66.202 - - [19/Aug/2026:00:40:49 +0300] "GET /outlet/086000115 HTTP/1.1" 200 0 "-" "Mozilla/5.0 (Linux; Android 6.0.1; Nexus 5X Build/MMB29P) AppleWebKit/537.36 (KHTML, like Gecko) Chrome/151.0.7922.137 Mobile Safari/537.36 (compatible; Googlebot/2.1; +http://www.google.com/bot.html)"
144.76.32.114 - - [19/Aug/2026:00:40:50 +0300] "GET /outlet/030045733 HTTP/1.1" 200 0 "-" "Mozilla/5.0 (compatible; SERankingBacklinksBot/1.0; +https://seranking.com/backlinks-crawler)"
144.76.32.114 - - [19/Aug/2026:00:40:53 +0300] "GET /outlet/031006128 HTTP/1.1" 200 0 "-" "Mozilla/5.0 (compatible; SERankingBacklinksBot/1.0; +https://seranking.com/backlinks-crawler)"
114.119.132.38 - - [19/Aug/2026:00:40:54 +0300] "GET /vystavka-o-chukotke-rezcom-i-tushyu/irina_levasheva_chukotka_47-2/ HTTP/1.1" 200 0 "https://levasheva.ru/attachment-sitemap.xml" "Mozilla/5.0 (Linux; Android 7.0;) AppleWebKit/537.36 (HTML, like Gecko) Mobile Safari/537.36 (compatible; PetalBot;+https://webmaster.petalsearch.com/site/petalbot)"
144.76.32.114 - - [19/Aug/2026:00:40:57 +0300] "GET /outlet/031007712 HTTP/1.1" 200 0 "-" "Mozilla/5.0 (compatible; SERankingBacklinksBot/1.0; +https://seranking.com/backlinks-crawler)"
144.76.32.114 - - [19/Aug/2026:00:41:00 +0300] "GET /outlet/031008900 HTTP/1.1" 200 0 "-" "Mozilla/5.0 (compatible; SERankingBacklinksBot/1.0; +https://seranking.com/backlinks-crawler)"
144.76.32.114 - - [19/Aug/2026:00:41:03 +0300] "GET /outlet/031014148 HTTP/1.1" 200 0 "-" "Mozilla/5.0 (compatible; SERankingBacklinksBot/1.0; +https://seranking.com/backlinks-crawler)"
89.111.174.139 - - [19/Aug/2026:00:41:05 +0300] "GET https://levasheva.ru/ HTTP/1.1" 200 0 "-" "https://reg.ru monitoring abuse@reg.ru"
144.76.32.114 - - [19/Aug/2026:00:41:06 +0300] "GET /outlet/031014604 HTTP/1.1" 200 0 "-" "Mozilla/5.0 (compatible; SERankingBacklinksBot/1.0; +https://seranking.com/backlinks-crawler)"
144.76.32.114 - - [19/Aug/2026:00:41:09 +0300] "GET /outlet/031015120 HTTP/1.1" 200 0 "-" "Mozilla/5.0 (compatible; SERankingBacklinksBot/1.0; +https://seranking.com/backlinks-crawler)"
144.76.32.114 - - [19/Aug/2026:00:41:12 +0300] "GET /outlet/031015494 HTTP/1.1" 200 0 "-" "Mozilla/5.0 (compatible; SERankingBacklinksBot/1.0; +https://seranking.com/backlinks-crawler)"
144.76.32.114 - - [19/Aug/2026:00:41:15 +0300] "GET /outlet/031016612 HTTP/1.1" 200 0 "-" "Mozilla/5.0 (compatible; SERankingBacklinksBot/1.0; +https://seranking.com/backlinks-crawler)"
144.76.32.114 - - [19/Aug/2026:00:41:19 +0300] "GET /outlet/031018070 HTTP/1.1" 200 0 "-" "Mozilla/5.0 (compatible; SERankingBacklinksBot/1.0; +https://seranking.com/backlinks-crawler)"
144.76.32.114 - - [19/Aug/2026:00:41:22 +0300] "GET /outlet/031021950 HTTP/1.1" 200 0 "-" "Mozilla/5.0 (compatible; SERankingBacklinksBot/1.0; +https://seranking.com/backlinks-crawler)"
144.76.32.114 - - [19/Aug/2026:00:41:25 +0300] "GET /outlet/031022224 HTTP/1.1" 200 0 "-" "Mozilla/5.0 (compatible; SERankingBacklinksBot/1.0; +https://seranking.com/backlinks-crawler)"
144.76.32.114 - - [19/Aug/2026:00:41:28 +0300] "GET /outlet/031027894 HTTP/1.1" 200 0 "-" "Mozilla/5.0 (compatible; SERankingBacklinksBot/1.0; +https://seranking.com/backlinks-crawler)"
144.76.32.114 - - [19/Aug/2026:00:41:32 +0300] "GET /outlet/031033148 HTTP/1.1" 200 0 "-" "Mozilla/5.0 (compatible; SERankingBacklinksBot/1.0; +https://seranking.com/backlinks-crawler)"
144.76.32.114 - - [19/Aug/2026:00:41:35 +0300] "GET /outlet/180029545 HTTP/1.1" 200 0 "-" "Mozilla/5.0 (compatible; SERankingBacklinksBot/1.0; +https://seranking.com/backlinks-crawler)"
144.76.32.114 - - [19/Aug/2026:00:41:38 +0300] "GET /outlet/031033510 HTTP/1.1" 200 0 "-" "Mozilla/5.0 (compatible; SERankingBacklinksBot/1.0; +https://seranking.com/backlinks-crawler)"
144.76.32.114 - - [19/Aug/2026:00:41:41 +0300] "GET /outlet/031033656 HTTP/1.1" 200 0 "-" "Mozilla/5.0 (compatible; SERankingBacklinksBot/1.0; +https://seranking.com/backlinks-crawler)"
144.76.32.114 - - [19/Aug/2026:00:41:44 +0300] "GET /outlet/031035052 HTTP/1.1" 200 0 "-" "Mozilla/5.0 (compatible; SERankingBacklinksBot/1.0; +https://seranking.com/backlinks-crawler)"
144.76.32.114 - - [19/Aug/2026:00:41:47 +0300] "GET /outlet/031038310 HTTP/1.1" 200 0 "-" "Mozilla/5.0 (compatible; SERankingBacklinksBot/1.0; +https://seranking.com/backlinks-crawler)"
144.76.32.114 - - [19/Aug/2026:00:41:50 +0300] "GET /outlet/031040006 HTTP/1.1" 200 0 "-" "Mozilla/5.0 (compatible; SERankingBacklinksBot/1.0; +https://seranking.com/backlinks-crawler)"
144.76.32.114 - - [19/Aug/2026:00:41:54 +0300] "GET /outlet/031042972 HTTP/1.1" 200 0 "-" "Mozilla/5.0 (compatible; SERankingBacklinksBot/1.0; +https://seranking.com/backlinks-crawler)"
144.76.32.114 - - [19/Aug/2026:00:41:57 +0300] "GET /outlet/031043980 HTTP/1.1" 200 0 "-" "Mozilla/5.0 (compatible; SERankingBacklinksBot/1.0; +https://seranking.com/backlinks-crawler)"
144.76.32.114 - - [19/Aug/2026:00:42:00 +0300] "GET /outlet/031048868 HTTP/1.1" 200 0 "-" "Mozilla/5.0 (compatible; SERankingBacklinksBot/1.0; +https://seranking.com/backlinks-crawler)"
144.76.32.114 - - [19/Aug/2026:00:42:03 +0300] "GET /outlet/032002381 HTTP/1.1" 200 0 "-" "Mozilla/5.0 (compatible; SERankingBacklinksBot/1.0; +https://seranking.com/backlinks-crawler)"
144.76.32.114 - - [19/Aug/2026:00:42:06 +0300] "GET /outlet/032006549 HTTP/1.1" 200 0 "-" "Mozilla/5.0 (compatible; SERankingBacklinksBot/1.0; +https://seranking.com/backlinks-crawler)"
144.76.32.114 - - [19/Aug/2026:00:42:09 +0300] "GET /outlet/032008443 HTTP/1.1" 200 0 "-" "Mozilla/5.0 (compatible; SERankingBacklinksBot/1.0; +https://seranking.com/backlinks-crawler)"
37.59.204.139 - - [19/Aug/2026:00:42:12 +0300] "GET /volshebstvo-yaponskoj-tushi-v-muzee-usadbe-arxangelskoe/archangelskoe-1-2014/?fileloc=/var/www/levasheva.ru/public/wp-includes/cache-compat.php&path=/var/www/levasheva.ru/public/wp-includes HTTP/2.0" 200 0 "-" "Mozilla/5.0 (compatible; AhrefsBot/7.0; +http://ahrefs.com/robot/)"
144.76.32.114 - - [19/Aug/2026:00:42:12 +0300] "GET /outlet/032008721 HTTP/1.1" 200 0 "-" "Mozilla/5.0 (compatible; SERankingBacklinksBot/1.0; +https://seranking.com/backlinks-crawler)"
144.76.32.114 - - [19/Aug/2026:00:42:16 +0300] "GET /outlet/032009293 HTTP/1.1" 200 0 "-" "Mozilla/5.0 (compatible; SERankingBacklinksBot/1.0; +https://seranking.com/backlinks-crawler)"
144.76.32.114 - - [19/Aug/2026:00:42:19 +0300] "GET /outlet/032010813 HTTP/1.1" 200 0 "-" "Mozilla/5.0 (compatible; SERankingBacklinksBot/1.0; +https://seranking.com/backlinks-crawler)"
144.76.32.114 - - [19/Aug/2026:00:42:22 +0300] "GET /outlet/032011339 HTTP/1.1" 200 0 "-" "Mozilla/5.0 (compatible; SERankingBacklinksBot/1.0; +https://seranking.com/backlinks-crawler)"
144.76.32.114 - - [19/Aug/2026:00:42:25 +0300] "GET /outlet/032013085 HTTP/1.1" 200 0 "-" "Mozilla/5.0 (compatible; SERankingBacklinksBot/1.0; +https://seranking.com/backlinks-crawler)"
144.76.32.114 - - [19/Aug/2026:00:42:28 +0300] "GET /outlet/032013175 HTTP/1.1" 200 0 "-" "Mozilla/5.0 (compatible; SERankingBacklinksBot/1.0; +https://seranking.com/backlinks-crawler)"
144.76.32.114 - - [19/Aug/2026:00:42:31 +0300] "GET /outlet/032014283 HTTP/1.1" 200 0 "-" "Mozilla/5.0 (compatible; SERankingBacklinksBot/1.0; +https://seranking.com/backlinks-crawler)"
144.76.32.114 - - [19/Aug/2026:00:42:34 +0300] "GET /outlet/032018909 HTTP/1.1" 200 0 "-" "Mozilla/5.0 (compatible; SERankingBacklinksBot/1.0; +https://seranking.com/backlinks-crawler)"
66.249.66.36 - - [19/Aug/2026:00:42:35 +0300] "GET /?goods/155021964 HTTP/1.1" 200 0 "-" "Mozilla/5.0 (Linux; Android 6.0.1; Nexus 5X Build/MMB29P) AppleWebKit/537.36 (KHTML, like Gecko) Chrome/151.0.7922.137 Mobile Safari/537.36 (compatible; GoogleOther)"
66.249.78.69 - - [19/Aug/2026:00:42:37 +0300] "GET /item/098000214 HTTP/1.1" 200 0 "-" "Mozilla/5.0 (Linux; Android 6.0.1; Nexus 5X Build/MMB29P) AppleWebKit/537.36 (KHTML, like Gecko) Chrome/151.0.7922.137 Mobile Safari/537.36 (compatible; Googlebot/2.1; +http://www.google.com/bot.html)"
144.76.32.114 - - [19/Aug/2026:00:42:38 +0300] "GET /outlet/032022221 HTTP/1.1" 200 0 "-" "Mozilla/5.0 (compatible; SERankingBacklinksBot/1.0; +https://seranking.com/backlinks-crawler)"
144.76.32.114 - - [19/Aug/2026:00:42:41 +0300] "GET /outlet/032023601 HTTP/1.1" 200 0 "-" "Mozilla/5.0 (compatible; SERankingBacklinksBot/1.0; +https://seranking.com/backlinks-crawler)"
144.76.32.114 - - [19/Aug/2026:00:42:44 +0300] "GET /outlet/032023807 HTTP/1.1" 200 0 "-" "Mozilla/5.0 (compatible; SERankingBacklinksBot/1.0; +https://seranking.com/backlinks-crawler)"
144.76.32.114 - - [19/Aug/2026:00:42:47 +0300] "GET /outlet/032024165 HTTP/1.1" 200 0 "-" "Mozilla/5.0 (compatible; SERankingBacklinksBot/1.0; +https://seranking.com/backlinks-crawler)"
144.76.32.114 - - [19/Aug/2026:00:42:50 +0300] "GET /outlet/032025495 HTTP/1.1" 200 0 "-" "Mozilla/5.0 (compatible; SERankingBacklinksBot/1.0; +https://seranking.com/backlinks-crawler)"
144.76.32.114 - - [19/Aug/2026:00:42:53 +0300] "GET /outlet/032028577 HTTP/1.1" 200 0 "-" "Mozilla/5.0 (compatible; SERankingBacklinksBot/1.0; +https://seranking.com/backlinks-crawler)"
144.76.32.114 - - [19/Aug/2026:00:42:56 +0300] "GET /outlet/032028955 HTTP/1.1" 200 0 "-" "Mozilla/5.0 (compatible; SERankingBacklinksBot/1.0; +https://seranking.com/backlinks-crawler)"
144.76.32.114 - - [19/Aug/2026:00:43:00 +0300] "GET /outlet/032029261 HTTP/1.1" 200 0 "-" "Mozilla/5.0 (compatible; SERankingBacklinksBot/1.0; +https://seranking.com/backlinks-crawler)"
144.76.32.114 - - [19/Aug/2026:00:43:03 +0300] "GET /outlet/032032407 HTTP/1.1" 200 0 "-" "Mozilla/5.0 (compatible; SERankingBacklinksBot/1.0; +https://seranking.com/backlinks-crawler)"
144.76.32.114 - - [19/Aug/2026:00:43:06 +0300] "GET /outlet/032034729 HTTP/1.1" 200 0 "-" "Mozilla/5.0 (compatible; SERankingBacklinksBot/1.0; +https://seranking.com/backlinks-crawler)"
144.76.32.114 - - [19/Aug/2026:00:43:09 +0300] "GET /outlet/032036311 HTTP/1.1" 200 0 "-" "Mozilla/5.0 (compatible; SERankingBacklinksBot/1.0; +https://seranking.com/backlinks-crawler)"
144.76.32.114 - - [19/Aug/2026:00:43:12 +0300] "GET /outlet/032036365 HTTP/1.1" 200 0 "-" "Mozilla/5.0 (compatible; SERankingBacklinksBot/1.0; +https://seranking.com/backlinks-crawler)"
144.76.32.114 - - [19/Aug/2026:00:43:15 +0300] "GET /outlet/032043057 HTTP/1.1" 200 0 "-" "Mozilla/5.0 (compatible; SERankingBacklinksBot/1.0; +https://seranking.com/backlinks-crawler)"
144.76.32.114 - - [19/Aug/2026:00:43:18 +0300] "GET /outlet/032045253 HTTP/1.1" 200 0 "-" "Mozilla/5.0 (compatible; SERankingBacklinksBot/1.0; +https://seranking.com/backlinks-crawler)"
144.76.32.114 - - [19/Aug/2026:00:43:21 +0300] "GET /outlet/032046035 HTTP/1.1" 200 0 "-" "Mozilla/5.0 (compatible; SERankingBacklinksBot/1.0; +https://seranking.com/backlinks-crawler)"
144.76.32.114 - - [19/Aug/2026:00:43:25 +0300] "GET /outlet/032046741 HTTP/1.1" 200 0 "-" "Mozilla/5.0 (compatible; SERankingBacklinksBot/1.0; +https://seranking.com/backlinks-crawler)"
144.76.32.114 - - [19/Aug/2026:00:43:28 +0300] "GET /outlet/032049655 HTTP/1.1" 200 0 "-" "Mozilla/5.0 (compatible; SERankingBacklinksBot/1.0; +https://seranking.com/backlinks-crawler)"
144.76.32.114 - - [19/Aug/2026:00:43:31 +0300] "GET /outlet/033006342 HTTP/1.1" 200 0 "-" "Mozilla/5.0 (compatible; SERankingBacklinksBot/1.0; +https://seranking.com/backlinks-crawler)"
144.76.32.114 - - [19/Aug/2026:00:43:34 +0300] "GET /outlet/033008054 HTTP/1.1" 200 0 "-" "Mozilla/5.0 (compatible; SERankingBacklinksBot/1.0; +https://seranking.com/backlinks-crawler)"
144.76.32.114 - - [19/Aug/2026:00:43:37 +0300] "GET /outlet/033009404 HTTP/1.1" 200 0 "-" "Mozilla/5.0 (compatible; SERankingBacklinksBot/1.0; +https://seranking.com/backlinks-crawler)"
144.76.32.114 - - [19/Aug/2026:00:43:40 +0300] "GET /outlet/033013246 HTTP/1.1" 200 0 "-" "Mozilla/5.0 (compatible; SERankingBacklinksBot/1.0; +https://seranking.com/backlinks-crawler)"
144.76.32.114 - - [19/Aug/2026:00:43:44 +0300] "GET /outlet/033015218 HTTP/1.1" 200 0 "-" "Mozilla/5.0 (compatible; SERankingBacklinksBot/1.0; +https://seranking.com/backlinks-crawler)"
66.249.66.36 - - [19/Aug/2026:00:43:45 +0300] "GET /?detail/14104550880002 HTTP/1.1" 200 0 "-" "Mozilla/5.0 (Linux; Android 6.0.1; Nexus 5X Build/MMB29P) AppleWebKit/537.36 (KHTML, like Gecko) Chrome/151.0.7922.137 Mobile Safari/537.36 (compatible; Googlebot/2.1; +http://www.google.com/bot.html)"
66.249.78.69 - - [19/Aug/2026:00:43:45 +0300] "GET /?jp/250037248.html HTTP/1.1" 200 0 "-" "Mozilla/5.0 (Linux; Android 6.0.1; Nexus 5X Build/MMB29P) AppleWebKit/537.36 (KHTML, like Gecko) Chrome/151.0.7922.137 Mobile Safari/537.36 (compatible; Googlebot/2.1; +http://www.google.com/bot.html)"
66.249.66.203 - - [19/Aug/2026:00:43:46 +0300] "GET /?jp/172044655.html HTTP/1.1" 200 0 "-" "Mozilla/5.0 (Linux; Android 6.0.1; Nexus 5X Build/MMB29P) AppleWebKit/537.36 (KHTML, like Gecko) Chrome/151.0.7922.137 Mobile Safari/537.36 (compatible; Googlebot/2.1; +http://www.google.com/bot.html)"
66.249.66.203 - - [19/Aug/2026:00:43:46 +0300] "GET /?goods/105038411 HTTP/1.1" 200 0 "-" "Mozilla/5.0 (Linux; Android 6.0.1; Nexus 5X Build/MMB29P) AppleWebKit/537.36 (KHTML, like Gecko) Chrome/151.0.7922.137 Mobile Safari/537.36 (compatible; Googlebot/2.1; +http://www.google.com/bot.html)"
144.76.32.114 - - [19/Aug/2026:00:43:47 +0300] "GET /outlet/033018512 HTTP/1.1" 200 0 "-" "Mozilla/5.0 (compatible; SERankingBacklinksBot/1.0; +https://seranking.com/backlinks-crawler)"
144.76.32.114 - - [19/Aug/2026:00:43:50 +0300] "GET /outlet/033021602 HTTP/1.1" 200 0 "-" "Mozilla/5.0 (compatible; SERankingBacklinksBot/1.0; +https://seranking.com/backlinks-crawler)"
144.76.32.114 - - [19/Aug/2026:00:43:53 +0300] "GET /outlet/033023808 HTTP/1.1" 200 0 "-" "Mozilla/5.0 (compatible; SERankingBacklinksBot/1.0; +https://seranking.com/backlinks-crawler)"
144.76.32.114 - - [19/Aug/2026:00:43:56 +0300] "GET /outlet/033027322 HTTP/1.1" 200 0 "-" "Mozilla/5.0 (compatible; SERankingBacklinksBot/1.0; +https://seranking.com/backlinks-crawler)"
144.76.32.114 - - [19/Aug/2026:00:43:59 +0300] "GET /outlet/033027936 HTTP/1.1" 200 0 "-" "Mozilla/5.0 (compatible; SERankingBacklinksBot/1.0; +https://seranking.com/backlinks-crawler)"
144.76.32.114 - - [19/Aug/2026:00:44:02 +0300] "GET /outlet/033027992 HTTP/1.1" 200 0 "-" "Mozilla/5.0 (compatible; SERankingBacklinksBot/1.0; +https://seranking.com/backlinks-crawler)"
144.76.32.114 - - [19/Aug/2026:00:44:06 +0300] "GET /outlet/033028744 HTTP/1.1" 200 0 "-" "Mozilla/5.0 (compatible; SERankingBacklinksBot/1.0; +https://seranking.com/backlinks-crawler)"
144.76.32.114 - - [19/Aug/2026:00:44:09 +0300] "GET /outlet/033028914 HTTP/1.1" 200 0 "-" "Mozilla/5.0 (compatible; SERankingBacklinksBot/1.0; +https://seranking.com/backlinks-crawler)"
144.76.32.114 - - [19/Aug/2026:00:44:12 +0300] "GET /outlet/033029458 HTTP/1.1" 200 0 "-" "Mozilla/5.0 (compatible; SERankingBacklinksBot/1.0; +https://seranking.com/backlinks-crawler)"
144.76.32.114 - - [19/Aug/2026:00:44:15 +0300] "GET /outlet/033032218 HTTP/1.1" 200 0 "-" "Mozilla/5.0 (compatible; SERankingBacklinksBot/1.0; +https://seranking.com/backlinks-crawler)"
144.76.32.114 - - [19/Aug/2026:00:44:18 +0300] "GET /outlet/033033080 HTTP/1.1" 200 0 "-" "Mozilla/5.0 (compatible; SERankingBacklinksBot/1.0; +https://seranking.com/backlinks-crawler)"
144.76.32.114 - - [19/Aug/2026:00:44:21 +0300] "GET /outlet/033033546 HTTP/1.1" 200 0 "-" "Mozilla/5.0 (compatible; SERankingBacklinksBot/1.0; +https://seranking.com/backlinks-crawler)"
144.76.32.114 - - [19/Aug/2026:00:44:24 +0300] "GET /outlet/033034694 HTTP/1.1" 200 0 "-" "Mozilla/5.0 (compatible; SERankingBacklinksBot/1.0; +https://seranking.com/backlinks-crawler)"
195.2.79.165 - - [19/Aug/2026:00:44:27 +0300] "GET / HTTP/1.0" 301 162 "http://levasheva.ru/" "Mozilla/5.0 (Windows NT 10.0; Win64; x64) AppleWebKit/537.36 (KHTML, like Gecko) Chrome/131.0.0.0 Safari/537.36"
195.2.79.165 - - [19/Aug/2026:00:44:27 +0300] "GET / HTTP/1.0" 200 0 "https://levasheva.ru/" "Mozilla/5.0 (Windows NT 10.0; Win64; x64) AppleWebKit/537.36 (KHTML, like Gecko) Chrome/131.0.0.0 Safari/537.36"
144.76.32.114 - - [19/Aug/2026:00:44:28 +0300] "GET /outlet/033037062 HTTP/1.1" 200 0 "-" "Mozilla/5.0 (compatible; SERankingBacklinksBot/1.0; +https://seranking.com/backlinks-crawler)"
144.76.32.114 - - [19/Aug/2026:00:44:31 +0300] "GET /outlet/033037530 HTTP/1.1" 200 0 "-" "Mozilla/5.0 (compatible; SERankingBacklinksBot/1.0; +https://seranking.com/backlinks-crawler)"
144.76.32.114 - - [19/Aug/2026:00:44:34 +0300] "GET /outlet/033040696 HTTP/1.1" 200 0 "-" "Mozilla/5.0 (compatible; SERankingBacklinksBot/1.0; +https://seranking.com/backlinks-crawler)"
144.76.32.114 - - [19/Aug/2026:00:44:37 +0300] "GET /outlet/033043762 HTTP/1.1" 200 0 "-" "Mozilla/5.0 (compatible; SERankingBacklinksBot/1.0; +https://seranking.com/backlinks-crawler)"
144.76.32.114 - - [19/Aug/2026:00:44:40 +0300] "GET /outlet/033045962 HTTP/1.1" 200 0 "-" "Mozilla/5.0 (compatible; SERankingBacklinksBot/1.0; +https://seranking.com/backlinks-crawler)"
144.76.32.114 - - [19/Aug/2026:00:44:43 +0300] "GET /outlet/033047258 HTTP/1.1" 200 0 "-" "Mozilla/5.0 (compatible; SERankingBacklinksBot/1.0; +https://seranking.com/backlinks-crawler)"
144.76.32.114 - - [19/Aug/2026:00:44:47 +0300] "GET /outlet/033049474 HTTP/1.1" 200 0 "-" "Mozilla/5.0 (compatible; SERankingBacklinksBot/1.0; +https://seranking.com/backlinks-crawler)"
66.249.66.35 - - [19/Aug/2026:00:44:47 +0300] "GET /?goods/089027844 HTTP/1.1" 200 0 "-" "Mozilla/5.0 (Linux; Android 6.0.1; Nexus 5X Build/MMB29P) AppleWebKit/537.36 (KHTML, like Gecko) Chrome/151.0.7922.137 Mobile Safari/537.36 (compatible; Googlebot/2.1; +http://www.google.com/bot.html)"
144.76.32.114 - - [19/Aug/2026:00:44:50 +0300] "GET /outlet/033049726 HTTP/1.1" 200 0 "-" "Mozilla/5.0 (compatible; SERankingBacklinksBot/1.0; +https://seranking.com/backlinks-crawler)"
144.76.32.114 - - [19/Aug/2026:00:44:53 +0300] "GET /outlet/034005009 HTTP/1.1" 200 0 "-" "Mozilla/5.0 (compatible; SERankingBacklinksBot/1.0; +https://seranking.com/backlinks-crawler)"
144.76.32.114 - - [19/Aug/2026:00:44:56 +0300] "GET /outlet/034005041 HTTP/1.1" 200 0 "-" "Mozilla/5.0 (compatible; SERankingBacklinksBot/1.0; +https://seranking.com/backlinks-crawler)"
144.76.32.114 - - [19/Aug/2026:00:44:59 +0300] "GET /outlet/034005793 HTTP/1.1" 200 0 "-" "Mozilla/5.0 (compatible; SERankingBacklinksBot/1.0; +https://seranking.com/backlinks-crawler)"
144.76.32.114 - - [19/Aug/2026:00:45:02 +0300] "GET /outlet/034006505 HTTP/1.1" 200 0 "-" "Mozilla/5.0 (compatible; SERankingBacklinksBot/1.0; +https://seranking.com/backlinks-crawler)"
144.76.32.114 - - [19/Aug/2026:00:45:05 +0300] "GET /outlet/034007723 HTTP/1.1" 200 0 "-" "Mozilla/5.0 (compatible; SERankingBacklinksBot/1.0; +https://seranking.com/backlinks-crawler)"
144.76.32.114 - - [19/Aug/2026:00:45:08 +0300] "GET /outlet/034008667 HTTP/1.1" 200 0 "-" "Mozilla/5.0 (compatible; SERankingBacklinksBot/1.0; +https://seranking.com/backlinks-crawler)"
144.76.32.114 - - [19/Aug/2026:00:45:12 +0300] "GET /outlet/034008763 HTTP/1.1" 200 0 "-" "Mozilla/5.0 (compatible; SERankingBacklinksBot/1.0; +https://seranking.com/backlinks-crawler)"
144.76.32.114 - - [19/Aug/2026:00:45:15 +0300] "GET /outlet/034009973 HTTP/1.1" 200 0 "-" "Mozilla/5.0 (compatible; SERankingBacklinksBot/1.0; +https://seranking.com/backlinks-crawler)"
144.76.32.114 - - [19/Aug/2026:00:45:18 +0300] "GET /outlet/034013075 HTTP/1.1" 200 0 "-" "Mozilla/5.0 (compatible; SERankingBacklinksBot/1.0; +https://seranking.com/backlinks-crawler)"
144.76.32.114 - - [19/Aug/2026:00:45:21 +0300] "GET /outlet/034015293 HTTP/1.1" 200 0 "-" "Mozilla/5.0 (compatible; SERankingBacklinksBot/1.0; +https://seranking.com/backlinks-crawler)"
144.76.32.114 - - [19/Aug/2026:00:45:24 +0300] "GET /outlet/034015671 HTTP/1.1" 200 0 "-" "Mozilla/5.0 (compatible; SERankingBacklinksBot/1.0; +https://seranking.com/backlinks-crawler)"
92.242.60.95 - - [19/Aug/2026:00:45:26 +0300] "GET https://levasheva.ru/ HTTP/1.1" 200 0 "-" "https://reg.ru monitoring abuse@reg.ru"
144.76.32.114 - - [19/Aug/2026:00:45:27 +0300] "GET /outlet/034018345 HTTP/1.1" 200 0 "-" "Mozilla/5.0 (compatible; SERankingBacklinksBot/1.0; +https://seranking.com/backlinks-crawler)"
144.76.32.114 - - [19/Aug/2026:00:45:30 +0300] "GET /outlet/034020013 HTTP/1.1" 200 0 "-" "Mozilla/5.0 (compatible; SERankingBacklinksBot/1.0; +https://seranking.com/backlinks-crawler)"
144.76.32.114 - - [19/Aug/2026:00:45:34 +0300] "GET /outlet/034020825 HTTP/1.1" 200 0 "-" "Mozilla/5.0 (compatible; SERankingBacklinksBot/1.0; +https://seranking.com/backlinks-crawler)"
89.104.66.67 - - [19/Aug/2026:00:45:34 +0300] "GET https://levasheva.ru/ HTTP/1.1" 200 0 "-" "https://reg.ru monitoring abuse@reg.ru"
144.76.32.114 - - [19/Aug/2026:00:45:37 +0300] "GET /outlet/034023995 HTTP/1.1" 200 0 "-" "Mozilla/5.0 (compatible; SERankingBacklinksBot/1.0; +https://seranking.com/backlinks-crawler)"
144.76.32.114 - - [19/Aug/2026:00:45:40 +0300] "GET /outlet/034027655 HTTP/1.1" 200 0 "-" "Mozilla/5.0 (compatible; SERankingBacklinksBot/1.0; +https://seranking.com/backlinks-crawler)"
144.76.32.114 - - [19/Aug/2026:00:45:43 +0300] "GET /outlet/034027911 HTTP/1.1" 200 0 "-" "Mozilla/5.0 (compatible; SERankingBacklinksBot/1.0; +https://seranking.com/backlinks-crawler)"
144.76.32.114 - - [19/Aug/2026:00:45:46 +0300] "GET /outlet/034029731 HTTP/1.1" 200 0 "-" "Mozilla/5.0 (compatible; SERankingBacklinksBot/1.0; +https://seranking.com/backlinks-crawler)"
144.76.32.114 - - [19/Aug/2026:00:45:49 +0300] "GET /outlet/034032223 HTTP/1.1" 200 0 "-" "Mozilla/5.0 (compatible; SERankingBacklinksBot/1.0; +https://seranking.com/backlinks-crawler)"
144.76.32.114 - - [19/Aug/2026:00:45:53 +0300] "GET /outlet/034033839 HTTP/1.1" 200 0 "-" "Mozilla/5.0 (compatible; SERankingBacklinksBot/1.0; +https://seranking.com/backlinks-crawler)"
144.76.32.114 - - [19/Aug/2026:00:45:56 +0300] "GET /outlet/034034641 HTTP/1.1" 200 0 "-" "Mozilla/5.0 (compatible; SERankingBacklinksBot/1.0; +https://seranking.com/backlinks-crawler)"
144.76.32.114 - - [19/Aug/2026:00:45:59 +0300] "GET /outlet/034034883 HTTP/1.1" 200 0 "-" "Mozilla/5.0 (compatible; SERankingBacklinksBot/1.0; +https://seranking.com/backlinks-crawler)"
144.76.32.114 - - [19/Aug/2026:00:46:02 +0300] "GET /outlet/034046271 HTTP/1.1" 200 0 "-" "Mozilla/5.0 (compatible; SERankingBacklinksBot/1.0; +https://seranking.com/backlinks-crawler)"
144.76.32.114 - - [19/Aug/2026:00:46:05 +0300] "GET /outlet/034049281 HTTP/1.1" 200 0 "-" "Mozilla/5.0 (compatible; SERankingBacklinksBot/1.0; +https://seranking.com/backlinks-crawler)"
144.76.32.114 - - [19/Aug/2026:00:46:08 +0300] "GET /outlet/180030661 HTTP/1.1" 200 0 "-" "Mozilla/5.0 (compatible; SERankingBacklinksBot/1.0; +https://seranking.com/backlinks-crawler)"
144.76.32.114 - - [19/Aug/2026:00:46:11 +0300] "GET /outlet/034049443 HTTP/1.1" 200 0 "-" "Mozilla/5.0 (compatible; SERankingBacklinksBot/1.0; +https://seranking.com/backlinks-crawler)"
144.76.32.114 - - [19/Aug/2026:00:46:15 +0300] "GET /outlet/035001452 HTTP/1.1" 200 0 "-" "Mozilla/5.0 (compatible; SERankingBacklinksBot/1.0; +https://seranking.com/backlinks-crawler)"
89.111.174.139 - - [19/Aug/2026:00:46:17 +0300] "GET https://levasheva.ru/ HTTP/1.1" 200 0 "-" "https://reg.ru monitoring abuse@reg.ru"
144.76.32.114 - - [19/Aug/2026:00:46:18 +0300] "GET /outlet/035003108 HTTP/1.1" 200 0 "-" "Mozilla/5.0 (compatible; SERankingBacklinksBot/1.0; +https://seranking.com/backlinks-crawler)"
144.76.32.114 - - [19/Aug/2026:00:46:21 +0300] "GET /outlet/035003522 HTTP/1.1" 200 0 "-" "Mozilla/5.0 (compatible; SERankingBacklinksBot/1.0; +https://seranking.com/backlinks-crawler)"
144.76.32.114 - - [19/Aug/2026:00:46:24 +0300] "GET /outlet/035003570 HTTP/1.1" 200 0 "-" "Mozilla/5.0 (compatible; SERankingBacklinksBot/1.0; +https://seranking.com/backlinks-crawler)"
144.76.32.114 - - [19/Aug/2026:00:46:27 +0300] "GET /outlet/035004292 HTTP/1.1" 200 0 "-" "Mozilla/5.0 (compatible; SERankingBacklinksBot/1.0; +https://seranking.com/backlinks-crawler)"
144.76.32.114 - - [19/Aug/2026:00:46:30 +0300] "GET /outlet/035007014 HTTP/1.1" 200 0 "-" "Mozilla/5.0 (compatible; SERankingBacklinksBot/1.0; +https://seranking.com/backlinks-crawler)"
144.76.32.114 - - [19/Aug/2026:00:46:33 +0300] "GET /outlet/035011022 HTTP/1.1" 200 0 "-" "Mozilla/5.0 (compatible; SERankingBacklinksBot/1.0; +https://seranking.com/backlinks-crawler)"
144.76.32.114 - - [19/Aug/2026:00:46:36 +0300] "GET /outlet/035016184 HTTP/1.1" 200 0 "-" "Mozilla/5.0 (compatible; SERankingBacklinksBot/1.0; +https://seranking.com/backlinks-crawler)"
144.76.32.114 - - [19/Aug/2026:00:46:40 +0300] "GET /outlet/035018466 HTTP/1.1" 200 0 "-" "Mozilla/5.0 (compatible; SERankingBacklinksBot/1.0; +https://seranking.com/backlinks-crawler)"
144.76.32.114 - - [19/Aug/2026:00:46:43 +0300] "GET /outlet/035022888 HTTP/1.1" 200 0 "-" "Mozilla/5.0 (compatible; SERankingBacklinksBot/1.0; +https://seranking.com/backlinks-crawler)"
