| Server IP : 82.148.16.210 / Your IP : 216.73.216.19 Web Server : nginx/1.29.5 System : Linux mail.sarafai.ru 6.1.0-43-amd64 #1 SMP PREEMPT_DYNAMIC Debian 6.1.162-1 (2026-02-08) x86_64 User : root ( 0) PHP Version : 7.4.33 Disable Function : pcntl_alarm,pcntl_fork,pcntl_waitpid,pcntl_wait,pcntl_wifexited,pcntl_wifstopped,pcntl_wifsignaled,pcntl_wifcontinued,pcntl_wexitstatus,pcntl_wtermsig,pcntl_wstopsig,pcntl_signal,pcntl_signal_get_handler,pcntl_signal_dispatch,pcntl_get_last_error,pcntl_strerror,pcntl_sigprocmask,pcntl_sigwaitinfo,pcntl_sigtimedwait,pcntl_exec,pcntl_getpriority,pcntl_setpriority,pcntl_async_signals,pcntl_unshare, MySQL : OFF | cURL : ON | WGET : ON | Perl : ON | Python : ON | Sudo : ON | Pkexec : OFF Directory : /var/log/nginx/ |
Upload File : |
2026/08/19 02:47:09 [error] 645121#645121: *5359540 FastCGI sent in stderr: "PHP message: PHP Warning: chmod(): No such file or directory in /var/www/fita.staroobrad.ru/public/wp-content/plugins/wp-mail-smtp/wp_mail_smtp.php on line 8" while reading response header from upstream, client: 104.28.208.84, server: fita.staroobrad.ru, request: "GET /wp-content/plugins/wp-mail-smtp/wp_mail_smtp.php HTTP/1.1", upstream: "fastcgi://unix:/var/run/www_fita_staroobrad_ru.pid:", host: "fita.staroobrad.ru", referrer: "https://fita.staroobrad.ru"
2026/08/19 03:34:35 [error] 645121#645121: *5362167 open() "/var/www/fita.staroobrad.ru/public/sitemap999.xml" failed (2: No such file or directory), client: 114.119.135.169, server: fita.staroobrad.ru, request: "GET /sitemap999.xml HTTP/1.1", host: "fita.staroobrad.ru"
2026/08/19 03:35:49 [error] 645121#645121: *5362345 open() "/var/www/fita.staroobrad.ru/public/r/item/promotional-material/2ae9835397801.html" failed (2: No such file or directory), client: 66.249.66.204, server: fita.staroobrad.ru, request: "GET /r/item/promotional-material/2ae9835397801.html HTTP/1.1", host: "fita.staroobrad.ru"
2026/08/19 03:45:06 [error] 645121#645121: *5363711 open() "/var/www/fita.staroobrad.ru/public/sitemap98.xml" failed (2: No such file or directory), client: 114.119.129.113, server: fita.staroobrad.ru, request: "GET /sitemap98.xml HTTP/1.1", host: "fita.staroobrad.ru"
2026/08/19 03:47:50 [error] 645121#645121: *5364110 open() "/var/www/fita.staroobrad.ru/public/r/item/buy-one/fa0fe59305404.html" failed (2: No such file or directory), client: 66.249.66.76, server: fita.staroobrad.ru, request: "GET /r/item/buy-one/fa0fe59305404.html HTTP/1.1", host: "fita.staroobrad.ru"
2026/08/19 03:54:20 [error] 645121#645121: *5364976 open() "/var/www/fita.staroobrad.ru/public/sitemap941.xml" failed (2: No such file or directory), client: 114.119.143.233, server: fita.staroobrad.ru, request: "GET /sitemap941.xml HTTP/1.1", host: "fita.staroobrad.ru"
2026/08/19 04:04:18 [error] 645121#645121: *5366606 open() "/var/www/fita.staroobrad.ru/public/sitemap919.xml" failed (2: No such file or directory), client: 114.119.149.169, server: fita.staroobrad.ru, request: "GET /sitemap919.xml HTTP/1.1", host: "fita.staroobrad.ru"
2026/08/19 04:12:28 [error] 645121#645121: *5368212 open() "/var/www/fita.staroobrad.ru/public/sitemap913.xml" failed (2: No such file or directory), client: 114.119.151.80, server: fita.staroobrad.ru, request: "GET /sitemap913.xml HTTP/1.1", host: "fita.staroobrad.ru"
2026/08/19 04:22:28 [error] 645121#645121: *5369959 open() "/var/www/fita.staroobrad.ru/public/sitemap892.xml" failed (2: No such file or directory), client: 114.119.131.68, server: fita.staroobrad.ru, request: "GET /sitemap892.xml HTTP/1.1", host: "fita.staroobrad.ru"
2026/08/19 04:27:31 [error] 645121#645121: *5371212 open() "/var/www/fita.staroobrad.ru/public/r/item/instant-rebate/8c5831136914001.html" failed (2: No such file or directory), client: 66.249.66.36, server: fita.staroobrad.ru, request: "GET /r/item/instant-rebate/8c5831136914001.html HTTP/1.1", host: "fita.staroobrad.ru"
2026/08/19 04:31:35 [error] 645121#645121: *5371876 open() "/var/www/fita.staroobrad.ru/public/sitemap878.xml" failed (2: No such file or directory), client: 114.119.149.118, server: fita.staroobrad.ru, request: "GET /sitemap878.xml HTTP/1.1", host: "fita.staroobrad.ru"
2026/08/19 04:34:49 [error] 645121#645121: *5372458 open() "/var/www/fita.staroobrad.ru/public/r/item/senior-discount/ef17f1138503501.html" failed (2: No such file or directory), client: 66.249.78.69, server: fita.staroobrad.ru, request: "GET /r/item/senior-discount/ef17f1138503501.html HTTP/1.1", host: "fita.staroobrad.ru"
2026/08/19 04:41:08 [error] 645121#645121: *5373607 open() "/var/www/fita.staroobrad.ru/public/sitemap854.xml" failed (2: No such file or directory), client: 114.119.155.81, server: fita.staroobrad.ru, request: "GET /sitemap854.xml HTTP/1.1", host: "fita.staroobrad.ru"
2026/08/19 04:52:20 [error] 645121#645121: *5375684 open() "/var/www/fita.staroobrad.ru/public/sitemap826.xml" failed (2: No such file or directory), client: 114.119.132.52, server: fita.staroobrad.ru, request: "GET /sitemap826.xml HTTP/1.1", host: "fita.staroobrad.ru"
2026/08/19 05:09:00 [error] 645121#645121: *5378472 open() "/var/www/fita.staroobrad.ru/public/sitemap818.xml" failed (2: No such file or directory), client: 114.119.132.114, server: fita.staroobrad.ru, request: "GET /sitemap818.xml HTTP/1.1", host: "fita.staroobrad.ru"
2026/08/19 05:18:34 [error] 645121#645121: *5380751 open() "/var/www/fita.staroobrad.ru/public/sitemap815.xml" failed (2: No such file or directory), client: 114.119.147.73, server: fita.staroobrad.ru, request: "GET /sitemap815.xml HTTP/1.1", host: "fita.staroobrad.ru"
2026/08/19 05:28:08 [error] 645121#645121: *5382413 open() "/var/www/fita.staroobrad.ru/public/sitemap811.xml" failed (2: No such file or directory), client: 114.119.136.66, server: fita.staroobrad.ru, request: "GET /sitemap811.xml HTTP/1.1", host: "fita.staroobrad.ru"
2026/08/19 05:37:43 [error] 645121#645121: *5384086 open() "/var/www/fita.staroobrad.ru/public/sitemap790.xml" failed (2: No such file or directory), client: 114.119.146.29, server: fita.staroobrad.ru, request: "GET /sitemap790.xml HTTP/1.1", host: "fita.staroobrad.ru"
2026/08/19 05:47:18 [error] 645121#645121: *5385677 open() "/var/www/fita.staroobrad.ru/public/sitemap757.xml" failed (2: No such file or directory), client: 114.119.152.12, server: fita.staroobrad.ru, request: "GET /sitemap757.xml HTTP/1.1", host: "fita.staroobrad.ru"
2026/08/19 05:56:51 [error] 645121#645121: *5389035 open() "/var/www/fita.staroobrad.ru/public/sitemap754.xml" failed (2: No such file or directory), client: 114.119.131.46, server: fita.staroobrad.ru, request: "GET /sitemap754.xml HTTP/1.1", host: "fita.staroobrad.ru"
2026/08/19 06:07:08 [error] 645121#645121: *5391416 open() "/var/www/fita.staroobrad.ru/public/sitemap707.xml" failed (2: No such file or directory), client: 114.119.138.220, server: fita.staroobrad.ru, request: "GET /sitemap707.xml HTTP/1.1", host: "fita.staroobrad.ru"
2026/08/19 06:16:12 [error] 645121#645121: *5392946 open() "/var/www/fita.staroobrad.ru/public/sitemap696.xml" failed (2: No such file or directory), client: 114.119.159.17, server: fita.staroobrad.ru, request: "GET /sitemap696.xml HTTP/1.1", host: "fita.staroobrad.ru"
2026/08/19 06:25:46 [error] 645121#645121: *5394545 open() "/var/www/fita.staroobrad.ru/public/sitemap656.xml" failed (2: No such file or directory), client: 114.119.152.164, server: fita.staroobrad.ru, request: "GET /sitemap656.xml HTTP/1.1", host: "fita.staroobrad.ru"
2026/08/19 06:29:44 [error] 645121#645121: *5395243 open() "/var/www/fita.staroobrad.ru/public/r/item/pre-order/bb6231136850701.html" failed (2: No such file or directory), client: 66.249.66.198, server: fita.staroobrad.ru, request: "GET /r/item/pre-order/bb6231136850701.html HTTP/1.1", host: "fita.staroobrad.ru"
2026/08/19 06:35:21 [error] 645121#645121: *5396139 open() "/var/www/fita.staroobrad.ru/public/sitemap650.xml" failed (2: No such file or directory), client: 114.119.149.116, server: fita.staroobrad.ru, request: "GET /sitemap650.xml HTTP/1.1", host: "fita.staroobrad.ru"
2026/08/19 06:39:44 [error] 645121#645121: *5398034 open() "/var/www/fita.staroobrad.ru/public/r/item/upsell/7d75f1129970501.html" failed (2: No such file or directory), client: 66.249.66.36, server: fita.staroobrad.ru, request: "GET /r/item/upsell/7d75f1129970501.html HTTP/1.1", host: "fita.staroobrad.ru"
2026/08/19 06:44:55 [error] 645121#645121: *5402159 open() "/var/www/fita.staroobrad.ru/public/sitemap645.xml" failed (2: No such file or directory), client: 114.119.141.30, server: fita.staroobrad.ru, request: "GET /sitemap645.xml HTTP/1.1", host: "fita.staroobrad.ru"
2026/08/19 06:49:04 [error] 645121#645121: *5403555 FastCGI sent in stderr: "PHP message: PHP Warning: chmod(): No such file or directory in /var/www/fita.staroobrad.ru/public/wp-content/plugins/wp-mail-smtp/wp_mail_smtp.php on line 8" while reading response header from upstream, client: 104.28.208.84, server: fita.staroobrad.ru, request: "GET /wp-content/plugins/wp-mail-smtp/wp_mail_smtp.php HTTP/1.1", upstream: "fastcgi://unix:/var/run/www_fita_staroobrad_ru.pid:", host: "fita.staroobrad.ru"
2026/08/19 06:49:13 [error] 645121#645121: *5403592 FastCGI sent in stderr: "PHP message: PHP Warning: chmod(): No such file or directory in /var/www/fita.staroobrad.ru/public/wp-content/plugins/wp-mail-smtp/wp_mail_smtp.php on line 8" while reading response header from upstream, client: 104.28.208.84, server: fita.staroobrad.ru, request: "POST /wp-content/plugins/wp-mail-smtp/wp_mail_smtp.php HTTP/1.1", upstream: "fastcgi://unix:/var/run/www_fita_staroobrad_ru.pid:", host: "fita.staroobrad.ru", referrer: "https://fita.staroobrad.ru/wp-content/plugins/wp-mail-smtp/wp_mail_smtp.php"
2026/08/19 06:49:38 [error] 645121#645121: *5403704 FastCGI sent in stderr: "PHP message: PHP Notice: Undefined variable: TK4KU in /var/www/fita.staroobrad.ru/public/wp-content/plugins/wp-mail-smtp/getdomains.php on line 8PHP message: PHP Notice: Undefined variable: TK4KU in /var/www/fita.staroobrad.ru/public/wp-content/plugins/wp-mail-smtp/getdomains.php on line 8PHP message: PHP Notice: Undefined variable: TK4KU in /var/www/fita.staroobrad.ru/public/wp-content/plugins/wp-mail-smtp/getdomains.php on line 8" while reading response header from upstream, client: 104.28.208.84, server: fita.staroobrad.ru, request: "GET /wp-content/plugins/wp-mail-smtp/getdomains.php HTTP/1.1", upstream: "fastcgi://unix:/var/run/www_fita_staroobrad_ru.pid:", host: "fita.staroobrad.ru"
2026/08/19 06:52:49 [error] 645121#645121: *5404443 open() "/var/www/fita.staroobrad.ru/public/r/item/mail-in-rebate/90294216033904.html" failed (2: No such file or directory), client: 66.249.66.74, server: fita.staroobrad.ru, request: "GET /r/item/mail-in-rebate/90294216033904.html HTTP/1.1", host: "fita.staroobrad.ru"
2026/08/19 06:54:29 [error] 645121#645121: *5404720 open() "/var/www/fita.staroobrad.ru/public/sitemap642.xml" failed (2: No such file or directory), client: 114.119.159.101, server: fita.staroobrad.ru, request: "GET /sitemap642.xml HTTP/1.1", host: "fita.staroobrad.ru"
2026/08/19 06:58:50 [error] 645121#645121: *5405428 open() "/var/www/fita.staroobrad.ru/public/r/item/upsell/e813c1138160501.html" failed (2: No such file or directory), client: 66.249.66.202, server: fita.staroobrad.ru, request: "GET /r/item/upsell/e813c1138160501.html HTTP/1.1", host: "fita.staroobrad.ru"
2026/08/19 06:58:51 [error] 645121#645121: *5405434 open() "/var/www/fita.staroobrad.ru/public/r/item/early-access/e02e41139150801.html" failed (2: No such file or directory), client: 66.249.78.69, server: fita.staroobrad.ru, request: "GET /r/item/early-access/e02e41139150801.html HTTP/1.1", host: "fita.staroobrad.ru"
2026/08/19 06:58:51 [error] 645121#645121: *5405434 open() "/var/www/fita.staroobrad.ru/public/r/item/percentage-discount/ca4781139002701.html" failed (2: No such file or directory), client: 66.249.78.69, server: fita.staroobrad.ru, request: "GET /r/item/percentage-discount/ca4781139002701.html HTTP/1.1", host: "fita.staroobrad.ru"
2026/08/19 07:04:04 [error] 645121#645121: *5406301 open() "/var/www/fita.staroobrad.ru/public/sitemap626.xml" failed (2: No such file or directory), client: 114.119.153.112, server: fita.staroobrad.ru, request: "GET /sitemap626.xml HTTP/1.1", host: "fita.staroobrad.ru"
2026/08/19 07:13:54 [error] 645121#645121: *5408146 open() "/var/www/fita.staroobrad.ru/public/sitemap618.xml" failed (2: No such file or directory), client: 114.119.156.142, server: fita.staroobrad.ru, request: "GET /sitemap618.xml HTTP/1.1", host: "fita.staroobrad.ru"
2026/08/19 07:23:12 [error] 645121#645121: *5409553 open() "/var/www/fita.staroobrad.ru/public/sitemap615.xml" failed (2: No such file or directory), client: 114.119.139.172, server: fita.staroobrad.ru, request: "GET /sitemap615.xml HTTP/1.1", host: "fita.staroobrad.ru"
2026/08/19 07:32:47 [error] 645121#645121: *5412457 open() "/var/www/fita.staroobrad.ru/public/sitemap609.xml" failed (2: No such file or directory), client: 114.119.130.248, server: fita.staroobrad.ru, request: "GET /sitemap609.xml HTTP/1.1", host: "fita.staroobrad.ru"
2026/08/19 07:42:21 [error] 645121#645121: *5419381 open() "/var/www/fita.staroobrad.ru/public/sitemap607.xml" failed (2: No such file or directory), client: 114.119.157.241, server: fita.staroobrad.ru, request: "GET /sitemap607.xml HTTP/1.1", host: "fita.staroobrad.ru"
2026/08/19 07:51:56 [error] 645121#645121: *5420630 open() "/var/www/fita.staroobrad.ru/public/sitemap589.xml" failed (2: No such file or directory), client: 114.119.139.217, server: fita.staroobrad.ru, request: "GET /sitemap589.xml HTTP/1.1", host: "fita.staroobrad.ru"
2026/08/19 08:01:30 [error] 645121#645121: *5422200 open() "/var/www/fita.staroobrad.ru/public/sitemap576.xml" failed (2: No such file or directory), client: 114.119.156.152, server: fita.staroobrad.ru, request: "GET /sitemap576.xml HTTP/1.1", host: "fita.staroobrad.ru"
2026/08/19 08:11:04 [error] 645121#645121: *5423592 open() "/var/www/fita.staroobrad.ru/public/sitemap567.xml" failed (2: No such file or directory), client: 114.119.140.66, server: fita.staroobrad.ru, request: "GET /sitemap567.xml HTTP/1.1", host: "fita.staroobrad.ru"
2026/08/19 08:20:39 [error] 645121#645121: *5424797 open() "/var/www/fita.staroobrad.ru/public/sitemap509.xml" failed (2: No such file or directory), client: 114.119.131.14, server: fita.staroobrad.ru, request: "GET /sitemap509.xml HTTP/1.1", host: "fita.staroobrad.ru"
2026/08/19 08:29:49 [error] 645121#645121: *5426137 open() "/var/www/fita.staroobrad.ru/public/r/item/percentage-discount/1d0011133622701.html" failed (2: No such file or directory), client: 66.249.66.66, server: fita.staroobrad.ru, request: "GET /r/item/percentage-discount/1d0011133622701.html HTTP/1.1", host: "fita.staroobrad.ru"
2026/08/19 08:29:49 [error] 645121#645121: *5426118 open() "/var/www/fita.staroobrad.ru/public/r/item/promotional-activity/359951138141901.html" failed (2: No such file or directory), client: 66.249.66.75, server: fita.staroobrad.ru, request: "GET /r/item/promotional-activity/359951138141901.html HTTP/1.1", host: "fita.staroobrad.ru"
2026/08/19 08:29:50 [error] 645121#645121: *5426141 open() "/var/www/fita.staroobrad.ru/public/r/item/free-trial/103341126305901.html" failed (2: No such file or directory), client: 66.249.66.72, server: fita.staroobrad.ru, request: "GET /r/item/free-trial/103341126305901.html HTTP/1.1", host: "fita.staroobrad.ru"
2026/08/19 08:29:51 [error] 645121#645121: *5426144 open() "/var/www/fita.staroobrad.ru/public/r/item/pre-order/8f7dc1131470701.html" failed (2: No such file or directory), client: 66.249.78.69, server: fita.staroobrad.ru, request: "GET /r/item/pre-order/8f7dc1131470701.html HTTP/1.1", host: "fita.staroobrad.ru"
2026/08/19 08:29:51 [error] 645121#645121: *5426144 open() "/var/www/fita.staroobrad.ru/public/r/item/bargain/0ec9b1130825101.html" failed (2: No such file or directory), client: 66.249.78.69, server: fita.staroobrad.ru, request: "GET /r/item/bargain/0ec9b1130825101.html HTTP/1.1", host: "fita.staroobrad.ru"
2026/08/19 08:29:52 [error] 645121#645121: *5426144 open() "/var/www/fita.staroobrad.ru/public/r/item/seasonal-discount/1fe791134053101.html" failed (2: No such file or directory), client: 66.249.78.69, server: fita.staroobrad.ru, request: "GET /r/item/seasonal-discount/1fe791134053101.html HTTP/1.1", host: "fita.staroobrad.ru"
2026/08/19 08:29:52 [error] 645121#645121: *5426118 open() "/var/www/fita.staroobrad.ru/public/r/item/Black-Friday/219c6404691203.html" failed (2: No such file or directory), client: 66.249.66.75, server: fita.staroobrad.ru, request: "GET /r/item/Black-Friday/219c6404691203.html HTTP/1.1", host: "fita.staroobrad.ru"
2026/08/19 08:29:53 [error] 645121#645121: *5426115 open() "/var/www/fita.staroobrad.ru/public/r/item/anniversary-sale/d73f21126521101.html" failed (2: No such file or directory), client: 66.249.66.74, server: fita.staroobrad.ru, request: "GET /r/item/anniversary-sale/d73f21126521101.html HTTP/1.1", host: "fita.staroobrad.ru"
2026/08/19 08:29:53 [error] 645121#645121: *5426152 open() "/var/www/fita.staroobrad.ru/public/r/item/free-gift-with-purchase/0ea6b1136635501.html" failed (2: No such file or directory), client: 66.249.66.202, server: fita.staroobrad.ru, request: "GET /r/item/free-gift-with-purchase/0ea6b1136635501.html HTTP/1.1", host: "fita.staroobrad.ru"
2026/08/19 08:29:53 [error] 645121#645121: *5426144 open() "/var/www/fita.staroobrad.ru/public/r/item/coupon/a05a0283506603.html" failed (2: No such file or directory), client: 66.249.78.69, server: fita.staroobrad.ru, request: "GET /r/item/coupon/a05a0283506603.html HTTP/1.1", host: "fita.staroobrad.ru"
2026/08/19 08:29:54 [error] 645121#645121: *5426115 open() "/var/www/fita.staroobrad.ru/public/r/item/digital-coupon/1372c1132546701.html" failed (2: No such file or directory), client: 66.249.66.74, server: fita.staroobrad.ru, request: "GET /r/item/digital-coupon/1372c1132546701.html HTTP/1.1", host: "fita.staroobrad.ru"
2026/08/19 08:29:55 [error] 645121#645121: *5426144 open() "/var/www/fita.staroobrad.ru/public/r/item/cross-sell/2a3f71126090601.html" failed (2: No such file or directory), client: 66.249.78.69, server: fita.staroobrad.ru, request: "GET /r/item/cross-sell/2a3f71126090601.html?sku=F11260906 HTTP/1.1", host: "fita.staroobrad.ru"
2026/08/19 08:29:55 [error] 645121#645121: *5426115 open() "/var/www/fita.staroobrad.ru/public/r/item/reward-program/db2011133407501.html" failed (2: No such file or directory), client: 66.249.66.74, server: fita.staroobrad.ru, request: "GET /r/item/reward-program/db2011133407501.html HTTP/1.1", host: "fita.staroobrad.ru"
2026/08/19 08:29:56 [error] 645121#645121: *5426115 open() "/var/www/fita.staroobrad.ru/public/r/item/point-system/e4f4e35407401.html" failed (2: No such file or directory), client: 66.249.66.74, server: fita.staroobrad.ru, request: "GET /r/item/point-system/e4f4e35407401.html HTTP/1.1", host: "fita.staroobrad.ru"
2026/08/19 08:29:56 [error] 645121#645121: *5426144 open() "/var/www/fita.staroobrad.ru/public/r/item/anniversary-sale/3c80c1131901101.html" failed (2: No such file or directory), client: 66.249.78.69, server: fita.staroobrad.ru, request: "GET /r/item/anniversary-sale/3c80c1131901101.html HTTP/1.1", host: "fita.staroobrad.ru"
2026/08/19 08:29:57 [error] 645121#645121: *5426144 open() "/var/www/fita.staroobrad.ru/public/r/item/gift-voucher/424301127597101.html" failed (2: No such file or directory), client: 66.249.78.69, server: fita.staroobrad.ru, request: "GET /r/item/gift-voucher/424301127597101.html HTTP/1.1", host: "fita.staroobrad.ru"
2026/08/19 08:29:57 [error] 645121#645121: *5426115 open() "/var/www/fita.staroobrad.ru/public/r/item/seasonal-discount/4f8c91128673101.html" failed (2: No such file or directory), client: 66.249.66.74, server: fita.staroobrad.ru, request: "GET /r/item/seasonal-discount/4f8c91128673101.html HTTP/1.1", host: "fita.staroobrad.ru"
2026/08/19 08:29:58 [error] 645121#645121: *5426152 open() "/var/www/fita.staroobrad.ru/public/r/item/end-of-season-sale/dc34e1137711501.html" failed (2: No such file or directory), client: 66.249.66.202, server: fita.staroobrad.ru, request: "GET /r/item/end-of-season-sale/dc34e1137711501.html HTTP/1.1", host: "fita.staroobrad.ru"
2026/08/19 08:29:58 [error] 645121#645121: *5426152 open() "/var/www/fita.staroobrad.ru/public/r/item/content-marketing/158411129749101.html" failed (2: No such file or directory), client: 66.249.66.202, server: fita.staroobrad.ru, request: "GET /r/item/content-marketing/158411129749101.html HTTP/1.1", host: "fita.staroobrad.ru"
2026/08/19 08:29:59 [error] 645121#645121: *5426115 open() "/var/www/fita.staroobrad.ru/public/r/item/promotional-pricing/b083c1127812301.html" failed (2: No such file or directory), client: 66.249.66.74, server: fita.staroobrad.ru, request: "GET /r/item/promotional-pricing/b083c1127812301.html HTTP/1.1", host: "fita.staroobrad.ru"
2026/08/19 08:29:59 [error] 645121#645121: *5426144 open() "/var/www/fita.staroobrad.ru/public/r/item/conversion-rate/9e6601136420301.html" failed (2: No such file or directory), client: 66.249.78.69, server: fita.staroobrad.ru, request: "GET /r/item/conversion-rate/9e6601136420301.html HTTP/1.1", host: "fita.staroobrad.ru"
2026/08/19 08:30:00 [error] 645121#645121: *5426115 open() "/var/www/fita.staroobrad.ru/public/r/item/flash-sale/bdc501126736301.html" failed (2: No such file or directory), client: 66.249.66.74, server: fita.staroobrad.ru, request: "GET /r/item/flash-sale/bdc501126736301.html HTTP/1.1", host: "fita.staroobrad.ru"
2026/08/19 08:30:00 [error] 645121#645121: *5426152 open() "/var/www/fita.staroobrad.ru/public/r/item/referral-bonus/21f131135989901.html" failed (2: No such file or directory), client: 66.249.66.202, server: fita.staroobrad.ru, request: "GET /r/item/referral-bonus/21f131135989901.html HTTP/1.1", host: "fita.staroobrad.ru"
2026/08/19 08:30:01 [error] 645121#645121: *5426115 open() "/var/www/fita.staroobrad.ru/public/r/item/referral-bonus/43f141130609901.html" failed (2: No such file or directory), client: 66.249.66.74, server: fita.staroobrad.ru, request: "GET /r/item/referral-bonus/43f141130609901.html HTTP/1.1", host: "fita.staroobrad.ru"
2026/08/19 08:30:01 [error] 645121#645121: *5426115 open() "/var/www/fita.staroobrad.ru/public/r/item/pre-order/0a3b91126090701.html" failed (2: No such file or directory), client: 66.249.66.74, server: fita.staroobrad.ru, request: "GET /r/item/pre-order/0a3b91126090701.html HTTP/1.1", host: "fita.staroobrad.ru"
2026/08/19 08:30:02 [error] 645121#645121: *5426115 open() "/var/www/fita.staroobrad.ru/public/r/item/free-trial/e05491137065901.html" failed (2: No such file or directory), client: 66.249.66.74, server: fita.staroobrad.ru, request: "GET /r/item/free-trial/e05491137065901.html HTTP/1.1", host: "fita.staroobrad.ru"
2026/08/19 08:30:02 [error] 645121#645121: *5426144 open() "/var/www/fita.staroobrad.ru/public/r/item/mail-in-rebate/fa4c41134913901.html" failed (2: No such file or directory), client: 66.249.78.69, server: fita.staroobrad.ru, request: "GET /r/item/mail-in-rebate/fa4c41134913901.html HTTP/1.1", host: "fita.staroobrad.ru"
2026/08/19 08:30:03 [error] 645121#645121: *5426144 open() "/var/www/fita.staroobrad.ru/public/r/item/conversion-rate/429a91131040301.html" failed (2: No such file or directory), client: 66.249.78.69, server: fita.staroobrad.ru, request: "GET /r/item/conversion-rate/429a91131040301.html HTTP/1.1", host: "fita.staroobrad.ru"
2026/08/19 08:30:03 [error] 645121#645121: *5426152 open() "/var/www/fita.staroobrad.ru/public/r/item/gamification/93ed41135559501.html" failed (2: No such file or directory), client: 66.249.66.202, server: fita.staroobrad.ru, request: "GET /r/item/gamification/93ed41135559501.html HTTP/1.1", host: "fita.staroobrad.ru"
2026/08/19 08:30:04 [error] 645121#645121: *5426144 open() "/var/www/fita.staroobrad.ru/public/r/item/reward-program/1c7881138787501.html" failed (2: No such file or directory), client: 66.249.78.69, server: fita.staroobrad.ru, request: "GET /r/item/reward-program/1c7881138787501.html HTTP/1.1", host: "fita.staroobrad.ru"
2026/08/19 08:30:04 [error] 645121#645121: *5426144 open() "/var/www/fita.staroobrad.ru/public/r/item/end-of-season-sale/770cd728541503.html" failed (2: No such file or directory), client: 66.249.78.69, server: fita.staroobrad.ru, request: "GET /r/item/end-of-season-sale/770cd728541503.html HTTP/1.1", host: "fita.staroobrad.ru"
2026/08/19 08:30:05 [error] 645121#645121: *5426144 open() "/var/www/fita.staroobrad.ru/public/r/item/flash-sale/930161137496301.html" failed (2: No such file or directory), client: 66.249.78.69, server: fita.staroobrad.ru, request: "GET /r/item/flash-sale/930161137496301.html HTTP/1.1", host: "fita.staroobrad.ru"
2026/08/19 08:30:05 [error] 645121#645121: *5426152 open() "/var/www/fita.staroobrad.ru/public/r/item/gift-voucher/442481138357101.html" failed (2: No such file or directory), client: 66.249.66.202, server: fita.staroobrad.ru, request: "GET /r/item/gift-voucher/442481138357101.html HTTP/1.1", host: "fita.staroobrad.ru"
2026/08/19 08:30:06 [error] 645121#645121: *5426152 open() "/var/www/fita.staroobrad.ru/public/r/item/hot-deal/4aea135225001.html" failed (2: No such file or directory), client: 66.249.66.202, server: fita.staroobrad.ru, request: "GET /r/item/hot-deal/4aea135225001.html HTTP/1.1", host: "fita.staroobrad.ru"
2026/08/19 08:30:06 [error] 645121#645121: *5426181 open() "/var/www/fita.staroobrad.ru/public/r/item/promotional-pricing/6e96e1138572301.html" failed (2: No such file or directory), client: 66.249.66.196, server: fita.staroobrad.ru, request: "GET /r/item/promotional-pricing/6e96e1138572301.html HTTP/1.1", host: "fita.staroobrad.ru"
2026/08/19 08:30:07 [error] 645121#645121: *5426144 open() "/var/www/fita.staroobrad.ru/public/r/item/anniversary-sale/c298735241101.html" failed (2: No such file or directory), client: 66.249.78.69, server: fita.staroobrad.ru, request: "GET /r/item/anniversary-sale/c298735241101.html HTTP/1.1", host: "fita.staroobrad.ru"
2026/08/19 08:30:07 [error] 645121#645121: *5426183 open() "/var/www/fita.staroobrad.ru/public/r/item/free-gift-with-purchase/6d2161131255501.html" failed (2: No such file or directory), client: 66.249.66.195, server: fita.staroobrad.ru, request: "GET /r/item/free-gift-with-purchase/6d2161131255501.html HTTP/1.1", host: "fita.staroobrad.ru"
2026/08/19 08:30:08 [error] 645121#645121: *5426186 open() "/var/www/fita.staroobrad.ru/public/r/item/flyer/82c7e1133837901.html" failed (2: No such file or directory), client: 66.249.66.35, server: fita.staroobrad.ru, request: "GET /r/item/flyer/82c7e1133837901.html HTTP/1.1", host: "fita.staroobrad.ru"
2026/08/19 08:30:08 [error] 645121#645121: *5426188 open() "/var/www/fita.staroobrad.ru/public/r/item/digital-coupon/2a6571127166701.html" failed (2: No such file or directory), client: 66.249.66.194, server: fita.staroobrad.ru, request: "GET /r/item/digital-coupon/2a6571127166701.html HTTP/1.1", host: "fita.staroobrad.ru"
2026/08/19 08:30:09 [error] 645121#645121: *5426144 open() "/var/www/fita.staroobrad.ru/public/r/item/anniversary-sale/50dc21137281101.html" failed (2: No such file or directory), client: 66.249.78.69, server: fita.staroobrad.ru, request: "GET /r/item/anniversary-sale/50dc21137281101.html HTTP/1.1", host: "fita.staroobrad.ru"
2026/08/19 08:30:10 [error] 645121#645121: *5426183 open() "/var/www/fita.staroobrad.ru/public/r/item/content-marketing/fc4db1135129101.html" failed (2: No such file or directory), client: 66.249.66.195, server: fita.staroobrad.ru, request: "GET /r/item/content-marketing/fc4db1135129101.html HTTP/1.1", host: "fita.staroobrad.ru"
2026/08/19 08:30:10 [error] 645121#645121: *5426144 open() "/var/www/fita.staroobrad.ru/public/r/item/POS-display/371161128888301.html" failed (2: No such file or directory), client: 66.249.78.69, server: fita.staroobrad.ru, request: "GET /r/item/POS-display/371161128888301.html HTTP/1.1", host: "fita.staroobrad.ru"
2026/08/19 08:30:11 [error] 645121#645121: *5426210 open() "/var/www/fita.staroobrad.ru/public/r/item/digital-coupon/e094d1137926701.html" failed (2: No such file or directory), client: 66.249.66.201, server: fita.staroobrad.ru, request: "GET /r/item/digital-coupon/e094d1137926701.html HTTP/1.1", host: "fita.staroobrad.ru"
2026/08/19 08:30:11 [error] 645121#645121: *5426144 open() "/var/www/fita.staroobrad.ru/public/r/item/flash-sale/e65051132116301.html" failed (2: No such file or directory), client: 66.249.78.69, server: fita.staroobrad.ru, request: "GET /r/item/flash-sale/e65051132116301.html HTTP/1.1", host: "fita.staroobrad.ru"
2026/08/19 08:30:12 [error] 645121#645121: *5426152 open() "/var/www/fita.staroobrad.ru/public/r/item/reward-program/e71c81128027501.html" failed (2: No such file or directory), client: 66.249.66.202, server: fita.staroobrad.ru, request: "GET /r/item/reward-program/e71c81128027501.html HTTP/1.1", host: "fita.staroobrad.ru"
2026/08/19 08:30:12 [error] 645121#645121: *5426144 open() "/var/www/fita.staroobrad.ru/public/r/item/POS-display/cd4481134268301.html" failed (2: No such file or directory), client: 66.249.78.69, server: fita.staroobrad.ru, request: "GET /r/item/POS-display/cd4481134268301.html HTTP/1.1", host: "fita.staroobrad.ru"
2026/08/19 08:30:12 [error] 645121#645121: *5426152 open() "/var/www/fita.staroobrad.ru/public/r/item/senior-discount/93ffd1129103501.html" failed (2: No such file or directory), client: 66.249.66.202, server: fita.staroobrad.ru, request: "GET /r/item/senior-discount/93ffd1129103501.html HTTP/1.1", host: "fita.staroobrad.ru"
2026/08/19 08:30:13 [error] 645121#645121: *5426152 open() "/var/www/fita.staroobrad.ru/public/r/item/cross-sell/2a3f71126090601.html" failed (2: No such file or directory), client: 66.249.66.202, server: fita.staroobrad.ru, request: "GET /r/item/cross-sell/2a3f71126090601.html HTTP/1.1", host: "fita.staroobrad.ru"
2026/08/19 08:30:13 [error] 645121#645121: *5426144 open() "/var/www/fita.staroobrad.ru/public/r/item/marketing-campaign/d40651129318701.html" failed (2: No such file or directory), client: 66.249.78.69, server: fita.staroobrad.ru, request: "GET /r/item/marketing-campaign/d40651129318701.html HTTP/1.1", host: "fita.staroobrad.ru"
2026/08/19 08:30:14 [error] 645121#645121: *5426152 open() "/var/www/fita.staroobrad.ru/public/r/item/bargain/5b9341136205101.html" failed (2: No such file or directory), client: 66.249.66.202, server: fita.staroobrad.ru, request: "GET /r/item/bargain/5b9341136205101.html HTTP/1.1", host: "fita.staroobrad.ru"
2026/08/19 08:30:14 [error] 645121#645121: *5426241 open() "/var/www/fita.staroobrad.ru/public/sitemap5.xml" failed (2: No such file or directory), client: 114.119.133.87, server: fita.staroobrad.ru, request: "GET /sitemap5.xml HTTP/1.1", host: "fita.staroobrad.ru"
2026/08/19 08:30:14 [error] 645121#645121: *5426144 open() "/var/www/fita.staroobrad.ru/public/r/item/limited-time-offer/91d831135774701.html" failed (2: No such file or directory), client: 66.249.78.69, server: fita.staroobrad.ru, request: "GET /r/item/limited-time-offer/91d831135774701.html HTTP/1.1", host: "fita.staroobrad.ru"
2026/08/19 08:30:15 [error] 645121#645121: *5426186 open() "/var/www/fita.staroobrad.ru/public/r/item/promotional-activity/137d61127381901.html" failed (2: No such file or directory), client: 66.249.66.35, server: fita.staroobrad.ru, request: "GET /r/item/promotional-activity/137d61127381901.html HTTP/1.1", host: "fita.staroobrad.ru"
2026/08/19 08:30:15 [error] 645121#645121: *5426186 open() "/var/www/fita.staroobrad.ru/public/r/item/flyer/8984e1139217901.html" failed (2: No such file or directory), client: 66.249.66.35, server: fita.staroobrad.ru, request: "GET /r/item/flyer/8984e1139217901.html HTTP/1.1", host: "fita.staroobrad.ru"
2026/08/19 08:30:15 [error] 645121#645121: *5426188 open() "/var/www/fita.staroobrad.ru/public/r/item/gift-voucher/2383f1132977101.html" failed (2: No such file or directory), client: 66.249.66.194, server: fita.staroobrad.ru, request: "GET /r/item/gift-voucher/2383f1132977101.html HTTP/1.1", host: "fita.staroobrad.ru"
2026/08/19 08:30:16 [error] 645121#645121: *5426186 open() "/var/www/fita.staroobrad.ru/public/r/item/promotional-activity/c5c981132761901.html" failed (2: No such file or directory), client: 66.249.66.35, server: fita.staroobrad.ru, request: "GET /r/item/promotional-activity/c5c981132761901.html HTTP/1.1", host: "fita.staroobrad.ru"
2026/08/19 08:30:16 [error] 645121#645121: *5426144 open() "/var/www/fita.staroobrad.ru/public/r/item/early-access/0729a35460801.html" failed (2: No such file or directory), client: 66.249.78.69, server: fita.staroobrad.ru, request: "GET /r/item/early-access/0729a35460801.html HTTP/1.1", host: "fita.staroobrad.ru"
2026/08/19 08:30:17 [error] 645121#645121: *5426152 open() "/var/www/fita.staroobrad.ru/public/r/item/promotional-pricing/307771133192301.html" failed (2: No such file or directory), client: 66.249.66.202, server: fita.staroobrad.ru, request: "GET /r/item/promotional-pricing/307771133192301.html HTTP/1.1", host: "fita.staroobrad.ru"
2026/08/19 08:30:17 [error] 645121#645121: *5426152 open() "/var/www/fita.staroobrad.ru/public/r/item/free-trial/7867c1131685901.html" failed (2: No such file or directory), client: 66.249.66.202, server: fita.staroobrad.ru, request: "GET /r/item/free-trial/7867c1131685901.html HTTP/1.1", host: "fita.staroobrad.ru"
2026/08/19 08:30:18 [error] 645121#645121: *5426186 open() "/var/www/fita.staroobrad.ru/public/r/item/bargain/9344e370625103.html" failed (2: No such file or directory), client: 66.249.66.35, server: fita.staroobrad.ru, request: "GET /r/item/bargain/9344e370625103.html HTTP/1.1", host: "fita.staroobrad.ru"
2026/08/19 08:30:18 [error] 645121#645121: *5426152 open() "/var/www/fita.staroobrad.ru/public/r/item/flyer/585881128457901.html" failed (2: No such file or directory), client: 66.249.66.202, server: fita.staroobrad.ru, request: "GET /r/item/flyer/585881128457901.html HTTP/1.1", host: "fita.staroobrad.ru"
2026/08/19 08:30:19 [error] 645121#645121: *5426144 open() "/var/www/fita.staroobrad.ru/public/r/item/marketing-campaign/ba22a1134698701.html" failed (2: No such file or directory), client: 66.249.78.69, server: fita.staroobrad.ru, request: "GET /r/item/marketing-campaign/ba22a1134698701.html HTTP/1.1", host: "fita.staroobrad.ru"
2026/08/19 08:30:19 [error] 645121#645121: *5426144 open() "/var/www/fita.staroobrad.ru/public/r/item/advertising/b1ae8727458603.html" failed (2: No such file or directory), client: 66.249.78.69, server: fita.staroobrad.ru, request: "GET /r/item/advertising/b1ae8727458603.html HTTP/1.1", host: "fita.staroobrad.ru"
2026/08/19 08:30:20 [error] 645121#645121: *5426296 open() "/var/www/fita.staroobrad.ru/public/r/item/gamification/fa36d1130179501.html" failed (2: No such file or directory), client: 66.249.66.204, server: fita.staroobrad.ru, request: "GET /r/item/gamification/fa36d1130179501.html HTTP/1.1", host: "fita.staroobrad.ru"
2026/08/19 08:30:21 [error] 645121#645121: *5426298 open() "/var/www/fita.staroobrad.ru/public/r/item/senior-discount/491331134483501.html" failed (2: No such file or directory), client: 66.249.78.70, server: fita.staroobrad.ru, request: "GET /r/item/senior-discount/491331134483501.html HTTP/1.1", host: "fita.staroobrad.ru"
2026/08/19 08:30:21 [error] 645121#645121: *5426296 open() "/var/www/fita.staroobrad.ru/public/r/item/upsell/d8f561126330501.html" failed (2: No such file or directory), client: 66.249.66.204, server: fita.staroobrad.ru, request: "GET /r/item/upsell/d8f561126330501.html HTTP/1.1", host: "fita.staroobrad.ru"
2026/08/19 08:30:21 [error] 645121#645121: *5426186 open() "/var/www/fita.staroobrad.ru/public/r/item/POS-display/1f1c435378301.html" failed (2: No such file or directory), client: 66.249.66.35, server: fita.staroobrad.ru, request: "GET /r/item/POS-display/1f1c435378301.html HTTP/1.1", host: "fita.staroobrad.ru"
2026/08/19 08:30:22 [error] 645121#645121: *5426298 open() "/var/www/fita.staroobrad.ru/public/r/item/sale-price/fad4f396804104.html" failed (2: No such file or directory), client: 66.249.78.70, server: fita.staroobrad.ru, request: "GET /r/item/sale-price/fad4f396804104.html HTTP/1.1", host: "fita.staroobrad.ru"
2026/08/19 08:30:23 [error] 645121#645121: *5426320 open() "/var/www/fita.staroobrad.ru/public/r/item/brochure/f8cfc1132018001.html" failed (2: No such file or directory), client: 66.249.66.203, server: fita.staroobrad.ru, request: "GET /r/item/brochure/f8cfc1132018001.html HTTP/1.1", host: "fita.staroobrad.ru"
2026/08/19 08:30:23 [error] 645121#645121: *5426320 open() "/var/www/fita.staroobrad.ru/public/r/item/free-gift-with-purchase/71acf1138615501.html" failed (2: No such file or directory), client: 66.249.66.203, server: fita.staroobrad.ru, request: "GET /r/item/free-gift-with-purchase/71acf1138615501.html HTTP/1.1", host: "fita.staroobrad.ru"
2026/08/19 08:30:23 [error] 645121#645121: *5426152 open() "/var/www/fita.staroobrad.ru/public/r/item/quantity-discount/e4f8b1137933001.html" failed (2: No such file or directory), client: 66.249.66.202, server: fita.staroobrad.ru, request: "GET /r/item/quantity-discount/e4f8b1137933001.html HTTP/1.1", host: "fita.staroobrad.ru"
2026/08/19 08:30:24 [error] 645121#645121: *5426144 open() "/var/www/fita.staroobrad.ru/public/r/item/reduced-price/6b0e6395984504.html" failed (2: No such file or directory), client: 66.249.78.69, server: fita.staroobrad.ru, request: "GET /r/item/reduced-price/6b0e6395984504.html HTTP/1.1", host: "fita.staroobrad.ru"
2026/08/19 08:30:24 [error] 645121#645121: *5426298 open() "/var/www/fita.staroobrad.ru/public/r/item/upsell/a79b31128150501.html" failed (2: No such file or directory), client: 66.249.78.70, server: fita.staroobrad.ru, request: "GET /r/item/upsell/a79b31128150501.html HTTP/1.1", host: "fita.staroobrad.ru"
2026/08/19 08:30:25 [error] 645121#645121: *5426298 open() "/var/www/fita.staroobrad.ru/public/r/item/brochure/80a961129288001.html" failed (2: No such file or directory), client: 66.249.78.70, server: fita.staroobrad.ru, request: "GET /r/item/brochure/80a961129288001.html HTTP/1.1", host: "fita.staroobrad.ru"
2026/08/19 08:30:26 [error] 645121#645121: *5426320 open() "/var/www/fita.staroobrad.ru/public/r/item/brochure/083eb1137478001.html" failed (2: No such file or directory), client: 66.249.66.203, server: fita.staroobrad.ru, request: "GET /r/item/brochure/083eb1137478001.html HTTP/1.1", host: "fita.staroobrad.ru"
2026/08/19 08:30:26 [error] 645121#645121: *5426186 open() "/var/www/fita.staroobrad.ru/public/r/item/landing-page/484c6926340204.html" failed (2: No such file or directory), client: 66.249.66.35, server: fita.staroobrad.ru, request: "GET /r/item/landing-page/484c6926340204.html HTTP/1.1", host: "fita.staroobrad.ru"
2026/08/19 08:30:27 [error] 645121#645121: *5426144 open() "/var/www/fita.staroobrad.ru/public/r/item/grand-opening/4c039811591004.html" failed (2: No such file or directory), client: 66.249.78.69, server: fita.staroobrad.ru, request: "GET /r/item/grand-opening/4c039811591004.html HTTP/1.1", host: "fita.staroobrad.ru"
2026/08/19 08:30:27 [error] 645121#645121: *5426144 open() "/var/www/fita.staroobrad.ru/public/r/item/brochure/db2361131108001.html" failed (2: No such file or directory), client: 66.249.78.69, server: fita.staroobrad.ru, request: "GET /r/item/brochure/db2361131108001.html HTTP/1.1", host: "fita.staroobrad.ru"
2026/08/19 08:30:28 [error] 645121#645121: *5426357 open() "/var/www/fita.staroobrad.ru/public/r/item/brochure/49e031139298001.html" failed (2: No such file or directory), client: 66.249.66.36, server: fita.staroobrad.ru, request: "GET /r/item/brochure/49e031139298001.html HTTP/1.1", host: "fita.staroobrad.ru"
2026/08/19 08:30:29 [error] 645121#645121: *5426186 open() "/var/www/fita.staroobrad.ru/public/r/item/contest/44e06749729601.html" failed (2: No such file or directory), client: 66.249.66.35, server: fita.staroobrad.ru, request: "GET /r/item/contest/44e06749729601.html HTTP/1.1", host: "fita.staroobrad.ru"
2026/08/19 08:30:29 [error] 645121#645121: *5426186 open() "/var/www/fita.staroobrad.ru/public/r/item/end-of-season-sale/82dfe1135191501.html" failed (2: No such file or directory), client: 66.249.66.35, server: fita.staroobrad.ru, request: "GET /r/item/end-of-season-sale/82dfe1135191501.html HTTP/1.1", host: "fita.staroobrad.ru"
2026/08/19 08:30:29 [error] 645121#645121: *5426144 open() "/var/www/fita.staroobrad.ru/public/r/item/POS-display/79f191133328301.html" failed (2: No such file or directory), client: 66.249.78.69, server: fita.staroobrad.ru, request: "GET /r/item/POS-display/79f191133328301.html HTTP/1.1", host: "fita.staroobrad.ru"
2026/08/19 08:30:30 [error] 645121#645121: *5426144 open() "/var/www/fita.staroobrad.ru/public/r/item/mail-in-rebate/b6d411122583901.html" failed (2: No such file or directory), client: 66.249.78.69, server: fita.staroobrad.ru, request: "GET /r/item/mail-in-rebate/b6d411122583901.html HTTP/1.1", host: "fita.staroobrad.ru"
2026/08/19 08:30:30 [error] 645121#645121: *5426186 open() "/var/www/fita.staroobrad.ru/public/r/item/Cyber-Monday/65ba91126341301.html" failed (2: No such file or directory), client: 66.249.66.35, server: fita.staroobrad.ru, request: "GET /r/item/Cyber-Monday/65ba91126341301.html HTTP/1.1", host: "fita.staroobrad.ru"
2026/08/19 08:30:31 [error] 645121#645121: *5426144 open() "/var/www/fita.staroobrad.ru/public/r/item/lightning-deal/4e87f1130766401.html" failed (2: No such file or directory), client: 66.249.78.69, server: fita.staroobrad.ru, request: "GET /r/item/lightning-deal/4e87f1130766401.html HTTP/1.1", host: "fita.staroobrad.ru"
2026/08/19 08:30:31 [error] 645121#645121: *5426144 open() "/var/www/fita.staroobrad.ru/public/r/item/seasonal-discount/8b9341136123101.html" failed (2: No such file or directory), client: 66.249.78.69, server: fita.staroobrad.ru, request: "GET /r/item/seasonal-discount/8b9341136123101.html HTTP/1.1", host: "fita.staroobrad.ru"
2026/08/19 08:30:32 [error] 645121#645121: *5426186 open() "/var/www/fita.staroobrad.ru/public/r/item/point-system/f5c9c1128437401.html" failed (2: No such file or directory), client: 66.249.66.35, server: fita.staroobrad.ru, request: "GET /r/item/point-system/f5c9c1128437401.html HTTP/1.1", host: "fita.staroobrad.ru"
2026/08/19 08:30:32 [error] 645121#645121: *5426144 open() "/var/www/fita.staroobrad.ru/public/r/item/referral-bonus/e26c01134259901.html" failed (2: No such file or directory), client: 66.249.78.69, server: fita.staroobrad.ru, request: "GET /r/item/referral-bonus/e26c01134259901.html HTTP/1.1", host: "fita.staroobrad.ru"
2026/08/19 08:30:33 [error] 645121#645121: *5426186 open() "/var/www/fita.staroobrad.ru/public/r/item/influencer-promotion/6fcd11129369001.html" failed (2: No such file or directory), client: 66.249.66.35, server: fita.staroobrad.ru, request: "GET /r/item/influencer-promotion/6fcd11129369001.html HTTP/1.1", host: "fita.staroobrad.ru"
2026/08/19 08:30:34 [error] 645121#645121: *5426115 open() "/var/www/fita.staroobrad.ru/public/r/item/gamification/540141139849501.html" failed (2: No such file or directory), client: 66.249.66.74, server: fita.staroobrad.ru, request: "GET /r/item/gamification/540141139849501.html HTTP/1.1", host: "fita.staroobrad.ru"
2026/08/19 08:30:34 [error] 645121#645121: *5426186 open() "/var/www/fita.staroobrad.ru/public/r/item/referral-bonus/8f172796529904.html" failed (2: No such file or directory), client: 66.249.66.35, server: fita.staroobrad.ru, request: "GET /r/item/referral-bonus/8f172796529904.html HTTP/1.1", host: "fita.staroobrad.ru"
2026/08/19 08:30:35 [error] 645121#645121: *5426186 open() "/var/www/fita.staroobrad.ru/public/r/item/landing-page/ca4f21135890201.html" failed (2: No such file or directory), client: 66.249.66.35, server: fita.staroobrad.ru, request: "GET /r/item/landing-page/ca4f21135890201.html HTTP/1.1", host: "fita.staroobrad.ru"
2026/08/19 08:30:35 [error] 645121#645121: *5426144 open() "/var/www/fita.staroobrad.ru/public/r/item/buy-one/e67c31133095401.html" failed (2: No such file or directory), client: 66.249.78.69, server: fita.staroobrad.ru, request: "GET /r/item/buy-one/e67c31133095401.html HTTP/1.1", host: "fita.staroobrad.ru"
2026/08/19 08:30:36 [error] 645121#645121: *5426144 open() "/var/www/fita.staroobrad.ru/public/r/item/upsell/479f31137520501.html" failed (2: No such file or directory), client: 66.249.78.69, server: fita.staroobrad.ru, request: "GET /r/item/upsell/479f31137520501.html HTTP/1.1", host: "fita.staroobrad.ru"
2026/08/19 08:30:36 [error] 645121#645121: *5426186 open() "/var/www/fita.staroobrad.ru/public/r/item/price-cut/6879e1135424401.html" failed (2: No such file or directory), client: 66.249.66.35, server: fita.staroobrad.ru, request: "GET /r/item/price-cut/6879e1135424401.html HTTP/1.1", host: "fita.staroobrad.ru"
2026/08/19 08:30:37 [error] 645121#645121: *5426377 open() "/var/www/fita.staroobrad.ru/public/r/item/instant-rebate/5c7dc1122574001.html" failed (2: No such file or directory), client: 66.249.66.43, server: fita.staroobrad.ru, request: "GET /r/item/instant-rebate/5c7dc1122574001.html HTTP/1.1", host: "fita.staroobrad.ru"
2026/08/19 08:30:37 [error] 645121#645121: *5426186 open() "/var/www/fita.staroobrad.ru/public/r/item/reduced-price/a0fc71128204501.html" failed (2: No such file or directory), client: 66.249.66.35, server: fita.staroobrad.ru, request: "GET /r/item/reduced-price/a0fc71128204501.html HTTP/1.1", host: "fita.staroobrad.ru"
2026/08/19 08:30:38 [error] 645121#645121: *5426186 open() "/var/www/fita.staroobrad.ru/public/r/item/digital-coupon/abb461132396701.html" failed (2: No such file or directory), client: 66.249.66.35, server: fita.staroobrad.ru, request: "GET /r/item/digital-coupon/abb461132396701.html HTTP/1.1", host: "fita.staroobrad.ru"
2026/08/19 08:30:38 [error] 645121#645121: *5426186 open() "/var/www/fita.staroobrad.ru/public/r/item/POS-display/747fc1126108301.html" failed (2: No such file or directory), client: 66.249.66.35, server: fita.staroobrad.ru, request: "GET /r/item/POS-display/747fc1126108301.html?sku=F11261083 HTTP/1.1", host: "fita.staroobrad.ru"
2026/08/19 08:30:39 [error] 645121#645121: *5426115 open() "/var/www/fita.staroobrad.ru/public/r/item/email-marketing/0d37e1138219201.html" failed (2: No such file or directory), client: 66.249.66.74, server: fita.staroobrad.ru, request: "GET /r/item/email-marketing/0d37e1138219201.html HTTP/1.1", host: "fita.staroobrad.ru"
2026/08/19 08:30:39 [error] 645121#645121: *5426144 open() "/var/www/fita.staroobrad.ru/public/r/item/referral-program/d63461137287601.html" failed (2: No such file or directory), client: 66.249.78.69, server: fita.staroobrad.ru, request: "GET /r/item/referral-program/d63461137287601.html HTTP/1.1", host: "fita.staroobrad.ru"
2026/08/19 08:30:40 [error] 645121#645121: *5426115 open() "/var/www/fita.staroobrad.ru/public/r/item/exclusive-offer/9b0d81129834801.html" failed (2: No such file or directory), client: 66.249.66.74, server: fita.staroobrad.ru, request: "GET /r/item/exclusive-offer/9b0d81129834801.html HTTP/1.1", host: "fita.staroobrad.ru"
2026/08/19 08:30:40 [error] 645121#645121: *5426115 open() "/var/www/fita.staroobrad.ru/public/r/item/trade-discount/a77201139383701.html" failed (2: No such file or directory), client: 66.249.66.74, server: fita.staroobrad.ru, request: "GET /r/item/trade-discount/a77201139383701.html HTTP/1.1", host: "fita.staroobrad.ru"
2026/08/19 08:30:41 [error] 645121#645121: *5426186 open() "/var/www/fita.staroobrad.ru/public/r/item/bargain/910fd1131465101.html" failed (2: No such file or directory), client: 66.249.66.35, server: fita.staroobrad.ru, request: "GET /r/item/bargain/910fd1131465101.html HTTP/1.1", host: "fita.staroobrad.ru"
2026/08/19 08:30:42 [error] 645121#645121: *5426144 open() "/var/www/fita.staroobrad.ru/public/r/item/influencer-promotion/a91cc719459004.html" failed (2: No such file or directory), client: 66.249.78.69, server: fita.staroobrad.ru, request: "GET /r/item/influencer-promotion/a91cc719459004.html HTTP/1.1", host: "fita.staroobrad.ru"
2026/08/19 08:30:42 [error] 645121#645121: *5426144 open() "/var/www/fita.staroobrad.ru/public/r/item/bulk-discount/b041d1127272901.html" failed (2: No such file or directory), client: 66.249.78.69, server: fita.staroobrad.ru, request: "GET /r/item/bulk-discount/b041d1127272901.html HTTP/1.1", host: "fita.staroobrad.ru"
2026/08/19 08:30:43 [error] 645121#645121: *5426186 open() "/var/www/fita.staroobrad.ru/public/r/item/promotion-mix/42d781131232201.html" failed (2: No such file or directory), client: 66.249.66.35, server: fita.staroobrad.ru, request: "GET /r/item/promotion-mix/42d781131232201.html HTTP/1.1", host: "fita.staroobrad.ru"
2026/08/19 08:30:43 [error] 645121#645121: *5426186 open() "/var/www/fita.staroobrad.ru/public/r/item/flyer/6672b1138917901.html" failed (2: No such file or directory), client: 66.249.66.35, server: fita.staroobrad.ru, request: "GET /r/item/flyer/6672b1138917901.html HTTP/1.1", host: "fita.staroobrad.ru"
2026/08/19 08:30:44 [error] 645121#645121: *5426186 open() "/var/www/fita.staroobrad.ru/public/r/item/cross-sell/78ea21130300601.html" failed (2: No such file or directory), client: 66.249.66.35, server: fita.staroobrad.ru, request: "GET /r/item/cross-sell/78ea21130300601.html HTTP/1.1", host: "fita.staroobrad.ru"
2026/08/19 08:30:44 [error] 645121#645121: *5426144 open() "/var/www/fita.staroobrad.ru/public/r/item/sale-price/1e79a1133794101.html" failed (2: No such file or directory), client: 66.249.78.69, server: fita.staroobrad.ru, request: "GET /r/item/sale-price/1e79a1133794101.html HTTP/1.1", host: "fita.staroobrad.ru"
