2026/08/19 08:30:45 [error] 645121#645121: *5426115 open() "/var/www/fita.staroobrad.ru/public/r/item/money-back-guarantee/aef531136356001.html" failed (2: No such file or directory), client: 66.249.66.74, server: fita.staroobrad.ru, request: "GET /r/item/money-back-guarantee/aef531136356001.html HTTP/1.1", host: "fita.staroobrad.ru"
2026/08/19 08:30:45 [error] 645121#645121: *5426144 open() "/var/www/fita.staroobrad.ru/public/r/item/instant-rebate/a75ed1141014001.html" failed (2: No such file or directory), client: 66.249.78.69, server: fita.staroobrad.ru, request: "GET /r/item/instant-rebate/a75ed1141014001.html HTTP/1.1", host: "fita.staroobrad.ru"
2026/08/19 08:30:46 [error] 645121#645121: *5426115 open() "/var/www/fita.staroobrad.ru/public/r/item/promotion-policy/6b5991138452101.html" failed (2: No such file or directory), client: 66.249.66.74, server: fita.staroobrad.ru, request: "GET /r/item/promotion-policy/6b5991138452101.html HTTP/1.1", host: "fita.staroobrad.ru"
2026/08/19 08:30:46 [error] 645121#645121: *5426144 open() "/var/www/fita.staroobrad.ru/public/r/item/no-risk-trial/5af671129136101.html" failed (2: No such file or directory), client: 66.249.78.69, server: fita.staroobrad.ru, request: "GET /r/item/no-risk-trial/5af671129136101.html HTTP/1.1", host: "fita.staroobrad.ru"
2026/08/19 08:30:47 [error] 645121#645121: *5426144 open() "/var/www/fita.staroobrad.ru/public/r/item/pop-up-display/a33991140548201.html" failed (2: No such file or directory), client: 66.249.78.69, server: fita.staroobrad.ru, request: "GET /r/item/pop-up-display/a33991140548201.html HTTP/1.1", host: "fita.staroobrad.ru"
2026/08/19 08:30:47 [error] 645121#645121: *5426144 open() "/var/www/fita.staroobrad.ru/public/r/item/contest/50d3f1132629601.html" failed (2: No such file or directory), client: 66.249.78.69, server: fita.staroobrad.ru, request: "GET /r/item/contest/50d3f1132629601.html HTTP/1.1", host: "fita.staroobrad.ru"
2026/08/19 08:30:48 [error] 645121#645121: *5426115 open() "/var/www/fita.staroobrad.ru/public/r/item/anniversary-sale/c776d1140781101.html" failed (2: No such file or directory), client: 66.249.66.74, server: fita.staroobrad.ru, request: "GET /r/item/anniversary-sale/c776d1140781101.html HTTP/1.1", host: "fita.staroobrad.ru"
2026/08/19 08:30:48 [error] 645121#645121: *5426144 open() "/var/www/fita.staroobrad.ru/public/r/item/flash-sale/c3df71137986301.html" failed (2: No such file or directory), client: 66.249.78.69, server: fita.staroobrad.ru, request: "GET /r/item/flash-sale/c3df71137986301.html HTTP/1.1", host: "fita.staroobrad.ru"
2026/08/19 08:30:49 [error] 645121#645121: *5426115 open() "/var/www/fita.staroobrad.ru/public/r/item/early-bird-discount/8829b1128903201.html" failed (2: No such file or directory), client: 66.249.66.74, server: fita.staroobrad.ru, request: "GET /r/item/early-bird-discount/8829b1128903201.html HTTP/1.1", host: "fita.staroobrad.ru"
2026/08/19 08:30:49 [error] 645121#645121: *5426144 open() "/var/www/fita.staroobrad.ru/public/r/item/gift-voucher/c3a831126807101.html" failed (2: No such file or directory), client: 66.249.78.69, server: fita.staroobrad.ru, request: "GET /r/item/gift-voucher/c3a831126807101.html HTTP/1.1", host: "fita.staroobrad.ru"
2026/08/19 08:30:50 [error] 645121#645121: *5426115 open() "/var/www/fita.staroobrad.ru/public/r/item/senior-discount/a049f1130533501.html" failed (2: No such file or directory), client: 66.249.66.74, server: fita.staroobrad.ru, request: "GET /r/item/senior-discount/a049f1130533501.html HTTP/1.1", host: "fita.staroobrad.ru"
2026/08/19 08:30:51 [error] 645121#645121: *5426144 open() "/var/www/fita.staroobrad.ru/public/r/item/buy-one/283f31140315301.html" failed (2: No such file or directory), client: 66.249.78.69, server: fita.staroobrad.ru, request: "GET /r/item/buy-one/283f31140315301.html HTTP/1.1", host: "fita.staroobrad.ru"
2026/08/19 08:30:51 [error] 645121#645121: *5426115 open() "/var/www/fita.staroobrad.ru/public/r/item/brochure/84d1d1131698001.html" failed (2: No such file or directory), client: 66.249.66.74, server: fita.staroobrad.ru, request: "GET /r/item/brochure/84d1d1131698001.html HTTP/1.1", host: "fita.staroobrad.ru"
2026/08/19 08:30:52 [error] 645121#645121: *5426152 open() "/var/www/fita.staroobrad.ru/public/r/item/coupon/3daea1139616601.html" failed (2: No such file or directory), client: 66.249.66.202, server: fita.staroobrad.ru, request: "GET /r/item/coupon/3daea1139616601.html HTTP/1.1", host: "fita.staroobrad.ru"
2026/08/19 08:30:53 [error] 645121#645121: *5426144 open() "/var/www/fita.staroobrad.ru/public/r/item/hot-deal/83a841138685001.html" failed (2: No such file or directory), client: 66.249.78.69, server: fita.staroobrad.ru, request: "GET /r/item/hot-deal/83a841138685001.html HTTP/1.1", host: "fita.staroobrad.ru"
2026/08/19 08:30:54 [error] 645121#645121: *5426141 open() "/var/www/fita.staroobrad.ru/public/r/item/conversion-rate/6d1b71128670301.html" failed (2: No such file or directory), client: 66.249.66.72, server: fita.staroobrad.ru, request: "GET /r/item/conversion-rate/6d1b71128670301.html HTTP/1.1", host: "fita.staroobrad.ru"
2026/08/19 08:30:55 [error] 645121#645121: *5426141 open() "/var/www/fita.staroobrad.ru/public/r/item/buy-one/627e4919035401.html" failed (2: No such file or directory), client: 66.249.66.72, server: fita.staroobrad.ru, request: "GET /r/item/buy-one/627e4919035401.html HTTP/1.1", host: "fita.staroobrad.ru"
2026/08/19 08:30:55 [error] 645121#645121: *5426144 open() "/var/www/fita.staroobrad.ru/public/r/item/launch-promotion/7fb911131930901.html" failed (2: No such file or directory), client: 66.249.78.69, server: fita.staroobrad.ru, request: "GET /r/item/launch-promotion/7fb911131930901.html HTTP/1.1", host: "fita.staroobrad.ru"
2026/08/19 08:30:55 [error] 645121#645121: *5426141 open() "/var/www/fita.staroobrad.ru/public/r/item/POS-display/747fc1126108301.html" failed (2: No such file or directory), client: 66.249.66.72, server: fita.staroobrad.ru, request: "GET /r/item/POS-display/747fc1126108301.html HTTP/1.1", host: "fita.staroobrad.ru"
2026/08/19 08:30:56 [error] 645121#645121: *5426144 open() "/var/www/fita.staroobrad.ru/public/r/item/in-store-promotion/586e8279598401.html" failed (2: No such file or directory), client: 66.249.78.69, server: fita.staroobrad.ru, request: "GET /r/item/in-store-promotion/586e8279598401.html HTTP/1.1", host: "fita.staroobrad.ru"
2026/08/19 08:30:56 [error] 645121#645121: *5426115 open() "/var/www/fita.staroobrad.ru/public/r/item/rebate/b26791132163801.html" failed (2: No such file or directory), client: 66.249.66.74, server: fita.staroobrad.ru, request: "GET /r/item/rebate/b26791132163801.html HTTP/1.1", host: "fita.staroobrad.ru"
2026/08/19 08:30:56 [error] 645121#645121: *5426144 open() "/var/www/fita.staroobrad.ru/public/r/item/social-media-promotion/645881136588901.html" failed (2: No such file or directory), client: 66.249.78.69, server: fita.staroobrad.ru, request: "GET /r/item/social-media-promotion/645881136588901.html HTTP/1.1", host: "fita.staroobrad.ru"
2026/08/19 08:30:57 [error] 645121#645121: *5426134 open() "/var/www/fita.staroobrad.ru/public/r/item/student-discount/3796d1137753401.html" failed (2: No such file or directory), client: 66.249.66.77, server: fita.staroobrad.ru, request: "GET /r/item/student-discount/3796d1137753401.html HTTP/1.1", host: "fita.staroobrad.ru"
2026/08/19 08:30:58 [error] 645121#645121: *5426463 open() "/var/www/fita.staroobrad.ru/public/r/item/giveaway/342291127505801.html" failed (2: No such file or directory), client: 66.249.66.67, server: fita.staroobrad.ru, request: "GET /r/item/giveaway/342291127505801.html HTTP/1.1", host: "fita.staroobrad.ru"
2026/08/19 08:30:58 [error] 645121#645121: *5426144 open() "/var/www/fita.staroobrad.ru/public/r/item/Black-Friday/c49d01133561201.html" failed (2: No such file or directory), client: 66.249.78.69, server: fita.staroobrad.ru, request: "GET /r/item/Black-Friday/c49d01133561201.html HTTP/1.1", host: "fita.staroobrad.ru"
2026/08/19 08:30:59 [error] 645121#645121: *5426115 open() "/var/www/fita.staroobrad.ru/public/r/item/affiliate-link/75f5e1127040001.html" failed (2: No such file or directory), client: 66.249.66.74, server: fita.staroobrad.ru, request: "GET /r/item/affiliate-link/75f5e1127040001.html HTTP/1.1", host: "fita.staroobrad.ru"
2026/08/19 08:30:59 [error] 645121#645121: *5426144 open() "/var/www/fita.staroobrad.ru/public/r/item/flat-discount/d46fe1134492801.html" failed (2: No such file or directory), client: 66.249.78.69, server: fita.staroobrad.ru, request: "GET /r/item/flat-discount/d46fe1134492801.html HTTP/1.1", host: "fita.staroobrad.ru"
2026/08/19 08:31:00 [error] 645121#645121: *5426141 open() "/var/www/fita.staroobrad.ru/public/r/item/SMS-promotion/936841130999301.html" failed (2: No such file or directory), client: 66.249.66.72, server: fita.staroobrad.ru, request: "GET /r/item/SMS-promotion/936841130999301.html HTTP/1.1", host: "fita.staroobrad.ru"
2026/08/19 08:31:00 [error] 645121#645121: *5426471 open() "/var/www/fita.staroobrad.ru/public/r/item/call-to-action/ada6a675290104.html" failed (2: No such file or directory), client: 66.249.66.65, server: fita.staroobrad.ru, request: "GET /r/item/call-to-action/ada6a675290104.html HTTP/1.1", host: "fita.staroobrad.ru"
2026/08/19 08:31:00 [error] 645121#645121: *5426144 open() "/var/www/fita.staroobrad.ru/public/r/item/free-gift-with-purchase/63eb519305504.html" failed (2: No such file or directory), client: 66.249.78.69, server: fita.staroobrad.ru, request: "GET /r/item/free-gift-with-purchase/63eb519305504.html HTTP/1.1", host: "fita.staroobrad.ru"
2026/08/19 08:31:01 [error] 645121#645121: *5426115 open() "/var/www/fita.staroobrad.ru/public/r/item/voucher/db0a21134027001.html" failed (2: No such file or directory), client: 66.249.66.74, server: fita.staroobrad.ru, request: "GET /r/item/voucher/db0a21134027001.html HTTP/1.1", host: "fita.staroobrad.ru"
2026/08/19 08:31:01 [error] 645121#645121: *5426115 open() "/var/www/fita.staroobrad.ru/public/r/item/clearance-price/5d7281126574201.html" failed (2: No such file or directory), client: 66.249.66.74, server: fita.staroobrad.ru, request: "GET /r/item/clearance-price/5d7281126574201.html HTTP/1.1", host: "fita.staroobrad.ru"
2026/08/19 08:31:02 [error] 645121#645121: *5426115 open() "/var/www/fita.staroobrad.ru/public/r/item/limited-time-offer/3963a1137054701.html" failed (2: No such file or directory), client: 66.249.66.74, server: fita.staroobrad.ru, request: "GET /r/item/limited-time-offer/3963a1137054701.html HTTP/1.1", host: "fita.staroobrad.ru"
2026/08/19 08:31:02 [error] 645121#645121: *5426144 open() "/var/www/fita.staroobrad.ru/public/r/item/mail-in-rebate/d4710502073904.html" failed (2: No such file or directory), client: 66.249.78.69, server: fita.staroobrad.ru, request: "GET /r/item/mail-in-rebate/d4710502073904.html HTTP/1.1", host: "fita.staroobrad.ru"
2026/08/19 08:31:03 [error] 645121#645121: *5426115 open() "/var/www/fita.staroobrad.ru/public/r/item/promotional-activity/e7cb61129601901.html" failed (2: No such file or directory), client: 66.249.66.74, server: fita.staroobrad.ru, request: "GET /r/item/promotional-activity/e7cb61129601901.html HTTP/1.1", host: "fita.staroobrad.ru"
2026/08/19 08:31:03 [error] 645121#645121: *5426115 open() "/var/www/fita.staroobrad.ru/public/r/item/promo-code/8ec0b840036901.html" failed (2: No such file or directory), client: 66.249.66.74, server: fita.staroobrad.ru, request: "GET /r/item/promo-code/8ec0b840036901.html HTTP/1.1", host: "fita.staroobrad.ru"
2026/08/19 08:31:04 [error] 645121#645121: *5426115 open() "/var/www/fita.staroobrad.ru/public/r/item/promotional-budget/0daef1140082401.html" failed (2: No such file or directory), client: 66.249.66.74, server: fita.staroobrad.ru, request: "GET /r/item/promotional-budget/0daef1140082401.html HTTP/1.1", host: "fita.staroobrad.ru"
2026/08/19 08:31:04 [error] 645121#645121: *5426144 open() "/var/www/fita.staroobrad.ru/public/r/item/complimentary-item/ecc8b1134725701.html" failed (2: No such file or directory), client: 66.249.78.69, server: fita.staroobrad.ru, request: "GET /r/item/complimentary-item/ecc8b1134725701.html HTTP/1.1", host: "fita.staroobrad.ru"
2026/08/19 08:31:05 [error] 645121#645121: *5426152 open() "/var/www/fita.staroobrad.ru/public/r/item/advertising/6c4b81134958601.html" failed (2: No such file or directory), client: 66.249.66.202, server: fita.staroobrad.ru, request: "GET /r/item/advertising/6c4b81134958601.html HTTP/1.1", host: "fita.staroobrad.ru"
2026/08/19 08:39:47 [error] 645121#645121: *5432404 open() "/var/www/fita.staroobrad.ru/public/sitemap480.xml" failed (2: No such file or directory), client: 114.119.139.128, server: fita.staroobrad.ru, request: "GET /sitemap480.xml HTTP/1.1", host: "fita.staroobrad.ru"
2026/08/19 08:49:21 [error] 645121#645121: *5440208 open() "/var/www/fita.staroobrad.ru/public/sitemap479.xml" failed (2: No such file or directory), client: 114.119.140.79, server: fita.staroobrad.ru, request: "GET /sitemap479.xml HTTP/1.1", host: "fita.staroobrad.ru"