66.249.66.36 - - [18/Aug/2026:20:56:28 +0300] "GET /category/56_481/1 HTTP/1.1" 404 3797 "-" "Mozilla/5.0 (Linux; Android 6.0.1; Nexus 5X Build/MMB29P) AppleWebKit/537.36 (KHTML, like Gecko) Chrome/151.0.7922.137 Mobile Safari/537.36 (compatible; Googlebot/2.1; +http://www.google.com/bot.html)"
82.148.16.210 - - [18/Aug/2026:20:58:34 +0300] "POST /wp-cron.php?doing_wp_cron=1787075914.6187760829925537109375 HTTP/1.1" 200 31 "-" "WordPress/6.9.1; https://fita.staroobrad.ru"
8.29.155.129 - - [18/Aug/2026:20:58:34 +0300] "GET /wp-login.php HTTP/2.0" 200 3265 "-" "Mozilla/5.0 (Windows NT 10.0; Win64; x64) AppleWebKit/537.36 (KHTML, like Gecko) Chrome/149.0.0.0 Safari/537.36"
8.29.155.129 - - [18/Aug/2026:20:58:35 +0300] "POST /wp-login.php HTTP/2.0" 200 3427 "-" "Mozilla/5.0 (Windows NT 10.0; Win64; x64) AppleWebKit/537.36 (KHTML, like Gecko) Chrome/149.0.0.0 Safari/537.36"
82.148.16.210 - - [18/Aug/2026:20:59:23 +0300] "POST /wp-cron.php?doing_wp_cron=1787075963.3784980773925781250000 HTTP/1.1" 200 31 "-" "WordPress/6.9.1; https://fita.staroobrad.ru"
66.249.66.203 - - [18/Aug/2026:20:59:23 +0300] "GET /?grant/088017881 HTTP/1.1" 301 5 "-" "Mozilla/5.0 (Linux; Android 6.0.1; Nexus 5X Build/MMB29P) AppleWebKit/537.36 (KHTML, like Gecko) Chrome/151.0.7922.137 Mobile Safari/537.36 (compatible; GoogleOther)"
66.249.78.70 - - [18/Aug/2026:20:59:27 +0300] "GET /?grant%2F088017881 HTTP/1.1" 404 31 "-" "Mozilla/5.0 (Linux; Android 6.0.1; Nexus 5X Build/MMB29P) AppleWebKit/537.36 (KHTML, like Gecko) Chrome/151.0.7922.137 Mobile Safari/537.36 (compatible; GoogleOther)"
82.148.16.210 - - [18/Aug/2026:21:01:10 +0300] "POST /wp-cron.php?doing_wp_cron=1787076070.8259849548339843750000 HTTP/1.1" 200 31 "-" "WordPress/6.9.1; https://fita.staroobrad.ru"
66.249.66.36 - - [18/Aug/2026:21:01:10 +0300] "GET /m60979329363 HTTP/1.1" 404 3797 "-" "Mozilla/5.0 (Linux; Android 6.0.1; Nexus 5X Build/MMB29P) AppleWebKit/537.36 (KHTML, like Gecko) Chrome/151.0.7922.137 Mobile Safari/537.36 (compatible; Googlebot/2.1; +http://www.google.com/bot.html)"
82.148.16.210 - - [18/Aug/2026:21:02:06 +0300] "POST /wp-cron.php?doing_wp_cron=1787076126.8670539855957031250000 HTTP/1.1" 200 31 "-" "WordPress/6.9.1; https://fita.staroobrad.ru"
77.95.113.11 - - [18/Aug/2026:21:02:06 +0300] "GET /wp-login.php HTTP/2.0" 200 3265 "-" "Mozilla/5.0 (Windows NT 10.0; Win64; x64) AppleWebKit/537.36 (KHTML, like Gecko) Chrome/149.0.0.0 Safari/537.36"
77.95.113.11 - - [18/Aug/2026:21:02:07 +0300] "POST /wp-login.php HTTP/2.0" 200 3427 "-" "Mozilla/5.0 (Windows NT 10.0; Win64; x64) AppleWebKit/537.36 (KHTML, like Gecko) Chrome/149.0.0.0 Safari/537.36"
66.249.78.69 - - [18/Aug/2026:21:02:42 +0300] "GET /shop/unit/least216008272.shtml HTTP/1.1" 404 3797 "-" "Mozilla/5.0 (Linux; Android 6.0.1; Nexus 5X Build/MMB29P) AppleWebKit/537.36 (KHTML, like Gecko) Chrome/151.0.7922.137 Mobile Safari/537.36 (compatible; Googlebot/2.1; +http://www.google.com/bot.html)"
82.148.16.210 - - [18/Aug/2026:21:02:55 +0300] "POST /wp-cron.php?doing_wp_cron=1787076175.3384358882904052734375 HTTP/1.1" 200 31 "-" "WordPress/6.9.1; https://fita.staroobrad.ru"
66.249.66.35 - - [18/Aug/2026:21:02:55 +0300] "GET /shop/hello/thus136000574.shtml HTTP/1.1" 404 3798 "-" "Mozilla/5.0 (Linux; Android 6.0.1; Nexus 5X Build/MMB29P) AppleWebKit/537.36 (KHTML, like Gecko) Chrome/151.0.7922.137 Mobile Safari/537.36 (compatible; Googlebot/2.1; +http://www.google.com/bot.html)"
82.148.16.210 - - [18/Aug/2026:21:04:40 +0300] "POST /wp-cron.php?doing_wp_cron=1787076280.2899539470672607421875 HTTP/1.1" 200 31 "-" "WordPress/6.9.1; https://fita.staroobrad.ru"
114.119.136.199 - - [18/Aug/2026:21:04:40 +0300] "GET /shop/hormone/glad215002841.shtml HTTP/1.1" 404 3797 "https://fita.staroobrad.ru/?sitemap972.xml" "Mozilla/5.0 (Linux; Android 7.0;) AppleWebKit/537.36 (HTML, like Gecko) Mobile Safari/537.36 (compatible; PetalBot;+https://webmaster.petalsearch.com/site/petalbot)"
82.148.16.210 - - [18/Aug/2026:21:05:27 +0300] "POST /wp-cron.php?doing_wp_cron=1787076327.5875558853149414062500 HTTP/1.1" 200 31 "-" "WordPress/6.9.1; https://fita.staroobrad.ru"
18.117.16.4 - - [18/Aug/2026:21:05:27 +0300] "GET /wp-login.php HTTP/2.0" 200 3265 "-" "Mozilla/5.0 (Windows NT 10.0; Win64; x64) AppleWebKit/537.36 (KHTML, like Gecko) Chrome/149.0.0.0 Safari/537.36"
18.117.16.4 - - [18/Aug/2026:21:05:27 +0300] "POST /wp-login.php HTTP/2.0" 200 3427 "-" "Mozilla/5.0 (Windows NT 10.0; Win64; x64) AppleWebKit/537.36 (KHTML, like Gecko) Chrome/149.0.0.0 Safari/537.36"
82.148.16.210 - - [18/Aug/2026:21:06:27 +0300] "POST /wp-cron.php?doing_wp_cron=1787076387.3365890979766845703125 HTTP/1.1" 200 31 "-" "WordPress/6.9.1; https://fita.staroobrad.ru"
66.249.78.71 - - [18/Aug/2026:21:06:27 +0300] "GET /shop/break/cool001020945.shtml HTTP/1.1" 404 3797 "-" "Mozilla/5.0 (compatible; Googlebot/2.1; +http://www.google.com/bot.html)"
82.148.16.210 - - [18/Aug/2026:21:08:56 +0300] "POST /wp-cron.php?doing_wp_cron=1787076536.7131719589233398437500 HTTP/1.1" 200 31 "-" "WordPress/6.9.1; https://fita.staroobrad.ru"
66.249.66.36 - - [18/Aug/2026:21:08:56 +0300] "GET /shop/occasion/modern065000277.shtml HTTP/1.1" 404 3798 "-" "Mozilla/5.0 (Linux; Android 6.0.1; Nexus 5X Build/MMB29P) AppleWebKit/537.36 (KHTML, like Gecko) Chrome/151.0.7922.137 Mobile Safari/537.36 (compatible; Googlebot/2.1; +http://www.google.com/bot.html)"
82.148.16.210 - - [18/Aug/2026:21:12:18 +0300] "POST /wp-cron.php?doing_wp_cron=1787076738.1114261150360107421875 HTTP/1.1" 200 31 "-" "WordPress/6.9.1; https://fita.staroobrad.ru"
66.249.66.74 - - [18/Aug/2026:21:12:18 +0300] "GET /shop/anxiety/unlikely174032062.shtml HTTP/1.1" 404 3797 "-" "Mozilla/5.0 (compatible; Googlebot/2.1; +http://www.google.com/bot.html)"
106.8.139.155 - - [18/Aug/2026:21:12:22 +0300] "GET / HTTP/1.1" 403 31 "-" "Mozilla/5.0 (Linux; U; Android 11; zh-CN; M2011K2C Build/RKQ1.200928.002) AppleWebKit/537.36 (KHTML, like Gecko) Version/4.0 Chrome/78.0.3904.108 Quark/5.4.8.200 Mobile Safari/537.36"
82.148.16.210 - - [18/Aug/2026:21:16:47 +0300] "POST /wp-cron.php?doing_wp_cron=1787077007.2238938808441162109375 HTTP/1.1" 200 31 "-" "WordPress/6.9.1; https://fita.staroobrad.ru"
114.119.145.115 - - [18/Aug/2026:21:16:47 +0300] "GET /shop/fucking/experience021025211.shtml HTTP/1.1" 404 3798 "https://fita.staroobrad.ru/?sitemap972.xml" "Mozilla/5.0 (Linux; Android 7.0;) AppleWebKit/537.36 (HTML, like Gecko) Mobile Safari/537.36 (compatible; PetalBot;+https://webmaster.petalsearch.com/site/petalbot)"
82.148.16.210 - - [18/Aug/2026:21:17:12 +0300] "POST /wp-cron.php?doing_wp_cron=1787077032.9572870731353759765625 HTTP/1.1" 200 31 "-" "WordPress/6.9.1; https://fita.staroobrad.ru"
66.249.66.202 - - [18/Aug/2026:21:17:12 +0300] "GET /shopdetail/364/11547818.shtm HTTP/1.1" 404 3798 "-" "Mozilla/5.0 (compatible; Googlebot/2.1; +http://www.google.com/bot.html)"
66.249.78.71 - - [18/Aug/2026:21:17:14 +0300] "GET /shopdetail/364/11547818.shtm HTTP/1.1" 404 3797 "-" "Mozilla/5.0 (Linux; Android 6.0.1; Nexus 5X Build/MMB29P) AppleWebKit/537.36 (KHTML, like Gecko) Chrome/151.0.7922.137 Mobile Safari/537.36 (compatible; Googlebot/2.1; +http://www.google.com/bot.html)"
66.249.78.69 - - [18/Aug/2026:21:17:31 +0300] "GET /shop/construct/mark237044187.shtml HTTP/1.1" 404 3797 "-" "Mozilla/5.0 (compatible; Googlebot/2.1; +http://www.google.com/bot.html)"
82.148.16.210 - - [18/Aug/2026:21:19:14 +0300] "POST /wp-cron.php?doing_wp_cron=1787077154.8378689289093017578125 HTTP/1.1" 200 31 "-" "WordPress/6.9.1; https://fita.staroobrad.ru"
216.73.216.221 - - [18/Aug/2026:21:19:14 +0300] "GET / HTTP/2.0" 403 20 "-" "Mozilla/5.0 AppleWebKit/537.36 (KHTML, like Gecko; compatible; ClaudeBot/1.0; +claudebot@anthropic.com)"
216.73.216.221 - - [18/Aug/2026:21:19:40 +0300] "GET /search.php HTTP/2.0" 404 3 "-" "Mozilla/5.0 AppleWebKit/537.36 (KHTML, like Gecko; compatible; ClaudeBot/1.0; +claudebot@anthropic.com)"
82.148.16.210 - - [18/Aug/2026:21:19:59 +0300] "POST /wp-cron.php?doing_wp_cron=1787077199.8055388927459716796875 HTTP/1.1" 200 31 "-" "WordPress/6.9.1; https://fita.staroobrad.ru"
66.249.66.37 - - [18/Aug/2026:21:19:59 +0300] "GET /shop/bride/cap042000978.shtml HTTP/1.1" 404 3798 "-" "Mozilla/5.0 (Linux; Android 6.0.1; Nexus 5X Build/MMB29P) AppleWebKit/537.36 (KHTML, like Gecko) Chrome/151.0.7922.137 Mobile Safari/537.36 (compatible; Googlebot/2.1; +http://www.google.com/bot.html)"
82.148.16.210 - - [18/Aug/2026:21:23:13 +0300] "POST /wp-cron.php?doing_wp_cron=1787077393.1346919536590576171875 HTTP/1.1" 200 31 "-" "WordPress/6.9.1; https://fita.staroobrad.ru"
20.237.251.56 - - [18/Aug/2026:21:23:13 +0300] "GET /wp-login.php HTTP/2.0" 200 3265 "-" "Mozilla/5.0 (Windows NT 10.0; Win64; x64) AppleWebKit/537.36 (KHTML, like Gecko) Chrome/149.0.0.0 Safari/537.36"
20.237.251.56 - - [18/Aug/2026:21:23:13 +0300] "POST /wp-login.php HTTP/2.0" 200 3427 "-" "Mozilla/5.0 (Windows NT 10.0; Win64; x64) AppleWebKit/537.36 (KHTML, like Gecko) Chrome/149.0.0.0 Safari/537.36"
82.148.16.210 - - [18/Aug/2026:21:25:18 +0300] "POST /wp-cron.php?doing_wp_cron=1787077517.8602490425109863281250 HTTP/1.1" 200 31 "-" "WordPress/6.9.1; https://fita.staroobrad.ru"
66.249.66.37 - - [18/Aug/2026:21:25:18 +0300] "GET /shop/charter/huge281049065.shtml HTTP/1.1" 404 3797 "-" "Mozilla/5.0 (compatible; Googlebot/2.1; +http://www.google.com/bot.html)"
209.42.20.222 - - [18/Aug/2026:21:25:32 +0300] "GET /wp-login.php HTTP/2.0" 200 3265 "-" "Mozilla/5.0 (Windows NT 10.0; Win64; x64) AppleWebKit/537.36 (KHTML, like Gecko) Chrome/149.0.0.0 Safari/537.36"
209.42.20.222 - - [18/Aug/2026:21:25:32 +0300] "POST /wp-login.php HTTP/2.0" 200 3427 "-" "Mozilla/5.0 (Windows NT 10.0; Win64; x64) AppleWebKit/537.36 (KHTML, like Gecko) Chrome/149.0.0.0 Safari/537.36"
82.148.16.210 - - [18/Aug/2026:21:28:55 +0300] "POST /wp-cron.php?doing_wp_cron=1787077735.2238950729370117187500 HTTP/1.1" 200 31 "-" "WordPress/6.9.1; https://fita.staroobrad.ru"
114.119.128.244 - - [18/Aug/2026:21:28:55 +0300] "GET /shop/food/discourage146009874.shtml HTTP/1.1" 404 3799 "https://fita.staroobrad.ru/?sitemap936.xml" "Mozilla/5.0 (Linux; Android 7.0;) AppleWebKit/537.36 (HTML, like Gecko) Mobile Safari/537.36 (compatible; PetalBot;+https://webmaster.petalsearch.com/site/petalbot)"
66.249.66.202 - - [18/Aug/2026:21:29:22 +0300] "GET /classic/88853611594890.shtm HTTP/1.1" 404 3797 "-" "Mozilla/5.0 (Linux; Android 6.0.1; Nexus 5X Build/MMB29P) AppleWebKit/537.36 (KHTML, like Gecko) Chrome/151.0.7922.137 Mobile Safari/537.36 (compatible; GoogleOther)"
66.249.66.35 - - [18/Aug/2026:21:29:26 +0300] "GET /m23068417427 HTTP/1.1" 404 3796 "-" "Mozilla/5.0 (Linux; Android 6.0.1; Nexus 5X Build/MMB29P) AppleWebKit/537.36 (KHTML, like Gecko) Chrome/151.0.7922.137 Mobile Safari/537.36 (compatible; GoogleOther)"
82.148.16.210 - - [18/Aug/2026:21:30:12 +0300] "POST /wp-cron.php?doing_wp_cron=1787077812.2265360355377197265625 HTTP/1.1" 200 31 "-" "WordPress/6.9.1; https://fita.staroobrad.ru"
66.249.78.69 - - [18/Aug/2026:21:30:12 +0300] "GET /shop/journey/expensive011016097.shtml HTTP/1.1" 404 3797 "-" "Mozilla/5.0 (Linux; Android 6.0.1; Nexus 5X Build/MMB29P) AppleWebKit/537.36 (KHTML, like Gecko) Chrome/151.0.7922.137 Mobile Safari/537.36 (compatible; Googlebot/2.1; +http://www.google.com/bot.html)"
82.148.16.210 - - [18/Aug/2026:21:31:07 +0300] "POST /wp-cron.php?doing_wp_cron=1787077867.4877789020538330078125 HTTP/1.1" 200 31 "-" "WordPress/6.9.1; https://fita.staroobrad.ru"
129.121.103.155 - - [18/Aug/2026:21:31:07 +0300] "GET /wp-login.php HTTP/2.0" 200 3265 "-" "Mozilla/5.0 (Windows NT 10.0; Win64; x64) AppleWebKit/537.36 (KHTML, like Gecko) Chrome/149.0.0.0 Safari/537.36"
129.121.103.155 - - [18/Aug/2026:21:31:07 +0300] "POST /wp-login.php HTTP/2.0" 200 3427 "-" "Mozilla/5.0 (Windows NT 10.0; Win64; x64) AppleWebKit/537.36 (KHTML, like Gecko) Chrome/149.0.0.0 Safari/537.36"
66.249.66.76 - - [18/Aug/2026:21:31:27 +0300] "GET /shop/blink/lobby066003620.shtml HTTP/1.1" 404 3797 "-" "Mozilla/5.0 (compatible; Googlebot/2.1; +http://www.google.com/bot.html)"
82.148.16.210 - - [18/Aug/2026:21:33:23 +0300] "POST /wp-cron.php?doing_wp_cron=1787078003.2725670337677001953125 HTTP/1.1" 200 31 "-" "WordPress/6.9.1; https://fita.staroobrad.ru"
66.249.66.75 - - [18/Aug/2026:21:33:23 +0300] "GET /?goods/022000116 HTTP/1.1" 301 5 "-" "Mozilla/5.0 (Linux; Android 6.0.1; Nexus 5X Build/MMB29P) AppleWebKit/537.36 (KHTML, like Gecko) Chrome/151.0.7922.137 Mobile Safari/537.36 (compatible; Googlebot/2.1; +http://www.google.com/bot.html)"
66.249.66.35 - - [18/Aug/2026:21:33:24 +0300] "GET /shop/streak/prepare173038673.shtml HTTP/1.1" 404 3797 "-" "Mozilla/5.0 (Linux; Android 6.0.1; Nexus 5X Build/MMB29P) AppleWebKit/537.36 (KHTML, like Gecko) Chrome/151.0.7922.137 Mobile Safari/537.36 (compatible; Googlebot/2.1; +http://www.google.com/bot.html)"
66.249.78.71 - - [18/Aug/2026:21:33:24 +0300] "GET /shop/beard/pursuit055001611.shtml HTTP/1.1" 404 3797 "-" "Mozilla/5.0 (Linux; Android 6.0.1; Nexus 5X Build/MMB29P) AppleWebKit/537.36 (KHTML, like Gecko) Chrome/151.0.7922.137 Mobile Safari/537.36 (compatible; Googlebot/2.1; +http://www.google.com/bot.html)"
66.249.66.36 - - [18/Aug/2026:21:33:25 +0300] "GET /shop/residence/main064044980.shtml HTTP/1.1" 404 3797 "-" "Mozilla/5.0 (Linux; Android 6.0.1; Nexus 5X Build/MMB29P) AppleWebKit/537.36 (KHTML, like Gecko) Chrome/151.0.7922.137 Mobile Safari/537.36 (compatible; Googlebot/2.1; +http://www.google.com/bot.html)"
66.249.78.70 - - [18/Aug/2026:21:33:25 +0300] "GET /?goods%2F022000116 HTTP/1.1" 404 31 "-" "Mozilla/5.0 (Linux; Android 6.0.1; Nexus 5X Build/MMB29P) AppleWebKit/537.36 (KHTML, like Gecko) Chrome/151.0.7922.137 Mobile Safari/537.36 (compatible; Googlebot/2.1; +http://www.google.com/bot.html)"
66.249.66.37 - - [18/Aug/2026:21:33:26 +0300] "GET /shop/hunt/midst285014757.shtml HTTP/1.1" 404 3797 "-" "Mozilla/5.0 (Linux; Android 6.0.1; Nexus 5X Build/MMB29P) AppleWebKit/537.36 (KHTML, like Gecko) Chrome/151.0.7922.137 Mobile Safari/537.36 (compatible; Googlebot/2.1; +http://www.google.com/bot.html)"
66.249.66.203 - - [18/Aug/2026:21:33:28 +0300] "GET /shop/mainstream/teaching273006421.shtml HTTP/1.1" 404 3797 "-" "Mozilla/5.0 (Linux; Android 6.0.1; Nexus 5X Build/MMB29P) AppleWebKit/537.36 (KHTML, like Gecko) Chrome/151.0.7922.137 Mobile Safari/537.36 (compatible; Googlebot/2.1; +http://www.google.com/bot.html)"
82.148.16.210 - - [18/Aug/2026:21:34:49 +0300] "POST /wp-cron.php?doing_wp_cron=1787078089.7714340686798095703125 HTTP/1.1" 200 31 "-" "WordPress/6.9.1; https://fita.staroobrad.ru"
103.133.143.221 - - [18/Aug/2026:21:34:49 +0300] "GET /wp-login.php HTTP/1.1" 200 3277 "https://fita.staroobrad.ru" "Mozilla/5.0 (X11; Fedora; Linux x86_64; rv:79.0) Gecko/20100101 Firefox/79.0"
103.133.143.221 - - [18/Aug/2026:21:34:51 +0300] "POST /wp-login.php HTTP/1.1" 302 5 "https://fita.staroobrad.ru" "Mozilla/5.0 (X11; Fedora; Linux x86_64; rv:79.0) Gecko/20100101 Firefox/79.0"
103.133.143.221 - - [18/Aug/2026:21:34:55 +0300] "GET /wp-admin/ HTTP/1.1" 200 60048 "https://fita.staroobrad.ru" "Mozilla/5.0 (X11; Fedora; Linux x86_64; rv:79.0) Gecko/20100101 Firefox/79.0"
103.133.143.221 - - [18/Aug/2026:21:34:57 +0300] "GET /wp-admin/ HTTP/1.1" 200 60048 "https://fita.staroobrad.ru" "Mozilla/5.0 (X11; Fedora; Linux x86_64; rv:79.0) Gecko/20100101 Firefox/79.0"
103.133.143.221 - - [18/Aug/2026:21:35:01 +0300] "GET /wp-admin/user-new.php HTTP/1.1" 200 31392 "https://fita.staroobrad.ru" "Mozilla/5.0 (X11; Fedora; Linux x86_64; rv:79.0) Gecko/20100101 Firefox/79.0"
103.133.143.221 - - [18/Aug/2026:21:35:04 +0300] "POST /wp-admin/user-new.php HTTP/1.1" 302 5 "https://fita.staroobrad.ru" "Mozilla/5.0 (X11; Fedora; Linux x86_64; rv:79.0) Gecko/20100101 Firefox/79.0"
103.133.143.221 - - [18/Aug/2026:21:35:07 +0300] "GET /wp-admin/users.php?update=add&id=30 HTTP/1.1" 200 34627 "https://fita.staroobrad.ru" "Mozilla/5.0 (X11; Fedora; Linux x86_64; rv:79.0) Gecko/20100101 Firefox/79.0"
103.133.143.221 - - [18/Aug/2026:21:35:11 +0300] "GET /wp-admin/plugin-install.php?tab=upload HTTP/1.1" 200 32945 "https://fita.staroobrad.ru" "Mozilla/5.0 (X11; Fedora; Linux x86_64; rv:79.0) Gecko/20100101 Firefox/79.0"
103.133.143.221 - - [18/Aug/2026:21:35:16 +0300] "POST /wp-admin/update.php?action=upload-plugin HTTP/1.1" 200 28459 "https://fita.staroobrad.ru" "Mozilla/5.0 (X11; Fedora; Linux x86_64; rv:79.0) Gecko/20100101 Firefox/79.0"
103.133.143.221 - - [18/Aug/2026:21:35:17 +0300] "GET /wp-content/plugins/eeqhyistxf/up.php HTTP/1.1" 404 3 "https://fita.staroobrad.ru" "Mozilla/5.0 (X11; Fedora; Linux x86_64; rv:79.0) Gecko/20100101 Firefox/79.0"
103.133.143.221 - - [18/Aug/2026:21:35:18 +0300] "POST /wp-admin/update.php?action=upload-plugin HTTP/1.1" 200 28459 "https://fita.staroobrad.ru" "Mozilla/5.0 (X11; Fedora; Linux x86_64; rv:79.0) Gecko/20100101 Firefox/79.0"
103.133.143.221 - - [18/Aug/2026:21:35:20 +0300] "GET /wp-content/plugins/eeqhyistxf/up.php HTTP/1.1" 404 3 "https://fita.staroobrad.ru" "Mozilla/5.0 (X11; Fedora; Linux x86_64; rv:79.0) Gecko/20100101 Firefox/79.0"
103.133.143.221 - - [18/Aug/2026:21:35:22 +0300] "POST /wp-admin/update.php?action=upload-plugin HTTP/1.1" 200 28459 "https://fita.staroobrad.ru" "Mozilla/5.0 (X11; Fedora; Linux x86_64; rv:79.0) Gecko/20100101 Firefox/79.0"
103.133.143.221 - - [18/Aug/2026:21:35:24 +0300] "GET /wp-content/plugins/eeqhyistxf/up.php HTTP/1.1" 404 3 "https://fita.staroobrad.ru" "Mozilla/5.0 (X11; Fedora; Linux x86_64; rv:79.0) Gecko/20100101 Firefox/79.0"
103.133.143.221 - - [18/Aug/2026:21:35:27 +0300] "GET /wp-admin/media-new.php HTTP/1.1" 200 31428 "https://fita.staroobrad.ru" "Mozilla/5.0 (X11; Fedora; Linux x86_64; rv:79.0) Gecko/20100101 Firefox/79.0"
103.133.143.221 - - [18/Aug/2026:21:35:29 +0300] "POST /wp-admin/async-upload.php HTTP/1.1" 200 129 "https://fita.staroobrad.ru" "Mozilla/5.0 (X11; Fedora; Linux x86_64; rv:79.0) Gecko/20100101 Firefox/79.0"
103.133.143.221 - - [18/Aug/2026:21:35:30 +0300] "GET /wp-content/uploads/2026/08/zwzmvsmh.php HTTP/1.1" 404 3 "https://fita.staroobrad.ru" "Mozilla/5.0 (X11; Fedora; Linux x86_64; rv:79.0) Gecko/20100101 Firefox/79.0"
103.133.143.221 - - [18/Aug/2026:21:35:31 +0300] "POST /wp-admin/async-upload.php HTTP/1.1" 200 130 "https://fita.staroobrad.ru" "Mozilla/5.0 (X11; Fedora; Linux x86_64; rv:79.0) Gecko/20100101 Firefox/79.0"
103.133.143.221 - - [18/Aug/2026:21:35:33 +0300] "GET /wp-content/uploads/2026/08/zwzmvsmh.phtml HTTP/1.1" 404 3797 "https://fita.staroobrad.ru" "Mozilla/5.0 (X11; Fedora; Linux x86_64; rv:79.0) Gecko/20100101 Firefox/79.0"
103.133.143.221 - - [18/Aug/2026:21:35:34 +0300] "POST /wp-admin/async-upload.php HTTP/1.1" 200 130 "https://fita.staroobrad.ru" "Mozilla/5.0 (X11; Fedora; Linux x86_64; rv:79.0) Gecko/20100101 Firefox/79.0"
103.133.143.221 - - [18/Aug/2026:21:35:36 +0300] "GET /wp-content/uploads/2026/08/zwzmvsmh.phar HTTP/1.1" 404 3797 "https://fita.staroobrad.ru" "Mozilla/5.0 (X11; Fedora; Linux x86_64; rv:79.0) Gecko/20100101 Firefox/79.0"
103.133.143.221 - - [18/Aug/2026:21:35:37 +0300] "POST /wp-admin/async-upload.php HTTP/1.1" 200 130 "https://fita.staroobrad.ru" "Mozilla/5.0 (X11; Fedora; Linux x86_64; rv:79.0) Gecko/20100101 Firefox/79.0"
103.133.143.221 - - [18/Aug/2026:21:35:38 +0300] "GET /wp-content/uploads/2026/08/zwzmvsmh.php5 HTTP/1.1" 404 3797 "https://fita.staroobrad.ru" "Mozilla/5.0 (X11; Fedora; Linux x86_64; rv:79.0) Gecko/20100101 Firefox/79.0"
103.133.143.221 - - [18/Aug/2026:21:35:39 +0300] "POST /wp-admin/async-upload.php HTTP/1.1" 200 130 "https://fita.staroobrad.ru" "Mozilla/5.0 (X11; Fedora; Linux x86_64; rv:79.0) Gecko/20100101 Firefox/79.0"
103.133.143.221 - - [18/Aug/2026:21:35:40 +0300] "GET /wp-content/uploads/2026/08/zwzmvsmh.php7 HTTP/1.1" 404 3801 "https://fita.staroobrad.ru" "Mozilla/5.0 (X11; Fedora; Linux x86_64; rv:79.0) Gecko/20100101 Firefox/79.0"
103.133.143.221 - - [18/Aug/2026:21:35:43 +0300] "GET /wp-admin/plugin-install.php?s=file-manager-advanced&tab=search&type=term HTTP/1.1" 200 44141 "https://fita.staroobrad.ru" "Mozilla/5.0 (X11; Fedora; Linux x86_64; rv:79.0) Gecko/20100101 Firefox/79.0"
103.133.143.221 - - [18/Aug/2026:21:35:46 +0300] "POST /wp-admin/update.php?action=install-plugin&plugin=file-manager-advanced&_wpnonce=0c7eaf1689 HTTP/1.1" 200 28529 "https://fita.staroobrad.ru" "Mozilla/5.0 (X11; Fedora; Linux x86_64; rv:79.0) Gecko/20100101 Firefox/79.0"
103.133.143.221 - - [18/Aug/2026:21:35:48 +0300] "GET /wp-admin/plugin-editor.php HTTP/1.1" 200 35167 "https://fita.staroobrad.ru" "Mozilla/5.0 (X11; Fedora; Linux x86_64; rv:79.0) Gecko/20100101 Firefox/79.0"
82.148.16.210 - - [18/Aug/2026:21:35:50 +0300] "POST /wp-cron.php?doing_wp_cron=1787078150.9144411087036132812500 HTTP/1.1" 200 31 "-" "WordPress/6.9.1; https://fita.staroobrad.ru"
103.133.143.221 - - [18/Aug/2026:21:35:50 +0300] "GET /wp-admin/plugin-editor.php?file=rus-to-lat.php&plugin=rus-to-lat.php HTTP/1.1" 200 34829 "https://fita.staroobrad.ru" "Mozilla/5.0 (X11; Fedora; Linux x86_64; rv:79.0) Gecko/20100101 Firefox/79.0"
82.148.16.210 - - [18/Aug/2026:21:35:52 +0300] "GET /wp-admin/plugin-editor.php?plugin=rus-to-lat.php&file=rus-to-lat.php&wp_scrape_key=825fae520e2ff5538a109c326f43ffbc&wp_scrape_nonce=305474498 HTTP/1.1" 200 34066 "-" "WordPress/6.9.1; https://fita.staroobrad.ru"
82.148.16.210 - - [18/Aug/2026:21:35:53 +0300] "GET /?wp_scrape_key=825fae520e2ff5538a109c326f43ffbc&wp_scrape_nonce=305474498 HTTP/1.1" 403 361 "-" "WordPress/6.9.1; https://fita.staroobrad.ru"
103.133.143.221 - - [18/Aug/2026:21:35:53 +0300] "POST /wp-admin/admin-ajax.php HTTP/1.1" 200 119 "https://fita.staroobrad.ru" "Mozilla/5.0 (X11; Fedora; Linux x86_64; rv:79.0) Gecko/20100101 Firefox/79.0"
103.133.143.221 - - [18/Aug/2026:21:35:54 +0300] "GET /wp-content/plugins/rus-to-lat.php HTTP/1.1" 200 296 "https://fita.staroobrad.ru" "Mozilla/5.0 (X11; Fedora; Linux x86_64; rv:79.0) Gecko/20100101 Firefox/79.0"
129.121.41.84 - - [18/Aug/2026:21:36:46 +0300] "GET /wp-login.php HTTP/2.0" 200 3483 "-" "Mozilla/5.0 (Windows NT 10.0; Win64; x64) AppleWebKit/537.36 (KHTML, like Gecko) Chrome/149.0.0.0 Safari/537.36"
129.121.41.84 - - [18/Aug/2026:21:36:47 +0300] "POST /wp-login.php HTTP/2.0" 200 3644 "-" "Mozilla/5.0 (Windows NT 10.0; Win64; x64) AppleWebKit/537.36 (KHTML, like Gecko) Chrome/149.0.0.0 Safari/537.36"
82.148.16.210 - - [18/Aug/2026:21:37:11 +0300] "POST /wp-cron.php?doing_wp_cron=1787078231.4214360713958740234375 HTTP/1.1" 200 31 "-" "WordPress/6.9.1; https://fita.staroobrad.ru"
135.181.3.246 - - [18/Aug/2026:21:37:11 +0300] "GET /?statue/047043424 HTTP/1.1" 301 374 "-" "Mozilla/5.0 (compatible; SERankingBacklinksBot/1.0; +https://seranking.com/backlinks-crawler)"
135.181.3.246 - - [18/Aug/2026:21:37:11 +0300] "GET /?statue%2F047043424 HTTP/1.1" 403 296 "-" "Mozilla/5.0 (compatible; SERankingBacklinksBot/1.0; +https://seranking.com/backlinks-crawler)"
82.148.16.210 - - [18/Aug/2026:21:40:04 +0300] "POST /wp-cron.php?doing_wp_cron=1787078404.7525839805603027343750 HTTP/1.1" 200 31 "-" "WordPress/6.9.1; https://fita.staroobrad.ru"
66.249.78.71 - - [18/Aug/2026:21:40:04 +0300] "GET /?send/084000417 HTTP/1.1" 301 374 "-" "Mozilla/5.0 (compatible; Googlebot/2.1; +http://www.google.com/bot.html)"
20.237.251.56 - - [18/Aug/2026:21:40:05 +0300] "GET /wp-login.php HTTP/2.0" 200 3483 "-" "Mozilla/5.0 (Windows NT 10.0; Win64; x64) AppleWebKit/537.36 (KHTML, like Gecko) Chrome/149.0.0.0 Safari/537.36"
66.249.66.204 - - [18/Aug/2026:21:40:05 +0300] "GET /?send%2F084000417 HTTP/1.1" 404 296 "-" "Mozilla/5.0 (compatible; Googlebot/2.1; +http://www.google.com/bot.html)"
20.237.251.56 - - [18/Aug/2026:21:40:05 +0300] "POST /wp-login.php HTTP/2.0" 200 3644 "-" "Mozilla/5.0 (Windows NT 10.0; Win64; x64) AppleWebKit/537.36 (KHTML, like Gecko) Chrome/149.0.0.0 Safari/537.36"
82.148.16.210 - - [18/Aug/2026:21:41:03 +0300] "POST /wp-cron.php?doing_wp_cron=1787078463.0868299007415771484375 HTTP/1.1" 200 31 "-" "WordPress/6.9.1; https://fita.staroobrad.ru"
114.119.145.225 - - [18/Aug/2026:21:41:03 +0300] "GET /shop/fever/develop059020849.shtml HTTP/1.1" 404 4002 "https://fita.staroobrad.ru/?sitemap936.xml" "Mozilla/5.0 (Linux; Android 7.0;) AppleWebKit/537.36 (HTML, like Gecko) Mobile Safari/537.36 (compatible; PetalBot;+https://webmaster.petalsearch.com/site/petalbot)"
66.249.66.203 - - [18/Aug/2026:21:41:20 +0300] "GET /shop/potato/red274014722.shtml HTTP/1.1" 404 4002 "-" "Mozilla/5.0 (compatible; Googlebot/2.1; +http://www.google.com/bot.html)"
66.249.78.70 - - [18/Aug/2026:21:42:15 +0300] "GET /shopdetail/737/115248473.shtm HTTP/1.1" 404 4000 "-" "Mozilla/5.0 (compatible; Googlebot/2.1; +http://www.google.com/bot.html)"
82.148.16.210 - - [18/Aug/2026:21:42:15 +0300] "POST /wp-cron.php?doing_wp_cron=1787078535.2579369544982910156250 HTTP/1.1" 200 31 "-" "WordPress/6.9.1; https://fita.staroobrad.ru"
66.249.66.74 - - [18/Aug/2026:21:42:15 +0300] "GET /shopdetail/737/115248473.shtm HTTP/1.1" 404 4000 "-" "Mozilla/5.0 (Linux; Android 6.0.1; Nexus 5X Build/MMB29P) AppleWebKit/537.36 (KHTML, like Gecko) Chrome/151.0.7922.137 Mobile Safari/537.36 (compatible; Googlebot/2.1; +http://www.google.com/bot.html)"
82.148.16.210 - - [18/Aug/2026:21:44:52 +0300] "POST /wp-cron.php?doing_wp_cron=1787078692.8259000778198242187500 HTTP/1.1" 200 31 "-" "WordPress/6.9.1; https://fita.staroobrad.ru"
66.249.78.71 - - [18/Aug/2026:21:44:52 +0300] "GET /shop/program/record069000953.shtml HTTP/1.1" 404 4000 "-" "Mozilla/5.0 (Linux; Android 6.0.1; Nexus 5X Build/MMB29P) AppleWebKit/537.36 (KHTML, like Gecko) Chrome/151.0.7922.137 Mobile Safari/537.36 (compatible; Googlebot/2.1; +http://www.google.com/bot.html)"
66.249.66.35 - - [18/Aug/2026:21:45:08 +0300] "GET /shop/stick/how206016006.shtml HTTP/1.1" 404 4000 "-" "Mozilla/5.0 (Linux; Android 6.0.1; Nexus 5X Build/MMB29P) AppleWebKit/537.36 (KHTML, like Gecko) Chrome/151.0.7922.137 Mobile Safari/537.36 (compatible; Googlebot/2.1; +http://www.google.com/bot.html)"
82.148.16.210 - - [18/Aug/2026:21:46:17 +0300] "POST /wp-cron.php?doing_wp_cron=1787078777.2730081081390380859375 HTTP/1.1" 200 31 "-" "WordPress/6.9.1; https://fita.staroobrad.ru"
66.249.66.35 - - [18/Aug/2026:21:46:17 +0300] "GET /shop/consistent/sweater154002266.shtml HTTP/1.1" 404 4000 "-" "Mozilla/5.0 (Linux; Android 6.0.1; Nexus 5X Build/MMB29P) AppleWebKit/537.36 (KHTML, like Gecko) Chrome/151.0.7922.137 Mobile Safari/537.36 (compatible; Googlebot/2.1; +http://www.google.com/bot.html)"
82.148.16.210 - - [18/Aug/2026:21:47:19 +0300] "POST /wp-cron.php?doing_wp_cron=1787078839.9577970504760742187500 HTTP/1.1" 200 31 "-" "WordPress/6.9.1; https://fita.staroobrad.ru"
66.249.66.37 - - [18/Aug/2026:21:47:19 +0300] "GET /shop/outsider/strike004000006.shtml HTTP/1.1" 404 4001 "-" "Mozilla/5.0 (compatible; Googlebot/2.1; +http://www.google.com/bot.html)"
82.148.16.210 - - [18/Aug/2026:21:48:11 +0300] "POST /wp-cron.php?doing_wp_cron=1787078890.9943161010742187500000 HTTP/1.1" 200 31 "-" "WordPress/6.9.1; https://fita.staroobrad.ru"
66.249.66.203 - - [18/Aug/2026:21:48:11 +0300] "GET /shop/profession/protective291033527.shtml HTTP/1.1" 404 4000 "-" "Mozilla/5.0 (compatible; Googlebot/2.1; +http://www.google.com/bot.html)"
82.148.16.210 - - [18/Aug/2026:21:49:02 +0300] "POST /wp-cron.php?doing_wp_cron=1787078942.3756349086761474609375 HTTP/1.1" 200 31 "-" "WordPress/6.9.1; https://fita.staroobrad.ru"
169.255.70.61 - - [18/Aug/2026:21:49:02 +0300] "GET /wp-login.php HTTP/2.0" 200 3483 "-" "Mozilla/5.0 (Windows NT 10.0; Win64; x64) AppleWebKit/537.36 (KHTML, like Gecko) Chrome/149.0.0.0 Safari/537.36"
169.255.70.61 - - [18/Aug/2026:21:49:03 +0300] "POST /wp-login.php HTTP/2.0" 200 3644 "-" "Mozilla/5.0 (Windows NT 10.0; Win64; x64) AppleWebKit/537.36 (KHTML, like Gecko) Chrome/149.0.0.0 Safari/537.36"
82.148.16.210 - - [18/Aug/2026:21:49:55 +0300] "POST /wp-cron.php?doing_wp_cron=1787078995.7149860858917236328125 HTTP/1.1" 200 31 "-" "WordPress/6.9.1; https://fita.staroobrad.ru"
66.249.66.35 - - [18/Aug/2026:21:49:55 +0300] "GET /m42430497463 HTTP/1.1" 404 4002 "-" "Mozilla/5.0 (compatible; Googlebot/2.1; +http://www.google.com/bot.html)"
82.148.16.210 - - [18/Aug/2026:21:51:25 +0300] "POST /wp-cron.php?doing_wp_cron=1787079085.2634160518646240234375 HTTP/1.1" 200 31 "-" "WordPress/6.9.1; https://fita.staroobrad.ru"
66.249.66.203 - - [18/Aug/2026:21:51:25 +0300] "GET /m61873450780 HTTP/1.1" 404 4000 "-" "Mozilla/5.0 (compatible; Googlebot/2.1; +http://www.google.com/bot.html)"
82.148.16.210 - - [18/Aug/2026:21:52:49 +0300] "POST /wp-cron.php?doing_wp_cron=1787079169.6238679885864257812500 HTTP/1.1" 200 31 "-" "WordPress/6.9.1; https://fita.staroobrad.ru"
66.249.78.70 - - [18/Aug/2026:21:52:49 +0300] "GET /shop/indigenous/future073006435.shtml HTTP/1.1" 404 4001 "-" "Mozilla/5.0 (compatible; Googlebot/2.1; +http://www.google.com/bot.html)"
66.249.78.69 - - [18/Aug/2026:21:52:54 +0300] "GET /m46917050514 HTTP/1.1" 404 4000 "-" "Mozilla/5.0 (compatible; Googlebot/2.1; +http://www.google.com/bot.html)"
66.249.66.36 - - [18/Aug/2026:21:52:55 +0300] "GET /m46917050514 HTTP/1.1" 404 4002 "-" "Mozilla/5.0 (compatible; Googlebot/2.1; +http://www.google.com/bot.html)"
114.119.166.95 - - [18/Aug/2026:21:53:11 +0300] "GET /shop/fellow/unless215022179.shtml HTTP/1.1" 404 4001 "https://fita.staroobrad.ru/?sitemap936.xml" "Mozilla/5.0 (Linux; Android 7.0;) AppleWebKit/537.36 (HTML, like Gecko) Mobile Safari/537.36 (compatible; PetalBot;+https://webmaster.petalsearch.com/site/petalbot)"
82.148.16.210 - - [18/Aug/2026:21:53:59 +0300] "POST /wp-cron.php?doing_wp_cron=1787079239.3655979633331298828125 HTTP/1.1" 200 31 "-" "WordPress/6.9.1; https://fita.staroobrad.ru"
66.116.199.98 - - [18/Aug/2026:21:53:59 +0300] "GET /wp-login.php HTTP/2.0" 200 3483 "-" "Mozilla/5.0 (Windows NT 10.0; Win64; x64) AppleWebKit/537.36 (KHTML, like Gecko) Chrome/149.0.0.0 Safari/537.36"
66.116.199.98 - - [18/Aug/2026:21:54:00 +0300] "POST /wp-login.php HTTP/2.0" 200 3644 "-" "Mozilla/5.0 (Windows NT 10.0; Win64; x64) AppleWebKit/537.36 (KHTML, like Gecko) Chrome/149.0.0.0 Safari/537.36"
82.148.16.210 - - [18/Aug/2026:21:57:18 +0300] "POST /wp-cron.php?doing_wp_cron=1787079438.0374379158020019531250 HTTP/1.1" 200 31 "-" "WordPress/6.9.1; https://fita.staroobrad.ru"
66.249.66.74 - - [18/Aug/2026:21:57:18 +0300] "GET /shop/matter/concrete099000535.shtml HTTP/1.1" 404 4002 "-" "Mozilla/5.0 (Linux; Android 6.0.1; Nexus 5X Build/MMB29P) AppleWebKit/537.36 (KHTML, like Gecko) Chrome/151.0.7922.137 Mobile Safari/537.36 (compatible; Googlebot/2.1; +http://www.google.com/bot.html)"
82.148.16.210 - - [18/Aug/2026:22:00:21 +0300] "POST /wp-cron.php?doing_wp_cron=1787079621.0267090797424316406250 HTTP/1.1" 200 31 "-" "WordPress/6.9.1; https://fita.staroobrad.ru"
66.249.78.69 - - [18/Aug/2026:22:00:21 +0300] "GET /toyu/top/CKmSpSfTop.jsp HTTP/1.1" 404 4001 "-" "Mozilla/5.0 (compatible; Googlebot/2.1; +http://www.google.com/bot.html)"
20.75.217.69 - - [18/Aug/2026:22:00:24 +0300] "GET /wp-login.php HTTP/2.0" 200 3483 "-" "Mozilla/5.0 (Windows NT 10.0; Win64; x64) AppleWebKit/537.36 (KHTML, like Gecko) Chrome/149.0.0.0 Safari/537.36"
20.75.217.69 - - [18/Aug/2026:22:00:25 +0300] "POST /wp-login.php HTTP/2.0" 200 3644 "-" "Mozilla/5.0 (Windows NT 10.0; Win64; x64) AppleWebKit/537.36 (KHTML, like Gecko) Chrome/149.0.0.0 Safari/537.36"
82.148.16.210 - - [18/Aug/2026:22:01:22 +0300] "POST /wp-cron.php?doing_wp_cron=1787079682.4646239280700683593750 HTTP/1.1" 200 31 "-" "WordPress/6.9.1; https://fita.staroobrad.ru"
66.249.66.75 - - [18/Aug/2026:22:01:22 +0300] "GET /shop/colonial/behavior038026100.shtml HTTP/1.1" 404 4001 "-" "Mozilla/5.0 (Linux; Android 6.0.1; Nexus 5X Build/MMB29P) AppleWebKit/537.36 (KHTML, like Gecko) Chrome/151.0.7922.137 Mobile Safari/537.36 (compatible; Googlebot/2.1; +http://www.google.com/bot.html)"
82.148.16.210 - - [18/Aug/2026:22:02:47 +0300] "POST /wp-cron.php?doing_wp_cron=1787079767.6259810924530029296875 HTTP/1.1" 200 31 "-" "WordPress/6.9.1; https://fita.staroobrad.ru"
66.249.78.71 - - [18/Aug/2026:22:02:47 +0300] "GET /shop/lonely/please059001239.shtml HTTP/1.1" 404 4000 "-" "Mozilla/5.0 (Linux; Android 6.0.1; Nexus 5X Build/MMB29P) AppleWebKit/537.36 (KHTML, like Gecko) Chrome/151.0.7922.137 Mobile Safari/537.36 (compatible; Googlebot/2.1; +http://www.google.com/bot.html)"
82.148.16.210 - - [18/Aug/2026:22:03:48 +0300] "POST /wp-cron.php?doing_wp_cron=1787079828.2350668907165527343750 HTTP/1.1" 200 31 "-" "WordPress/6.9.1; https://fita.staroobrad.ru"
66.249.78.69 - - [18/Aug/2026:22:03:48 +0300] "GET /shop/praise/drawer015003967.shtml HTTP/1.1" 404 4001 "-" "Mozilla/5.0 (Linux; Android 6.0.1; Nexus 5X Build/MMB29P) AppleWebKit/537.36 (KHTML, like Gecko) Chrome/151.0.7922.137 Mobile Safari/537.36 (compatible; Googlebot/2.1; +http://www.google.com/bot.html)"
82.148.16.210 - - [18/Aug/2026:22:05:18 +0300] "POST /wp-cron.php?doing_wp_cron=1787079918.7999858856201171875000 HTTP/1.1" 200 31 "-" "WordPress/6.9.1; https://fita.staroobrad.ru"
114.119.128.244 - - [18/Aug/2026:22:05:18 +0300] "GET /shop/expert/grab184044502.shtml HTTP/1.1" 404 4003 "https://fita.staroobrad.ru/?sitemap936.xml" "Mozilla/5.0 (Linux; Android 7.0;) AppleWebKit/537.36 (HTML, like Gecko) Mobile Safari/537.36 (compatible; PetalBot;+https://webmaster.petalsearch.com/site/petalbot)"
66.249.66.202 - - [18/Aug/2026:22:05:19 +0300] "GET /shop/romantic/drink166045720.shtml HTTP/1.1" 404 4001 "-" "Mozilla/5.0 (compatible; Googlebot/2.1; +http://www.google.com/bot.html)"
192.3.239.5 - - [18/Aug/2026:22:05:20 +0300] "GET /wp-json/gravitysmtp/v1/tests/mock-data?page=gravitysmtp-settings HTTP/1.1" 301 162 "-" "Mozilla/5.0"
82.148.16.210 - - [18/Aug/2026:22:06:41 +0300] "POST /wp-cron.php?doing_wp_cron=1787080001.1672821044921875000000 HTTP/1.1" 200 31 "-" "WordPress/6.9.1; https://fita.staroobrad.ru"
192.250.229.214 - - [18/Aug/2026:22:06:41 +0300] "GET /wp-login.php HTTP/2.0" 200 3483 "-" "Mozilla/5.0 (Windows NT 10.0; Win64; x64) AppleWebKit/537.36 (KHTML, like Gecko) Chrome/149.0.0.0 Safari/537.36"
192.250.229.214 - - [18/Aug/2026:22:06:41 +0300] "POST /wp-login.php HTTP/2.0" 200 3644 "-" "Mozilla/5.0 (Windows NT 10.0; Win64; x64) AppleWebKit/537.36 (KHTML, like Gecko) Chrome/149.0.0.0 Safari/537.36"
82.148.16.210 - - [18/Aug/2026:22:08:37 +0300] "POST /wp-cron.php?doing_wp_cron=1787080116.9933080673217773437500 HTTP/1.1" 200 31 "-" "WordPress/6.9.1; https://fita.staroobrad.ru"
66.249.66.36 - - [18/Aug/2026:22:08:37 +0300] "GET /shop/taxpayer/twenty274035518.shtml HTTP/1.1" 404 4001 "-" "Mozilla/5.0 (Linux; Android 6.0.1; Nexus 5X Build/MMB29P) AppleWebKit/537.36 (KHTML, like Gecko) Chrome/151.0.7922.137 Mobile Safari/537.36 (compatible; Googlebot/2.1; +http://www.google.com/bot.html)"
82.148.16.210 - - [18/Aug/2026:22:10:56 +0300] "POST /wp-cron.php?doing_wp_cron=1787080256.8803160190582275390625 HTTP/1.1" 200 31 "-" "WordPress/6.9.1; https://fita.staroobrad.ru"
66.249.66.36 - - [18/Aug/2026:22:10:56 +0300] "GET /shop/identical/circuit122012962.shtml HTTP/1.1" 404 4001 "-" "Mozilla/5.0 (Linux; Android 6.0.1; Nexus 5X Build/MMB29P) AppleWebKit/537.36 (KHTML, like Gecko) Chrome/151.0.7922.137 Mobile Safari/537.36 (compatible; Googlebot/2.1; +http://www.google.com/bot.html)"
66.249.66.75 - - [18/Aug/2026:22:10:58 +0300] "GET /shop/card/carbohydrate261020121.shtml HTTP/1.1" 404 4001 "-" "Mozilla/5.0 (Linux; Android 6.0.1; Nexus 5X Build/MMB29P) AppleWebKit/537.36 (KHTML, like Gecko) Chrome/151.0.7922.137 Mobile Safari/537.36 (compatible; Googlebot/2.1; +http://www.google.com/bot.html)"
66.249.78.70 - - [18/Aug/2026:22:10:58 +0300] "GET /shop/card/carbohydrate261020121.shtml HTTP/1.1" 404 4001 "-" "Mozilla/5.0 (compatible; Googlebot/2.1; +http://www.google.com/bot.html)"
66.249.66.75 - - [18/Aug/2026:22:11:07 +0300] "GET /m40442313928 HTTP/1.1" 404 4001 "-" "Mozilla/5.0 (compatible; Googlebot/2.1; +http://www.google.com/bot.html)"
82.148.16.210 - - [18/Aug/2026:22:12:02 +0300] "POST /wp-cron.php?doing_wp_cron=1787080322.0034539699554443359375 HTTP/1.1" 200 31 "-" "WordPress/6.9.1; https://fita.staroobrad.ru"
66.249.66.37 - - [18/Aug/2026:22:12:02 +0300] "GET /shop/cruel/firm010000920.shtml HTTP/1.1" 404 4000 "-" "Mozilla/5.0 (Linux; Android 6.0.1; Nexus 5X Build/MMB29P) AppleWebKit/537.36 (KHTML, like Gecko) Chrome/151.0.7922.137 Mobile Safari/537.36 (compatible; Googlebot/2.1; +http://www.google.com/bot.html)"
66.249.66.75 - - [18/Aug/2026:22:12:02 +0300] "GET /shop/cruel/firm010000920.shtml HTTP/1.1" 404 4000 "-" "Mozilla/5.0 (compatible; Googlebot/2.1; +http://www.google.com/bot.html)"
82.148.16.210 - - [18/Aug/2026:22:13:39 +0300] "POST /wp-cron.php?doing_wp_cron=1787080419.3227720260620117187500 HTTP/1.1" 200 31 "-" "WordPress/6.9.1; https://fita.staroobrad.ru"
66.249.66.202 - - [18/Aug/2026:22:13:39 +0300] "GET /shop/if/deliver005006397.shtml HTTP/1.1" 404 4001 "-" "Mozilla/5.0 (compatible; Googlebot/2.1; +http://www.google.com/bot.html)"
66.249.92.204 - - [18/Aug/2026:22:13:41 +0300] "GET /shopdetail/364/115229841.shtm HTTP/1.1" 404 4000 "-" "Mozilla/5.0 (X11; Linux x86_64) AppleWebKit/537.36 (KHTML, like Gecko) Chrome/151.0.7922.108 Safari/537.36"
66.249.66.203 - - [18/Aug/2026:22:13:46 +0300] "GET /?every/250018467 HTTP/1.1" 301 374 "-" "Mozilla/5.0 (Linux; Android 6.0.1; Nexus 5X Build/MMB29P) AppleWebKit/537.36 (KHTML, like Gecko) Chrome/151.0.7922.137 Mobile Safari/537.36 (compatible; GoogleOther)"
66.249.66.203 - - [18/Aug/2026:22:13:48 +0300] "GET /?every%2F250018467 HTTP/1.1" 404 296 "-" "Mozilla/5.0 (Linux; Android 6.0.1; Nexus 5X Build/MMB29P) AppleWebKit/537.36 (KHTML, like Gecko) Chrome/151.0.7922.137 Mobile Safari/537.36 (compatible; GoogleOther)"
82.148.16.210 - - [18/Aug/2026:22:14:05 +0300] "POST /wp-cron.php?doing_wp_cron=1787080444.9601309299468994140625 HTTP/1.1" 200 31 "-" "WordPress/6.9.1; https://fita.staroobrad.ru"
18.117.16.4 - - [18/Aug/2026:22:14:05 +0300] "GET /wp-login.php HTTP/2.0" 200 3483 "-" "Mozilla/5.0 (Windows NT 10.0; Win64; x64) AppleWebKit/537.36 (KHTML, like Gecko) Chrome/149.0.0.0 Safari/537.36"
18.117.16.4 - - [18/Aug/2026:22:14:05 +0300] "POST /wp-login.php HTTP/2.0" 200 3644 "-" "Mozilla/5.0 (Windows NT 10.0; Win64; x64) AppleWebKit/537.36 (KHTML, like Gecko) Chrome/149.0.0.0 Safari/537.36"
66.249.66.74 - - [18/Aug/2026:22:14:07 +0300] "GET /shop/presence/blessing229034381.shtml HTTP/1.1" 404 4001 "-" "Mozilla/5.0 (Linux; Android 6.0.1; Nexus 5X Build/MMB29P) AppleWebKit/537.36 (KHTML, like Gecko) Chrome/151.0.7922.137 Mobile Safari/537.36 (compatible; Googlebot/2.1; +http://www.google.com/bot.html)"
82.148.16.210 - - [18/Aug/2026:22:15:01 +0300] "POST /wp-cron.php?doing_wp_cron=1787080501.3189489841461181640625 HTTP/1.1" 200 31 "-" "WordPress/6.9.1; https://fita.staroobrad.ru"
66.249.66.37 - - [18/Aug/2026:22:15:01 +0300] "GET /shop/developmental/housing086002412.shtml HTTP/1.1" 404 4000 "-" "Mozilla/5.0 (Linux; Android 6.0.1; Nexus 5X Build/MMB29P) AppleWebKit/537.36 (KHTML, like Gecko) Chrome/151.0.7922.137 Mobile Safari/537.36 (compatible; Googlebot/2.1; +http://www.google.com/bot.html)"
66.249.66.203 - - [18/Aug/2026:22:15:47 +0300] "GET /shop/instant/balanced183040171.shtml HTTP/1.1" 404 4001 "-" "Mozilla/5.0 (Linux; Android 6.0.1; Nexus 5X Build/MMB29P) AppleWebKit/537.36 (KHTML, like Gecko) Chrome/151.0.7922.137 Mobile Safari/537.36 (compatible; Googlebot/2.1; +http://www.google.com/bot.html)"
82.148.16.210 - - [18/Aug/2026:22:16:30 +0300] "POST /wp-cron.php?doing_wp_cron=1787080590.1228690147399902343750 HTTP/1.1" 200 31 "-" "WordPress/6.9.1; https://fita.staroobrad.ru"
66.249.66.202 - - [18/Aug/2026:22:16:30 +0300] "GET /shop/noon/roof170000586.shtml HTTP/1.1" 404 4004 "-" "Mozilla/5.0 (Linux; Android 6.0.1; Nexus 5X Build/MMB29P) AppleWebKit/537.36 (KHTML, like Gecko) Chrome/151.0.7922.137 Mobile Safari/537.36 (compatible; Googlebot/2.1; +http://www.google.com/bot.html)"
82.148.16.210 - - [18/Aug/2026:22:17:26 +0300] "POST /wp-cron.php?doing_wp_cron=1787080646.8012800216674804687500 HTTP/1.1" 200 31 "-" "WordPress/6.9.1; https://fita.staroobrad.ru"
114.119.128.203 - - [18/Aug/2026:22:17:26 +0300] "GET /shop/expected/past190016632.shtml HTTP/1.1" 404 4001 "https://fita.staroobrad.ru/?sitemap936.xml" "Mozilla/5.0 (Linux; Android 7.0;) AppleWebKit/537.36 (HTML, like Gecko) Mobile Safari/537.36 (compatible; PetalBot;+https://webmaster.petalsearch.com/site/petalbot)"
82.148.16.210 - - [18/Aug/2026:22:20:33 +0300] "POST /wp-cron.php?doing_wp_cron=1787080833.6998379230499267578125 HTTP/1.1" 200 31 "-" "WordPress/6.9.1; https://fita.staroobrad.ru"
66.249.78.69 - - [18/Aug/2026:22:20:33 +0300] "GET /classic/538313115114919.shtm HTTP/1.1" 404 3999 "-" "Mozilla/5.0 (Linux; Android 6.0.1; Nexus 5X Build/MMB29P) AppleWebKit/537.36 (KHTML, like Gecko) Chrome/151.0.7922.137 Mobile Safari/537.36 (compatible; GoogleOther)"
104.28.240.85 - - [18/Aug/2026:22:21:57 +0300] "GET /wp-content/plugins/rus-to-lat.php HTTP/1.1" 200 296 "-" "Mozilla/5.0 (Windows NT 10.0; Win64; x64) AppleWebKit/537.36 (KHTML, like Gecko) Chrome/112.0.0.0 Safari/537.36"
104.28.240.85 - - [18/Aug/2026:22:21:59 +0300] "POST /wp-content/plugins/rus-to-lat.php HTTP/1.1" 200 254 "-" "Mozilla/5.0 (Windows NT 10.0; Win64; x64) AppleWebKit/537.36 (KHTML, like Gecko) Chrome/112.0.0.0 Safari/537.36"
104.28.240.85 - - [18/Aug/2026:22:22:00 +0300] "GET /bwwopnzc.php HTTP/1.1" 404 3 "-" "Mozilla/5.0 (Windows NT 10.0; Win64; x64) AppleWebKit/537.36 (KHTML, like Gecko) Chrome/112.0.0.0 Safari/537.36"
104.28.240.85 - - [18/Aug/2026:22:22:02 +0300] "GET /wp-content/plugins/rus-to-lat.php HTTP/1.1" 200 374 "-" "Mozilla/5.0 (Windows NT 10.0; Win64; x64) AppleWebKit/537.36 (KHTML, like Gecko) Chrome/90.0.4430.85 Safari/537.36"
104.28.240.85 - - [18/Aug/2026:22:22:04 +0300] "POST /wp-content/plugins/rus-to-lat.php HTTP/1.1" 200 310 "https://fita.staroobrad.ru/wp-content/plugins/rus-to-lat.php" "Mozilla/5.0 (Windows NT 10.0; Win64; x64) AppleWebKit/537.36 (KHTML, like Gecko) Chrome/90.0.4430.85 Safari/537.36"
104.28.240.85 - - [18/Aug/2026:22:22:05 +0300] "GET /wp-content/plugins/qjdduone.php HTTP/1.1" 404 3 "-" "Mozilla/5.0 (Windows NT 10.0; Win64; x64) AppleWebKit/537.36 (KHTML, like Gecko) Chrome/112.0.0.0 Safari/537.36"
104.28.240.85 - - [18/Aug/2026:22:22:15 +0300] "GET /wp-content/plugins/rus-to-lat.php HTTP/1.1" 200 296 "-" "Mozilla/5.0 (Windows NT 10.0; Win64; x64) AppleWebKit/537.36 (KHTML, like Gecko) Chrome/112.0.0.0 Safari/537.36"
104.28.240.85 - - [18/Aug/2026:22:22:17 +0300] "POST /wp-content/plugins/rus-to-lat.php HTTP/1.1" 200 254 "-" "Mozilla/5.0 (Windows NT 10.0; Win64; x64) AppleWebKit/537.36 (KHTML, like Gecko) Chrome/112.0.0.0 Safari/537.36"
104.28.240.85 - - [18/Aug/2026:22:22:18 +0300] "GET /xqjxcszl.php HTTP/1.1" 404 3 "-" "Mozilla/5.0 (Windows NT 10.0; Win64; x64) AppleWebKit/537.36 (KHTML, like Gecko) Chrome/112.0.0.0 Safari/537.36"
104.28.240.85 - - [18/Aug/2026:22:22:20 +0300] "GET /wp-content/plugins/rus-to-lat.php HTTP/1.1" 200 374 "-" "Mozilla/5.0 (Windows NT 10.0; Win64; x64) AppleWebKit/537.36 (KHTML, like Gecko) Chrome/90.0.4430.85 Safari/537.36"
104.28.240.85 - - [18/Aug/2026:22:22:22 +0300] "POST /wp-content/plugins/rus-to-lat.php HTTP/1.1" 200 310 "https://fita.staroobrad.ru/wp-content/plugins/rus-to-lat.php" "Mozilla/5.0 (Windows NT 10.0; Win64; x64) AppleWebKit/537.36 (KHTML, like Gecko) Chrome/90.0.4430.85 Safari/537.36"
104.28.240.85 - - [18/Aug/2026:22:22:23 +0300] "GET /wp-content/plugins/abafcqqi.php HTTP/1.1" 404 3 "-" "Mozilla/5.0 (Windows NT 10.0; Win64; x64) AppleWebKit/537.36 (KHTML, like Gecko) Chrome/112.0.0.0 Safari/537.36"
82.148.16.210 - - [18/Aug/2026:22:23:54 +0300] "POST /wp-cron.php?doing_wp_cron=1787081034.1718769073486328125000 HTTP/1.1" 200 31 "-" "WordPress/6.9.1; https://fita.staroobrad.ru"
162.214.79.109 - - [18/Aug/2026:22:23:54 +0300] "GET /wp-login.php HTTP/2.0" 200 3483 "-" "Mozilla/5.0 (Windows NT 10.0; Win64; x64) AppleWebKit/537.36 (KHTML, like Gecko) Chrome/149.0.0.0 Safari/537.36"
162.214.79.109 - - [18/Aug/2026:22:23:56 +0300] "POST /wp-login.php HTTP/2.0" 200 3644 "-" "Mozilla/5.0 (Windows NT 10.0; Win64; x64) AppleWebKit/537.36 (KHTML, like Gecko) Chrome/149.0.0.0 Safari/537.36"
104.28.240.85 - - [18/Aug/2026:22:24:50 +0300] "GET /wp-content/plugins/rus-to-lat.php HTTP/1.1" 200 296 "-" "Mozilla/5.0 (Windows NT 10.0; Win64; x64) AppleWebKit/537.36 (KHTML, like Gecko) Chrome/112.0.0.0 Safari/537.36"
104.28.240.85 - - [18/Aug/2026:22:24:50 +0300] "GET /wp-content/plugins/rus-to-lat.php HTTP/1.1" 200 296 "-" "Mozilla/5.0 (Windows NT 10.0; Win64; x64) AppleWebKit/537.36 (KHTML, like Gecko) Chrome/112.0.0.0 Safari/537.36"
104.28.240.85 - - [18/Aug/2026:22:24:52 +0300] "POST /wp-content/plugins/rus-to-lat.php HTTP/1.1" 200 253 "-" "Mozilla/5.0 (Windows NT 10.0; Win64; x64) AppleWebKit/537.36 (KHTML, like Gecko) Chrome/112.0.0.0 Safari/537.36"
104.28.240.85 - - [18/Aug/2026:22:24:52 +0300] "POST /wp-content/plugins/rus-to-lat.php HTTP/1.1" 200 254 "-" "Mozilla/5.0 (Windows NT 10.0; Win64; x64) AppleWebKit/537.36 (KHTML, like Gecko) Chrome/112.0.0.0 Safari/537.36"
104.28.240.85 - - [18/Aug/2026:22:24:53 +0300] "GET /slzuuvba.php HTTP/1.1" 404 3 "-" "Mozilla/5.0 (Windows NT 10.0; Win64; x64) AppleWebKit/537.36 (KHTML, like Gecko) Chrome/112.0.0.0 Safari/537.36"
104.28.240.85 - - [18/Aug/2026:22:24:53 +0300] "GET /lkdmswmx.php HTTP/1.1" 404 3 "-" "Mozilla/5.0 (Windows NT 10.0; Win64; x64) AppleWebKit/537.36 (KHTML, like Gecko) Chrome/112.0.0.0 Safari/537.36"
82.148.16.210 - - [18/Aug/2026:22:24:53 +0300] "POST /wp-cron.php?doing_wp_cron=1787081093.7580389976501464843750 HTTP/1.1" 200 31 "-" "WordPress/6.9.1; https://fita.staroobrad.ru"
66.249.66.36 - - [18/Aug/2026:22:24:53 +0300] "GET /shop/verdict/command287040263.shtml HTTP/1.1" 404 4000 "-" "Mozilla/5.0 (compatible; Googlebot/2.1; +http://www.google.com/bot.html)"
66.249.78.71 - - [18/Aug/2026:22:24:54 +0300] "GET /shop/verdict/command287040263.shtml HTTP/1.1" 404 4000 "-" "Mozilla/5.0 (Linux; Android 6.0.1; Nexus 5X Build/MMB29P) AppleWebKit/537.36 (KHTML, like Gecko) Chrome/151.0.7922.137 Mobile Safari/537.36 (compatible; Googlebot/2.1; +http://www.google.com/bot.html)"
104.28.240.85 - - [18/Aug/2026:22:24:54 +0300] "GET /wp-content/plugins/rus-to-lat.php HTTP/1.1" 200 374 "-" "Mozilla/5.0 (Windows NT 10.0; Win64; x64) AppleWebKit/537.36 (KHTML, like Gecko) Chrome/90.0.4430.85 Safari/537.36"
104.28.240.85 - - [18/Aug/2026:22:24:55 +0300] "GET /wp-content/plugins/rus-to-lat.php HTTP/1.1" 200 374 "-" "Mozilla/5.0 (Windows NT 10.0; Win64; x64) AppleWebKit/537.36 (KHTML, like Gecko) Chrome/90.0.4430.85 Safari/537.36"
104.28.240.85 - - [18/Aug/2026:22:24:56 +0300] "POST /wp-content/plugins/rus-to-lat.php HTTP/1.1" 200 310 "https://fita.staroobrad.ru/wp-content/plugins/rus-to-lat.php" "Mozilla/5.0 (Windows NT 10.0; Win64; x64) AppleWebKit/537.36 (KHTML, like Gecko) Chrome/90.0.4430.85 Safari/537.36"
104.28.240.85 - - [18/Aug/2026:22:24:57 +0300] "POST /wp-content/plugins/rus-to-lat.php HTTP/1.1" 200 310 "https://fita.staroobrad.ru/wp-content/plugins/rus-to-lat.php" "Mozilla/5.0 (Windows NT 10.0; Win64; x64) AppleWebKit/537.36 (KHTML, like Gecko) Chrome/90.0.4430.85 Safari/537.36"
104.28.240.85 - - [18/Aug/2026:22:24:58 +0300] "GET /wp-content/plugins/qvlnaoap.php HTTP/1.1" 404 3 "-" "Mozilla/5.0 (Windows NT 10.0; Win64; x64) AppleWebKit/537.36 (KHTML, like Gecko) Chrome/112.0.0.0 Safari/537.36"
104.28.240.85 - - [18/Aug/2026:22:24:58 +0300] "GET /wp-content/plugins/ofkhmozc.php HTTP/1.1" 404 3 "-" "Mozilla/5.0 (Windows NT 10.0; Win64; x64) AppleWebKit/537.36 (KHTML, like Gecko) Chrome/112.0.0.0 Safari/537.36"
104.28.240.85 - - [18/Aug/2026:22:25:05 +0300] "GET /wp-content/plugins/rus-to-lat.php HTTP/1.1" 200 296 "-" "Mozilla/5.0 (Windows NT 10.0; Win64; x64) AppleWebKit/537.36 (KHTML, like Gecko) Chrome/112.0.0.0 Safari/537.36"
104.28.240.85 - - [18/Aug/2026:22:25:07 +0300] "POST /wp-content/plugins/rus-to-lat.php HTTP/1.1" 200 255 "-" "Mozilla/5.0 (Windows NT 10.0; Win64; x64) AppleWebKit/537.36 (KHTML, like Gecko) Chrome/112.0.0.0 Safari/537.36"
104.28.240.85 - - [18/Aug/2026:22:25:09 +0300] "GET /qijxtqjc.php HTTP/1.1" 404 3 "-" "Mozilla/5.0 (Windows NT 10.0; Win64; x64) AppleWebKit/537.36 (KHTML, like Gecko) Chrome/112.0.0.0 Safari/537.36"
104.28.240.85 - - [18/Aug/2026:22:25:10 +0300] "GET /wp-content/plugins/rus-to-lat.php HTTP/1.1" 200 374 "-" "Mozilla/5.0 (Windows NT 10.0; Win64; x64) AppleWebKit/537.36 (KHTML, like Gecko) Chrome/90.0.4430.85 Safari/537.36"
104.28.240.85 - - [18/Aug/2026:22:25:12 +0300] "POST /wp-content/plugins/rus-to-lat.php HTTP/1.1" 200 310 "https://fita.staroobrad.ru/wp-content/plugins/rus-to-lat.php" "Mozilla/5.0 (Windows NT 10.0; Win64; x64) AppleWebKit/537.36 (KHTML, like Gecko) Chrome/90.0.4430.85 Safari/537.36"
104.28.240.85 - - [18/Aug/2026:22:25:13 +0300] "GET /wp-content/plugins/dksrkkca.php HTTP/1.1" 404 3 "-" "Mozilla/5.0 (Windows NT 10.0; Win64; x64) AppleWebKit/537.36 (KHTML, like Gecko) Chrome/112.0.0.0 Safari/537.36"
66.249.66.204 - - [18/Aug/2026:22:25:23 +0300] "GET /shop/subsequent/favor083000341.shtml HTTP/1.1" 404 4000 "-" "Mozilla/5.0 (Linux; Android 6.0.1; Nexus 5X Build/MMB29P) AppleWebKit/537.36 (KHTML, like Gecko) Chrome/151.0.7922.137 Mobile Safari/537.36 (compatible; Googlebot/2.1; +http://www.google.com/bot.html)"
66.249.78.71 - - [18/Aug/2026:22:25:25 +0300] "GET /shop/subsequent/favor083000341.shtml HTTP/1.1" 404 3999 "-" "Mozilla/5.0 (compatible; Googlebot/2.1; +http://www.google.com/bot.html)"
82.148.16.210 - - [18/Aug/2026:22:27:22 +0300] "POST /wp-cron.php?doing_wp_cron=1787081242.8781011104583740234375 HTTP/1.1" 200 31 "-" "WordPress/6.9.1; https://fita.staroobrad.ru"
66.249.78.70 - - [18/Aug/2026:22:27:22 +0300] "GET /classic/985738115217252.shtm HTTP/1.1" 404 4001 "-" "Mozilla/5.0 (Linux; Android 6.0.1; Nexus 5X Build/MMB29P) AppleWebKit/537.36 (KHTML, like Gecko) Chrome/151.0.7922.137 Mobile Safari/537.36 (compatible; GoogleOther)"
