34.141.181.115 - - [18/Aug/2026:09:08:19 +0300] "POST /?wpmudev-hub=poc-2787033336771 HTTP/1.1" 403 5 "-" "Python-urllib/3.12"
82.148.16.210 - - [18/Aug/2026:09:10:09 +0300] "POST /wp-cron.php?doing_wp_cron=1787033409.2663099765777587890625 HTTP/1.1" 200 31 "-" "WordPress/6.9.1; https://fita.staroobrad.ru"
66.249.78.69 - - [18/Aug/2026:09:10:09 +0300] "GET /m24448155483 HTTP/1.1" 404 3789 "-" "Mozilla/5.0 (Linux; Android 6.0.1; Nexus 5X Build/MMB29P) AppleWebKit/537.36 (KHTML, like Gecko) Chrome/151.0.7922.137 Mobile Safari/537.36 (compatible; Googlebot/2.1; +http://www.google.com/bot.html)"
82.148.16.210 - - [18/Aug/2026:09:12:58 +0300] "POST /wp-cron.php?doing_wp_cron=1787033578.2856390476226806640625 HTTP/1.1" 200 31 "-" "WordPress/6.9.1; https://fita.staroobrad.ru"
66.249.66.202 - - [18/Aug/2026:09:12:58 +0300] "GET /category/272_273/1 HTTP/1.1" 404 3789 "-" "Mozilla/5.0 (compatible; Googlebot/2.1; +http://www.google.com/bot.html)"
66.249.78.69 - - [18/Aug/2026:09:13:20 +0300] "GET /shop/increasingly/incredibly281021567.shtml HTTP/1.1" 404 3790 "-" "Mozilla/5.0 (compatible; Googlebot/2.1; +http://www.google.com/bot.html)"
82.148.16.210 - - [18/Aug/2026:09:15:55 +0300] "POST /wp-cron.php?doing_wp_cron=1787033755.8682448863983154296875 HTTP/1.1" 200 31 "-" "WordPress/6.9.1; https://fita.staroobrad.ru"
66.249.66.75 - - [18/Aug/2026:09:15:56 +0300] "GET /shop/concert/give063000727.shtml HTTP/1.1" 404 3791 "-" "Mozilla/5.0 (Linux; Android 6.0.1; Nexus 5X Build/MMB29P) AppleWebKit/537.36 (KHTML, like Gecko) Chrome/151.0.7922.137 Mobile Safari/537.36 (compatible; Googlebot/2.1; +http://www.google.com/bot.html)"
66.249.78.70 - - [18/Aug/2026:09:15:56 +0300] "GET /shop/concert/give063000727.shtml HTTP/1.1" 404 3790 "-" "Mozilla/5.0 (compatible; Googlebot/2.1; +http://www.google.com/bot.html)"
66.249.66.74 - - [18/Aug/2026:09:16:11 +0300] "GET /?evolve/025000706 HTTP/1.1" 301 5 "-" "Mozilla/5.0 (Linux; Android 6.0.1; Nexus 5X Build/MMB29P) AppleWebKit/537.36 (KHTML, like Gecko) Chrome/151.0.7922.137 Mobile Safari/537.36 (compatible; GoogleOther)"
66.249.78.69 - - [18/Aug/2026:09:16:14 +0300] "GET /?evolve%2F025000706 HTTP/1.1" 404 31 "-" "Mozilla/5.0 (Linux; Android 6.0.1; Nexus 5X Build/MMB29P) AppleWebKit/537.36 (KHTML, like Gecko) Chrome/151.0.7922.137 Mobile Safari/537.36 (compatible; GoogleOther)"
66.249.66.74 - - [18/Aug/2026:09:16:16 +0300] "GET /71645806 HTTP/1.1" 404 3788 "-" "Mozilla/5.0 (Linux; Android 6.0.1; Nexus 5X Build/MMB29P) AppleWebKit/537.36 (KHTML, like Gecko) Chrome/151.0.7922.137 Mobile Safari/537.36 (compatible; Googlebot/2.1; +http://www.google.com/bot.html)"
82.148.16.210 - - [18/Aug/2026:09:18:05 +0300] "POST /wp-cron.php?doing_wp_cron=1787033885.2640490531921386718750 HTTP/1.1" 200 31 "-" "WordPress/6.9.1; https://fita.staroobrad.ru"
216.73.216.111 - - [18/Aug/2026:09:18:05 +0300] "GET / HTTP/2.0" 403 20 "-" "Mozilla/5.0 AppleWebKit/537.36 (KHTML, like Gecko; compatible; ClaudeBot/1.0; +claudebot@anthropic.com)"
82.148.16.210 - - [18/Aug/2026:09:19:45 +0300] "POST /wp-cron.php?doing_wp_cron=1787033985.3089680671691894531250 HTTP/1.1" 200 31 "-" "WordPress/6.9.1; https://fita.staroobrad.ru"
216.73.216.111 - - [18/Aug/2026:09:19:45 +0300] "GET / HTTP/2.0" 403 20 "-" "Mozilla/5.0 AppleWebKit/537.36 (KHTML, like Gecko; compatible; ClaudeBot/1.0; +claudebot@anthropic.com)"
82.148.16.210 - - [18/Aug/2026:09:21:57 +0300] "POST /wp-cron.php?doing_wp_cron=1787034116.9000859260559082031250 HTTP/1.1" 200 31 "-" "WordPress/6.9.1; https://fita.staroobrad.ru"
66.249.78.69 - - [18/Aug/2026:09:21:57 +0300] "GET /shop/publicly/open203028499.shtml HTTP/1.1" 404 3788 "-" "Mozilla/5.0 (Linux; Android 6.0.1; Nexus 5X Build/MMB29P) AppleWebKit/537.36 (KHTML, like Gecko) Chrome/151.0.7922.137 Mobile Safari/537.36 (compatible; Googlebot/2.1; +http://www.google.com/bot.html)"
66.249.66.75 - - [18/Aug/2026:09:22:02 +0300] "GET /shop/gym/these199006035.shtml HTTP/1.1" 404 3788 "-" "Mozilla/5.0 (Linux; Android 6.0.1; Nexus 5X Build/MMB29P) AppleWebKit/537.36 (KHTML, like Gecko) Chrome/151.0.7922.137 Mobile Safari/537.36 (compatible; Googlebot/2.1; +http://www.google.com/bot.html)"
66.249.66.74 - - [18/Aug/2026:09:22:10 +0300] "GET /shop/talk/spray083000169.shtml HTTP/1.1" 404 3789 "-" "Mozilla/5.0 (Linux; Android 6.0.1; Nexus 5X Build/MMB29P) AppleWebKit/537.36 (KHTML, like Gecko) Chrome/151.0.7922.137 Mobile Safari/537.36 (compatible; Googlebot/2.1; +http://www.google.com/bot.html)"
66.249.66.74 - - [18/Aug/2026:09:22:10 +0300] "GET /shop/talk/spray083000169.shtml HTTP/1.1" 404 3789 "-" "Mozilla/5.0 (compatible; Googlebot/2.1; +http://www.google.com/bot.html)"
82.148.16.210 - - [18/Aug/2026:09:23:22 +0300] "POST /wp-cron.php?doing_wp_cron=1787034202.3507590293884277343750 HTTP/1.1" 200 31 "-" "WordPress/6.9.1; https://fita.staroobrad.ru"
66.249.78.71 - - [18/Aug/2026:09:23:22 +0300] "GET /shop/advise/tendency012000724.shtml HTTP/1.1" 404 3790 "-" "Mozilla/5.0 (Linux; Android 6.0.1; Nexus 5X Build/MMB29P) AppleWebKit/537.36 (KHTML, like Gecko) Chrome/151.0.7922.137 Mobile Safari/537.36 (compatible; Googlebot/2.1; +http://www.google.com/bot.html)"
82.148.16.210 - - [18/Aug/2026:09:25:27 +0300] "POST /wp-cron.php?doing_wp_cron=1787034327.1342849731445312500000 HTTP/1.1" 200 31 "-" "WordPress/6.9.1; https://fita.staroobrad.ru"
216.73.216.111 - - [18/Aug/2026:09:25:27 +0300] "GET / HTTP/2.0" 403 20 "-" "Mozilla/5.0 AppleWebKit/537.36 (KHTML, like Gecko; compatible; ClaudeBot/1.0; +claudebot@anthropic.com)"
216.73.216.111 - - [18/Aug/2026:09:26:03 +0300] "GET /search.php HTTP/2.0" 404 3 "-" "Mozilla/5.0 AppleWebKit/537.36 (KHTML, like Gecko; compatible; ClaudeBot/1.0; +claudebot@anthropic.com)"
82.148.16.210 - - [18/Aug/2026:09:27:03 +0300] "POST /wp-cron.php?doing_wp_cron=1787034423.4612400531768798828125 HTTP/1.1" 200 31 "-" "WordPress/6.9.1; https://fita.staroobrad.ru"
66.249.66.204 - - [18/Aug/2026:09:27:03 +0300] "GET /183502348 HTTP/1.1" 404 3791 "-" "Mozilla/5.0 (compatible; Googlebot/2.1; +http://www.google.com/bot.html)"
66.249.66.202 - - [18/Aug/2026:09:27:04 +0300] "GET /183502348 HTTP/1.1" 404 3789 "-" "Mozilla/5.0 (Linux; Android 6.0.1; Nexus 5X Build/MMB29P) AppleWebKit/537.36 (KHTML, like Gecko) Chrome/151.0.7922.137 Mobile Safari/537.36 (compatible; Googlebot/2.1; +http://www.google.com/bot.html)"
82.148.16.210 - - [18/Aug/2026:09:28:11 +0300] "POST /wp-cron.php?doing_wp_cron=1787034491.3070189952850341796875 HTTP/1.1" 200 31 "-" "WordPress/6.9.1; https://fita.staroobrad.ru"
66.249.66.74 - - [18/Aug/2026:09:28:11 +0300] "GET /5882544 HTTP/1.1" 404 3789 "-" "Mozilla/5.0 (compatible; Googlebot/2.1; +http://www.google.com/bot.html)"
66.249.66.74 - - [18/Aug/2026:09:29:27 +0300] "GET /r/item/markdown/365de1138554301.html HTTP/1.1" 404 3 "-" "Mozilla/5.0 (Linux; Android 6.0.1; Nexus 5X Build/MMB29P) AppleWebKit/537.36 (KHTML, like Gecko) Chrome/151.0.7922.137 Mobile Safari/537.36 (compatible; Googlebot/2.1; +http://www.google.com/bot.html)"
66.249.66.35 - - [18/Aug/2026:09:31:51 +0300] "GET /r/item/stamp-card/104a61135657301.html HTTP/1.1" 404 3 "-" "Mozilla/5.0 (Linux; Android 6.0.1; Nexus 5X Build/MMB29P) AppleWebKit/537.36 (KHTML, like Gecko) Chrome/151.0.7922.137 Mobile Safari/537.36 (compatible; Googlebot/2.1; +http://www.google.com/bot.html)"
82.148.16.210 - - [18/Aug/2026:09:33:02 +0300] "POST /wp-cron.php?doing_wp_cron=1787034782.7383749485015869140625 HTTP/1.1" 200 31 "-" "WordPress/6.9.1; https://fita.staroobrad.ru"
66.249.66.76 - - [18/Aug/2026:09:33:02 +0300] "GET /shop/fat/environment203010721.shtml HTTP/1.1" 404 3789 "-" "Mozilla/5.0 (Linux; Android 6.0.1; Nexus 5X Build/MMB29P) AppleWebKit/537.36 (KHTML, like Gecko) Chrome/151.0.7922.137 Mobile Safari/537.36 (compatible; Googlebot/2.1; +http://www.google.com/bot.html)"
66.249.66.74 - - [18/Aug/2026:09:33:03 +0300] "GET /shop/fat/environment203010721.shtml HTTP/1.1" 404 3791 "-" "Mozilla/5.0 (compatible; Googlebot/2.1; +http://www.google.com/bot.html)"
82.148.16.210 - - [18/Aug/2026:09:34:17 +0300] "POST /wp-cron.php?doing_wp_cron=1787034857.8550620079040527343750 HTTP/1.1" 200 31 "-" "WordPress/6.9.1; https://fita.staroobrad.ru"
66.249.66.76 - - [18/Aug/2026:09:34:17 +0300] "GET /m65373595446 HTTP/1.1" 404 3789 "-" "Mozilla/5.0 (compatible; Googlebot/2.1; +http://www.google.com/bot.html)"
82.148.16.210 - - [18/Aug/2026:09:35:08 +0300] "POST /wp-cron.php?doing_wp_cron=1787034908.7192881107330322265625 HTTP/1.1" 200 31 "-" "WordPress/6.9.1; https://fita.staroobrad.ru"
66.249.78.70 - - [18/Aug/2026:09:35:08 +0300] "GET /28027610 HTTP/1.1" 404 3790 "-" "Mozilla/5.0 (Linux; Android 6.0.1; Nexus 5X Build/MMB29P) AppleWebKit/537.36 (KHTML, like Gecko) Chrome/151.0.7922.137 Mobile Safari/537.36 (compatible; GoogleOther)"
66.249.66.76 - - [18/Aug/2026:09:35:26 +0300] "GET /54833226 HTTP/1.1" 404 3789 "-" "Mozilla/5.0 (Linux; Android 6.0.1; Nexus 5X Build/MMB29P) AppleWebKit/537.36 (KHTML, like Gecko) Chrome/151.0.7922.137 Mobile Safari/537.36 (compatible; Googlebot/2.1; +http://www.google.com/bot.html)"
82.148.16.210 - - [18/Aug/2026:09:36:09 +0300] "POST /wp-cron.php?doing_wp_cron=1787034969.2045249938964843750000 HTTP/1.1" 200 31 "-" "WordPress/6.9.1; https://fita.staroobrad.ru"
66.249.78.70 - - [18/Aug/2026:09:36:09 +0300] "GET /shop/likely/vision066003914.shtml HTTP/1.1" 404 3789 "-" "Mozilla/5.0 (compatible; Googlebot/2.1; +http://www.google.com/bot.html)"
135.181.3.246 - - [18/Aug/2026:09:36:41 +0300] "GET /?spirit/290018763 HTTP/1.1" 301 5 "-" "Mozilla/5.0 (compatible; SERankingBacklinksBot/1.0; +https://seranking.com/backlinks-crawler)"
135.181.3.246 - - [18/Aug/2026:09:36:42 +0300] "GET /?spirit%2F290018763 HTTP/1.1" 403 31 "-" "Mozilla/5.0 (compatible; SERankingBacklinksBot/1.0; +https://seranking.com/backlinks-crawler)"
82.148.16.210 - - [18/Aug/2026:09:38:05 +0300] "POST /wp-cron.php?doing_wp_cron=1787035085.0795180797576904296875 HTTP/1.1" 200 31 "-" "WordPress/6.9.1; https://fita.staroobrad.ru"
66.249.66.75 - - [18/Aug/2026:09:38:05 +0300] "GET /shop/legislator/validity252014722.shtml HTTP/1.1" 404 3790 "-" "Mozilla/5.0 (Linux; Android 6.0.1; Nexus 5X Build/MMB29P) AppleWebKit/537.36 (KHTML, like Gecko) Chrome/151.0.7922.137 Mobile Safari/537.36 (compatible; Googlebot/2.1; +http://www.google.com/bot.html)"
66.249.78.69 - - [18/Aug/2026:09:38:05 +0300] "GET /shop/legislator/validity252014722.shtml HTTP/1.1" 404 3790 "-" "Mozilla/5.0 (compatible; Googlebot/2.1; +http://www.google.com/bot.html)"
151.250.19.145 - - [18/Aug/2026:09:38:34 +0300] "GET /releases/ HTTP/2.0" 403 20 "-" "Mozilla/5.0 (Macintosh; Intel Mac OS X 10_15_7) AppleWebKit/537.36 (KHTML, like Gecko) Chrome/133.0.0.0 Safari/537.36"
82.148.16.210 - - [18/Aug/2026:09:38:50 +0300] "POST /wp-cron.php?doing_wp_cron=1787035130.2774960994720458984375 HTTP/1.1" 200 31 "-" "WordPress/6.9.1; https://fita.staroobrad.ru"
66.249.78.69 - - [18/Aug/2026:09:38:50 +0300] "GET /shop/dessert/alleged221025047.shtml HTTP/1.1" 404 3791 "-" "Mozilla/5.0 (compatible; Googlebot/2.1; +http://www.google.com/bot.html)"
66.249.66.74 - - [18/Aug/2026:09:38:51 +0300] "GET /shop/refrigerator/provided003026585.shtml HTTP/1.1" 404 3790 "-" "Mozilla/5.0 (Linux; Android 6.0.1; Nexus 5X Build/MMB29P) AppleWebKit/537.36 (KHTML, like Gecko) Chrome/151.0.7922.137 Mobile Safari/537.36 (compatible; Googlebot/2.1; +http://www.google.com/bot.html)"
66.249.66.75 - - [18/Aug/2026:09:38:51 +0300] "GET /shop/matter/colony125040871.shtml HTTP/1.1" 404 3790 "-" "Mozilla/5.0 (Linux; Android 6.0.1; Nexus 5X Build/MMB29P) AppleWebKit/537.36 (KHTML, like Gecko) Chrome/151.0.7922.137 Mobile Safari/537.36 (compatible; Googlebot/2.1; +http://www.google.com/bot.html)"
66.249.66.75 - - [18/Aug/2026:09:38:52 +0300] "GET /shop/fair/amazing298002362.shtml HTTP/1.1" 404 3789 "-" "Mozilla/5.0 (Linux; Android 6.0.1; Nexus 5X Build/MMB29P) AppleWebKit/537.36 (KHTML, like Gecko) Chrome/151.0.7922.137 Mobile Safari/537.36 (compatible; Googlebot/2.1; +http://www.google.com/bot.html)"
66.249.78.71 - - [18/Aug/2026:09:38:53 +0300] "GET /shop/dirt/letter013000997.shtml HTTP/1.1" 404 3790 "-" "Mozilla/5.0 (Linux; Android 6.0.1; Nexus 5X Build/MMB29P) AppleWebKit/537.36 (KHTML, like Gecko) Chrome/151.0.7922.137 Mobile Safari/537.36 (compatible; Googlebot/2.1; +http://www.google.com/bot.html)"
82.148.16.210 - - [18/Aug/2026:09:40:50 +0300] "POST /wp-cron.php?doing_wp_cron=1787035249.9023990631103515625000 HTTP/1.1" 200 31 "-" "WordPress/6.9.1; https://fita.staroobrad.ru"
66.249.66.74 - - [18/Aug/2026:09:40:50 +0300] "GET /classic/343597115457727.shtm HTTP/1.1" 404 3789 "-" "Mozilla/5.0 (Linux; Android 6.0.1; Nexus 5X Build/MMB29P) AppleWebKit/537.36 (KHTML, like Gecko) Chrome/151.0.7922.137 Mobile Safari/537.36 (compatible; GoogleOther)"
66.249.66.75 - - [18/Aug/2026:09:40:56 +0300] "GET /r/item/brochure/a13f7795608003.html HTTP/1.1" 404 3 "-" "Mozilla/5.0 (Linux; Android 6.0.1; Nexus 5X Build/MMB29P) AppleWebKit/537.36 (KHTML, like Gecko) Chrome/151.0.7922.137 Mobile Safari/537.36 (compatible; Googlebot/2.1; +http://www.google.com/bot.html)"
82.148.16.210 - - [18/Aug/2026:09:41:50 +0300] "POST /wp-cron.php?doing_wp_cron=1787035310.5397510528564453125000 HTTP/1.1" 200 31 "-" "WordPress/6.9.1; https://fita.staroobrad.ru"
66.249.78.70 - - [18/Aug/2026:09:41:50 +0300] "GET /classic/660447115445776.shtm HTTP/1.1" 404 3790 "-" "Mozilla/5.0 (Linux; Android 6.0.1; Nexus 5X Build/MMB29P) AppleWebKit/537.36 (KHTML, like Gecko) Chrome/151.0.7922.137 Mobile Safari/537.36 (compatible; GoogleOther)"
66.249.66.75 - - [18/Aug/2026:09:42:06 +0300] "GET /shop/wine/danger193005775.shtml HTTP/1.1" 404 3791 "-" "Mozilla/5.0 (Linux; Android 6.0.1; Nexus 5X Build/MMB29P) AppleWebKit/537.36 (KHTML, like Gecko) Chrome/151.0.7922.137 Mobile Safari/537.36 (compatible; GoogleOther)"
82.148.16.210 - - [18/Aug/2026:09:42:57 +0300] "POST /wp-cron.php?doing_wp_cron=1787035377.0573000907897949218750 HTTP/1.1" 200 31 "-" "WordPress/6.9.1; https://fita.staroobrad.ru"
66.249.66.75 - - [18/Aug/2026:09:42:57 +0300] "GET /shop/argument/similar178030774.shtml HTTP/1.1" 404 3789 "-" "Mozilla/5.0 (Linux; Android 6.0.1; Nexus 5X Build/MMB29P) AppleWebKit/537.36 (KHTML, like Gecko) Chrome/151.0.7922.137 Mobile Safari/537.36 (compatible; Googlebot/2.1; +http://www.google.com/bot.html)"
66.249.92.140 - - [18/Aug/2026:09:43:46 +0300] "GET /shopdetail/364/115229841.shtm HTTP/1.1" 404 3789 "-" "Mozilla/5.0 (X11; Linux x86_64) AppleWebKit/537.36 (KHTML, like Gecko) Chrome/151.0.7922.108 Safari/537.36"
66.249.78.69 - - [18/Aug/2026:09:44:57 +0300] "GET /r/item/sweepstakes/e7a0e751999704.html HTTP/1.1" 404 3 "-" "Mozilla/5.0 (Linux; Android 6.0.1; Nexus 5X Build/MMB29P) AppleWebKit/537.36 (KHTML, like Gecko) Chrome/151.0.7922.137 Mobile Safari/537.36 (compatible; Googlebot/2.1; +http://www.google.com/bot.html)"
82.148.16.210 - - [18/Aug/2026:09:47:57 +0300] "POST /wp-cron.php?doing_wp_cron=1787035677.0165450572967529296875 HTTP/1.1" 200 31 "-" "WordPress/6.9.1; https://fita.staroobrad.ru"
66.249.78.71 - - [18/Aug/2026:09:47:57 +0300] "GET /shop/strict/pay022000110.shtml HTTP/1.1" 404 3790 "-" "Mozilla/5.0 (compatible; Googlebot/2.1; +http://www.google.com/bot.html)"
82.148.16.210 - - [18/Aug/2026:09:50:08 +0300] "POST /wp-cron.php?doing_wp_cron=1787035808.7042019367218017578125 HTTP/1.1" 200 31 "-" "WordPress/6.9.1; https://fita.staroobrad.ru"
66.249.66.75 - - [18/Aug/2026:09:50:08 +0300] "GET /?particle/102019353 HTTP/1.1" 301 5 "-" "Mozilla/5.0 (Linux; Android 6.0.1; Nexus 5X Build/MMB29P) AppleWebKit/537.36 (KHTML, like Gecko) Chrome/151.0.7922.137 Mobile Safari/537.36 (compatible; GoogleOther)"
66.249.78.70 - - [18/Aug/2026:09:50:11 +0300] "GET /?particle%2F102019353 HTTP/1.1" 404 31 "-" "Mozilla/5.0 (Linux; Android 6.0.1; Nexus 5X Build/MMB29P) AppleWebKit/537.36 (KHTML, like Gecko) Chrome/151.0.7922.137 Mobile Safari/537.36 (compatible; GoogleOther)"
82.148.16.210 - - [18/Aug/2026:09:51:35 +0300] "POST /wp-cron.php?doing_wp_cron=1787035895.6260459423065185546875 HTTP/1.1" 200 31 "-" "WordPress/6.9.1; https://fita.staroobrad.ru"
66.249.66.204 - - [18/Aug/2026:09:51:35 +0300] "GET /shop/somehow/whatever014000892.shtml HTTP/1.1" 404 3791 "-" "Mozilla/5.0 (compatible; Googlebot/2.1; +http://www.google.com/bot.html)"
82.148.16.210 - - [18/Aug/2026:09:52:05 +0300] "POST /wp-cron.php?doing_wp_cron=1787035925.5311219692230224609375 HTTP/1.1" 200 31 "-" "WordPress/6.9.1; https://fita.staroobrad.ru"
66.249.78.69 - - [18/Aug/2026:09:52:05 +0300] "GET /m14851213066 HTTP/1.1" 404 3789 "-" "Mozilla/5.0 (Linux; Android 6.0.1; Nexus 5X Build/MMB29P) AppleWebKit/537.36 (KHTML, like Gecko) Chrome/151.0.7922.137 Mobile Safari/537.36 (compatible; Googlebot/2.1; +http://www.google.com/bot.html)"
66.249.66.75 - - [18/Aug/2026:09:52:06 +0300] "GET /m14851213066 HTTP/1.1" 404 3791 "-" "Mozilla/5.0 (compatible; Googlebot/2.1; +http://www.google.com/bot.html)"
82.148.16.210 - - [18/Aug/2026:09:56:21 +0300] "POST /wp-cron.php?doing_wp_cron=1787036181.2365610599517822265625 HTTP/1.1" 200 31 "-" "WordPress/6.9.1; https://fita.staroobrad.ru"
66.249.66.75 - - [18/Aug/2026:09:56:21 +0300] "GET /shop/passage/traditionally045041525.shtml HTTP/1.1" 404 3789 "-" "Mozilla/5.0 (Linux; Android 6.0.1; Nexus 5X Build/MMB29P) AppleWebKit/537.36 (KHTML, like Gecko) Chrome/151.0.7922.137 Mobile Safari/537.36 (compatible; GoogleOther)"
82.148.16.210 - - [18/Aug/2026:09:56:57 +0300] "POST /wp-cron.php?doing_wp_cron=1787036217.0236248970031738281250 HTTP/1.1" 200 31 "-" "WordPress/6.9.1; https://fita.staroobrad.ru"
185.6.9.128 - - [18/Aug/2026:09:56:57 +0300] "GET /wp-login.php HTTP/2.0" 200 3267 "-" "Mozilla/5.0 (Windows NT 10.0; Win64; x64) AppleWebKit/537.36 (KHTML, like Gecko) Chrome/151.0.0.0 Safari/537.36"
185.6.9.128 - - [18/Aug/2026:09:56:58 +0300] "POST /wp-login.php HTTP/2.0" 200 3429 "https://fita.staroobrad.ru/wp-login.php" "Mozilla/5.0 (Windows NT 10.0; Win64; x64) AppleWebKit/537.36 (KHTML, like Gecko) Chrome/151.0.0.0 Safari/537.36"
66.249.78.69 - - [18/Aug/2026:09:57:45 +0300] "GET /shop/correct/plastic238009758.shtml HTTP/1.1" 404 3789 "-" "Mozilla/5.0 (compatible; Googlebot/2.1; +http://www.google.com/bot.html)"
82.148.16.210 - - [18/Aug/2026:09:58:03 +0300] "POST /wp-cron.php?doing_wp_cron=1787036283.6197030544281005859375 HTTP/1.1" 200 31 "-" "WordPress/6.9.1; https://fita.staroobrad.ru"
66.249.66.75 - - [18/Aug/2026:09:58:03 +0300] "GET /shop/terror/anger244048350.shtml HTTP/1.1" 404 3791 "-" "Mozilla/5.0 (compatible; Googlebot/2.1; +http://www.google.com/bot.html)"
82.148.16.210 - - [18/Aug/2026:10:02:36 +0300] "POST /wp-cron.php?doing_wp_cron=1787036556.7894880771636962890625 HTTP/1.1" 200 31 "-" "WordPress/6.9.1; https://fita.staroobrad.ru"
66.249.66.74 - - [18/Aug/2026:10:02:36 +0300] "GET /?jp/207004307.html HTTP/1.1" 301 5 "-" "Mozilla/5.0 (Linux; Android 6.0.1; Nexus 5X Build/MMB29P) AppleWebKit/537.36 (KHTML, like Gecko) Chrome/151.0.7922.137 Mobile Safari/537.36 (compatible; GoogleOther)"
66.249.66.75 - - [18/Aug/2026:10:02:42 +0300] "GET /2849827 HTTP/1.1" 404 3789 "-" "Mozilla/5.0 (Linux; Android 6.0.1; Nexus 5X Build/MMB29P) AppleWebKit/537.36 (KHTML, like Gecko) Chrome/151.0.7922.137 Mobile Safari/537.36 (compatible; Googlebot/2.1; +http://www.google.com/bot.html)"
66.249.66.75 - - [18/Aug/2026:10:02:43 +0300] "GET /?jp%2F207004307_html HTTP/1.1" 404 31 "-" "Mozilla/5.0 (Linux; Android 6.0.1; Nexus 5X Build/MMB29P) AppleWebKit/537.36 (KHTML, like Gecko) Chrome/151.0.7922.137 Mobile Safari/537.36 (compatible; GoogleOther)"
82.148.16.210 - - [18/Aug/2026:10:05:03 +0300] "POST /wp-cron.php?doing_wp_cron=1787036703.0155820846557617187500 HTTP/1.1" 200 31 "-" "WordPress/6.9.1; https://fita.staroobrad.ru"
66.249.66.75 - - [18/Aug/2026:10:05:03 +0300] "GET /m31847192939 HTTP/1.1" 404 3790 "-" "Mozilla/5.0 (Linux; Android 6.0.1; Nexus 5X Build/MMB29P) AppleWebKit/537.36 (KHTML, like Gecko) Chrome/151.0.7922.137 Mobile Safari/537.36 (compatible; Googlebot/2.1; +http://www.google.com/bot.html)"
66.249.78.71 - - [18/Aug/2026:10:05:08 +0300] "GET /m70379413503 HTTP/1.1" 404 3790 "-" "Mozilla/5.0 (Linux; Android 6.0.1; Nexus 5X Build/MMB29P) AppleWebKit/537.36 (KHTML, like Gecko) Chrome/151.0.7922.137 Mobile Safari/537.36 (compatible; GoogleOther)"
182.2.83.91 - - [18/Aug/2026:10:09:15 +0300] "GET /wp-content/themes/fita3/wp-loiin.php?path=/var/www/fita.staroobrad.ru/public HTTP/2.0" 404 5192 "-" "Mozilla/5.0 (iPhone; CPU iPhone OS 18_7 like Mac OS X) AppleWebKit/605.1.15 (KHTML, like Gecko) Version/26.6 Mobile/23G71 Safari/604.1"
82.148.16.210 - - [18/Aug/2026:10:09:51 +0300] "POST /wp-cron.php?doing_wp_cron=1787036991.5682959556579589843750 HTTP/1.1" 200 31 "-" "WordPress/6.9.1; https://fita.staroobrad.ru"
66.249.66.202 - - [18/Aug/2026:10:09:51 +0300] "GET /317930200 HTTP/1.1" 404 3790 "-" "Mozilla/5.0 (compatible; Googlebot/2.1; +http://www.google.com/bot.html)"
66.249.78.71 - - [18/Aug/2026:10:09:51 +0300] "GET /317930200 HTTP/1.1" 404 3790 "-" "Mozilla/5.0 (Linux; Android 6.0.1; Nexus 5X Build/MMB29P) AppleWebKit/537.36 (KHTML, like Gecko) Chrome/151.0.7922.137 Mobile Safari/537.36 (compatible; Googlebot/2.1; +http://www.google.com/bot.html)"
66.249.66.74 - - [18/Aug/2026:10:10:31 +0300] "GET /shop/equipment/profit002000116.shtml HTTP/1.1" 404 3789 "-" "Mozilla/5.0 (Linux; Android 6.0.1; Nexus 5X Build/MMB29P) AppleWebKit/537.36 (KHTML, like Gecko) Chrome/151.0.7922.137 Mobile Safari/537.36 (compatible; Googlebot/2.1; +http://www.google.com/bot.html)"
82.148.16.210 - - [18/Aug/2026:10:12:25 +0300] "POST /wp-cron.php?doing_wp_cron=1787037145.2976620197296142578125 HTTP/1.1" 200 31 "-" "WordPress/6.9.1; https://fita.staroobrad.ru"
66.249.92.139 - - [18/Aug/2026:10:12:25 +0300] "GET /shopdetail/364/115229841.shtm HTTP/1.1" 404 3787 "-" "Mozilla/5.0 (X11; Linux x86_64) AppleWebKit/537.36 (KHTML, like Gecko) Chrome/151.0.7922.108 Safari/537.36"
66.249.82.70 - - [18/Aug/2026:10:13:24 +0300] "GET /.well-known/traffic-advice HTTP/1.1" 404 3789 "-" "Chrome Privacy Preserving Prefetch Proxy"
82.148.16.210 - - [18/Aug/2026:10:13:24 +0300] "POST /wp-cron.php?doing_wp_cron=1787037204.9114289283752441406250 HTTP/1.1" 200 31 "-" "WordPress/6.9.1; https://fita.staroobrad.ru"
66.249.82.65 - - [18/Aug/2026:10:13:24 +0300] "GET /.well-known/traffic-advice HTTP/1.1" 404 3789 "-" "Chrome Privacy Preserving Prefetch Proxy"
82.148.16.210 - - [18/Aug/2026:10:13:53 +0300] "POST /wp-cron.php?doing_wp_cron=1787037233.0950219631195068359375 HTTP/1.1" 200 31 "-" "WordPress/6.9.1; https://fita.staroobrad.ru"
66.249.78.69 - - [18/Aug/2026:10:13:53 +0300] "GET /shop/tomorrow/approval249004043.shtml HTTP/1.1" 404 3789 "-" "Mozilla/5.0 (Linux; Android 6.0.1; Nexus 5X Build/MMB29P) AppleWebKit/537.36 (KHTML, like Gecko) Chrome/151.0.7922.137 Mobile Safari/537.36 (compatible; GoogleOther)"
82.148.16.210 - - [18/Aug/2026:10:15:06 +0300] "POST /wp-cron.php?doing_wp_cron=1787037306.2679951190948486328125 HTTP/1.1" 200 31 "-" "WordPress/6.9.1; https://fita.staroobrad.ru"
66.249.66.37 - - [18/Aug/2026:10:15:06 +0300] "GET /classic/820204115450282.shtm HTTP/1.1" 404 3790 "-" "Mozilla/5.0 (Linux; Android 6.0.1; Nexus 5X Build/MMB29P) AppleWebKit/537.36 (KHTML, like Gecko) Chrome/151.0.7922.137 Mobile Safari/537.36 (compatible; GoogleOther)"
66.249.66.37 - - [18/Aug/2026:10:15:22 +0300] "GET /shop/bring/sentence062000064.shtml HTTP/1.1" 404 3790 "-" "Mozilla/5.0 (compatible; Googlebot/2.1; +http://www.google.com/bot.html)"
82.148.16.210 - - [18/Aug/2026:10:18:21 +0300] "POST /wp-cron.php?doing_wp_cron=1787037501.3399989604949951171875 HTTP/1.1" 200 31 "-" "WordPress/6.9.1; https://fita.staroobrad.ru"
66.249.78.69 - - [18/Aug/2026:10:18:21 +0300] "GET /m32994864853 HTTP/1.1" 404 3789 "-" "Mozilla/5.0 (Linux; Android 6.0.1; Nexus 5X Build/MMB29P) AppleWebKit/537.36 (KHTML, like Gecko) Chrome/151.0.7922.137 Mobile Safari/537.36 (compatible; Googlebot/2.1; +http://www.google.com/bot.html)"
82.148.16.210 - - [18/Aug/2026:10:20:09 +0300] "POST /wp-cron.php?doing_wp_cron=1787037609.4539799690246582031250 HTTP/1.1" 200 31 "-" "WordPress/6.9.1; https://fita.staroobrad.ru"
66.249.78.70 - - [18/Aug/2026:10:20:09 +0300] "GET /shop/equation/absolute065000487.shtml HTTP/1.1" 404 3788 "-" "Mozilla/5.0 (Linux; Android 6.0.1; Nexus 5X Build/MMB29P) AppleWebKit/537.36 (KHTML, like Gecko) Chrome/151.0.7922.137 Mobile Safari/537.36 (compatible; GoogleOther)"
82.148.16.210 - - [18/Aug/2026:10:21:21 +0300] "POST /wp-cron.php?doing_wp_cron=1787037681.2648060321807861328125 HTTP/1.1" 200 31 "-" "WordPress/6.9.1; https://fita.staroobrad.ru"
66.249.66.76 - - [18/Aug/2026:10:21:21 +0300] "GET /classic/341128115174230.shtm HTTP/1.1" 404 3789 "-" "Mozilla/5.0 (Linux; Android 6.0.1; Nexus 5X Build/MMB29P) AppleWebKit/537.36 (KHTML, like Gecko) Chrome/151.0.7922.137 Mobile Safari/537.36 (compatible; GoogleOther)"
82.148.16.210 - - [18/Aug/2026:10:23:45 +0300] "POST /wp-cron.php?doing_wp_cron=1787037825.1019229888916015625000 HTTP/1.1" 200 31 "-" "WordPress/6.9.1; https://fita.staroobrad.ru"
66.249.66.203 - - [18/Aug/2026:10:23:45 +0300] "GET /m29019111703 HTTP/1.1" 404 3788 "-" "Mozilla/5.0 (Linux; Android 6.0.1; Nexus 5X Build/MMB29P) AppleWebKit/537.36 (KHTML, like Gecko) Chrome/151.0.7922.137 Mobile Safari/537.36 (compatible; Googlebot/2.1; +http://www.google.com/bot.html)"
66.249.66.36 - - [18/Aug/2026:10:23:45 +0300] "GET /shop/counterpart/until013000837.shtml HTTP/1.1" 404 3788 "-" "Mozilla/5.0 (Linux; Android 6.0.1; Nexus 5X Build/MMB29P) AppleWebKit/537.36 (KHTML, like Gecko) Chrome/151.0.7922.137 Mobile Safari/537.36 (compatible; Googlebot/2.1; +http://www.google.com/bot.html)"
82.148.16.210 - - [18/Aug/2026:10:27:04 +0300] "POST /wp-cron.php?doing_wp_cron=1787038024.8329489231109619140625 HTTP/1.1" 200 31 "-" "WordPress/6.9.1; https://fita.staroobrad.ru"
66.249.78.71 - - [18/Aug/2026:10:27:04 +0300] "GET /shop/Internet/decide240010552.shtml HTTP/1.1" 404 3789 "-" "Mozilla/5.0 (Linux; Android 6.0.1; Nexus 5X Build/MMB29P) AppleWebKit/537.36 (KHTML, like Gecko) Chrome/151.0.7922.137 Mobile Safari/537.36 (compatible; Googlebot/2.1; +http://www.google.com/bot.html)"
66.249.78.69 - - [18/Aug/2026:10:27:05 +0300] "GET /shop/Internet/decide240010552.shtml HTTP/1.1" 404 3789 "-" "Mozilla/5.0 (compatible; Googlebot/2.1; +http://www.google.com/bot.html)"
66.249.66.75 - - [18/Aug/2026:10:27:36 +0300] "GET /classic/99930311575564.shtm HTTP/1.1" 404 3789 "-" "Mozilla/5.0 (Linux; Android 6.0.1; Nexus 5X Build/MMB29P) AppleWebKit/537.36 (KHTML, like Gecko) Chrome/151.0.7922.137 Mobile Safari/537.36 (compatible; GoogleOther)"
135.136.23.238 - - [18/Aug/2026:10:27:47 +0300] "GET /.git/config HTTP/1.1" 301 162 "-" "Go-http-client/1.1"
135.136.23.238 - - [18/Aug/2026:10:27:48 +0300] "GET /.git/config HTTP/2.0" 302 138 "http://fita.staroobrad.ru/.git/config" "Go-http-client/2.0"
135.136.23.238 - - [18/Aug/2026:10:27:48 +0300] "GET /.git/404 HTTP/2.0" 302 138 "https://fita.staroobrad.ru/.git/config" "Go-http-client/2.0"
135.136.23.238 - - [18/Aug/2026:10:27:48 +0300] "GET /.git/404 HTTP/2.0" 302 138 "https://fita.staroobrad.ru/.git/404" "Go-http-client/2.0"
135.136.23.238 - - [18/Aug/2026:10:27:48 +0300] "GET /.git/404 HTTP/2.0" 302 138 "https://fita.staroobrad.ru/.git/404" "Go-http-client/2.0"
135.136.23.238 - - [18/Aug/2026:10:27:48 +0300] "GET /.git/404 HTTP/2.0" 302 138 "https://fita.staroobrad.ru/.git/404" "Go-http-client/2.0"
135.136.23.238 - - [18/Aug/2026:10:27:48 +0300] "GET /.git/404 HTTP/2.0" 302 138 "https://fita.staroobrad.ru/.git/404" "Go-http-client/2.0"
135.136.23.238 - - [18/Aug/2026:10:27:48 +0300] "GET /.git/404 HTTP/2.0" 302 138 "https://fita.staroobrad.ru/.git/404" "Go-http-client/2.0"
135.136.23.238 - - [18/Aug/2026:10:27:48 +0300] "GET /.git/404 HTTP/2.0" 302 138 "https://fita.staroobrad.ru/.git/404" "Go-http-client/2.0"
135.136.23.238 - - [18/Aug/2026:10:27:48 +0300] "GET /.git/404 HTTP/2.0" 302 138 "https://fita.staroobrad.ru/.git/404" "Go-http-client/2.0"
135.136.23.238 - - [18/Aug/2026:10:27:48 +0300] "GET /.git/config HTTP/2.0" 302 138 "-" "Go-http-client/2.0"
135.136.23.238 - - [18/Aug/2026:10:27:49 +0300] "GET /.git/404 HTTP/2.0" 302 138 "https://fita.staroobrad.ru/.git/config" "Go-http-client/2.0"
135.136.23.238 - - [18/Aug/2026:10:27:49 +0300] "GET /.git/404 HTTP/2.0" 302 138 "https://fita.staroobrad.ru/.git/404" "Go-http-client/2.0"
135.136.23.238 - - [18/Aug/2026:10:27:49 +0300] "GET /.git/404 HTTP/2.0" 302 138 "https://fita.staroobrad.ru/.git/404" "Go-http-client/2.0"
135.136.23.238 - - [18/Aug/2026:10:27:49 +0300] "GET /.git/404 HTTP/2.0" 302 138 "https://fita.staroobrad.ru/.git/404" "Go-http-client/2.0"
135.136.23.238 - - [18/Aug/2026:10:27:49 +0300] "GET /.git/404 HTTP/2.0" 302 138 "https://fita.staroobrad.ru/.git/404" "Go-http-client/2.0"
135.136.23.238 - - [18/Aug/2026:10:27:49 +0300] "GET /.git/404 HTTP/2.0" 302 138 "https://fita.staroobrad.ru/.git/404" "Go-http-client/2.0"
135.136.23.238 - - [18/Aug/2026:10:27:49 +0300] "GET /.git/404 HTTP/2.0" 302 138 "https://fita.staroobrad.ru/.git/404" "Go-http-client/2.0"
135.136.23.238 - - [18/Aug/2026:10:27:49 +0300] "GET /.git/404 HTTP/2.0" 302 138 "https://fita.staroobrad.ru/.git/404" "Go-http-client/2.0"
135.136.23.238 - - [18/Aug/2026:10:27:49 +0300] "GET /.git/404 HTTP/2.0" 302 138 "https://fita.staroobrad.ru/.git/404" "Go-http-client/2.0"
82.148.16.210 - - [18/Aug/2026:10:29:20 +0300] "POST /wp-cron.php?doing_wp_cron=1787038160.0716400146484375000000 HTTP/1.1" 200 31 "-" "WordPress/6.9.1; https://fita.staroobrad.ru"
66.249.66.76 - - [18/Aug/2026:10:29:20 +0300] "GET /243519626 HTTP/1.1" 404 3788 "-" "Mozilla/5.0 (compatible; Googlebot/2.1; +http://www.google.com/bot.html)"
66.249.66.76 - - [18/Aug/2026:10:29:28 +0300] "GET /r/item/quantity-discount/232341128833001.html HTTP/1.1" 404 3 "-" "Mozilla/5.0 (Linux; Android 6.0.1; Nexus 5X Build/MMB29P) AppleWebKit/537.36 (KHTML, like Gecko) Chrome/151.0.7922.137 Mobile Safari/537.36 (compatible; Googlebot/2.1; +http://www.google.com/bot.html)"
82.148.16.210 - - [18/Aug/2026:10:29:53 +0300] "POST /wp-cron.php?doing_wp_cron=1787038193.0715749263763427734375 HTTP/1.1" 200 31 "-" "WordPress/6.9.1; https://fita.staroobrad.ru"
66.249.66.74 - - [18/Aug/2026:10:29:53 +0300] "GET /shop/beautiful/account057000435.shtml HTTP/1.1" 404 3787 "-" "Mozilla/5.0 (compatible; Googlebot/2.1; +http://www.google.com/bot.html)"
66.249.78.70 - - [18/Aug/2026:10:29:53 +0300] "GET /shop/beautiful/account057000435.shtml HTTP/1.1" 404 3787 "-" "Mozilla/5.0 (Linux; Android 6.0.1; Nexus 5X Build/MMB29P) AppleWebKit/537.36 (KHTML, like Gecko) Chrome/151.0.7922.137 Mobile Safari/537.36 (compatible; Googlebot/2.1; +http://www.google.com/bot.html)"
66.249.66.74 - - [18/Aug/2026:10:30:30 +0300] "GET /shop/extreme/given073048877.shtml HTTP/1.1" 404 3792 "-" "Mozilla/5.0 (Linux; Android 6.0.1; Nexus 5X Build/MMB29P) AppleWebKit/537.36 (KHTML, like Gecko) Chrome/151.0.7922.137 Mobile Safari/537.36 (compatible; Googlebot/2.1; +http://www.google.com/bot.html)"
82.148.16.210 - - [18/Aug/2026:10:30:57 +0300] "POST /wp-cron.php?doing_wp_cron=1787038257.0918929576873779296875 HTTP/1.1" 200 31 "-" "WordPress/6.9.1; https://fita.staroobrad.ru"
66.249.66.203 - - [18/Aug/2026:10:30:57 +0300] "GET /shopdetail/406/11577376.shtm HTTP/1.1" 404 3789 "-" "Mozilla/5.0 (Linux; Android 6.0.1; Nexus 5X Build/MMB29P) AppleWebKit/537.36 (KHTML, like Gecko) Chrome/151.0.7922.137 Mobile Safari/537.36 (compatible; Googlebot/2.1; +http://www.google.com/bot.html)"
82.148.16.210 - - [18/Aug/2026:10:34:30 +0300] "POST /wp-cron.php?doing_wp_cron=1787038470.3761770725250244140625 HTTP/1.1" 200 31 "-" "WordPress/6.9.1; https://fita.staroobrad.ru"
66.249.66.76 - - [18/Aug/2026:10:34:30 +0300] "GET /86945903 HTTP/1.1" 404 3793 "-" "Mozilla/5.0 (compatible; Googlebot/2.1; +http://www.google.com/bot.html)"
66.249.66.74 - - [18/Aug/2026:10:34:31 +0300] "GET /86945903 HTTP/1.1" 404 3789 "-" "Mozilla/5.0 (Linux; Android 6.0.1; Nexus 5X Build/MMB29P) AppleWebKit/537.36 (KHTML, like Gecko) Chrome/151.0.7922.137 Mobile Safari/537.36 (compatible; Googlebot/2.1; +http://www.google.com/bot.html)"
82.148.16.210 - - [18/Aug/2026:10:35:09 +0300] "POST /wp-cron.php?doing_wp_cron=1787038509.7774310111999511718750 HTTP/1.1" 200 31 "-" "WordPress/6.9.1; https://fita.staroobrad.ru"
66.249.66.74 - - [18/Aug/2026:10:35:09 +0300] "GET /?detail/1950390328161 HTTP/1.1" 301 5 "-" "Mozilla/5.0 (Linux; Android 6.0.1; Nexus 5X Build/MMB29P) AppleWebKit/537.36 (KHTML, like Gecko) Chrome/151.0.7922.137 Mobile Safari/537.36 (compatible; GoogleOther)"
66.249.66.74 - - [18/Aug/2026:10:35:16 +0300] "GET /?detail%2F1950390328161 HTTP/1.1" 404 31 "-" "Mozilla/5.0 (Linux; Android 6.0.1; Nexus 5X Build/MMB29P) AppleWebKit/537.36 (KHTML, like Gecko) Chrome/151.0.7922.137 Mobile Safari/537.36 (compatible; GoogleOther)"
82.148.16.210 - - [18/Aug/2026:10:37:38 +0300] "POST /wp-cron.php?doing_wp_cron=1787038658.5461180210113525390625 HTTP/1.1" 200 31 "-" "WordPress/6.9.1; https://fita.staroobrad.ru"
66.249.66.76 - - [18/Aug/2026:10:37:38 +0300] "GET /shop/influence/experience016005908.shtml HTTP/1.1" 404 3789 "-" "Mozilla/5.0 (Linux; Android 6.0.1; Nexus 5X Build/MMB29P) AppleWebKit/537.36 (KHTML, like Gecko) Chrome/151.0.7922.137 Mobile Safari/537.36 (compatible; Googlebot/2.1; +http://www.google.com/bot.html)"
82.148.16.210 - - [18/Aug/2026:10:39:51 +0300] "POST /wp-cron.php?doing_wp_cron=1787038791.6019849777221679687500 HTTP/1.1" 200 31 "-" "WordPress/6.9.1; https://fita.staroobrad.ru"
66.249.66.74 - - [18/Aug/2026:10:39:51 +0300] "GET /m70248164032 HTTP/1.1" 404 3790 "-" "Mozilla/5.0 (Linux; Android 6.0.1; Nexus 5X Build/MMB29P) AppleWebKit/537.36 (KHTML, like Gecko) Chrome/151.0.7922.137 Mobile Safari/537.36 (compatible; GoogleOther)"
66.249.66.74 - - [18/Aug/2026:10:39:56 +0300] "GET /shop/acid/encourage251000619.shtml HTTP/1.1" 404 3790 "-" "Mozilla/5.0 (Linux; Android 6.0.1; Nexus 5X Build/MMB29P) AppleWebKit/537.36 (KHTML, like Gecko) Chrome/151.0.7922.137 Mobile Safari/537.36 (compatible; Googlebot/2.1; +http://www.google.com/bot.html)"
82.148.16.210 - - [18/Aug/2026:10:42:20 +0300] "POST /wp-cron.php?doing_wp_cron=1787038939.9432959556579589843750 HTTP/1.1" 200 31 "-" "WordPress/6.9.1; https://fita.staroobrad.ru"
66.249.66.76 - - [18/Aug/2026:10:42:20 +0300] "GET /7306135 HTTP/1.1" 404 3789 "-" "Mozilla/5.0 (compatible; Googlebot/2.1; +http://www.google.com/bot.html)"
82.148.16.210 - - [18/Aug/2026:10:45:51 +0300] "POST /wp-cron.php?doing_wp_cron=1787039151.8313779830932617187500 HTTP/1.1" 200 31 "-" "WordPress/6.9.1; https://fita.staroobrad.ru"
66.249.66.76 - - [18/Aug/2026:10:45:51 +0300] "GET /?jp/003002736.html HTTP/1.1" 301 5 "-" "Mozilla/5.0 (Linux; Android 6.0.1; Nexus 5X Build/MMB29P) AppleWebKit/537.36 (KHTML, like Gecko) Chrome/151.0.7922.137 Mobile Safari/537.36 (compatible; GoogleOther)"
66.249.66.74 - - [18/Aug/2026:10:45:57 +0300] "GET /?jp%2F003002736_html HTTP/1.1" 404 31 "-" "Mozilla/5.0 (Linux; Android 6.0.1; Nexus 5X Build/MMB29P) AppleWebKit/537.36 (KHTML, like Gecko) Chrome/151.0.7922.137 Mobile Safari/537.36 (compatible; GoogleOther)"
82.148.16.210 - - [18/Aug/2026:10:49:56 +0300] "POST /wp-cron.php?doing_wp_cron=1787039396.3804669380187988281250 HTTP/1.1" 200 31 "-" "WordPress/6.9.1; https://fita.staroobrad.ru"
66.249.78.69 - - [18/Aug/2026:10:49:56 +0300] "GET /shop/land/regarding069000831.shtml HTTP/1.1" 404 3790 "-" "Mozilla/5.0 (Linux; Android 6.0.1; Nexus 5X Build/MMB29P) AppleWebKit/537.36 (KHTML, like Gecko) Chrome/151.0.7922.137 Mobile Safari/537.36 (compatible; Googlebot/2.1; +http://www.google.com/bot.html)"
74.248.18.37 - - [18/Aug/2026:10:52:57 +0300] "GET / HTTP/1.1" 403 31 "-" "Mozilla/5.0 (Windows NT 10.0; Win64; x64) AppleWebKit/537.36 (KHTML, like Gecko) Chrome/120.0.0.0 Safari/537.36"
82.148.16.210 - - [18/Aug/2026:10:52:57 +0300] "POST /wp-cron.php?doing_wp_cron=1787039576.8438770771026611328125 HTTP/1.1" 200 31 "-" "WordPress/6.9.1; https://fita.staroobrad.ru"
66.249.66.74 - - [18/Aug/2026:10:52:57 +0300] "GET /?universe/025027618 HTTP/1.1" 301 5 "-" "Mozilla/5.0 (Linux; Android 6.0.1; Nexus 5X Build/MMB29P) AppleWebKit/537.36 (KHTML, like Gecko) Chrome/151.0.7922.137 Mobile Safari/537.36 (compatible; GoogleOther)"
66.249.66.76 - - [18/Aug/2026:10:53:20 +0300] "GET /?gift/202046997 HTTP/1.1" 301 5 "-" "Mozilla/5.0 (Linux; Android 6.0.1; Nexus 5X Build/MMB29P) AppleWebKit/537.36 (KHTML, like Gecko) Chrome/151.0.7922.137 Mobile Safari/537.36 (compatible; Googlebot/2.1; +http://www.google.com/bot.html)"
82.148.16.210 - - [18/Aug/2026:10:54:23 +0300] "POST /wp-cron.php?doing_wp_cron=1787039663.8409628868103027343750 HTTP/1.1" 200 31 "-" "WordPress/6.9.1; https://fita.staroobrad.ru"
66.249.66.76 - - [18/Aug/2026:10:54:23 +0300] "GET /?gift%2F202046997 HTTP/1.1" 404 31 "-" "Mozilla/5.0 (Linux; Android 6.0.1; Nexus 5X Build/MMB29P) AppleWebKit/537.36 (KHTML, like Gecko) Chrome/151.0.7922.137 Mobile Safari/537.36 (compatible; Googlebot/2.1; +http://www.google.com/bot.html)"
66.249.78.69 - - [18/Aug/2026:10:54:34 +0300] "GET /shop/road/bury120000486.shtml HTTP/1.1" 404 3791 "-" "Mozilla/5.0 (compatible; Googlebot/2.1; +http://www.google.com/bot.html)"
82.148.16.210 - - [18/Aug/2026:10:55:58 +0300] "POST /wp-cron.php?doing_wp_cron=1787039758.3394160270690917968750 HTTP/1.1" 200 31 "-" "WordPress/6.9.1; https://fita.staroobrad.ru"
66.249.78.69 - - [18/Aug/2026:10:55:58 +0300] "GET /?goods/087003721 HTTP/1.1" 301 5 "-" "Mozilla/5.0 (Linux; Android 6.0.1; Nexus 5X Build/MMB29P) AppleWebKit/537.36 (KHTML, like Gecko) Chrome/151.0.7922.137 Mobile Safari/537.36 (compatible; Googlebot/2.1; +http://www.google.com/bot.html)"
66.249.66.75 - - [18/Aug/2026:10:56:05 +0300] "GET /?goods/087003721 HTTP/1.1" 301 5 "-" "Mozilla/5.0 (compatible; Googlebot/2.1; +http://www.google.com/bot.html)"
66.249.66.74 - - [18/Aug/2026:10:56:11 +0300] "GET /?goods/087003721 HTTP/1.1" 301 5 "-" "Mozilla/5.0 (compatible; Googlebot/2.1; +http://www.google.com/bot.html)"
66.249.66.74 - - [18/Aug/2026:10:56:16 +0300] "GET /?goods%2F087003721 HTTP/1.1" 404 31 "-" "Mozilla/5.0 (Linux; Android 6.0.1; Nexus 5X Build/MMB29P) AppleWebKit/537.36 (KHTML, like Gecko) Chrome/151.0.7922.137 Mobile Safari/537.36 (compatible; Googlebot/2.1; +http://www.google.com/bot.html)"
66.249.78.71 - - [18/Aug/2026:10:56:21 +0300] "GET /?goods%2F087003721 HTTP/1.1" 404 31 "-" "Mozilla/5.0 (compatible; Googlebot/2.1; +http://www.google.com/bot.html)"
66.249.78.71 - - [18/Aug/2026:10:56:24 +0300] "GET /?goods%2F087003721 HTTP/1.1" 404 31 "-" "Mozilla/5.0 (compatible; Googlebot/2.1; +http://www.google.com/bot.html)"
82.148.16.210 - - [18/Aug/2026:11:00:05 +0300] "POST /wp-cron.php?doing_wp_cron=1787040004.9621150493621826171875 HTTP/1.1" 200 31 "-" "WordPress/6.9.1; https://fita.staroobrad.ru"
66.249.78.69 - - [18/Aug/2026:11:00:05 +0300] "GET /shop/damn/agricultural034000600.shtml HTTP/1.1" 404 3789 "-" "Mozilla/5.0 (compatible; Googlebot/2.1; +http://www.google.com/bot.html)"
82.148.16.210 - - [18/Aug/2026:11:06:12 +0300] "POST /wp-cron.php?doing_wp_cron=1787040372.6982469558715820312500 HTTP/1.1" 200 31 "-" "WordPress/6.9.1; https://fita.staroobrad.ru"
66.249.66.75 - - [18/Aug/2026:11:06:12 +0300] "GET /57961046 HTTP/1.1" 404 3790 "-" "Mozilla/5.0 (Linux; Android 6.0.1; Nexus 5X Build/MMB29P) AppleWebKit/537.36 (KHTML, like Gecko) Chrome/151.0.7922.137 Mobile Safari/537.36 (compatible; Googlebot/2.1; +http://www.google.com/bot.html)"
82.148.16.210 - - [18/Aug/2026:11:08:09 +0300] "POST /wp-cron.php?doing_wp_cron=1787040489.2173030376434326171875 HTTP/1.1" 200 31 "-" "WordPress/6.9.1; https://fita.staroobrad.ru"
66.249.92.140 - - [18/Aug/2026:11:08:09 +0300] "GET /shopdetail/364/115229841.shtm HTTP/1.1" 404 3787 "-" "Mozilla/5.0 (X11; Linux x86_64) AppleWebKit/537.36 (KHTML, like Gecko) Chrome/151.0.7922.108 Safari/537.36"
82.148.16.210 - - [18/Aug/2026:11:11:23 +0300] "POST /wp-cron.php?doing_wp_cron=1787040683.2740368843078613281250 HTTP/1.1" 200 31 "-" "WordPress/6.9.1; https://fita.staroobrad.ru"
135.181.3.246 - - [18/Aug/2026:11:11:23 +0300] "GET /?spouse/096049451 HTTP/1.1" 301 5 "-" "Mozilla/5.0 (compatible; SERankingBacklinksBot/1.0; +https://seranking.com/backlinks-crawler)"
135.181.3.246 - - [18/Aug/2026:11:11:23 +0300] "GET /?spouse%2F096049451 HTTP/1.1" 403 31 "-" "Mozilla/5.0 (compatible; SERankingBacklinksBot/1.0; +https://seranking.com/backlinks-crawler)"
82.148.16.210 - - [18/Aug/2026:11:11:41 +0300] "POST /wp-cron.php?doing_wp_cron=1787040701.0536921024322509765625 HTTP/1.1" 200 31 "-" "WordPress/6.9.1; https://fita.staroobrad.ru"
66.249.66.75 - - [18/Aug/2026:11:11:41 +0300] "GET /shop/fixed/workout007000003.shtml HTTP/1.1" 404 3789 "-" "Mozilla/5.0 (compatible; Googlebot/2.1; +http://www.google.com/bot.html)"
66.249.78.70 - - [18/Aug/2026:11:11:41 +0300] "GET /shop/fixed/workout007000003.shtml HTTP/1.1" 404 3789 "-" "Mozilla/5.0 (Linux; Android 6.0.1; Nexus 5X Build/MMB29P) AppleWebKit/537.36 (KHTML, like Gecko) Chrome/151.0.7922.137 Mobile Safari/537.36 (compatible; Googlebot/2.1; +http://www.google.com/bot.html)"
82.148.16.210 - - [18/Aug/2026:11:13:30 +0300] "POST /wp-cron.php?doing_wp_cron=1787040810.1170549392700195312500 HTTP/1.1" 200 31 "-" "WordPress/6.9.1; https://fita.staroobrad.ru"
66.249.66.75 - - [18/Aug/2026:11:13:30 +0300] "GET /m28477084318 HTTP/1.1" 404 3792 "-" "Mozilla/5.0 (Linux; Android 6.0.1; Nexus 5X Build/MMB29P) AppleWebKit/537.36 (KHTML, like Gecko) Chrome/151.0.7922.137 Mobile Safari/537.36 (compatible; Googlebot/2.1; +http://www.google.com/bot.html)"
66.249.66.202 - - [18/Aug/2026:11:13:48 +0300] "GET /shop/hair/sight290040044.shtml HTTP/1.1" 404 3789 "-" "Mozilla/5.0 (Linux; Android 6.0.1; Nexus 5X Build/MMB29P) AppleWebKit/537.36 (KHTML, like Gecko) Chrome/151.0.7922.137 Mobile Safari/537.36 (compatible; Googlebot/2.1; +http://www.google.com/bot.html)"
82.148.16.210 - - [18/Aug/2026:11:16:14 +0300] "POST /wp-cron.php?doing_wp_cron=1787040974.5942499637603759765625 HTTP/1.1" 200 31 "-" "WordPress/6.9.1; https://fita.staroobrad.ru"
66.249.66.75 - - [18/Aug/2026:11:16:14 +0300] "GET /classic/687337115451547.shtm HTTP/1.1" 404 3789 "-" "Mozilla/5.0 (Linux; Android 6.0.1; Nexus 5X Build/MMB29P) AppleWebKit/537.36 (KHTML, like Gecko) Chrome/151.0.7922.137 Mobile Safari/537.36 (compatible; GoogleOther)"
216.73.216.111 - - [18/Aug/2026:11:18:51 +0300] "GET /search.php HTTP/2.0" 404 3 "-" "Mozilla/5.0 AppleWebKit/537.36 (KHTML, like Gecko; compatible; ClaudeBot/1.0; +claudebot@anthropic.com)"
82.148.16.210 - - [18/Aug/2026:11:20:39 +0300] "POST /wp-cron.php?doing_wp_cron=1787041239.0813090801239013671875 HTTP/1.1" 200 31 "-" "WordPress/6.9.1; https://fita.staroobrad.ru"
216.73.216.111 - - [18/Aug/2026:11:20:39 +0300] "GET / HTTP/2.0" 403 20 "-" "Mozilla/5.0 AppleWebKit/537.36 (KHTML, like Gecko; compatible; ClaudeBot/1.0; +claudebot@anthropic.com)"
82.148.16.210 - - [18/Aug/2026:11:20:56 +0300] "POST /wp-cron.php?doing_wp_cron=1787041256.6980819702148437500000 HTTP/1.1" 200 31 "-" "WordPress/6.9.1; https://fita.staroobrad.ru"
66.249.66.74 - - [18/Aug/2026:11:20:56 +0300] "GET /shop/north/globe039016643.shtml HTTP/1.1" 404 3788 "-" "Mozilla/5.0 (Linux; Android 6.0.1; Nexus 5X Build/MMB29P) AppleWebKit/537.36 (KHTML, like Gecko) Chrome/151.0.7922.137 Mobile Safari/537.36 (compatible; Googlebot/2.1; +http://www.google.com/bot.html)"
82.148.16.210 - - [18/Aug/2026:11:24:01 +0300] "POST /wp-cron.php?doing_wp_cron=1787041441.6118040084838867187500 HTTP/1.1" 200 31 "-" "WordPress/6.9.1; https://fita.staroobrad.ru"
66.249.66.35 - - [18/Aug/2026:11:24:01 +0300] "GET /category/83_332/1 HTTP/1.1" 404 3788 "-" "Mozilla/5.0 (Linux; Android 6.0.1; Nexus 5X Build/MMB29P) AppleWebKit/537.36 (KHTML, like Gecko) Chrome/151.0.7922.137 Mobile Safari/537.36 (compatible; Googlebot/2.1; +http://www.google.com/bot.html)"
66.249.78.71 - - [18/Aug/2026:11:24:42 +0300] "GET /shop/people/business028007290.shtml HTTP/1.1" 404 3788 "-" "Mozilla/5.0 (Linux; Android 6.0.1; Nexus 5X Build/MMB29P) AppleWebKit/537.36 (KHTML, like Gecko) Chrome/151.0.7922.137 Mobile Safari/537.36 (compatible; Googlebot/2.1; +http://www.google.com/bot.html)"
82.148.16.210 - - [18/Aug/2026:11:25:44 +0300] "POST /wp-cron.php?doing_wp_cron=1787041543.9998650550842285156250 HTTP/1.1" 200 31 "-" "WordPress/6.9.1; https://fita.staroobrad.ru"
66.249.78.69 - - [18/Aug/2026:11:25:44 +0300] "GET /shop/divide/visual259009789.shtml HTTP/1.1" 404 3788 "-" "Mozilla/5.0 (Linux; Android 6.0.1; Nexus 5X Build/MMB29P) AppleWebKit/537.36 (KHTML, like Gecko) Chrome/151.0.7922.137 Mobile Safari/537.36 (compatible; Googlebot/2.1; +http://www.google.com/bot.html)"
82.148.16.210 - - [18/Aug/2026:11:26:39 +0300] "POST /wp-cron.php?doing_wp_cron=1787041599.6730489730834960937500 HTTP/1.1" 200 31 "-" "WordPress/6.9.1; https://fita.staroobrad.ru"
66.249.66.74 - - [18/Aug/2026:11:26:39 +0300] "GET /?bone/077032886 HTTP/1.1" 301 5 "-" "Mozilla/5.0 (Linux; Android 6.0.1; Nexus 5X Build/MMB29P) AppleWebKit/537.36 (KHTML, like Gecko) Chrome/151.0.7922.137 Mobile Safari/537.36 (compatible; GoogleOther)"
82.148.16.210 - - [18/Aug/2026:11:30:04 +0300] "POST /wp-cron.php?doing_wp_cron=1787041804.7072880268096923828125 HTTP/1.1" 200 31 "-" "WordPress/6.9.1; https://fita.staroobrad.ru"
66.249.66.166 - - [18/Aug/2026:11:30:04 +0300] "GET /shopdetail/364/11527114.shtm HTTP/1.1" 404 3789 "-" "Mozilla/5.0 (compatible; Googlebot/2.1; +http://www.google.com/bot.html)"
82.148.16.210 - - [18/Aug/2026:11:32:14 +0300] "POST /wp-cron.php?doing_wp_cron=1787041934.5622720718383789062500 HTTP/1.1" 200 31 "-" "WordPress/6.9.1; https://fita.staroobrad.ru"
66.249.66.74 - - [18/Aug/2026:11:32:14 +0300] "GET /shop/even/resign244006610.shtml HTTP/1.1" 404 3789 "-" "Mozilla/5.0 (compatible; Googlebot/2.1; +http://www.google.com/bot.html)"
82.148.16.210 - - [18/Aug/2026:11:35:08 +0300] "POST /wp-cron.php?doing_wp_cron=1787042108.8514859676361083984375 HTTP/1.1" 200 31 "-" "WordPress/6.9.1; https://fita.staroobrad.ru"
66.249.78.70 - - [18/Aug/2026:11:35:08 +0300] "GET /category/134_258/1 HTTP/1.1" 404 3789 "-" "Mozilla/5.0 (Linux; Android 6.0.1; Nexus 5X Build/MMB29P) AppleWebKit/537.36 (KHTML, like Gecko) Chrome/151.0.7922.137 Mobile Safari/537.36 (compatible; Googlebot/2.1; +http://www.google.com/bot.html)"
66.249.66.75 - - [18/Aug/2026:11:35:09 +0300] "GET /category/134_258/1 HTTP/1.1" 404 3789 "-" "Mozilla/5.0 (compatible; Googlebot/2.1; +http://www.google.com/bot.html)"
66.249.78.69 - - [18/Aug/2026:11:35:35 +0300] "GET /?bone%2F077032886 HTTP/1.1" 404 31 "-" "Mozilla/5.0 (Linux; Android 6.0.1; Nexus 5X Build/MMB29P) AppleWebKit/537.36 (KHTML, like Gecko) Chrome/151.0.7922.137 Mobile Safari/537.36 (compatible; GoogleOther)"
82.148.16.210 - - [18/Aug/2026:11:36:30 +0300] "POST /wp-cron.php?doing_wp_cron=1787042190.2423529624938964843750 HTTP/1.1" 200 31 "-" "WordPress/6.9.1; https://fita.staroobrad.ru"
66.249.66.76 - - [18/Aug/2026:11:36:30 +0300] "GET /791801430 HTTP/1.1" 404 3792 "-" "Mozilla/5.0 (compatible; Googlebot/2.1; +http://www.google.com/bot.html)"
82.148.16.210 - - [18/Aug/2026:11:37:35 +0300] "POST /wp-cron.php?doing_wp_cron=1787042255.6571269035339355468750 HTTP/1.1" 200 31 "-" "WordPress/6.9.1; https://fita.staroobrad.ru"
66.249.66.76 - - [18/Aug/2026:11:37:35 +0300] "GET /shop/beginning/dam287039381.shtml HTTP/1.1" 404 3790 "-" "Mozilla/5.0 (Linux; Android 6.0.1; Nexus 5X Build/MMB29P) AppleWebKit/537.36 (KHTML, like Gecko) Chrome/151.0.7922.137 Mobile Safari/537.36 (compatible; Googlebot/2.1; +http://www.google.com/bot.html)"
82.148.16.210 - - [18/Aug/2026:11:39:56 +0300] "POST /wp-cron.php?doing_wp_cron=1787042396.2289700508117675781250 HTTP/1.1" 200 31 "-" "WordPress/6.9.1; https://fita.staroobrad.ru"
66.249.78.69 - - [18/Aug/2026:11:39:56 +0300] "GET /shop/northwest/engine045003987.shtml HTTP/1.1" 404 3789 "-" "Mozilla/5.0 (Linux; Android 6.0.1; Nexus 5X Build/MMB29P) AppleWebKit/537.36 (KHTML, like Gecko) Chrome/151.0.7922.137 Mobile Safari/537.36 (compatible; Googlebot/2.1; +http://www.google.com/bot.html)"
82.148.16.210 - - [18/Aug/2026:11:43:06 +0300] "POST /wp-cron.php?doing_wp_cron=1787042586.3499419689178466796875 HTTP/1.1" 200 31 "-" "WordPress/6.9.1; https://fita.staroobrad.ru"
66.249.66.76 - - [18/Aug/2026:11:43:06 +0300] "GET /shop/Mrs/prospect127045609.shtml HTTP/1.1" 404 3790 "-" "Mozilla/5.0 (compatible; Googlebot/2.1; +http://www.google.com/bot.html)"
82.148.16.210 - - [18/Aug/2026:11:44:18 +0300] "POST /wp-cron.php?doing_wp_cron=1787042658.4591720104217529296875 HTTP/1.1" 200 31 "-" "WordPress/6.9.1; https://fita.staroobrad.ru"
66.249.66.74 - - [18/Aug/2026:11:44:18 +0300] "GET /shop/weigh/ribbon001000327.shtml HTTP/1.1" 404 3791 "-" "Mozilla/5.0 (compatible; Googlebot/2.1; +http://www.google.com/bot.html)"
82.148.16.210 - - [18/Aug/2026:11:45:36 +0300] "POST /wp-cron.php?doing_wp_cron=1787042736.0199229717254638671875 HTTP/1.1" 200 31 "-" "WordPress/6.9.1; https://fita.staroobrad.ru"
66.249.78.71 - - [18/Aug/2026:11:45:36 +0300] "GET /shop/independent/spark207038843.shtml HTTP/1.1" 404 3789 "-" "Mozilla/5.0 (Linux; Android 6.0.1; Nexus 5X Build/MMB29P) AppleWebKit/537.36 (KHTML, like Gecko) Chrome/151.0.7922.137 Mobile Safari/537.36 (compatible; Googlebot/2.1; +http://www.google.com/bot.html)"
82.148.16.210 - - [18/Aug/2026:11:48:12 +0300] "POST /wp-cron.php?doing_wp_cron=1787042892.3183770179748535156250 HTTP/1.1" 200 31 "-" "WordPress/6.9.1; https://fita.staroobrad.ru"
66.249.66.76 - - [18/Aug/2026:11:48:12 +0300] "GET /shop/die/stone042009316.shtml HTTP/1.1" 404 3789 "-" "Mozilla/5.0 (Linux; Android 6.0.1; Nexus 5X Build/MMB29P) AppleWebKit/537.36 (KHTML, like Gecko) Chrome/151.0.7922.137 Mobile Safari/537.36 (compatible; Googlebot/2.1; +http://www.google.com/bot.html)"
82.148.16.210 - - [18/Aug/2026:11:49:42 +0300] "POST /wp-cron.php?doing_wp_cron=1787042982.4233028888702392578125 HTTP/1.1" 200 31 "-" "WordPress/6.9.1; https://fita.staroobrad.ru"
