Uname:Linux mail.sarafai.ru 6.1.0-43-amd64 #1 SMP PREEMPT_DYNAMIC Debian 6.1.162-1 (2026-02-08) x86_64

403WebShell
403Webshell
Server IP : 82.148.16.210  /  Your IP : 216.73.216.19
Web Server : nginx/1.29.5
System : Linux mail.sarafai.ru 6.1.0-43-amd64 #1 SMP PREEMPT_DYNAMIC Debian 6.1.162-1 (2026-02-08) x86_64
User : root ( 0)
PHP Version : 7.4.33
Disable Function : pcntl_alarm,pcntl_fork,pcntl_waitpid,pcntl_wait,pcntl_wifexited,pcntl_wifstopped,pcntl_wifsignaled,pcntl_wifcontinued,pcntl_wexitstatus,pcntl_wtermsig,pcntl_wstopsig,pcntl_signal,pcntl_signal_get_handler,pcntl_signal_dispatch,pcntl_get_last_error,pcntl_strerror,pcntl_sigprocmask,pcntl_sigwaitinfo,pcntl_sigtimedwait,pcntl_exec,pcntl_getpriority,pcntl_setpriority,pcntl_async_signals,pcntl_unshare,
MySQL : OFF  |  cURL : ON  |  WGET : ON  |  Perl : ON  |  Python : ON  |  Sudo : ON  |  Pkexec : OFF
Directory :  /var/log/nginx/

Upload File :
current_dir [ Writeable ] document_root [ Writeable ]

 

Command :


[ Back ]     

Current File : /var/log/nginx/fita.staroobrad.ru_access.log.1
101.99.88.90 - - [18/Aug/2026:00:00:13 +0300] "GET / HTTP/1.1" 301 162 "-" "Mozilla/5.0 (compatible; Googlebot/2.1; +http://www.google.com/bot.html)"
82.148.16.210 - - [18/Aug/2026:00:00:15 +0300] "POST /wp-cron.php?doing_wp_cron=1787000415.2907280921936035156250 HTTP/1.1" 200 31 "-" "WordPress/6.9.1; https://fita.staroobrad.ru"
101.99.88.90 - - [18/Aug/2026:00:00:15 +0300] "GET / HTTP/1.1" 404 5 "-" "Mozilla/5.0 (compatible; Googlebot/2.1; +http://www.google.com/bot.html)"
101.99.88.90 - - [18/Aug/2026:00:00:16 +0300] "GET /audio/index.php HTTP/1.1" 404 3 "-" "-"
82.148.16.210 - - [18/Aug/2026:00:02:06 +0300] "POST /wp-cron.php?doing_wp_cron=1787000526.7230389118194580078125 HTTP/1.1" 200 31 "-" "WordPress/6.9.1; https://fita.staroobrad.ru"
66.249.78.70 - - [18/Aug/2026:00:02:06 +0300] "GET /shop/serious/overnight202000132.shtml HTTP/1.1" 404 31 "-" "Mozilla/5.0 (Linux; Android 6.0.1; Nexus 5X Build/MMB29P) AppleWebKit/537.36 (KHTML, like Gecko) Chrome/151.0.7922.137 Mobile Safari/537.36 (compatible; GoogleOther)"
66.249.78.71 - - [18/Aug/2026:00:02:32 +0300] "GET /shop/landing/eventually076000264.shtml HTTP/1.1" 404 31 "-" "Mozilla/5.0 (compatible; Googlebot/2.1; +http://www.google.com/bot.html)"
82.148.16.210 - - [18/Aug/2026:00:03:00 +0300] "POST /wp-cron.php?doing_wp_cron=1787000580.2712531089782714843750 HTTP/1.1" 200 31 "-" "WordPress/6.9.1; https://fita.staroobrad.ru"
66.249.66.75 - - [18/Aug/2026:00:03:00 +0300] "GET /shop/possibility/article075042913.shtml HTTP/1.1" 404 31 "-" "Mozilla/5.0 (compatible; Googlebot/2.1; +http://www.google.com/bot.html)"
82.148.16.210 - - [18/Aug/2026:00:07:51 +0300] "POST /wp-cron.php?doing_wp_cron=1787000871.8051319122314453125000 HTTP/1.1" 200 31 "-" "WordPress/6.9.1; https://fita.staroobrad.ru"
135.181.3.246 - - [18/Aug/2026:00:07:51 +0300] "GET /?sphere/168035589 HTTP/1.1" 301 5 "-" "Mozilla/5.0 (compatible; SERankingBacklinksBot/1.0; +https://seranking.com/backlinks-crawler)"
135.181.3.246 - - [18/Aug/2026:00:07:52 +0300] "GET /?sphere%2F168035589 HTTP/1.1" 403 31 "-" "Mozilla/5.0 (compatible; SERankingBacklinksBot/1.0; +https://seranking.com/backlinks-crawler)"
82.148.16.210 - - [18/Aug/2026:00:10:30 +0300] "POST /wp-cron.php?doing_wp_cron=1787001030.3374660015106201171875 HTTP/1.1" 200 31 "-" "WordPress/6.9.1; https://fita.staroobrad.ru"
66.249.66.74 - - [18/Aug/2026:00:10:30 +0300] "GET /shop/limit/sister076041962.shtml HTTP/1.1" 404 31 "-" "Mozilla/5.0 (Linux; Android 6.0.1; Nexus 5X Build/MMB29P) AppleWebKit/537.36 (KHTML, like Gecko) Chrome/151.0.7922.137 Mobile Safari/537.36 (compatible; Googlebot/2.1; +http://www.google.com/bot.html)"
66.249.78.69 - - [18/Aug/2026:00:10:36 +0300] "GET /hg/ HTTP/1.1" 404 31 "-" "Mozilla/5.0 (compatible; Googlebot/2.1; +http://www.google.com/bot.html)"
66.249.66.75 - - [18/Aug/2026:00:10:36 +0300] "GET /hg/ HTTP/1.1" 404 31 "-" "Mozilla/5.0 (Linux; Android 6.0.1; Nexus 5X Build/MMB29P) AppleWebKit/537.36 (KHTML, like Gecko) Chrome/151.0.7922.137 Mobile Safari/537.36 (compatible; Googlebot/2.1; +http://www.google.com/bot.html)"
82.148.16.210 - - [18/Aug/2026:00:11:19 +0300] "POST /wp-cron.php?doing_wp_cron=1787001079.8345429897308349609375 HTTP/1.1" 200 31 "-" "WordPress/6.9.1; https://fita.staroobrad.ru"
66.249.78.69 - - [18/Aug/2026:00:11:19 +0300] "GET /m12438136404 HTTP/1.1" 404 31 "-" "Mozilla/5.0 (Linux; Android 6.0.1; Nexus 5X Build/MMB29P) AppleWebKit/537.36 (KHTML, like Gecko) Chrome/151.0.7922.137 Mobile Safari/537.36 (compatible; Googlebot/2.1; +http://www.google.com/bot.html)"
66.249.66.202 - - [18/Aug/2026:00:11:24 +0300] "GET /shop/tropical/listen058000542.shtml HTTP/1.1" 404 31 "-" "Mozilla/5.0 (compatible; Googlebot/2.1; +http://www.google.com/bot.html)"
82.148.16.210 - - [18/Aug/2026:00:11:59 +0300] "POST /wp-cron.php?doing_wp_cron=1787001119.2564198970794677734375 HTTP/1.1" 200 31 "-" "WordPress/6.9.1; https://fita.staroobrad.ru"
66.249.66.70 - - [18/Aug/2026:00:11:59 +0300] "GET /59535557 HTTP/1.1" 404 31 "-" "Mozilla/5.0 (Linux; Android 6.0.1; Nexus 5X Build/MMB29P) AppleWebKit/537.36 (KHTML, like Gecko) Chrome/151.0.7922.137 Mobile Safari/537.36 (compatible; Googlebot/2.1; +http://www.google.com/bot.html)"
82.148.16.210 - - [18/Aug/2026:00:13:39 +0300] "POST /wp-cron.php?doing_wp_cron=1787001219.3508710861206054687500 HTTP/1.1" 200 31 "-" "WordPress/6.9.1; https://fita.staroobrad.ru"
66.249.66.36 - - [18/Aug/2026:00:13:39 +0300] "GET /?headline%2F172004427 HTTP/1.1" 404 31 "-" "Mozilla/5.0 (Linux; Android 6.0.1; Nexus 5X Build/MMB29P) AppleWebKit/537.36 (KHTML, like Gecko) Chrome/151.0.7922.137 Mobile Safari/537.36 (compatible; GoogleOther)"
82.148.16.210 - - [18/Aug/2026:00:15:07 +0300] "POST /wp-cron.php?doing_wp_cron=1787001307.1671099662780761718750 HTTP/1.1" 200 31 "-" "WordPress/6.9.1; https://fita.staroobrad.ru"
66.249.78.70 - - [18/Aug/2026:00:15:07 +0300] "GET /shopdetail/300/11528541.shtm HTTP/1.1" 404 31 "-" "Mozilla/5.0 (Linux; Android 6.0.1; Nexus 5X Build/MMB29P) AppleWebKit/537.36 (KHTML, like Gecko) Chrome/151.0.7922.137 Mobile Safari/537.36 (compatible; Googlebot/2.1; +http://www.google.com/bot.html)"
82.148.16.210 - - [18/Aug/2026:00:15:53 +0300] "POST /wp-cron.php?doing_wp_cron=1787001353.0764079093933105468750 HTTP/1.1" 200 31 "-" "WordPress/6.9.1; https://fita.staroobrad.ru"
66.249.66.76 - - [18/Aug/2026:00:15:53 +0300] "GET /shop/pad/inquiry211045441.shtml HTTP/1.1" 404 31 "-" "Mozilla/5.0 (Linux; Android 6.0.1; Nexus 5X Build/MMB29P) AppleWebKit/537.36 (KHTML, like Gecko) Chrome/151.0.7922.137 Mobile Safari/537.36 (compatible; Googlebot/2.1; +http://www.google.com/bot.html)"
66.249.66.74 - - [18/Aug/2026:00:16:06 +0300] "GET /category/256/1 HTTP/1.1" 404 31 "-" "Mozilla/5.0 (Linux; Android 6.0.1; Nexus 5X Build/MMB29P) AppleWebKit/537.36 (KHTML, like Gecko) Chrome/151.0.7922.137 Mobile Safari/537.36 (compatible; Googlebot/2.1; +http://www.google.com/bot.html)"
82.148.16.210 - - [18/Aug/2026:00:18:24 +0300] "POST /wp-cron.php?doing_wp_cron=1787001504.7883028984069824218750 HTTP/1.1" 200 31 "-" "WordPress/6.9.1; https://fita.staroobrad.ru"
66.249.66.74 - - [18/Aug/2026:00:18:24 +0300] "GET /shop/transfer/organization284004882.shtml HTTP/1.1" 404 31 "-" "Mozilla/5.0 (Linux; Android 6.0.1; Nexus 5X Build/MMB29P) AppleWebKit/537.36 (KHTML, like Gecko) Chrome/151.0.7922.137 Mobile Safari/537.36 (compatible; Googlebot/2.1; +http://www.google.com/bot.html)"
82.148.16.210 - - [18/Aug/2026:00:21:06 +0300] "POST /wp-cron.php?doing_wp_cron=1787001666.8934919834136962890625 HTTP/1.1" 200 31 "-" "WordPress/6.9.1; https://fita.staroobrad.ru"
66.249.66.35 - - [18/Aug/2026:00:21:06 +0300] "GET /shop/arrangement/within098000752.shtml HTTP/1.1" 404 31 "-" "Mozilla/5.0 (Linux; Android 6.0.1; Nexus 5X Build/MMB29P) AppleWebKit/537.36 (KHTML, like Gecko) Chrome/151.0.7922.137 Mobile Safari/537.36 (compatible; Googlebot/2.1; +http://www.google.com/bot.html)"
82.148.16.210 - - [18/Aug/2026:00:24:11 +0300] "POST /wp-cron.php?doing_wp_cron=1787001851.4044539928436279296875 HTTP/1.1" 200 31 "-" "WordPress/6.9.1; https://fita.staroobrad.ru"
66.249.78.71 - - [18/Aug/2026:00:24:11 +0300] "GET /shop/dying/sometime055000607.shtml HTTP/1.1" 404 31 "-" "Mozilla/5.0 (Linux; Android 6.0.1; Nexus 5X Build/MMB29P) AppleWebKit/537.36 (KHTML, like Gecko) Chrome/151.0.7922.137 Mobile Safari/537.36 (compatible; Googlebot/2.1; +http://www.google.com/bot.html)"
82.148.16.210 - - [18/Aug/2026:00:25:11 +0300] "POST /wp-cron.php?doing_wp_cron=1787001911.5759348869323730468750 HTTP/1.1" 200 31 "-" "WordPress/6.9.1; https://fita.staroobrad.ru"
66.249.66.202 - - [18/Aug/2026:00:25:11 +0300] "GET /72628991 HTTP/1.1" 404 31 "-" "Mozilla/5.0 (Linux; Android 6.0.1; Nexus 5X Build/MMB29P) AppleWebKit/537.36 (KHTML, like Gecko) Chrome/151.0.7922.137 Mobile Safari/537.36 (compatible; GoogleOther)"
82.148.16.210 - - [18/Aug/2026:00:26:29 +0300] "POST /wp-cron.php?doing_wp_cron=1787001989.3634839057922363281250 HTTP/1.1" 200 31 "-" "WordPress/6.9.1; https://fita.staroobrad.ru"
54.145.82.217 - - [18/Aug/2026:00:26:29 +0300] "GET /releases/single-edinorodnyj/embed/ HTTP/1.1" 200 6329 "-" "Mozilla/5.0 AppleWebKit/537.36 (KHTML, like Gecko; compatible; Amazonbot/0.1; +https://developer.amazon.com/support/amazonbot) Chrome/119.0.6045.214 Safari/537.36"
66.249.78.71 - - [18/Aug/2026:00:26:46 +0300] "GET /contents/reform/ HTTP/1.1" 404 31 "-" "Mozilla/5.0 (Linux; Android 6.0.1; Nexus 5X Build/MMB29P) AppleWebKit/537.36 (KHTML, like Gecko) Chrome/151.0.7922.137 Mobile Safari/537.36 (compatible; Googlebot/2.1; +http://www.google.com/bot.html)"
66.249.66.75 - - [18/Aug/2026:00:26:47 +0300] "GET /contents/reform/ HTTP/1.1" 404 31 "-" "Mozilla/5.0 (compatible; Googlebot/2.1; +http://www.google.com/bot.html)"
66.249.78.71 - - [18/Aug/2026:00:30:40 +0300] "GET /r/item/end-of-season-sale/9ac8c1126951501.html HTTP/1.1" 404 3 "-" "Mozilla/5.0 (Linux; Android 6.0.1; Nexus 5X Build/MMB29P) AppleWebKit/537.36 (KHTML, like Gecko) Chrome/151.0.7922.137 Mobile Safari/537.36 (compatible; Googlebot/2.1; +http://www.google.com/bot.html)"
82.148.16.210 - - [18/Aug/2026:00:31:39 +0300] "POST /wp-cron.php?doing_wp_cron=1787002298.9509429931640625000000 HTTP/1.1" 200 31 "-" "WordPress/6.9.1; https://fita.staroobrad.ru"
66.249.66.76 - - [18/Aug/2026:00:31:39 +0300] "GET /shop/commander/sexual008039650.shtml HTTP/1.1" 404 31 "-" "Mozilla/5.0 (Linux; Android 6.0.1; Nexus 5X Build/MMB29P) AppleWebKit/537.36 (KHTML, like Gecko) Chrome/151.0.7922.137 Mobile Safari/537.36 (compatible; Googlebot/2.1; +http://www.google.com/bot.html)"
82.148.16.210 - - [18/Aug/2026:00:32:15 +0300] "POST /wp-cron.php?doing_wp_cron=1787002335.5634360313415527343750 HTTP/1.1" 200 31 "-" "WordPress/6.9.1; https://fita.staroobrad.ru"
66.249.66.203 - - [18/Aug/2026:00:32:15 +0300] "GET /shop/frustration/commonly050000874.shtml HTTP/1.1" 404 31 "-" "Mozilla/5.0 (Linux; Android 6.0.1; Nexus 5X Build/MMB29P) AppleWebKit/537.36 (KHTML, like Gecko) Chrome/151.0.7922.137 Mobile Safari/537.36 (compatible; Googlebot/2.1; +http://www.google.com/bot.html)"
66.249.78.70 - - [18/Aug/2026:00:32:18 +0300] "GET /category/76/1 HTTP/1.1" 404 31 "-" "Mozilla/5.0 (compatible; Googlebot/2.1; +http://www.google.com/bot.html)"
82.148.16.210 - - [18/Aug/2026:00:32:55 +0300] "POST /wp-cron.php?doing_wp_cron=1787002375.0484180450439453125000 HTTP/1.1" 200 31 "-" "WordPress/6.9.1; https://fita.staroobrad.ru"
66.249.78.69 - - [18/Aug/2026:00:32:55 +0300] "GET /m11091739762 HTTP/1.1" 404 31 "-" "Mozilla/5.0 (compatible; Googlebot/2.1; +http://www.google.com/bot.html)"
66.249.66.74 - - [18/Aug/2026:00:32:55 +0300] "GET /m11091739762 HTTP/1.1" 404 31 "-" "Mozilla/5.0 (Linux; Android 6.0.1; Nexus 5X Build/MMB29P) AppleWebKit/537.36 (KHTML, like Gecko) Chrome/151.0.7922.137 Mobile Safari/537.36 (compatible; Googlebot/2.1; +http://www.google.com/bot.html)"
66.249.66.36 - - [18/Aug/2026:00:33:20 +0300] "GET /category/91_2821/1 HTTP/1.1" 404 31 "-" "Mozilla/5.0 (Linux; Android 6.0.1; Nexus 5X Build/MMB29P) AppleWebKit/537.36 (KHTML, like Gecko) Chrome/151.0.7922.137 Mobile Safari/537.36 (compatible; Googlebot/2.1; +http://www.google.com/bot.html)"
82.148.16.210 - - [18/Aug/2026:00:35:47 +0300] "POST /wp-cron.php?doing_wp_cron=1787002547.7196669578552246093750 HTTP/1.1" 200 31 "-" "WordPress/6.9.1; https://fita.staroobrad.ru"
66.249.78.71 - - [18/Aug/2026:00:35:47 +0300] "GET /9156493 HTTP/1.1" 404 31 "-" "Mozilla/5.0 (Linux; Android 6.0.1; Nexus 5X Build/MMB29P) AppleWebKit/537.36 (KHTML, like Gecko) Chrome/151.0.7922.137 Mobile Safari/537.36 (compatible; Googlebot/2.1; +http://www.google.com/bot.html)"
66.249.66.76 - - [18/Aug/2026:00:35:48 +0300] "GET /9156493 HTTP/1.1" 404 31 "-" "Mozilla/5.0 (compatible; Googlebot/2.1; +http://www.google.com/bot.html)"
82.148.16.210 - - [18/Aug/2026:00:35:53 +0300] "POST /wp-cron.php?doing_wp_cron=1787002553.9047710895538330078125 HTTP/1.1" 200 31 "-" "WordPress/6.9.1; https://fita.staroobrad.ru"
66.249.66.35 - - [18/Aug/2026:00:35:53 +0300] "GET /shop/right/hay125025571.shtml HTTP/1.1" 404 31 "-" "Mozilla/5.0 (Linux; Android 6.0.1; Nexus 5X Build/MMB29P) AppleWebKit/537.36 (KHTML, like Gecko) Chrome/151.0.7922.137 Mobile Safari/537.36 (compatible; Googlebot/2.1; +http://www.google.com/bot.html)"
66.249.78.71 - - [18/Aug/2026:00:36:43 +0300] "GET /shop/resistance/steal032015070.shtml HTTP/1.1" 404 31 "-" "Mozilla/5.0 (Linux; Android 6.0.1; Nexus 5X Build/MMB29P) AppleWebKit/537.36 (KHTML, like Gecko) Chrome/151.0.7922.137 Mobile Safari/537.36 (compatible; GoogleOther)"
82.148.16.210 - - [18/Aug/2026:00:38:45 +0300] "POST /wp-cron.php?doing_wp_cron=1787002725.2823610305786132812500 HTTP/1.1" 200 31 "-" "WordPress/6.9.1; https://fita.staroobrad.ru"
66.249.66.76 - - [18/Aug/2026:00:38:45 +0300] "GET /shop/product/kill038000932.shtml HTTP/1.1" 404 31 "-" "Mozilla/5.0 (compatible; Googlebot/2.1; +http://www.google.com/bot.html)"
66.249.66.203 - - [18/Aug/2026:00:38:46 +0300] "GET /shop/product/kill038000932.shtml HTTP/1.1" 404 31 "-" "Mozilla/5.0 (Linux; Android 6.0.1; Nexus 5X Build/MMB29P) AppleWebKit/537.36 (KHTML, like Gecko) Chrome/151.0.7922.137 Mobile Safari/537.36 (compatible; Googlebot/2.1; +http://www.google.com/bot.html)"
82.148.16.210 - - [18/Aug/2026:00:39:02 +0300] "POST /wp-cron.php?doing_wp_cron=1787002742.7548990249633789062500 HTTP/1.1" 200 31 "-" "WordPress/6.9.1; https://fita.staroobrad.ru"
66.249.78.70 - - [18/Aug/2026:00:39:02 +0300] "GET /shop/minimize/hers015005641.shtml HTTP/1.1" 404 31 "-" "Mozilla/5.0 (compatible; Googlebot/2.1; +http://www.google.com/bot.html)"
66.249.78.69 - - [18/Aug/2026:00:39:22 +0300] "GET /shop/overcome/patch084000350.shtml HTTP/1.1" 404 31 "-" "Mozilla/5.0 (compatible; Googlebot/2.1; +http://www.google.com/bot.html)"
66.249.78.70 - - [18/Aug/2026:00:39:22 +0300] "GET /shop/overcome/patch084000350.shtml HTTP/1.1" 404 31 "-" "Mozilla/5.0 (Linux; Android 6.0.1; Nexus 5X Build/MMB29P) AppleWebKit/537.36 (KHTML, like Gecko) Chrome/151.0.7922.137 Mobile Safari/537.36 (compatible; Googlebot/2.1; +http://www.google.com/bot.html)"
82.148.16.210 - - [18/Aug/2026:00:43:03 +0300] "POST /wp-cron.php?doing_wp_cron=1787002982.9429759979248046875000 HTTP/1.1" 200 31 "-" "WordPress/6.9.1; https://fita.staroobrad.ru"
66.249.66.76 - - [18/Aug/2026:00:43:03 +0300] "GET /shop/additional/insect177004001.shtml HTTP/1.1" 404 31 "-" "Mozilla/5.0 (Linux; Android 6.0.1; Nexus 5X Build/MMB29P) AppleWebKit/537.36 (KHTML, like Gecko) Chrome/151.0.7922.137 Mobile Safari/537.36 (compatible; Googlebot/2.1; +http://www.google.com/bot.html)"
82.148.16.210 - - [18/Aug/2026:00:44:47 +0300] "POST /wp-cron.php?doing_wp_cron=1787003086.7860600948333740234375 HTTP/1.1" 200 31 "-" "WordPress/6.9.1; https://fita.staroobrad.ru"
51.68.107.139 - - [18/Aug/2026:00:44:47 +0300] "GET / HTTP/1.1" 403 31 "-" "Mozilla/5.0 (compatible; MJ12bot/v2.0.5; http://mj12bot.com/)"
82.148.16.210 - - [18/Aug/2026:00:48:13 +0300] "POST /wp-cron.php?doing_wp_cron=1787003293.3913879394531250000000 HTTP/1.1" 200 31 "-" "WordPress/6.9.1; https://fita.staroobrad.ru"
66.249.78.69 - - [18/Aug/2026:00:48:13 +0300] "GET /shop/benefit/latter018025146.shtml HTTP/1.1" 404 31 "-" "Mozilla/5.0 (compatible; Googlebot/2.1; +http://www.google.com/bot.html)"
66.249.66.36 - - [18/Aug/2026:00:48:16 +0300] "GET /6027979 HTTP/1.1" 404 31 "-" "Mozilla/5.0 (Linux; Android 6.0.1; Nexus 5X Build/MMB29P) AppleWebKit/537.36 (KHTML, like Gecko) Chrome/151.0.7922.137 Mobile Safari/537.36 (compatible; GoogleOther)"
82.148.16.210 - - [18/Aug/2026:00:49:48 +0300] "POST /wp-cron.php?doing_wp_cron=1787003388.7450249195098876953125 HTTP/1.1" 200 31 "-" "WordPress/6.9.1; https://fita.staroobrad.ru"
66.249.78.69 - - [18/Aug/2026:00:49:48 +0300] "GET /shop/suburb/do213002947.shtml HTTP/1.1" 404 31 "-" "Mozilla/5.0 (compatible; Googlebot/2.1; +http://www.google.com/bot.html)"
66.249.78.69 - - [18/Aug/2026:00:50:06 +0300] "GET /shop/disk/clear191007145.shtml HTTP/1.1" 404 31 "-" "Mozilla/5.0 (compatible; Googlebot/2.1; +http://www.google.com/bot.html)"
66.249.66.203 - - [18/Aug/2026:00:50:45 +0300] "GET /shop/give/jar076001486.shtml HTTP/1.1" 404 31 "-" "Mozilla/5.0 (compatible; Googlebot/2.1; +http://www.google.com/bot.html)"
82.148.16.210 - - [18/Aug/2026:00:56:09 +0300] "POST /wp-cron.php?doing_wp_cron=1787003769.6860299110412597656250 HTTP/1.1" 200 31 "-" "WordPress/6.9.1; https://fita.staroobrad.ru"
66.249.66.74 - - [18/Aug/2026:00:56:09 +0300] "GET /category/77/1 HTTP/1.1" 404 31 "-" "Mozilla/5.0 (Linux; Android 6.0.1; Nexus 5X Build/MMB29P) AppleWebKit/537.36 (KHTML, like Gecko) Chrome/151.0.7922.137 Mobile Safari/537.36 (compatible; Googlebot/2.1; +http://www.google.com/bot.html)"
82.148.16.210 - - [18/Aug/2026:00:57:16 +0300] "POST /wp-cron.php?doing_wp_cron=1787003836.7104780673980712890625 HTTP/1.1" 200 31 "-" "WordPress/6.9.1; https://fita.staroobrad.ru"
66.249.66.76 - - [18/Aug/2026:00:57:16 +0300] "GET /shop/clothing/decline033000911.shtml HTTP/1.1" 404 31 "-" "Mozilla/5.0 (Linux; Android 6.0.1; Nexus 5X Build/MMB29P) AppleWebKit/537.36 (KHTML, like Gecko) Chrome/151.0.7922.137 Mobile Safari/537.36 (compatible; Googlebot/2.1; +http://www.google.com/bot.html)"
66.249.66.75 - - [18/Aug/2026:00:57:17 +0300] "GET /shop/clothing/decline033000911.shtml HTTP/1.1" 404 31 "-" "Mozilla/5.0 (compatible; Googlebot/2.1; +http://www.google.com/bot.html)"
82.148.16.210 - - [18/Aug/2026:00:59:48 +0300] "POST /wp-cron.php?doing_wp_cron=1787003988.2225151062011718750000 HTTP/1.1" 200 31 "-" "WordPress/6.9.1; https://fita.staroobrad.ru"
66.249.78.70 - - [18/Aug/2026:00:59:48 +0300] "GET /classic/918789115483794.shtm HTTP/1.1" 404 31 "-" "Mozilla/5.0 (Linux; Android 6.0.1; Nexus 5X Build/MMB29P) AppleWebKit/537.36 (KHTML, like Gecko) Chrome/151.0.7922.137 Mobile Safari/537.36 (compatible; GoogleOther)"
82.148.16.210 - - [18/Aug/2026:01:00:53 +0300] "POST /wp-cron.php?doing_wp_cron=1787004053.4083399772644042968750 HTTP/1.1" 200 31 "-" "WordPress/6.9.1; https://fita.staroobrad.ru"
66.249.66.74 - - [18/Aug/2026:01:00:53 +0300] "GET /shop/wagon/data249041109.shtml HTTP/1.1" 404 31 "-" "Mozilla/5.0 (Linux; Android 6.0.1; Nexus 5X Build/MMB29P) AppleWebKit/537.36 (KHTML, like Gecko) Chrome/151.0.7922.137 Mobile Safari/537.36 (compatible; Googlebot/2.1; +http://www.google.com/bot.html)"
66.249.78.69 - - [18/Aug/2026:01:00:53 +0300] "GET /shop/wagon/data249041109.shtml HTTP/1.1" 404 31 "-" "Mozilla/5.0 (compatible; Googlebot/2.1; +http://www.google.com/bot.html)"
66.249.78.70 - - [18/Aug/2026:01:00:58 +0300] "GET /shop/explicit/reverse040000212.shtml HTTP/1.1" 404 31 "-" "Mozilla/5.0 (Linux; Android 6.0.1; Nexus 5X Build/MMB29P) AppleWebKit/537.36 (KHTML, like Gecko) Chrome/151.0.7922.137 Mobile Safari/537.36 (compatible; Googlebot/2.1; +http://www.google.com/bot.html)"
66.249.66.75 - - [18/Aug/2026:01:00:59 +0300] "GET /shop/explicit/reverse040000212.shtml HTTP/1.1" 404 31 "-" "Mozilla/5.0 (compatible; Googlebot/2.1; +http://www.google.com/bot.html)"
82.148.16.210 - - [18/Aug/2026:01:07:53 +0300] "POST /wp-cron.php?doing_wp_cron=1787004472.9934589862823486328125 HTTP/1.1" 200 31 "-" "WordPress/6.9.1; https://fita.staroobrad.ru"
66.249.66.74 - - [18/Aug/2026:01:07:53 +0300] "GET /shop/intend/conservation070000586.shtml HTTP/1.1" 404 31 "-" "Mozilla/5.0 (compatible; Googlebot/2.1; +http://www.google.com/bot.html)"
82.148.16.210 - - [18/Aug/2026:01:11:20 +0300] "POST /wp-cron.php?doing_wp_cron=1787004680.7533318996429443359375 HTTP/1.1" 200 31 "-" "WordPress/6.9.1; https://fita.staroobrad.ru"
66.249.66.206 - - [18/Aug/2026:01:11:20 +0300] "GET /?tournament%2F185045484 HTTP/1.1" 404 31 "-" "Mozilla/5.0 (Linux; Android 6.0.1; Nexus 5X Build/MMB29P) AppleWebKit/537.36 (KHTML, like Gecko) Chrome/151.0.7922.137 Mobile Safari/537.36 (compatible; GoogleOther)"
82.148.16.210 - - [18/Aug/2026:01:14:03 +0300] "POST /wp-cron.php?doing_wp_cron=1787004843.9117290973663330078125 HTTP/1.1" 200 31 "-" "WordPress/6.9.1; https://fita.staroobrad.ru"
66.249.78.69 - - [18/Aug/2026:01:14:03 +0300] "GET /shop/cheer/society205040023.shtml HTTP/1.1" 404 31 "-" "Mozilla/5.0 (Linux; Android 6.0.1; Nexus 5X Build/MMB29P) AppleWebKit/537.36 (KHTML, like Gecko) Chrome/151.0.7922.137 Mobile Safari/537.36 (compatible; Googlebot/2.1; +http://www.google.com/bot.html)"
82.148.16.210 - - [18/Aug/2026:01:15:14 +0300] "POST /wp-cron.php?doing_wp_cron=1787004914.4426779747009277343750 HTTP/1.1" 200 31 "-" "WordPress/6.9.1; https://fita.staroobrad.ru"
66.249.78.70 - - [18/Aug/2026:01:15:14 +0300] "GET /m84398309123 HTTP/1.1" 404 31 "-" "Mozilla/5.0 (compatible; Googlebot/2.1; +http://www.google.com/bot.html)"
94.154.43.122 - - [18/Aug/2026:01:19:53 +0300] "GET /.env HTTP/1.1" 302 138 "-" "Mozilla/5.0 (Windows NT 10.0; Win64; x64) AppleWebKit/537.36 (KHTML, like Gecko) Chrome/147.0.0.0 Safari/537.36"
82.148.16.210 - - [18/Aug/2026:01:19:54 +0300] "POST /wp-cron.php?doing_wp_cron=1787005194.5791010856628417968750 HTTP/1.1" 200 31 "-" "WordPress/6.9.1; https://fita.staroobrad.ru"
94.154.43.180 - - [18/Aug/2026:01:19:54 +0300] "GET /404 HTTP/1.1" 403 5 "-" "Mozilla/5.0 (Windows NT 10.0; Win64; x64) AppleWebKit/537.36 (KHTML, like Gecko) Chrome/147.0.0.0 Safari/537.36"
66.249.66.76 - - [18/Aug/2026:01:20:19 +0300] "GET /shop/flood/donation150012018.shtml HTTP/1.1" 404 31 "-" "Mozilla/5.0 (compatible; Googlebot/2.1; +http://www.google.com/bot.html)"
66.249.78.69 - - [18/Aug/2026:01:20:19 +0300] "GET /shop/flood/donation150012018.shtml HTTP/1.1" 404 31 "-" "Mozilla/5.0 (Linux; Android 6.0.1; Nexus 5X Build/MMB29P) AppleWebKit/537.36 (KHTML, like Gecko) Chrome/151.0.7922.137 Mobile Safari/537.36 (compatible; Googlebot/2.1; +http://www.google.com/bot.html)"
82.148.16.210 - - [18/Aug/2026:01:20:55 +0300] "POST /wp-cron.php?doing_wp_cron=1787005255.4058909416198730468750 HTTP/1.1" 200 31 "-" "WordPress/6.9.1; https://fita.staroobrad.ru"
66.249.66.76 - - [18/Aug/2026:01:20:55 +0300] "GET /shop/often/conversion055000719.shtml HTTP/1.1" 404 31 "-" "Mozilla/5.0 (compatible; Googlebot/2.1; +http://www.google.com/bot.html)"
82.148.16.210 - - [18/Aug/2026:01:22:26 +0300] "POST /wp-cron.php?doing_wp_cron=1787005346.5803720951080322265625 HTTP/1.1" 200 31 "-" "WordPress/6.9.1; https://fita.staroobrad.ru"
66.249.78.71 - - [18/Aug/2026:01:22:26 +0300] "GET /m21077354027 HTTP/1.1" 404 31 "-" "Mozilla/5.0 (compatible; Googlebot/2.1; +http://www.google.com/bot.html)"
82.148.16.210 - - [18/Aug/2026:01:22:53 +0300] "POST /wp-cron.php?doing_wp_cron=1787005372.9908609390258789062500 HTTP/1.1" 200 31 "-" "WordPress/6.9.1; https://fita.staroobrad.ru"
66.249.78.69 - - [18/Aug/2026:01:22:53 +0300] "GET /?goods/138010445 HTTP/1.1" 301 5 "-" "Mozilla/5.0 (Linux; Android 6.0.1; Nexus 5X Build/MMB29P) AppleWebKit/537.36 (KHTML, like Gecko) Chrome/151.0.7922.137 Mobile Safari/537.36 (compatible; GoogleOther)"
66.249.66.165 - - [18/Aug/2026:01:22:55 +0300] "GET /?goods%2F138010445 HTTP/1.1" 404 31 "-" "Mozilla/5.0 (Linux; Android 6.0.1; Nexus 5X Build/MMB29P) AppleWebKit/537.36 (KHTML, like Gecko) Chrome/151.0.7922.137 Mobile Safari/537.36 (compatible; GoogleOther)"
66.249.66.202 - - [18/Aug/2026:01:22:58 +0300] "GET /shop/wound/headache006006992.shtml HTTP/1.1" 404 31 "-" "Mozilla/5.0 (compatible; Googlebot/2.1; +http://www.google.com/bot.html)"
66.249.66.74 - - [18/Aug/2026:01:22:59 +0300] "GET /shop/wound/headache006006992.shtml HTTP/1.1" 404 31 "-" "Mozilla/5.0 (Linux; Android 6.0.1; Nexus 5X Build/MMB29P) AppleWebKit/537.36 (KHTML, like Gecko) Chrome/151.0.7922.137 Mobile Safari/537.36 (compatible; Googlebot/2.1; +http://www.google.com/bot.html)"
82.148.16.210 - - [18/Aug/2026:01:29:36 +0300] "POST /wp-cron.php?doing_wp_cron=1787005776.0267889499664306640625 HTTP/1.1" 200 31 "-" "WordPress/6.9.1; https://fita.staroobrad.ru"
66.249.78.70 - - [18/Aug/2026:01:29:36 +0300] "GET /shop/extended/terms097000785.shtml HTTP/1.1" 404 31 "-" "Mozilla/5.0 (Linux; Android 6.0.1; Nexus 5X Build/MMB29P) AppleWebKit/537.36 (KHTML, like Gecko) Chrome/151.0.7922.137 Mobile Safari/537.36 (compatible; Googlebot/2.1; +http://www.google.com/bot.html)"
216.73.216.111 - - [18/Aug/2026:01:33:54 +0300] "GET /search.php HTTP/2.0" 404 3 "-" "Mozilla/5.0 AppleWebKit/537.36 (KHTML, like Gecko; compatible; ClaudeBot/1.0; +claudebot@anthropic.com)"
82.148.16.210 - - [18/Aug/2026:01:34:25 +0300] "POST /wp-cron.php?doing_wp_cron=1787006065.7748410701751708984375 HTTP/1.1" 200 31 "-" "WordPress/6.9.1; https://fita.staroobrad.ru"
66.249.78.70 - - [18/Aug/2026:01:34:25 +0300] "GET /?detail%2F27904174666832 HTTP/1.1" 404 31 "-" "Mozilla/5.0 (Linux; Android 6.0.1; Nexus 5X Build/MMB29P) AppleWebKit/537.36 (KHTML, like Gecko) Chrome/151.0.7922.137 Mobile Safari/537.36 (compatible; GoogleOther)"
82.148.16.210 - - [18/Aug/2026:01:35:20 +0300] "POST /wp-cron.php?doing_wp_cron=1787006120.4489889144897460937500 HTTP/1.1" 200 31 "-" "WordPress/6.9.1; https://fita.staroobrad.ru"
216.73.216.111 - - [18/Aug/2026:01:35:20 +0300] "GET / HTTP/2.0" 403 20 "-" "Mozilla/5.0 AppleWebKit/537.36 (KHTML, like Gecko; compatible; ClaudeBot/1.0; +claudebot@anthropic.com)"
82.148.16.210 - - [18/Aug/2026:01:36:38 +0300] "POST /wp-cron.php?doing_wp_cron=1787006198.1117711067199707031250 HTTP/1.1" 200 31 "-" "WordPress/6.9.1; https://fita.staroobrad.ru"
114.119.166.95 - - [18/Aug/2026:01:36:38 +0300] "GET /?local/262008835 HTTP/1.1" 301 5 "https://fita.staroobrad.ru/?sitemap972.xml" "Mozilla/5.0 (Linux; Android 7.0;) AppleWebKit/537.36 (HTML, like Gecko) Mobile Safari/537.36 (compatible; PetalBot;+https://webmaster.petalsearch.com/site/petalbot)"
114.119.166.95 - - [18/Aug/2026:01:36:40 +0300] "GET /?local%2F262008835 HTTP/1.1" 403 31 "https://fita.staroobrad.ru/?sitemap972.xml" "Mozilla/5.0 (Linux; Android 7.0;) AppleWebKit/537.36 (HTML, like Gecko) Mobile Safari/537.36 (compatible; PetalBot;+https://webmaster.petalsearch.com/site/petalbot)"
66.249.66.76 - - [18/Aug/2026:01:36:46 +0300] "GET /shop/its/painful035009911.shtml HTTP/1.1" 404 31 "-" "Mozilla/5.0 (compatible; Googlebot/2.1; +http://www.google.com/bot.html)"
66.249.78.70 - - [18/Aug/2026:01:36:46 +0300] "GET /shop/its/painful035009911.shtml HTTP/1.1" 404 31 "-" "Mozilla/5.0 (Linux; Android 6.0.1; Nexus 5X Build/MMB29P) AppleWebKit/537.36 (KHTML, like Gecko) Chrome/151.0.7922.137 Mobile Safari/537.36 (compatible; Googlebot/2.1; +http://www.google.com/bot.html)"
82.148.16.210 - - [18/Aug/2026:01:37:14 +0300] "POST /wp-cron.php?doing_wp_cron=1787006234.1641271114349365234375 HTTP/1.1" 200 31 "-" "WordPress/6.9.1; https://fita.staroobrad.ru"
66.249.66.202 - - [18/Aug/2026:01:37:14 +0300] "GET /shop/active/front124024832.shtml HTTP/1.1" 404 31 "-" "Mozilla/5.0 (compatible; Googlebot/2.1; +http://www.google.com/bot.html)"
82.148.16.210 - - [18/Aug/2026:01:43:05 +0300] "POST /wp-cron.php?doing_wp_cron=1787006585.4578120708465576171875 HTTP/1.1" 200 31 "-" "WordPress/6.9.1; https://fita.staroobrad.ru"
66.249.78.70 - - [18/Aug/2026:01:43:05 +0300] "GET /shop/long-term/rent082017282.shtml HTTP/1.1" 404 31 "-" "Mozilla/5.0 (Linux; Android 6.0.1; Nexus 5X Build/MMB29P) AppleWebKit/537.36 (KHTML, like Gecko) Chrome/151.0.7922.137 Mobile Safari/537.36 (compatible; Googlebot/2.1; +http://www.google.com/bot.html)"
66.249.78.69 - - [18/Aug/2026:01:43:45 +0300] "GET /shop/pg/1Sitemap/ HTTP/1.1" 404 31 "-" "Mozilla/5.0 (compatible; Googlebot/2.1; +http://www.google.com/bot.html)"
82.148.16.210 - - [18/Aug/2026:01:45:36 +0300] "POST /wp-cron.php?doing_wp_cron=1787006736.5595369338989257812500 HTTP/1.1" 200 31 "-" "WordPress/6.9.1; https://fita.staroobrad.ru"
66.249.66.77 - - [18/Aug/2026:01:45:36 +0300] "GET /shop/man/body008024482.shtml HTTP/1.1" 404 31 "-" "Mozilla/5.0 (Linux; Android 6.0.1; Nexus 5X Build/MMB29P) AppleWebKit/537.36 (KHTML, like Gecko) Chrome/151.0.7922.137 Mobile Safari/537.36 (compatible; Googlebot/2.1; +http://www.google.com/bot.html)"
82.148.16.210 - - [18/Aug/2026:01:45:57 +0300] "POST /wp-cron.php?doing_wp_cron=1787006757.4643230438232421875000 HTTP/1.1" 200 31 "-" "WordPress/6.9.1; https://fita.staroobrad.ru"
66.249.78.70 - - [18/Aug/2026:01:45:57 +0300] "GET /?detail%2F01703361045060 HTTP/1.1" 404 31 "-" "Mozilla/5.0 (Linux; Android 6.0.1; Nexus 5X Build/MMB29P) AppleWebKit/537.36 (KHTML, like Gecko) Chrome/151.0.7922.137 Mobile Safari/537.36 (compatible; GoogleOther)"
82.148.16.210 - - [18/Aug/2026:01:46:34 +0300] "POST /wp-cron.php?doing_wp_cron=1787006794.6870009899139404296875 HTTP/1.1" 200 31 "-" "WordPress/6.9.1; https://fita.staroobrad.ru"
66.249.78.70 - - [18/Aug/2026:01:46:34 +0300] "GET /shop/objection/increasing223023035.shtml HTTP/1.1" 404 31 "-" "Mozilla/5.0 (Linux; Android 6.0.1; Nexus 5X Build/MMB29P) AppleWebKit/537.36 (KHTML, like Gecko) Chrome/151.0.7922.137 Mobile Safari/537.36 (compatible; Googlebot/2.1; +http://www.google.com/bot.html)"
82.148.16.210 - - [18/Aug/2026:01:48:39 +0300] "POST /wp-cron.php?doing_wp_cron=1787006919.1096560955047607421875 HTTP/1.1" 200 31 "-" "WordPress/6.9.1; https://fita.staroobrad.ru"
66.249.66.204 - - [18/Aug/2026:01:48:39 +0300] "GET /shop/punishment/stability008003872.shtml HTTP/1.1" 404 31 "-" "Mozilla/5.0 (Linux; Android 6.0.1; Nexus 5X Build/MMB29P) AppleWebKit/537.36 (KHTML, like Gecko) Chrome/151.0.7922.137 Mobile Safari/537.36 (compatible; Googlebot/2.1; +http://www.google.com/bot.html)"
82.148.16.210 - - [18/Aug/2026:01:49:12 +0300] "POST /wp-cron.php?doing_wp_cron=1787006952.5034780502319335937500 HTTP/1.1" 200 31 "-" "WordPress/6.9.1; https://fita.staroobrad.ru"
66.249.66.75 - - [18/Aug/2026:01:49:12 +0300] "GET /shop/agent/expansion247006523.shtml HTTP/1.1" 404 31 "-" "Mozilla/5.0 (compatible; Googlebot/2.1; +http://www.google.com/bot.html)"
82.148.16.210 - - [18/Aug/2026:01:50:36 +0300] "POST /wp-cron.php?doing_wp_cron=1787007036.0324840545654296875000 HTTP/1.1" 200 31 "-" "WordPress/6.9.1; https://fita.staroobrad.ru"
66.249.66.35 - - [18/Aug/2026:01:50:36 +0300] "GET /shop/today/warmth097000279.shtml HTTP/1.1" 404 31 "-" "Mozilla/5.0 (Linux; Android 6.0.1; Nexus 5X Build/MMB29P) AppleWebKit/537.36 (KHTML, like Gecko) Chrome/151.0.7922.137 Mobile Safari/537.36 (compatible; Googlebot/2.1; +http://www.google.com/bot.html)"
82.148.16.210 - - [18/Aug/2026:01:50:53 +0300] "POST /wp-cron.php?doing_wp_cron=1787007053.8765621185302734375000 HTTP/1.1" 200 31 "-" "WordPress/6.9.1; https://fita.staroobrad.ru"
66.249.66.166 - - [18/Aug/2026:01:50:53 +0300] "GET /shop/pat/mutual036006458.shtml HTTP/1.1" 404 31 "-" "Mozilla/5.0 (compatible; Googlebot/2.1; +http://www.google.com/bot.html)"
82.148.16.210 - - [18/Aug/2026:01:56:52 +0300] "POST /wp-cron.php?doing_wp_cron=1787007412.7083740234375000000000 HTTP/1.1" 200 31 "-" "WordPress/6.9.1; https://fita.staroobrad.ru"
94.154.43.60 - - [18/Aug/2026:01:56:52 +0300] "GET / HTTP/1.1" 403 5 "-" "Mozilla/5.0 (Windows NT 10.0; Win64; x64) AppleWebKit/537.36 (KHTML, like Gecko) Chrome/147.0.0.0 Safari/537.36"
66.249.78.70 - - [18/Aug/2026:01:57:10 +0300] "GET /m31117696716 HTTP/1.1" 404 31 "-" "Mozilla/5.0 (compatible; Googlebot/2.1; +http://www.google.com/bot.html)"
66.249.78.70 - - [18/Aug/2026:01:57:29 +0300] "GET /?graduation%2F195005684 HTTP/1.1" 404 31 "-" "Mozilla/5.0 (Linux; Android 6.0.1; Nexus 5X Build/MMB29P) AppleWebKit/537.36 (KHTML, like Gecko) Chrome/151.0.7922.137 Mobile Safari/537.36 (compatible; GoogleOther)"
82.148.16.210 - - [18/Aug/2026:01:58:06 +0300] "POST /wp-cron.php?doing_wp_cron=1787007486.2407538890838623046875 HTTP/1.1" 200 31 "-" "WordPress/6.9.1; https://fita.staroobrad.ru"
66.249.66.203 - - [18/Aug/2026:01:58:06 +0300] "GET /shop/price/video049010723.shtml HTTP/1.1" 404 31 "-" "Mozilla/5.0 (Linux; Android 6.0.1; Nexus 5X Build/MMB29P) AppleWebKit/537.36 (KHTML, like Gecko) Chrome/151.0.7922.137 Mobile Safari/537.36 (compatible; Googlebot/2.1; +http://www.google.com/bot.html)"
82.148.16.210 - - [18/Aug/2026:02:07:32 +0300] "POST /wp-cron.php?doing_wp_cron=1787008052.5707669258117675781250 HTTP/1.1" 200 31 "-" "WordPress/6.9.1; https://fita.staroobrad.ru"
66.249.78.69 - - [18/Aug/2026:02:07:32 +0300] "GET /shop/whose/known266015198.shtml HTTP/1.1" 404 31 "-" "Mozilla/5.0 (Linux; Android 6.0.1; Nexus 5X Build/MMB29P) AppleWebKit/537.36 (KHTML, like Gecko) Chrome/151.0.7922.137 Mobile Safari/537.36 (compatible; Googlebot/2.1; +http://www.google.com/bot.html)"
82.148.16.210 - - [18/Aug/2026:02:08:10 +0300] "POST /wp-cron.php?doing_wp_cron=1787008090.2822489738464355468750 HTTP/1.1" 200 31 "-" "WordPress/6.9.1; https://fita.staroobrad.ru"
66.249.66.74 - - [18/Aug/2026:02:08:10 +0300] "GET /4112432 HTTP/1.1" 404 31 "-" "Mozilla/5.0 (compatible; Googlebot/2.1; +http://www.google.com/bot.html)"
82.148.16.210 - - [18/Aug/2026:02:14:21 +0300] "POST /wp-cron.php?doing_wp_cron=1787008461.3014800548553466796875 HTTP/1.1" 200 31 "-" "WordPress/6.9.1; https://fita.staroobrad.ru"
66.249.66.204 - - [18/Aug/2026:02:14:21 +0300] "GET /shop/angel/direction075043589.shtml HTTP/1.1" 404 31 "-" "Mozilla/5.0 (compatible; Googlebot/2.1; +http://www.google.com/bot.html)"
82.148.16.210 - - [18/Aug/2026:02:18:02 +0300] "POST /wp-cron.php?doing_wp_cron=1787008682.3890309333801269531250 HTTP/1.1" 200 31 "-" "WordPress/6.9.1; https://fita.staroobrad.ru"
66.249.66.74 - - [18/Aug/2026:02:18:02 +0300] "GET /?retired/015000688 HTTP/1.1" 301 5 "-" "Mozilla/5.0 (compatible; Googlebot/2.1; +http://www.google.com/bot.html)"
66.249.66.75 - - [18/Aug/2026:02:18:03 +0300] "GET /?retired%2F015000688 HTTP/1.1" 404 31 "-" "Mozilla/5.0 (compatible; Googlebot/2.1; +http://www.google.com/bot.html)"
82.148.16.210 - - [18/Aug/2026:02:23:55 +0300] "POST /wp-cron.php?doing_wp_cron=1787009034.8371429443359375000000 HTTP/1.1" 200 31 "-" "WordPress/6.9.1; https://fita.staroobrad.ru"
135.181.3.246 - - [18/Aug/2026:02:23:55 +0300] "GET /?spirit/022020657 HTTP/1.1" 301 5 "-" "Mozilla/5.0 (compatible; SERankingBacklinksBot/1.0; +https://seranking.com/backlinks-crawler)"
135.181.3.246 - - [18/Aug/2026:02:23:55 +0300] "GET /?spirit%2F022020657 HTTP/1.1" 403 31 "-" "Mozilla/5.0 (compatible; SERankingBacklinksBot/1.0; +https://seranking.com/backlinks-crawler)"
66.249.78.70 - - [18/Aug/2026:02:24:06 +0300] "GET /shop/several/recognition060045120.shtml HTTP/1.1" 404 31 "-" "Mozilla/5.0 (Linux; Android 6.0.1; Nexus 5X Build/MMB29P) AppleWebKit/537.36 (KHTML, like Gecko) Chrome/151.0.7922.137 Mobile Safari/537.36 (compatible; Googlebot/2.1; +http://www.google.com/bot.html)"
82.148.16.210 - - [18/Aug/2026:02:27:16 +0300] "POST /wp-cron.php?doing_wp_cron=1787009236.7824850082397460937500 HTTP/1.1" 200 31 "-" "WordPress/6.9.1; https://fita.staroobrad.ru"
66.249.78.69 - - [18/Aug/2026:02:27:16 +0300] "GET /shop/senator/improved174015636.shtml HTTP/1.1" 404 31 "-" "Mozilla/5.0 (compatible; Googlebot/2.1; +http://www.google.com/bot.html)"
66.249.78.71 - - [18/Aug/2026:02:27:17 +0300] "GET /shop/senator/improved174015636.shtml HTTP/1.1" 404 31 "-" "Mozilla/5.0 (Linux; Android 6.0.1; Nexus 5X Build/MMB29P) AppleWebKit/537.36 (KHTML, like Gecko) Chrome/151.0.7922.137 Mobile Safari/537.36 (compatible; Googlebot/2.1; +http://www.google.com/bot.html)"
82.148.16.210 - - [18/Aug/2026:02:28:57 +0300] "POST /wp-cron.php?doing_wp_cron=1787009337.7811470031738281250000 HTTP/1.1" 200 31 "-" "WordPress/6.9.1; https://fita.staroobrad.ru"
66.249.66.75 - - [18/Aug/2026:02:28:57 +0300] "GET /shop/treatment/fine214030696.shtml HTTP/1.1" 404 31 "-" "Mozilla/5.0 (Linux; Android 6.0.1; Nexus 5X Build/MMB29P) AppleWebKit/537.36 (KHTML, like Gecko) Chrome/151.0.7922.137 Mobile Safari/537.36 (compatible; Googlebot/2.1; +http://www.google.com/bot.html)"
82.148.16.210 - - [18/Aug/2026:02:32:04 +0300] "POST /wp-cron.php?doing_wp_cron=1787009524.6230590343475341796875 HTTP/1.1" 200 31 "-" "WordPress/6.9.1; https://fita.staroobrad.ru"
66.249.78.70 - - [18/Aug/2026:02:32:04 +0300] "GET /124031634 HTTP/1.1" 404 31 "-" "Mozilla/5.0 (compatible; Googlebot/2.1; +http://www.google.com/bot.html)"
66.249.78.69 - - [18/Aug/2026:02:32:16 +0300] "GET /shop/painting/two026000836.shtml HTTP/1.1" 404 31 "-" "Mozilla/5.0 (Linux; Android 6.0.1; Nexus 5X Build/MMB29P) AppleWebKit/537.36 (KHTML, like Gecko) Chrome/151.0.7922.137 Mobile Safari/537.36 (compatible; Googlebot/2.1; +http://www.google.com/bot.html)"
82.148.16.210 - - [18/Aug/2026:02:33:59 +0300] "POST /wp-cron.php?doing_wp_cron=1787009639.2216310501098632812500 HTTP/1.1" 200 31 "-" "WordPress/6.9.1; https://fita.staroobrad.ru"
213.180.203.125 - - [18/Aug/2026:02:33:59 +0300] "GET /releases/ HTTP/1.1" 403 31 "-" "Mozilla/5.0 (compatible; YandexBot/3.0; +http://yandex.com/bots) AppleWebKit/537.36 (KHTML, like Gecko) Chrome/108.0.0.0"
82.148.16.210 - - [18/Aug/2026:02:38:54 +0300] "POST /wp-cron.php?doing_wp_cron=1787009934.2642250061035156250000 HTTP/1.1" 200 31 "-" "WordPress/6.9.1; https://fita.staroobrad.ru"
66.249.66.74 - - [18/Aug/2026:02:38:54 +0300] "GET /shop/beginning/charge026000912.shtml HTTP/1.1" 404 31 "-" "Mozilla/5.0 (Linux; Android 6.0.1; Nexus 5X Build/MMB29P) AppleWebKit/537.36 (KHTML, like Gecko) Chrome/151.0.7922.137 Mobile Safari/537.36 (compatible; Googlebot/2.1; +http://www.google.com/bot.html)"
82.148.16.210 - - [18/Aug/2026:02:43:38 +0300] "POST /wp-cron.php?doing_wp_cron=1787010218.9138839244842529296875 HTTP/1.1" 200 31 "-" "WordPress/6.9.1; https://fita.staroobrad.ru"
66.249.78.71 - - [18/Aug/2026:02:43:38 +0300] "GET /shop/attorney/functional249026197.shtml HTTP/1.1" 404 31 "-" "Mozilla/5.0 (Linux; Android 6.0.1; Nexus 5X Build/MMB29P) AppleWebKit/537.36 (KHTML, like Gecko) Chrome/151.0.7922.137 Mobile Safari/537.36 (compatible; GoogleOther)"
82.148.16.210 - - [18/Aug/2026:02:47:21 +0300] "POST /wp-cron.php?doing_wp_cron=1787010441.0654559135437011718750 HTTP/1.1" 200 31 "-" "WordPress/6.9.1; https://fita.staroobrad.ru"
66.249.66.76 - - [18/Aug/2026:02:47:21 +0300] "GET /shop/brave/myth036000558.shtml HTTP/1.1" 404 31 "-" "Mozilla/5.0 (Linux; Android 6.0.1; Nexus 5X Build/MMB29P) AppleWebKit/537.36 (KHTML, like Gecko) Chrome/151.0.7922.137 Mobile Safari/537.36 (compatible; Googlebot/2.1; +http://www.google.com/bot.html)"
66.249.66.203 - - [18/Aug/2026:02:47:41 +0300] "GET /shop/scan/decision026035650.shtml HTTP/1.1" 404 31 "-" "Mozilla/5.0 (compatible; Googlebot/2.1; +http://www.google.com/bot.html)"
82.148.16.210 - - [18/Aug/2026:02:48:56 +0300] "POST /wp-cron.php?doing_wp_cron=1787010536.7933380603790283203125 HTTP/1.1" 200 31 "-" "WordPress/6.9.1; https://fita.staroobrad.ru"
66.249.66.203 - - [18/Aug/2026:02:48:56 +0300] "GET /shop/Mexican/beg091000045.shtml HTTP/1.1" 404 31 "-" "Mozilla/5.0 (compatible; Googlebot/2.1; +http://www.google.com/bot.html)"
82.148.16.210 - - [18/Aug/2026:02:49:50 +0300] "POST /wp-cron.php?doing_wp_cron=1787010590.8024001121520996093750 HTTP/1.1" 200 31 "-" "WordPress/6.9.1; https://fita.staroobrad.ru"
66.249.66.204 - - [18/Aug/2026:02:49:50 +0300] "GET /shop/capability/destroy013000457.shtml HTTP/1.1" 404 31 "-" "Mozilla/5.0 (compatible; Googlebot/2.1; +http://www.google.com/bot.html)"
82.148.16.210 - - [18/Aug/2026:02:50:59 +0300] "POST /wp-cron.php?doing_wp_cron=1787010659.0519969463348388671875 HTTP/1.1" 200 31 "-" "WordPress/6.9.1; https://fita.staroobrad.ru"
46.17.203.169 - - [18/Aug/2026:02:50:59 +0300] "GET / HTTP/1.1" 403 31 "-" "Mozilla/5.0 (compatible; Konturbot/1.2; +http://kontur.ru; cargo@kontur.ru)"
66.249.66.195 - - [18/Aug/2026:02:51:17 +0300] "GET /shop/catch/suburb045002831.shtml HTTP/1.1" 404 31 "-" "Mozilla/5.0 (compatible; Googlebot/2.1; +http://www.google.com/bot.html)"
46.17.204.171 - - [18/Aug/2026:02:51:53 +0300] "GET /robots.txt HTTP/1.1" 301 162 "-" "Mozilla/5.0 (compatible; Konturbot/1.2; +http://kontur.ru; cargo@kontur.ru)"
46.17.204.171 - - [18/Aug/2026:02:51:53 +0300] "GET / HTTP/1.1" 301 162 "-" "Mozilla/5.0 (compatible; Konturbot/1.2; +http://kontur.ru; cargo@kontur.ru)"
82.148.16.210 - - [18/Aug/2026:02:51:53 +0300] "POST /wp-cron.php?doing_wp_cron=1787010713.7060511112213134765625 HTTP/1.1" 200 31 "-" "WordPress/6.9.1; https://fita.staroobrad.ru"
46.17.204.171 - - [18/Aug/2026:02:51:53 +0300] "GET / HTTP/1.1" 403 31 "-" "Mozilla/5.0 (compatible; Konturbot/1.2; +http://kontur.ru; cargo@kontur.ru)"
82.148.16.210 - - [18/Aug/2026:02:55:25 +0300] "POST /wp-cron.php?doing_wp_cron=1787010924.9909050464630126953125 HTTP/1.1" 200 31 "-" "WordPress/6.9.1; https://fita.staroobrad.ru"
66.249.66.38 - - [18/Aug/2026:02:55:25 +0300] "GET /shop/scholar/scream032000332.shtml HTTP/1.1" 404 31 "-" "Mozilla/5.0 (Linux; Android 6.0.1; Nexus 5X Build/MMB29P) AppleWebKit/537.36 (KHTML, like Gecko) Chrome/151.0.7922.137 Mobile Safari/537.36 (compatible; Googlebot/2.1; +http://www.google.com/bot.html)"
82.148.16.210 - - [18/Aug/2026:02:56:31 +0300] "POST /wp-cron.php?doing_wp_cron=1787010991.0933790206909179687500 HTTP/1.1" 200 31 "-" "WordPress/6.9.1; https://fita.staroobrad.ru"
66.249.66.37 - - [18/Aug/2026:02:56:31 +0300] "GET /shop/wooden/rather170009210.shtml HTTP/1.1" 404 31 "-" "Mozilla/5.0 (Linux; Android 6.0.1; Nexus 5X Build/MMB29P) AppleWebKit/537.36 (KHTML, like Gecko) Chrome/151.0.7922.137 Mobile Safari/537.36 (compatible; Googlebot/2.1; +http://www.google.com/bot.html)"
66.249.66.35 - - [18/Aug/2026:02:56:39 +0300] "GET /shop/defendant/fee053004801.shtml HTTP/1.1" 404 31 "-" "Mozilla/5.0 (compatible; Googlebot/2.1; +http://www.google.com/bot.html)"
82.148.16.210 - - [18/Aug/2026:02:56:51 +0300] "POST /wp-cron.php?doing_wp_cron=1787011011.5613811016082763671875 HTTP/1.1" 200 31 "-" "WordPress/6.9.1; https://fita.staroobrad.ru"
66.249.66.74 - - [18/Aug/2026:02:56:51 +0300] "GET /shop/freshman/provision256005566.shtml HTTP/1.1" 404 31 "-" "Mozilla/5.0 (Linux; Android 6.0.1; Nexus 5X Build/MMB29P) AppleWebKit/537.36 (KHTML, like Gecko) Chrome/151.0.7922.137 Mobile Safari/537.36 (compatible; Googlebot/2.1; +http://www.google.com/bot.html)"
66.249.66.74 - - [18/Aug/2026:03:01:51 +0300] "GET /r/item/deal/f58701132214901.html HTTP/1.1" 404 3 "-" "Mozilla/5.0 (Linux; Android 6.0.1; Nexus 5X Build/MMB29P) AppleWebKit/537.36 (KHTML, like Gecko) Chrome/151.0.7922.137 Mobile Safari/537.36 (compatible; Googlebot/2.1; +http://www.google.com/bot.html)"
82.148.16.210 - - [18/Aug/2026:03:03:04 +0300] "POST /wp-cron.php?doing_wp_cron=1787011384.4390909671783447265625 HTTP/1.1" 200 31 "-" "WordPress/6.9.1; https://fita.staroobrad.ru"
66.249.92.140 - - [18/Aug/2026:03:03:04 +0300] "GET /shopdetail/364/115229841.shtm HTTP/1.1" 403 31 "-" "Mozilla/5.0 (X11; Linux x86_64) AppleWebKit/537.36 (KHTML, like Gecko) Chrome/151.0.7922.108 Safari/537.36"
82.148.16.210 - - [18/Aug/2026:03:05:56 +0300] "POST /wp-cron.php?doing_wp_cron=1787011556.7559669017791748046875 HTTP/1.1" 200 31 "-" "WordPress/6.9.1; https://fita.staroobrad.ru"
66.249.78.69 - - [18/Aug/2026:03:05:56 +0300] "GET /shop/ethnic/unprecedented046000178.shtml HTTP/1.1" 404 31 "-" "Mozilla/5.0 (Linux; Android 6.0.1; Nexus 5X Build/MMB29P) AppleWebKit/537.36 (KHTML, like Gecko) Chrome/151.0.7922.137 Mobile Safari/537.36 (compatible; Googlebot/2.1; +http://www.google.com/bot.html)"
82.148.16.210 - - [18/Aug/2026:03:07:59 +0300] "POST /wp-cron.php?doing_wp_cron=1787011679.0864291191101074218750 HTTP/1.1" 200 31 "-" "WordPress/6.9.1; https://fita.staroobrad.ru"
66.249.78.71 - - [18/Aug/2026:03:07:59 +0300] "GET /shop/park/knife170023118.shtml HTTP/1.1" 404 31 "-" "Mozilla/5.0 (Linux; Android 6.0.1; Nexus 5X Build/MMB29P) AppleWebKit/537.36 (KHTML, like Gecko) Chrome/151.0.7922.137 Mobile Safari/537.36 (compatible; Googlebot/2.1; +http://www.google.com/bot.html)"
66.249.66.202 - - [18/Aug/2026:03:08:50 +0300] "GET /r/item/markdown/ca10e1129964301.html HTTP/1.1" 404 3 "-" "Mozilla/5.0 (Linux; Android 6.0.1; Nexus 5X Build/MMB29P) AppleWebKit/537.36 (KHTML, like Gecko) Chrome/151.0.7922.137 Mobile Safari/537.36 (compatible; Googlebot/2.1; +http://www.google.com/bot.html)"
82.148.16.210 - - [18/Aug/2026:03:09:08 +0300] "POST /wp-cron.php?doing_wp_cron=1787011748.2881519794464111328125 HTTP/1.1" 200 31 "-" "WordPress/6.9.1; https://fita.staroobrad.ru"
66.249.78.70 - - [18/Aug/2026:03:09:08 +0300] "GET /shopdetail/135/11547261.shtm HTTP/1.1" 404 31 "-" "Mozilla/5.0 (Linux; Android 6.0.1; Nexus 5X Build/MMB29P) AppleWebKit/537.36 (KHTML, like Gecko) Chrome/151.0.7922.137 Mobile Safari/537.36 (compatible; Googlebot/2.1; +http://www.google.com/bot.html)"
82.148.16.210 - - [18/Aug/2026:03:09:50 +0300] "POST /wp-cron.php?doing_wp_cron=1787011790.5518510341644287109375 HTTP/1.1" 200 31 "-" "WordPress/6.9.1; https://fita.staroobrad.ru"
66.249.66.37 - - [18/Aug/2026:03:09:50 +0300] "GET /shop/dog/execution206023360.shtml HTTP/1.1" 404 31 "-" "Mozilla/5.0 (compatible; Googlebot/2.1; +http://www.google.com/bot.html)"
82.148.16.210 - - [18/Aug/2026:03:12:08 +0300] "POST /wp-cron.php?doing_wp_cron=1787011928.9348158836364746093750 HTTP/1.1" 200 31 "-" "WordPress/6.9.1; https://fita.staroobrad.ru"
66.249.66.205 - - [18/Aug/2026:03:12:08 +0300] "GET /shop/corporate/residence059010875.shtml HTTP/1.1" 404 31 "-" "Mozilla/5.0 (compatible; Googlebot/2.1; +http://www.google.com/bot.html)"
66.249.66.202 - - [18/Aug/2026:03:12:09 +0300] "GET /shop/corporate/residence059010875.shtml HTTP/1.1" 404 31 "-" "Mozilla/5.0 (Linux; Android 6.0.1; Nexus 5X Build/MMB29P) AppleWebKit/537.36 (KHTML, like Gecko) Chrome/151.0.7922.137 Mobile Safari/537.36 (compatible; Googlebot/2.1; +http://www.google.com/bot.html)"
66.249.66.203 - - [18/Aug/2026:03:12:23 +0300] "GET /shop/aesthetic/fatal052000638.shtml HTTP/1.1" 404 31 "-" "Mozilla/5.0 (Linux; Android 6.0.1; Nexus 5X Build/MMB29P) AppleWebKit/537.36 (KHTML, like Gecko) Chrome/151.0.7922.137 Mobile Safari/537.36 (compatible; Googlebot/2.1; +http://www.google.com/bot.html)"
82.148.16.210 - - [18/Aug/2026:03:13:25 +0300] "POST /wp-cron.php?doing_wp_cron=1787012005.2398200035095214843750 HTTP/1.1" 200 31 "-" "WordPress/6.9.1; https://fita.staroobrad.ru"
66.249.66.36 - - [18/Aug/2026:03:13:25 +0300] "GET /m16023572961 HTTP/1.1" 404 31 "-" "Mozilla/5.0 (Linux; Android 6.0.1; Nexus 5X Build/MMB29P) AppleWebKit/537.36 (KHTML, like Gecko) Chrome/151.0.7922.137 Mobile Safari/537.36 (compatible; Googlebot/2.1; +http://www.google.com/bot.html)"
82.148.16.210 - - [18/Aug/2026:03:15:03 +0300] "POST /wp-cron.php?doing_wp_cron=1787012102.9750139713287353515625 HTTP/1.1" 200 31 "-" "WordPress/6.9.1; https://fita.staroobrad.ru"
66.249.66.36 - - [18/Aug/2026:03:15:03 +0300] "GET /m35650141855 HTTP/1.1" 404 31 "-" "Mozilla/5.0 (compatible; Googlebot/2.1; +http://www.google.com/bot.html)"
66.249.78.71 - - [18/Aug/2026:03:15:50 +0300] "GET /r/item/quantity-discount/18baf1136113001.html HTTP/1.1" 404 3 "-" "Mozilla/5.0 (Linux; Android 6.0.1; Nexus 5X Build/MMB29P) AppleWebKit/537.36 (KHTML, like Gecko) Chrome/151.0.7922.137 Mobile Safari/537.36 (compatible; Googlebot/2.1; +http://www.google.com/bot.html)"
82.148.16.210 - - [18/Aug/2026:03:17:06 +0300] "POST /wp-cron.php?doing_wp_cron=1787012226.1285378932952880859375 HTTP/1.1" 200 31 "-" "WordPress/6.9.1; https://fita.staroobrad.ru"
66.249.66.202 - - [18/Aug/2026:03:17:06 +0300] "GET /shopdetail/285/11573643.shtm HTTP/1.1" 404 31 "-" "Mozilla/5.0 (Linux; Android 6.0.1; Nexus 5X Build/MMB29P) AppleWebKit/537.36 (KHTML, like Gecko) Chrome/151.0.7922.137 Mobile Safari/537.36 (compatible; Googlebot/2.1; +http://www.google.com/bot.html)"
66.249.78.69 - - [18/Aug/2026:03:17:06 +0300] "GET /shopdetail/285/11573643.shtm HTTP/1.1" 404 31 "-" "Mozilla/5.0 (compatible; Googlebot/2.1; +http://www.google.com/bot.html)"
66.249.66.74 - - [18/Aug/2026:03:17:24 +0300] "GET /m79543264413 HTTP/1.1" 404 31 "-" "Mozilla/5.0 (Linux; Android 6.0.1; Nexus 5X Build/MMB29P) AppleWebKit/537.36 (KHTML, like Gecko) Chrome/151.0.7922.137 Mobile Safari/537.36 (compatible; Googlebot/2.1; +http://www.google.com/bot.html)"
66.249.66.76 - - [18/Aug/2026:03:17:25 +0300] "GET /m79543264413 HTTP/1.1" 404 31 "-" "Mozilla/5.0 (compatible; Googlebot/2.1; +http://www.google.com/bot.html)"
82.148.16.210 - - [18/Aug/2026:03:24:51 +0300] "POST /wp-cron.php?doing_wp_cron=1787012691.1357181072235107421875 HTTP/1.1" 200 31 "-" "WordPress/6.9.1; https://fita.staroobrad.ru"
20.250.13.23 - - [18/Aug/2026:03:24:51 +0300] "GET / HTTP/1.1" 403 31 "-" "Mozilla/5.0 (Windows NT 10.0; Win64; x64) AppleWebKit/537.36 (KHTML, like Gecko) Chrome/120.0.0.0 Safari/537.36"
43.159.149.216 - - [18/Aug/2026:03:25:25 +0300] "GET / HTTP/1.1" 301 162 "-" "Mozilla/5.0 (iPhone; CPU iPhone OS 13_2_3 like Mac OS X) AppleWebKit/605.1.15 (KHTML, like Gecko) Version/13.0.3 Mobile/15E148 Safari/604.1"
43.159.149.216 - - [18/Aug/2026:03:25:28 +0300] "GET / HTTP/1.1" 403 31 "http://fita.staroobrad.ru" "Mozilla/5.0 (iPhone; CPU iPhone OS 13_2_3 like Mac OS X) AppleWebKit/605.1.15 (KHTML, like Gecko) Version/13.0.3 Mobile/15E148 Safari/604.1"
82.148.16.210 - - [18/Aug/2026:03:25:52 +0300] "POST /wp-cron.php?doing_wp_cron=1787012752.7547540664672851562500 HTTP/1.1" 200 31 "-" "WordPress/6.9.1; https://fita.staroobrad.ru"
