66.249.66.75 - - [18/Aug/2026:14:04:20 +0300] "GET /shop/pill/citizenship152007534.shtml HTTP/1.1" 404 3791 "-" "Mozilla/5.0 (Linux; Android 6.0.1; Nexus 5X Build/MMB29P) AppleWebKit/537.36 (KHTML, like Gecko) Chrome/151.0.7922.137 Mobile Safari/537.36 (compatible; Googlebot/2.1; +http://www.google.com/bot.html)"
66.249.66.75 - - [18/Aug/2026:14:04:21 +0300] "GET /shop/impress/presidential281019111.shtml HTTP/1.1" 404 3790 "-" "Mozilla/5.0 (Linux; Android 6.0.1; Nexus 5X Build/MMB29P) AppleWebKit/537.36 (KHTML, like Gecko) Chrome/151.0.7922.137 Mobile Safari/537.36 (compatible; Googlebot/2.1; +http://www.google.com/bot.html)"
66.249.78.69 - - [18/Aug/2026:14:04:21 +0300] "GET /shop/software/ago282028910.shtml HTTP/1.1" 404 3790 "-" "Mozilla/5.0 (Linux; Android 6.0.1; Nexus 5X Build/MMB29P) AppleWebKit/537.36 (KHTML, like Gecko) Chrome/151.0.7922.137 Mobile Safari/537.36 (compatible; Googlebot/2.1; +http://www.google.com/bot.html)"
82.148.16.210 - - [18/Aug/2026:14:06:46 +0300] "POST /wp-cron.php?doing_wp_cron=1787051206.6993100643157958984375 HTTP/1.1" 200 31 "-" "WordPress/6.9.1; https://fita.staroobrad.ru"
66.249.78.70 - - [18/Aug/2026:14:06:46 +0300] "GET /?thread/120001083 HTTP/1.1" 301 5 "-" "Mozilla/5.0 (Linux; Android 6.0.1; Nexus 5X Build/MMB29P) AppleWebKit/537.36 (KHTML, like Gecko) Chrome/151.0.7922.137 Mobile Safari/537.36 (compatible; Googlebot/2.1; +http://www.google.com/bot.html)"
66.249.78.69 - - [18/Aug/2026:14:06:47 +0300] "GET /?thread%2F120001083 HTTP/1.1" 404 31 "-" "Mozilla/5.0 (Linux; Android 6.0.1; Nexus 5X Build/MMB29P) AppleWebKit/537.36 (KHTML, like Gecko) Chrome/151.0.7922.137 Mobile Safari/537.36 (compatible; Googlebot/2.1; +http://www.google.com/bot.html)"
82.148.16.210 - - [18/Aug/2026:14:06:49 +0300] "POST /wp-cron.php?doing_wp_cron=1787051209.6982479095458984375000 HTTP/1.1" 200 31 "-" "WordPress/6.9.1; https://fita.staroobrad.ru"
66.249.92.138 - - [18/Aug/2026:14:06:49 +0300] "GET /shopdetail/364/115229841.shtm HTTP/1.1" 404 3791 "-" "Mozilla/5.0 (X11; Linux x86_64) AppleWebKit/537.36 (KHTML, like Gecko) Chrome/151.0.7922.108 Safari/537.36"
82.148.16.210 - - [18/Aug/2026:14:08:11 +0300] "POST /wp-cron.php?doing_wp_cron=1787051291.9190170764923095703125 HTTP/1.1" 200 31 "-" "WordPress/6.9.1; https://fita.staroobrad.ru"
66.249.66.202 - - [18/Aug/2026:14:08:11 +0300] "GET /737245364 HTTP/1.1" 404 3790 "-" "Mozilla/5.0 (compatible; Googlebot/2.1; +http://www.google.com/bot.html)"
82.148.16.210 - - [18/Aug/2026:14:11:21 +0300] "POST /wp-cron.php?doing_wp_cron=1787051481.5499958992004394531250 HTTP/1.1" 200 31 "-" "WordPress/6.9.1; https://fita.staroobrad.ru"
66.249.78.69 - - [18/Aug/2026:14:11:21 +0300] "GET /shop/own/pack065002201.shtml HTTP/1.1" 404 3788 "-" "Mozilla/5.0 (Linux; Android 6.0.1; Nexus 5X Build/MMB29P) AppleWebKit/537.36 (KHTML, like Gecko) Chrome/151.0.7922.137 Mobile Safari/537.36 (compatible; Googlebot/2.1; +http://www.google.com/bot.html)"
66.249.66.75 - - [18/Aug/2026:14:11:23 +0300] "GET /54833226 HTTP/1.1" 404 3789 "-" "Mozilla/5.0 (Linux; Android 6.0.1; Nexus 5X Build/MMB29P) AppleWebKit/537.36 (KHTML, like Gecko) Chrome/151.0.7922.137 Mobile Safari/537.36 (compatible; Googlebot/2.1; +http://www.google.com/bot.html)"
82.148.16.210 - - [18/Aug/2026:14:13:33 +0300] "POST /wp-cron.php?doing_wp_cron=1787051613.4336440563201904296875 HTTP/1.1" 200 31 "-" "WordPress/6.9.1; https://fita.staroobrad.ru"
66.249.78.69 - - [18/Aug/2026:14:13:33 +0300] "GET /shop/court/tackle218006324.shtml HTTP/1.1" 404 3791 "-" "Mozilla/5.0 (compatible; Googlebot/2.1; +http://www.google.com/bot.html)"
66.249.78.71 - - [18/Aug/2026:14:13:33 +0300] "GET /shop/court/tackle218006324.shtml HTTP/1.1" 404 3791 "-" "Mozilla/5.0 (Linux; Android 6.0.1; Nexus 5X Build/MMB29P) AppleWebKit/537.36 (KHTML, like Gecko) Chrome/151.0.7922.137 Mobile Safari/537.36 (compatible; Googlebot/2.1; +http://www.google.com/bot.html)"
82.148.16.210 - - [18/Aug/2026:14:14:06 +0300] "POST /wp-cron.php?doing_wp_cron=1787051646.6807889938354492187500 HTTP/1.1" 200 31 "-" "WordPress/6.9.1; https://fita.staroobrad.ru"
66.249.66.75 - - [18/Aug/2026:14:14:06 +0300] "GET /?jp/163048142.html HTTP/1.1" 301 5 "-" "Mozilla/5.0 (Linux; Android 6.0.1; Nexus 5X Build/MMB29P) AppleWebKit/537.36 (KHTML, like Gecko) Chrome/151.0.7922.137 Mobile Safari/537.36 (compatible; GoogleOther)"
66.249.66.75 - - [18/Aug/2026:14:14:23 +0300] "GET /?jp%2F163048142_html HTTP/1.1" 404 31 "-" "Mozilla/5.0 (Linux; Android 6.0.1; Nexus 5X Build/MMB29P) AppleWebKit/537.36 (KHTML, like Gecko) Chrome/151.0.7922.137 Mobile Safari/537.36 (compatible; GoogleOther)"
66.249.66.41 - - [18/Aug/2026:14:17:43 +0300] "GET /r/item/gamification/4b3b91943269502.html HTTP/1.1" 404 3 "-" "Mozilla/5.0 (Linux; Android 6.0.1; Nexus 5X Build/MMB29P) AppleWebKit/537.36 (KHTML, like Gecko) Chrome/151.0.7922.137 Mobile Safari/537.36 (compatible; Googlebot/2.1; +http://www.google.com/bot.html)"
82.148.16.210 - - [18/Aug/2026:14:17:47 +0300] "POST /wp-cron.php?doing_wp_cron=1787051867.1766180992126464843750 HTTP/1.1" 200 31 "-" "WordPress/6.9.1; https://fita.staroobrad.ru"
66.249.78.70 - - [18/Aug/2026:14:17:47 +0300] "GET /shop/asleep/resume177014473.shtml HTTP/1.1" 404 3791 "-" "Mozilla/5.0 (Linux; Android 6.0.1; Nexus 5X Build/MMB29P) AppleWebKit/537.36 (KHTML, like Gecko) Chrome/151.0.7922.137 Mobile Safari/537.36 (compatible; Googlebot/2.1; +http://www.google.com/bot.html)"
66.249.66.44 - - [18/Aug/2026:14:17:48 +0300] "GET /shop/customer/Greek056038250.shtml HTTP/1.1" 404 3791 "-" "Mozilla/5.0 (Linux; Android 6.0.1; Nexus 5X Build/MMB29P) AppleWebKit/537.36 (KHTML, like Gecko) Chrome/151.0.7922.137 Mobile Safari/537.36 (compatible; Googlebot/2.1; +http://www.google.com/bot.html)"
82.148.16.210 - - [18/Aug/2026:14:17:58 +0300] "POST /wp-cron.php?doing_wp_cron=1787051878.5928230285644531250000 HTTP/1.1" 200 31 "-" "WordPress/6.9.1; https://fita.staroobrad.ru"
66.249.78.69 - - [18/Aug/2026:14:17:58 +0300] "GET /3945143 HTTP/1.1" 404 3791 "-" "Mozilla/5.0 (Linux; Android 6.0.1; Nexus 5X Build/MMB29P) AppleWebKit/537.36 (KHTML, like Gecko) Chrome/151.0.7922.137 Mobile Safari/537.36 (compatible; Googlebot/2.1; +http://www.google.com/bot.html)"
82.148.16.210 - - [18/Aug/2026:14:19:04 +0300] "POST /wp-cron.php?doing_wp_cron=1787051944.7336139678955078125000 HTTP/1.1" 200 31 "-" "WordPress/6.9.1; https://fita.staroobrad.ru"
66.249.78.69 - - [18/Aug/2026:14:19:04 +0300] "GET /shop/participate/repeat076000768.shtml HTTP/1.1" 404 3791 "-" "Mozilla/5.0 (Linux; Android 6.0.1; Nexus 5X Build/MMB29P) AppleWebKit/537.36 (KHTML, like Gecko) Chrome/151.0.7922.137 Mobile Safari/537.36 (compatible; Googlebot/2.1; +http://www.google.com/bot.html)"
66.249.78.69 - - [18/Aug/2026:14:19:05 +0300] "GET /shop/participate/repeat076000768.shtml HTTP/1.1" 404 3790 "-" "Mozilla/5.0 (compatible; Googlebot/2.1; +http://www.google.com/bot.html)"
66.249.66.75 - - [18/Aug/2026:14:19:12 +0300] "GET /shop/question/galaxy212021028.shtml HTTP/1.1" 404 3790 "-" "Mozilla/5.0 (compatible; Googlebot/2.1; +http://www.google.com/bot.html)"
82.148.16.210 - - [18/Aug/2026:14:21:05 +0300] "POST /wp-cron.php?doing_wp_cron=1787052065.7628519535064697265625 HTTP/1.1" 200 31 "-" "WordPress/6.9.1; https://fita.staroobrad.ru"
66.249.78.70 - - [18/Aug/2026:14:21:05 +0300] "GET /shopdetail/135/11514690.shtm HTTP/1.1" 404 3789 "-" "Mozilla/5.0 (Linux; Android 6.0.1; Nexus 5X Build/MMB29P) AppleWebKit/537.36 (KHTML, like Gecko) Chrome/151.0.7922.137 Mobile Safari/537.36 (compatible; Googlebot/2.1; +http://www.google.com/bot.html)"
66.249.66.204 - - [18/Aug/2026:14:21:06 +0300] "GET /shopdetail/135/11514690.shtm HTTP/1.1" 404 3790 "-" "Mozilla/5.0 (compatible; Googlebot/2.1; +http://www.google.com/bot.html)"
45.91.238.90 - - [18/Aug/2026:14:21:46 +0300] "GET / HTTP/1.1" 403 31 "-" "Mozilla/5.0 (Windows NT 10.0; Win64; x64) AppleWebKit/537.36 (KHTML, like Gecko) Chrome/120.0.0.0 Safari/537.36"
82.148.16.210 - - [18/Aug/2026:14:24:50 +0300] "POST /wp-cron.php?doing_wp_cron=1787052290.7118470668792724609375 HTTP/1.1" 200 31 "-" "WordPress/6.9.1; https://fita.staroobrad.ru"
66.249.66.75 - - [18/Aug/2026:14:24:50 +0300] "GET /shop/rip/his245007391.shtml HTTP/1.1" 404 3790 "-" "Mozilla/5.0 (Linux; Android 6.0.1; Nexus 5X Build/MMB29P) AppleWebKit/537.36 (KHTML, like Gecko) Chrome/151.0.7922.137 Mobile Safari/537.36 (compatible; Googlebot/2.1; +http://www.google.com/bot.html)"
66.249.66.74 - - [18/Aug/2026:14:24:51 +0300] "GET /shop/aspect/shopbrand279014907.shtml HTTP/1.1" 404 3789 "-" "Mozilla/5.0 (Linux; Android 6.0.1; Nexus 5X Build/MMB29P) AppleWebKit/537.36 (KHTML, like Gecko) Chrome/151.0.7922.137 Mobile Safari/537.36 (compatible; Googlebot/2.1; +http://www.google.com/bot.html)"
66.249.78.69 - - [18/Aug/2026:14:24:51 +0300] "GET /shop/immediate/wish164019480.shtml HTTP/1.1" 404 3789 "-" "Mozilla/5.0 (Linux; Android 6.0.1; Nexus 5X Build/MMB29P) AppleWebKit/537.36 (KHTML, like Gecko) Chrome/151.0.7922.137 Mobile Safari/537.36 (compatible; Googlebot/2.1; +http://www.google.com/bot.html)"
82.148.16.210 - - [18/Aug/2026:14:25:59 +0300] "POST /wp-cron.php?doing_wp_cron=1787052359.6153779029846191406250 HTTP/1.1" 200 31 "-" "WordPress/6.9.1; https://fita.staroobrad.ru"
66.249.78.70 - - [18/Aug/2026:14:25:59 +0300] "GET /shop/bay/proof135014387.shtml HTTP/1.1" 404 3791 "-" "Mozilla/5.0 (compatible; Googlebot/2.1; +http://www.google.com/bot.html)"
82.148.16.210 - - [18/Aug/2026:14:30:06 +0300] "POST /wp-cron.php?doing_wp_cron=1787052606.1595900058746337890625 HTTP/1.1" 200 31 "-" "WordPress/6.9.1; https://fita.staroobrad.ru"
66.249.78.71 - - [18/Aug/2026:14:30:06 +0300] "GET /shop/most/safe010015310.shtml HTTP/1.1" 404 3792 "-" "Mozilla/5.0 (compatible; Googlebot/2.1; +http://www.google.com/bot.html)"
82.148.16.210 - - [18/Aug/2026:14:31:54 +0300] "POST /wp-cron.php?doing_wp_cron=1787052714.4091761112213134765625 HTTP/1.1" 200 31 "-" "WordPress/6.9.1; https://fita.staroobrad.ru"
66.249.66.74 - - [18/Aug/2026:14:31:54 +0300] "GET /?officer/136010241 HTTP/1.1" 301 5 "-" "Mozilla/5.0 (Linux; Android 6.0.1; Nexus 5X Build/MMB29P) AppleWebKit/537.36 (KHTML, like Gecko) Chrome/151.0.7922.137 Mobile Safari/537.36 (compatible; Googlebot/2.1; +http://www.google.com/bot.html)"
66.249.66.76 - - [18/Aug/2026:14:31:55 +0300] "GET /?officer%2F136010241 HTTP/1.1" 404 31 "-" "Mozilla/5.0 (Linux; Android 6.0.1; Nexus 5X Build/MMB29P) AppleWebKit/537.36 (KHTML, like Gecko) Chrome/151.0.7922.137 Mobile Safari/537.36 (compatible; Googlebot/2.1; +http://www.google.com/bot.html)"
66.249.78.69 - - [18/Aug/2026:14:32:24 +0300] "GET /shop/action/examine046000138.shtml HTTP/1.1" 404 3790 "-" "Mozilla/5.0 (compatible; Googlebot/2.1; +http://www.google.com/bot.html)"
66.249.78.69 - - [18/Aug/2026:14:32:24 +0300] "GET /shop/action/examine046000138.shtml HTTP/1.1" 404 3790 "-" "Mozilla/5.0 (Linux; Android 6.0.1; Nexus 5X Build/MMB29P) AppleWebKit/537.36 (KHTML, like Gecko) Chrome/151.0.7922.137 Mobile Safari/537.36 (compatible; Googlebot/2.1; +http://www.google.com/bot.html)"
82.148.16.210 - - [18/Aug/2026:14:32:55 +0300] "POST /wp-cron.php?doing_wp_cron=1787052775.4924349784851074218750 HTTP/1.1" 200 31 "-" "WordPress/6.9.1; https://fita.staroobrad.ru"
66.249.66.74 - - [18/Aug/2026:14:32:55 +0300] "GET /shop/narrative/reverse040004920.shtml HTTP/1.1" 404 3792 "-" "Mozilla/5.0 (Linux; Android 6.0.1; Nexus 5X Build/MMB29P) AppleWebKit/537.36 (KHTML, like Gecko) Chrome/151.0.7922.137 Mobile Safari/537.36 (compatible; Googlebot/2.1; +http://www.google.com/bot.html)"
82.148.16.210 - - [18/Aug/2026:14:34:20 +0300] "POST /wp-cron.php?doing_wp_cron=1787052860.7110409736633300781250 HTTP/1.1" 200 31 "-" "WordPress/6.9.1; https://fita.staroobrad.ru"
135.181.3.246 - - [18/Aug/2026:14:34:20 +0300] "GET /?spread/181025850 HTTP/1.1" 301 5 "-" "Mozilla/5.0 (compatible; SERankingBacklinksBot/1.0; +https://seranking.com/backlinks-crawler)"
135.181.3.246 - - [18/Aug/2026:14:34:20 +0300] "GET /?spread%2F181025850 HTTP/1.1" 403 31 "-" "Mozilla/5.0 (compatible; SERankingBacklinksBot/1.0; +https://seranking.com/backlinks-crawler)"
82.148.16.210 - - [18/Aug/2026:14:36:33 +0300] "POST /wp-cron.php?doing_wp_cron=1787052992.9096329212188720703125 HTTP/1.1" 200 31 "-" "WordPress/6.9.1; https://fita.staroobrad.ru"
66.249.66.76 - - [18/Aug/2026:14:36:33 +0300] "GET /shop/screen/somebody004010878.shtml HTTP/1.1" 404 3794 "-" "Mozilla/5.0 (Linux; Android 6.0.1; Nexus 5X Build/MMB29P) AppleWebKit/537.36 (KHTML, like Gecko) Chrome/151.0.7922.137 Mobile Safari/537.36 (compatible; Googlebot/2.1; +http://www.google.com/bot.html)"
82.148.16.210 - - [18/Aug/2026:14:37:03 +0300] "POST /wp-cron.php?doing_wp_cron=1787053023.9072570800781250000000 HTTP/1.1" 200 31 "-" "WordPress/6.9.1; https://fita.staroobrad.ru"
66.249.66.74 - - [18/Aug/2026:14:37:03 +0300] "GET /shop/accounting/deeply099008921.shtml HTTP/1.1" 404 3792 "-" "Mozilla/5.0 (compatible; Googlebot/2.1; +http://www.google.com/bot.html)"
66.249.78.69 - - [18/Aug/2026:14:37:06 +0300] "GET /shop/economist/sleeve177033299.shtml HTTP/1.1" 404 3792 "-" "Mozilla/5.0 (Linux; Android 6.0.1; Nexus 5X Build/MMB29P) AppleWebKit/537.36 (KHTML, like Gecko) Chrome/151.0.7922.137 Mobile Safari/537.36 (compatible; GoogleOther)"
82.148.16.210 - - [18/Aug/2026:14:38:59 +0300] "POST /wp-cron.php?doing_wp_cron=1787053138.9350318908691406250000 HTTP/1.1" 200 31 "-" "WordPress/6.9.1; https://fita.staroobrad.ru"
66.249.78.71 - - [18/Aug/2026:14:38:59 +0300] "GET /shop/bunch/happily158025610.shtml HTTP/1.1" 404 3791 "-" "Mozilla/5.0 (Linux; Android 6.0.1; Nexus 5X Build/MMB29P) AppleWebKit/537.36 (KHTML, like Gecko) Chrome/151.0.7922.137 Mobile Safari/537.36 (compatible; Googlebot/2.1; +http://www.google.com/bot.html)"
82.148.16.210 - - [18/Aug/2026:14:40:49 +0300] "POST /wp-cron.php?doing_wp_cron=1787053249.1903209686279296875000 HTTP/1.1" 200 31 "-" "WordPress/6.9.1; https://fita.staroobrad.ru"
66.249.66.76 - - [18/Aug/2026:14:40:49 +0300] "GET /classic/733890115328115.shtm HTTP/1.1" 404 3791 "-" "Mozilla/5.0 (Linux; Android 6.0.1; Nexus 5X Build/MMB29P) AppleWebKit/537.36 (KHTML, like Gecko) Chrome/151.0.7922.137 Mobile Safari/537.36 (compatible; GoogleOther)"
82.148.16.210 - - [18/Aug/2026:14:42:06 +0300] "POST /wp-cron.php?doing_wp_cron=1787053326.4932858943939208984375 HTTP/1.1" 200 31 "-" "WordPress/6.9.1; https://fita.staroobrad.ru"
66.249.66.74 - - [18/Aug/2026:14:42:06 +0300] "GET /shop/presence/not059028577.shtml HTTP/1.1" 404 3792 "-" "Mozilla/5.0 (Linux; Android 6.0.1; Nexus 5X Build/MMB29P) AppleWebKit/537.36 (KHTML, like Gecko) Chrome/151.0.7922.137 Mobile Safari/537.36 (compatible; GoogleOther)"
66.249.78.69 - - [18/Aug/2026:14:45:57 +0300] "GET /692632758 HTTP/1.1" 404 3791 "-" "Mozilla/5.0 (compatible; Googlebot/2.1; +http://www.google.com/bot.html)"
82.148.16.210 - - [18/Aug/2026:14:45:57 +0300] "POST /wp-cron.php?doing_wp_cron=1787053557.6527020931243896484375 HTTP/1.1" 200 31 "-" "WordPress/6.9.1; https://fita.staroobrad.ru"
66.249.66.76 - - [18/Aug/2026:14:45:57 +0300] "GET /692632758 HTTP/1.1" 404 3791 "-" "Mozilla/5.0 (Linux; Android 6.0.1; Nexus 5X Build/MMB29P) AppleWebKit/537.36 (KHTML, like Gecko) Chrome/151.0.7922.137 Mobile Safari/537.36 (compatible; Googlebot/2.1; +http://www.google.com/bot.html)"
82.148.16.210 - - [18/Aug/2026:14:47:03 +0300] "POST /wp-cron.php?doing_wp_cron=1787053623.6194028854370117187500 HTTP/1.1" 200 31 "-" "WordPress/6.9.1; https://fita.staroobrad.ru"
66.249.78.69 - - [18/Aug/2026:14:47:03 +0300] "GET /shop/grocery/entrepreneur250040740.shtml HTTP/1.1" 404 3791 "-" "Mozilla/5.0 (Linux; Android 6.0.1; Nexus 5X Build/MMB29P) AppleWebKit/537.36 (KHTML, like Gecko) Chrome/151.0.7922.137 Mobile Safari/537.36 (compatible; Googlebot/2.1; +http://www.google.com/bot.html)"
82.148.16.210 - - [18/Aug/2026:14:48:42 +0300] "POST /wp-cron.php?doing_wp_cron=1787053722.0236580371856689453125 HTTP/1.1" 200 31 "-" "WordPress/6.9.1; https://fita.staroobrad.ru"
66.249.78.70 - - [18/Aug/2026:14:48:42 +0300] "GET /?annually/127014946 HTTP/1.1" 301 5 "-" "Mozilla/5.0 (Linux; Android 6.0.1; Nexus 5X Build/MMB29P) AppleWebKit/537.36 (KHTML, like Gecko) Chrome/151.0.7922.137 Mobile Safari/537.36 (compatible; GoogleOther)"
82.148.16.210 - - [18/Aug/2026:14:48:56 +0300] "POST /wp-cron.php?doing_wp_cron=1787053736.5337820053100585937500 HTTP/1.1" 200 31 "-" "WordPress/6.9.1; https://fita.staroobrad.ru"
66.249.66.75 - - [18/Aug/2026:14:48:56 +0300] "GET /?annually%2F127014946 HTTP/1.1" 404 31 "-" "Mozilla/5.0 (Linux; Android 6.0.1; Nexus 5X Build/MMB29P) AppleWebKit/537.36 (KHTML, like Gecko) Chrome/151.0.7922.137 Mobile Safari/537.36 (compatible; GoogleOther)"
66.249.78.69 - - [18/Aug/2026:14:49:04 +0300] "GET /shop/mere/neck162032616.shtml HTTP/1.1" 404 3791 "-" "Mozilla/5.0 (Linux; Android 6.0.1; Nexus 5X Build/MMB29P) AppleWebKit/537.36 (KHTML, like Gecko) Chrome/151.0.7922.137 Mobile Safari/537.36 (compatible; Googlebot/2.1; +http://www.google.com/bot.html)"
82.148.16.210 - - [18/Aug/2026:14:57:11 +0300] "POST /wp-cron.php?doing_wp_cron=1787054231.8005568981170654296875 HTTP/1.1" 200 31 "-" "WordPress/6.9.1; https://fita.staroobrad.ru"
66.249.66.76 - - [18/Aug/2026:14:57:11 +0300] "GET /shop/respondent/college087023243.shtml HTTP/1.1" 404 3790 "-" "Mozilla/5.0 (Linux; Android 6.0.1; Nexus 5X Build/MMB29P) AppleWebKit/537.36 (KHTML, like Gecko) Chrome/151.0.7922.137 Mobile Safari/537.36 (compatible; Googlebot/2.1; +http://www.google.com/bot.html)"
66.249.78.69 - - [18/Aug/2026:14:57:40 +0300] "GET /shop/distant/special159001251.shtml HTTP/1.1" 404 3790 "-" "Mozilla/5.0 (Linux; Android 6.0.1; Nexus 5X Build/MMB29P) AppleWebKit/537.36 (KHTML, like Gecko) Chrome/151.0.7922.137 Mobile Safari/537.36 (compatible; Googlebot/2.1; +http://www.google.com/bot.html)"
66.249.78.71 - - [18/Aug/2026:14:59:46 +0300] "GET /r/item/flash-sale/2f606295536301.html HTTP/1.1" 404 3 "-" "Mozilla/5.0 (Linux; Android 6.0.1; Nexus 5X Build/MMB29P) AppleWebKit/537.36 (KHTML, like Gecko) Chrome/151.0.7922.137 Mobile Safari/537.36 (compatible; Googlebot/2.1; +http://www.google.com/bot.html)"
66.249.66.74 - - [18/Aug/2026:15:00:05 +0300] "GET /r/item/flyer/d9ae31138907901.html HTTP/1.1" 404 3 "-" "Mozilla/5.0 (Linux; Android 6.0.1; Nexus 5X Build/MMB29P) AppleWebKit/537.36 (KHTML, like Gecko) Chrome/151.0.7922.137 Mobile Safari/537.36 (compatible; Googlebot/2.1; +http://www.google.com/bot.html)"
82.148.16.210 - - [18/Aug/2026:15:00:17 +0300] "POST /wp-cron.php?doing_wp_cron=1787054417.4428160190582275390625 HTTP/1.1" 200 31 "-" "WordPress/6.9.1; https://fita.staroobrad.ru"
66.249.66.74 - - [18/Aug/2026:15:00:17 +0300] "GET /m28206581178 HTTP/1.1" 404 3791 "-" "Mozilla/5.0 (Linux; Android 6.0.1; Nexus 5X Build/MMB29P) AppleWebKit/537.36 (KHTML, like Gecko) Chrome/151.0.7922.137 Mobile Safari/537.36 (compatible; GoogleOther)"
82.148.16.210 - - [18/Aug/2026:15:02:06 +0300] "POST /wp-cron.php?doing_wp_cron=1787054526.2585380077362060546875 HTTP/1.1" 200 31 "-" "WordPress/6.9.1; https://fita.staroobrad.ru"
66.249.66.74 - - [18/Aug/2026:15:02:06 +0300] "GET /shop/here/several090000212.shtml HTTP/1.1" 404 3791 "-" "Mozilla/5.0 (Linux; Android 6.0.1; Nexus 5X Build/MMB29P) AppleWebKit/537.36 (KHTML, like Gecko) Chrome/151.0.7922.137 Mobile Safari/537.36 (compatible; Googlebot/2.1; +http://www.google.com/bot.html)"
66.249.66.74 - - [18/Aug/2026:15:03:45 +0300] "GET /r/item/upsell/7bc8a1137250501.html HTTP/1.1" 404 3 "-" "Mozilla/5.0 (Linux; Android 6.0.1; Nexus 5X Build/MMB29P) AppleWebKit/537.36 (KHTML, like Gecko) Chrome/151.0.7922.137 Mobile Safari/537.36 (compatible; Googlebot/2.1; +http://www.google.com/bot.html)"
66.249.66.74 - - [18/Aug/2026:15:03:45 +0300] "GET /r/item/free-gift-with-purchase/bd3551132245501.html HTTP/1.1" 404 3 "-" "Mozilla/5.0 (Linux; Android 6.0.1; Nexus 5X Build/MMB29P) AppleWebKit/537.36 (KHTML, like Gecko) Chrome/151.0.7922.137 Mobile Safari/537.36 (compatible; Googlebot/2.1; +http://www.google.com/bot.html)"
82.148.16.210 - - [18/Aug/2026:15:04:07 +0300] "POST /wp-cron.php?doing_wp_cron=1787054647.2571339607238769531250 HTTP/1.1" 200 31 "-" "WordPress/6.9.1; https://fita.staroobrad.ru"
66.249.78.69 - - [18/Aug/2026:15:04:07 +0300] "GET /shop/single/interested085031279.shtml HTTP/1.1" 404 3790 "-" "Mozilla/5.0 (Linux; Android 6.0.1; Nexus 5X Build/MMB29P) AppleWebKit/537.36 (KHTML, like Gecko) Chrome/151.0.7922.137 Mobile Safari/537.36 (compatible; Googlebot/2.1; +http://www.google.com/bot.html)"
66.249.66.74 - - [18/Aug/2026:15:04:07 +0300] "GET /shop/option/by026000912.shtml HTTP/1.1" 404 3790 "-" "Mozilla/5.0 (Linux; Android 6.0.1; Nexus 5X Build/MMB29P) AppleWebKit/537.36 (KHTML, like Gecko) Chrome/151.0.7922.137 Mobile Safari/537.36 (compatible; Googlebot/2.1; +http://www.google.com/bot.html)"
82.148.16.210 - - [18/Aug/2026:15:06:01 +0300] "POST /wp-cron.php?doing_wp_cron=1787054760.9670860767364501953125 HTTP/1.1" 200 31 "-" "WordPress/6.9.1; https://fita.staroobrad.ru"
66.249.66.75 - - [18/Aug/2026:15:06:01 +0300] "GET /shop/sole/address078000764.shtml HTTP/1.1" 404 3791 "-" "Mozilla/5.0 (Linux; Android 6.0.1; Nexus 5X Build/MMB29P) AppleWebKit/537.36 (KHTML, like Gecko) Chrome/151.0.7922.137 Mobile Safari/537.36 (compatible; Googlebot/2.1; +http://www.google.com/bot.html)"
82.148.16.210 - - [18/Aug/2026:15:06:54 +0300] "POST /wp-cron.php?doing_wp_cron=1787054814.4278130531311035156250 HTTP/1.1" 200 31 "-" "WordPress/6.9.1; https://fita.staroobrad.ru"
66.249.78.70 - - [18/Aug/2026:15:06:54 +0300] "GET /shop/cost/birth028006254.shtml HTTP/1.1" 404 3791 "-" "Mozilla/5.0 (Linux; Android 6.0.1; Nexus 5X Build/MMB29P) AppleWebKit/537.36 (KHTML, like Gecko) Chrome/151.0.7922.137 Mobile Safari/537.36 (compatible; Googlebot/2.1; +http://www.google.com/bot.html)"
82.148.16.210 - - [18/Aug/2026:15:08:19 +0300] "POST /wp-cron.php?doing_wp_cron=1787054899.6407549381256103515625 HTTP/1.1" 200 31 "-" "WordPress/6.9.1; https://fita.staroobrad.ru"
66.249.66.75 - - [18/Aug/2026:15:08:19 +0300] "GET /?initiative/050000395 HTTP/1.1" 301 5 "-" "Mozilla/5.0 (compatible; Googlebot/2.1; +http://www.google.com/bot.html)"
66.249.66.74 - - [18/Aug/2026:15:08:20 +0300] "GET /?initiative%2F050000395 HTTP/1.1" 404 31 "-" "Mozilla/5.0 (compatible; Googlebot/2.1; +http://www.google.com/bot.html)"
82.148.16.210 - - [18/Aug/2026:15:09:09 +0300] "POST /wp-cron.php?doing_wp_cron=1787054949.2441771030426025390625 HTTP/1.1" 200 31 "-" "WordPress/6.9.1; https://fita.staroobrad.ru"
66.249.66.74 - - [18/Aug/2026:15:09:09 +0300] "GET /shopdetail/135/115257931.shtm HTTP/1.1" 404 3789 "-" "Mozilla/5.0 (compatible; Googlebot/2.1; +http://www.google.com/bot.html)"
82.148.16.210 - - [18/Aug/2026:15:10:16 +0300] "POST /wp-cron.php?doing_wp_cron=1787055016.2608909606933593750000 HTTP/1.1" 200 31 "-" "WordPress/6.9.1; https://fita.staroobrad.ru"
162.241.152.27 - - [18/Aug/2026:15:10:16 +0300] "GET /wp-login.php HTTP/2.0" 200 3265 "-" "Mozilla/5.0 (Windows NT 10.0; Win64; x64) AppleWebKit/537.36 (KHTML, like Gecko) Chrome/151.0.0.0 Safari/537.36"
162.241.152.27 - - [18/Aug/2026:15:10:16 +0300] "POST /wp-login.php HTTP/2.0" 200 3427 "https://fita.staroobrad.ru/wp-login.php" "Mozilla/5.0 (Windows NT 10.0; Win64; x64) AppleWebKit/537.36 (KHTML, like Gecko) Chrome/151.0.0.0 Safari/537.36"
82.148.16.210 - - [18/Aug/2026:15:11:43 +0300] "POST /wp-cron.php?doing_wp_cron=1787055103.7896289825439453125000 HTTP/1.1" 200 31 "-" "WordPress/6.9.1; https://fita.staroobrad.ru"
66.249.66.76 - - [18/Aug/2026:15:11:43 +0300] "GET /shop/bonus/indicator161031855.shtml HTTP/1.1" 404 3790 "-" "Mozilla/5.0 (Linux; Android 6.0.1; Nexus 5X Build/MMB29P) AppleWebKit/537.36 (KHTML, like Gecko) Chrome/151.0.7922.137 Mobile Safari/537.36 (compatible; GoogleOther)"
82.148.16.210 - - [18/Aug/2026:15:12:10 +0300] "POST /wp-cron.php?doing_wp_cron=1787055130.3544499874114990234375 HTTP/1.1" 200 31 "-" "WordPress/6.9.1; https://fita.staroobrad.ru"
66.249.66.74 - - [18/Aug/2026:15:12:10 +0300] "GET /shop/fish/fly093003055.shtml HTTP/1.1" 404 3788 "-" "Mozilla/5.0 (compatible; Googlebot/2.1; +http://www.google.com/bot.html)"
216.73.216.237 - - [18/Aug/2026:15:12:23 +0300] "GET / HTTP/2.0" 403 20 "-" "Mozilla/5.0 AppleWebKit/537.36 (KHTML, like Gecko; compatible; ClaudeBot/1.0; +claudebot@anthropic.com)"
82.148.16.210 - - [18/Aug/2026:15:13:49 +0300] "POST /wp-cron.php?doing_wp_cron=1787055229.4975030422210693359375 HTTP/1.1" 200 31 "-" "WordPress/6.9.1; https://fita.staroobrad.ru"
95.111.251.70 - - [18/Aug/2026:15:13:49 +0300] "GET /wp-login.php HTTP/2.0" 200 3265 "-" "Mozilla/5.0 (Windows NT 10.0; Win64; x64) AppleWebKit/537.36 (KHTML, like Gecko) Chrome/151.0.0.0 Safari/537.36"
95.111.251.70 - - [18/Aug/2026:15:13:49 +0300] "POST /wp-login.php HTTP/2.0" 200 3427 "https://fita.staroobrad.ru/wp-login.php" "Mozilla/5.0 (Windows NT 10.0; Win64; x64) AppleWebKit/537.36 (KHTML, like Gecko) Chrome/151.0.0.0 Safari/537.36"
216.73.217.1 - - [18/Aug/2026:15:14:07 +0300] "GET /search.php HTTP/2.0" 404 3 "-" "Mozilla/5.0 AppleWebKit/537.36 (KHTML, like Gecko; compatible; ClaudeBot/1.0; +claudebot@anthropic.com)"
66.249.66.74 - - [18/Aug/2026:15:14:18 +0300] "GET /shop/travel/goodscode035049383.shtml HTTP/1.1" 404 3792 "-" "Mozilla/5.0 (Linux; Android 6.0.1; Nexus 5X Build/MMB29P) AppleWebKit/537.36 (KHTML, like Gecko) Chrome/151.0.7922.137 Mobile Safari/537.36 (compatible; Googlebot/2.1; +http://www.google.com/bot.html)"
82.148.16.210 - - [18/Aug/2026:15:15:57 +0300] "POST /wp-cron.php?doing_wp_cron=1787055357.3208289146423339843750 HTTP/1.1" 200 31 "-" "WordPress/6.9.1; https://fita.staroobrad.ru"
66.249.78.69 - - [18/Aug/2026:15:15:57 +0300] "GET /?accessible/093000356 HTTP/1.1" 301 5 "-" "Mozilla/5.0 (compatible; Googlebot/2.1; +http://www.google.com/bot.html)"
66.249.66.76 - - [18/Aug/2026:15:15:58 +0300] "GET /?accessible%2F093000356 HTTP/1.1" 404 31 "-" "Mozilla/5.0 (compatible; Googlebot/2.1; +http://www.google.com/bot.html)"
66.249.66.74 - - [18/Aug/2026:15:16:40 +0300] "GET /m68942152629 HTTP/1.1" 404 3790 "-" "Mozilla/5.0 (Linux; Android 6.0.1; Nexus 5X Build/MMB29P) AppleWebKit/537.36 (KHTML, like Gecko) Chrome/151.0.7922.137 Mobile Safari/537.36 (compatible; Googlebot/2.1; +http://www.google.com/bot.html)"
82.148.16.210 - - [18/Aug/2026:15:17:08 +0300] "POST /wp-cron.php?doing_wp_cron=1787055428.9297149181365966796875 HTTP/1.1" 200 31 "-" "WordPress/6.9.1; https://fita.staroobrad.ru"
66.249.66.74 - - [18/Aug/2026:15:17:08 +0300] "GET /shop/already/president086016508.shtml HTTP/1.1" 404 3790 "-" "Mozilla/5.0 (Linux; Android 6.0.1; Nexus 5X Build/MMB29P) AppleWebKit/537.36 (KHTML, like Gecko) Chrome/151.0.7922.137 Mobile Safari/537.36 (compatible; Googlebot/2.1; +http://www.google.com/bot.html)"
66.249.66.75 - - [18/Aug/2026:15:17:09 +0300] "GET /shop/part/fluid156041706.shtml HTTP/1.1" 404 3790 "-" "Mozilla/5.0 (Linux; Android 6.0.1; Nexus 5X Build/MMB29P) AppleWebKit/537.36 (KHTML, like Gecko) Chrome/151.0.7922.137 Mobile Safari/537.36 (compatible; Googlebot/2.1; +http://www.google.com/bot.html)"
82.148.16.210 - - [18/Aug/2026:15:18:24 +0300] "POST /wp-cron.php?doing_wp_cron=1787055504.6335849761962890625000 HTTP/1.1" 200 31 "-" "WordPress/6.9.1; https://fita.staroobrad.ru"
216.194.122.158 - - [18/Aug/2026:15:18:24 +0300] "GET /wp-login.php HTTP/2.0" 200 3265 "-" "Mozilla/5.0 (Windows NT 10.0; Win64; x64) AppleWebKit/537.36 (KHTML, like Gecko) Chrome/151.0.0.0 Safari/537.36"
216.194.122.158 - - [18/Aug/2026:15:18:25 +0300] "POST /wp-login.php HTTP/2.0" 200 3427 "https://fita.staroobrad.ru/wp-login.php" "Mozilla/5.0 (Windows NT 10.0; Win64; x64) AppleWebKit/537.36 (KHTML, like Gecko) Chrome/151.0.0.0 Safari/537.36"
82.148.16.210 - - [18/Aug/2026:15:20:27 +0300] "POST /wp-cron.php?doing_wp_cron=1787055627.8885440826416015625000 HTTP/1.1" 200 31 "-" "WordPress/6.9.1; https://fita.staroobrad.ru"
216.73.216.40 - - [18/Aug/2026:15:20:27 +0300] "GET / HTTP/2.0" 403 20 "-" "Mozilla/5.0 AppleWebKit/537.36 (KHTML, like Gecko; compatible; ClaudeBot/1.0; +claudebot@anthropic.com)"
82.148.16.210 - - [18/Aug/2026:15:20:56 +0300] "POST /wp-cron.php?doing_wp_cron=1787055656.0634219646453857421875 HTTP/1.1" 200 31 "-" "WordPress/6.9.1; https://fita.staroobrad.ru"
66.249.66.75 - - [18/Aug/2026:15:20:56 +0300] "GET /279877064 HTTP/1.1" 404 3790 "-" "Mozilla/5.0 (compatible; Googlebot/2.1; +http://www.google.com/bot.html)"
66.249.66.74 - - [18/Aug/2026:15:20:57 +0300] "GET /279877064 HTTP/1.1" 404 3790 "-" "Mozilla/5.0 (Linux; Android 6.0.1; Nexus 5X Build/MMB29P) AppleWebKit/537.36 (KHTML, like Gecko) Chrome/151.0.7922.137 Mobile Safari/537.36 (compatible; Googlebot/2.1; +http://www.google.com/bot.html)"
82.148.16.210 - - [18/Aug/2026:15:21:10 +0300] "POST /wp-cron.php?doing_wp_cron=1787055670.4298970699310302734375 HTTP/1.1" 200 31 "-" "WordPress/6.9.1; https://fita.staroobrad.ru"
66.249.78.70 - - [18/Aug/2026:15:21:10 +0300] "GET /shop/buddy/across289038881.shtml HTTP/1.1" 404 3789 "-" "Mozilla/5.0 (Linux; Android 6.0.1; Nexus 5X Build/MMB29P) AppleWebKit/537.36 (KHTML, like Gecko) Chrome/151.0.7922.137 Mobile Safari/537.36 (compatible; Googlebot/2.1; +http://www.google.com/bot.html)"
66.249.78.70 - - [18/Aug/2026:15:21:10 +0300] "GET /shop/hesitate/privately298003174.shtml HTTP/1.1" 404 3789 "-" "Mozilla/5.0 (Linux; Android 6.0.1; Nexus 5X Build/MMB29P) AppleWebKit/537.36 (KHTML, like Gecko) Chrome/151.0.7922.137 Mobile Safari/537.36 (compatible; Googlebot/2.1; +http://www.google.com/bot.html)"
82.148.16.210 - - [18/Aug/2026:15:22:45 +0300] "POST /wp-cron.php?doing_wp_cron=1787055765.8391070365905761718750 HTTP/1.1" 200 31 "-" "WordPress/6.9.1; https://fita.staroobrad.ru"
216.73.216.220 - - [18/Aug/2026:15:22:45 +0300] "GET / HTTP/2.0" 403 20 "-" "Mozilla/5.0 AppleWebKit/537.36 (KHTML, like Gecko; compatible; ClaudeBot/1.0; +claudebot@anthropic.com)"
82.148.16.210 - - [18/Aug/2026:15:24:41 +0300] "POST /wp-cron.php?doing_wp_cron=1787055881.4046969413757324218750 HTTP/1.1" 200 31 "-" "WordPress/6.9.1; https://fita.staroobrad.ru"
66.249.66.76 - - [18/Aug/2026:15:24:41 +0300] "GET /m20652609429 HTTP/1.1" 404 3790 "-" "Mozilla/5.0 (compatible; Googlebot/2.1; +http://www.google.com/bot.html)"
82.148.16.210 - - [18/Aug/2026:15:25:29 +0300] "POST /wp-cron.php?doing_wp_cron=1787055928.9945049285888671875000 HTTP/1.1" 200 31 "-" "WordPress/6.9.1; https://fita.staroobrad.ru"
66.249.78.69 - - [18/Aug/2026:15:25:29 +0300] "GET /?jp/031002735.html HTTP/1.1" 301 5 "-" "Mozilla/5.0 (Linux; Android 6.0.1; Nexus 5X Build/MMB29P) AppleWebKit/537.36 (KHTML, like Gecko) Chrome/151.0.7922.137 Mobile Safari/537.36 (compatible; Googlebot/2.1; +http://www.google.com/bot.html)"
66.249.78.70 - - [18/Aug/2026:15:25:29 +0300] "GET /?jp%2F031002735_html HTTP/1.1" 404 31 "-" "Mozilla/5.0 (Linux; Android 6.0.1; Nexus 5X Build/MMB29P) AppleWebKit/537.36 (KHTML, like Gecko) Chrome/151.0.7922.137 Mobile Safari/537.36 (compatible; Googlebot/2.1; +http://www.google.com/bot.html)"
82.148.16.210 - - [18/Aug/2026:15:26:25 +0300] "POST /wp-cron.php?doing_wp_cron=1787055985.2533590793609619140625 HTTP/1.1" 200 31 "-" "WordPress/6.9.1; https://fita.staroobrad.ru"
66.249.66.75 - - [18/Aug/2026:15:26:25 +0300] "GET /shop/palace/fairly093000871.shtml HTTP/1.1" 404 3790 "-" "Mozilla/5.0 (Linux; Android 6.0.1; Nexus 5X Build/MMB29P) AppleWebKit/537.36 (KHTML, like Gecko) Chrome/151.0.7922.137 Mobile Safari/537.36 (compatible; Googlebot/2.1; +http://www.google.com/bot.html)"
82.148.16.210 - - [18/Aug/2026:15:29:55 +0300] "POST /wp-cron.php?doing_wp_cron=1787056195.8522179126739501953125 HTTP/1.1" 200 31 "-" "WordPress/6.9.1; https://fita.staroobrad.ru"
66.249.66.75 - - [18/Aug/2026:15:29:55 +0300] "GET /shop/company/colleague228012182.shtml HTTP/1.1" 404 3790 "-" "Mozilla/5.0 (Linux; Android 6.0.1; Nexus 5X Build/MMB29P) AppleWebKit/537.36 (KHTML, like Gecko) Chrome/151.0.7922.137 Mobile Safari/537.36 (compatible; Googlebot/2.1; +http://www.google.com/bot.html)"
66.249.78.70 - - [18/Aug/2026:15:30:05 +0300] "GET /shop/despite/uncertain006000354.shtml HTTP/1.1" 404 3790 "-" "Mozilla/5.0 (Linux; Android 6.0.1; Nexus 5X Build/MMB29P) AppleWebKit/537.36 (KHTML, like Gecko) Chrome/151.0.7922.137 Mobile Safari/537.36 (compatible; Googlebot/2.1; +http://www.google.com/bot.html)"
82.148.16.210 - - [18/Aug/2026:15:31:07 +0300] "POST /wp-cron.php?doing_wp_cron=1787056267.0693581104278564453125 HTTP/1.1" 200 31 "-" "WordPress/6.9.1; https://fita.staroobrad.ru"
66.249.66.74 - - [18/Aug/2026:15:31:07 +0300] "GET /shop/over/accident098003146.shtml HTTP/1.1" 404 3790 "-" "Mozilla/5.0 (Linux; Android 6.0.1; Nexus 5X Build/MMB29P) AppleWebKit/537.36 (KHTML, like Gecko) Chrome/151.0.7922.137 Mobile Safari/537.36 (compatible; Googlebot/2.1; +http://www.google.com/bot.html)"
82.148.16.210 - - [18/Aug/2026:15:32:07 +0300] "POST /wp-cron.php?doing_wp_cron=1787056327.6669731140136718750000 HTTP/1.1" 200 31 "-" "WordPress/6.9.1; https://fita.staroobrad.ru"
66.249.78.70 - - [18/Aug/2026:15:32:07 +0300] "GET /shop/trigger/application207027469.shtml HTTP/1.1" 404 3789 "-" "Mozilla/5.0 (Linux; Android 6.0.1; Nexus 5X Build/MMB29P) AppleWebKit/537.36 (KHTML, like Gecko) Chrome/151.0.7922.137 Mobile Safari/537.36 (compatible; Googlebot/2.1; +http://www.google.com/bot.html)"
66.249.66.74 - - [18/Aug/2026:15:32:09 +0300] "GET /shop/sensitive/bicycle184020134.shtml HTTP/1.1" 404 3790 "-" "Mozilla/5.0 (Linux; Android 6.0.1; Nexus 5X Build/MMB29P) AppleWebKit/537.36 (KHTML, like Gecko) Chrome/151.0.7922.137 Mobile Safari/537.36 (compatible; Googlebot/2.1; +http://www.google.com/bot.html)"
82.148.16.210 - - [18/Aug/2026:15:36:00 +0300] "POST /wp-cron.php?doing_wp_cron=1787056560.0060598850250244140625 HTTP/1.1" 200 31 "-" "WordPress/6.9.1; https://fita.staroobrad.ru"
66.249.66.74 - - [18/Aug/2026:15:36:00 +0300] "GET /shop/bless/discourse117017699.shtml HTTP/1.1" 404 3790 "-" "Mozilla/5.0 (Linux; Android 6.0.1; Nexus 5X Build/MMB29P) AppleWebKit/537.36 (KHTML, like Gecko) Chrome/151.0.7922.137 Mobile Safari/537.36 (compatible; Googlebot/2.1; +http://www.google.com/bot.html)"
82.148.16.210 - - [18/Aug/2026:15:37:16 +0300] "POST /wp-cron.php?doing_wp_cron=1787056635.9914169311523437500000 HTTP/1.1" 200 31 "-" "WordPress/6.9.1; https://fita.staroobrad.ru"
66.249.78.71 - - [18/Aug/2026:15:37:16 +0300] "GET /shopdetail/737/115233205.shtm HTTP/1.1" 404 3790 "-" "Mozilla/5.0 (compatible; Googlebot/2.1; +http://www.google.com/bot.html)"
82.148.16.210 - - [18/Aug/2026:15:39:22 +0300] "POST /wp-cron.php?doing_wp_cron=1787056762.0668799877166748046875 HTTP/1.1" 200 31 "-" "WordPress/6.9.1; https://fita.staroobrad.ru"
104.43.48.106 - - [18/Aug/2026:15:39:22 +0300] "GET /wp-login.php HTTP/2.0" 200 3265 "-" "Mozilla/5.0 (Windows NT 10.0; Win64; x64) AppleWebKit/537.36 (KHTML, like Gecko) Chrome/151.0.0.0 Safari/537.36"
104.43.48.106 - - [18/Aug/2026:15:39:23 +0300] "POST /wp-login.php HTTP/2.0" 200 3427 "https://fita.staroobrad.ru/wp-login.php" "Mozilla/5.0 (Windows NT 10.0; Win64; x64) AppleWebKit/537.36 (KHTML, like Gecko) Chrome/151.0.0.0 Safari/537.36"
91.92.47.82 - - [18/Aug/2026:15:39:54 +0300] "GET /.env HTTP/1.1" 301 162 "-" "python-requests/2.31.0"
91.92.47.82 - - [18/Aug/2026:15:39:54 +0300] "GET /.env HTTP/1.1" 302 138 "-" "python-requests/2.31.0"
82.148.16.210 - - [18/Aug/2026:15:39:55 +0300] "POST /wp-cron.php?doing_wp_cron=1787056795.1562290191650390625000 HTTP/1.1" 200 31 "-" "WordPress/6.9.1; https://fita.staroobrad.ru"
91.92.47.82 - - [18/Aug/2026:15:39:55 +0300] "GET /404 HTTP/1.1" 404 3791 "-" "python-requests/2.31.0"
91.92.47.82 - - [18/Aug/2026:15:39:55 +0300] "POST / HTTP/1.1" 301 162 "-" "python-requests/2.31.0"
91.92.47.82 - - [18/Aug/2026:15:39:55 +0300] "GET / HTTP/1.1" 403 31 "-" "python-requests/2.31.0"
82.148.16.210 - - [18/Aug/2026:15:41:13 +0300] "POST /wp-cron.php?doing_wp_cron=1787056873.8006079196929931640625 HTTP/1.1" 200 31 "-" "WordPress/6.9.1; https://fita.staroobrad.ru"
66.249.66.74 - - [18/Aug/2026:15:41:13 +0300] "GET /shop/boundary/literary077000863.shtml HTTP/1.1" 404 3790 "-" "Mozilla/5.0 (Linux; Android 6.0.1; Nexus 5X Build/MMB29P) AppleWebKit/537.36 (KHTML, like Gecko) Chrome/151.0.7922.137 Mobile Safari/537.36 (compatible; Googlebot/2.1; +http://www.google.com/bot.html)"
66.249.66.74 - - [18/Aug/2026:15:41:14 +0300] "GET /shop/seller/spokesman046000982.shtml HTTP/1.1" 404 3790 "-" "Mozilla/5.0 (Linux; Android 6.0.1; Nexus 5X Build/MMB29P) AppleWebKit/537.36 (KHTML, like Gecko) Chrome/151.0.7922.137 Mobile Safari/537.36 (compatible; Googlebot/2.1; +http://www.google.com/bot.html)"
66.249.66.76 - - [18/Aug/2026:15:41:15 +0300] "GET /shop/killing/loss095001469.shtml HTTP/1.1" 404 3790 "-" "Mozilla/5.0 (Linux; Android 6.0.1; Nexus 5X Build/MMB29P) AppleWebKit/537.36 (KHTML, like Gecko) Chrome/151.0.7922.137 Mobile Safari/537.36 (compatible; Googlebot/2.1; +http://www.google.com/bot.html)"
66.249.66.76 - - [18/Aug/2026:15:41:16 +0300] "GET /shop/investigation/poor032048176.shtml HTTP/1.1" 404 3792 "-" "Mozilla/5.0 (Linux; Android 6.0.1; Nexus 5X Build/MMB29P) AppleWebKit/537.36 (KHTML, like Gecko) Chrome/151.0.7922.137 Mobile Safari/537.36 (compatible; Googlebot/2.1; +http://www.google.com/bot.html)"
66.249.78.69 - - [18/Aug/2026:15:41:17 +0300] "GET /shop/advantage/form124006894.shtml HTTP/1.1" 404 3790 "-" "Mozilla/5.0 (Linux; Android 6.0.1; Nexus 5X Build/MMB29P) AppleWebKit/537.36 (KHTML, like Gecko) Chrome/151.0.7922.137 Mobile Safari/537.36 (compatible; Googlebot/2.1; +http://www.google.com/bot.html)"
66.249.66.75 - - [18/Aug/2026:15:41:41 +0300] "GET /shop/auto/angel221009327.shtml HTTP/1.1" 404 3789 "-" "Mozilla/5.0 (compatible; Googlebot/2.1; +http://www.google.com/bot.html)"
82.148.16.210 - - [18/Aug/2026:15:42:00 +0300] "POST /wp-cron.php?doing_wp_cron=1787056920.7055490016937255859375 HTTP/1.1" 200 31 "-" "WordPress/6.9.1; https://fita.staroobrad.ru"
66.249.66.74 - - [18/Aug/2026:15:42:00 +0300] "GET /shop/regulation/airport010015114.shtml HTTP/1.1" 404 3790 "-" "Mozilla/5.0 (Linux; Android 6.0.1; Nexus 5X Build/MMB29P) AppleWebKit/537.36 (KHTML, like Gecko) Chrome/151.0.7922.137 Mobile Safari/537.36 (compatible; Googlebot/2.1; +http://www.google.com/bot.html)"
82.148.16.210 - - [18/Aug/2026:15:43:48 +0300] "POST /wp-cron.php?doing_wp_cron=1787057028.5895938873291015625000 HTTP/1.1" 200 31 "-" "WordPress/6.9.1; https://fita.staroobrad.ru"
66.249.66.75 - - [18/Aug/2026:15:43:48 +0300] "GET /shop/melt/increased095016207.shtml HTTP/1.1" 404 3790 "-" "Mozilla/5.0 (compatible; Googlebot/2.1; +http://www.google.com/bot.html)"
82.148.16.210 - - [18/Aug/2026:15:43:49 +0300] "POST /wp-cron.php?doing_wp_cron=1787057029.8250510692596435546875 HTTP/1.1" 200 31 "-" "WordPress/6.9.1; https://fita.staroobrad.ru"
138.68.158.60 - - [18/Aug/2026:15:43:49 +0300] "GET /wp-login.php HTTP/2.0" 200 3265 "-" "Mozilla/5.0 (Windows NT 10.0; Win64; x64) AppleWebKit/537.36 (KHTML, like Gecko) Chrome/151.0.0.0 Safari/537.36"
138.68.158.60 - - [18/Aug/2026:15:43:50 +0300] "POST /wp-login.php HTTP/2.0" 200 3427 "https://fita.staroobrad.ru/wp-login.php" "Mozilla/5.0 (Windows NT 10.0; Win64; x64) AppleWebKit/537.36 (KHTML, like Gecko) Chrome/151.0.0.0 Safari/537.36"
82.148.16.210 - - [18/Aug/2026:15:48:14 +0300] "POST /wp-cron.php?doing_wp_cron=1787057293.9126729965209960937500 HTTP/1.1" 200 31 "-" "WordPress/6.9.1; https://fita.staroobrad.ru"
65.181.112.155 - - [18/Aug/2026:15:48:14 +0300] "GET /wp-login.php HTTP/2.0" 200 3265 "-" "Mozilla/5.0 (Windows NT 10.0; Win64; x64) AppleWebKit/537.36 (KHTML, like Gecko) Chrome/151.0.0.0 Safari/537.36"
65.181.112.155 - - [18/Aug/2026:15:48:14 +0300] "POST /wp-login.php HTTP/2.0" 200 3427 "https://fita.staroobrad.ru/wp-login.php" "Mozilla/5.0 (Windows NT 10.0; Win64; x64) AppleWebKit/537.36 (KHTML, like Gecko) Chrome/151.0.0.0 Safari/537.36"
82.148.16.210 - - [18/Aug/2026:15:49:49 +0300] "POST /wp-cron.php?doing_wp_cron=1787057389.4473369121551513671875 HTTP/1.1" 200 31 "-" "WordPress/6.9.1; https://fita.staroobrad.ru"
66.249.66.76 - - [18/Aug/2026:15:49:49 +0300] "GET /m49176122430 HTTP/1.1" 404 3789 "-" "Mozilla/5.0 (Linux; Android 6.0.1; Nexus 5X Build/MMB29P) AppleWebKit/537.36 (KHTML, like Gecko) Chrome/151.0.7922.137 Mobile Safari/537.36 (compatible; Googlebot/2.1; +http://www.google.com/bot.html)"
66.249.66.74 - - [18/Aug/2026:15:49:50 +0300] "GET /m49176122430 HTTP/1.1" 404 3790 "-" "Mozilla/5.0 (compatible; Googlebot/2.1; +http://www.google.com/bot.html)"
66.249.78.69 - - [18/Aug/2026:15:49:57 +0300] "GET /m86358345153 HTTP/1.1" 404 3790 "-" "Mozilla/5.0 (Linux; Android 6.0.1; Nexus 5X Build/MMB29P) AppleWebKit/537.36 (KHTML, like Gecko) Chrome/151.0.7922.137 Mobile Safari/537.36 (compatible; Googlebot/2.1; +http://www.google.com/bot.html)"
82.148.16.210 - - [18/Aug/2026:16:01:38 +0300] "POST /wp-cron.php?doing_wp_cron=1787058098.5729119777679443359375 HTTP/1.1" 200 31 "-" "WordPress/6.9.1; https://fita.staroobrad.ru"
66.249.66.74 - - [18/Aug/2026:16:01:38 +0300] "GET /shop/fraction/sunlight077012063.shtml HTTP/1.1" 404 3790 "-" "Mozilla/5.0 (compatible; Googlebot/2.1; +http://www.google.com/bot.html)"
82.148.16.210 - - [18/Aug/2026:16:02:05 +0300] "POST /wp-cron.php?doing_wp_cron=1787058124.7572469711303710937500 HTTP/1.1" 200 31 "-" "WordPress/6.9.1; https://fita.staroobrad.ru"
162.55.89.48 - - [18/Aug/2026:16:02:05 +0300] "GET /wp-login.php HTTP/2.0" 200 3265 "-" "Mozilla/5.0 (Windows NT 10.0; Win64; x64) AppleWebKit/537.36 (KHTML, like Gecko) Chrome/151.0.0.0 Safari/537.36"
162.55.89.48 - - [18/Aug/2026:16:02:05 +0300] "POST /wp-login.php HTTP/2.0" 200 3427 "https://fita.staroobrad.ru/wp-login.php" "Mozilla/5.0 (Windows NT 10.0; Win64; x64) AppleWebKit/537.36 (KHTML, like Gecko) Chrome/151.0.0.0 Safari/537.36"
82.148.16.210 - - [18/Aug/2026:16:06:32 +0300] "POST /wp-cron.php?doing_wp_cron=1787058392.7589700222015380859375 HTTP/1.1" 200 31 "-" "WordPress/6.9.1; https://fita.staroobrad.ru"
135.181.3.246 - - [18/Aug/2026:16:06:32 +0300] "GET /?square/065036248 HTTP/1.1" 301 5 "-" "Mozilla/5.0 (compatible; SERankingBacklinksBot/1.0; +https://seranking.com/backlinks-crawler)"
135.181.3.246 - - [18/Aug/2026:16:06:33 +0300] "GET /?square%2F065036248 HTTP/1.1" 403 31 "-" "Mozilla/5.0 (compatible; SERankingBacklinksBot/1.0; +https://seranking.com/backlinks-crawler)"
82.148.16.210 - - [18/Aug/2026:16:06:51 +0300] "POST /wp-cron.php?doing_wp_cron=1787058411.9487540721893310546875 HTTP/1.1" 200 31 "-" "WordPress/6.9.1; https://fita.staroobrad.ru"
66.249.66.74 - - [18/Aug/2026:16:06:52 +0300] "GET /shop/bride/cap042000978.shtml HTTP/1.1" 404 3792 "-" "Mozilla/5.0 (Linux; Android 6.0.1; Nexus 5X Build/MMB29P) AppleWebKit/537.36 (KHTML, like Gecko) Chrome/151.0.7922.137 Mobile Safari/537.36 (compatible; Googlebot/2.1; +http://www.google.com/bot.html)"
203.99.146.53 - - [18/Aug/2026:16:07:22 +0300] "GET /wp-login.php HTTP/2.0" 200 3265 "-" "Mozilla/5.0 (Windows NT 10.0; Win64; x64) AppleWebKit/537.36 (KHTML, like Gecko) Chrome/151.0.0.0 Safari/537.36"
203.99.146.53 - - [18/Aug/2026:16:07:23 +0300] "POST /wp-login.php HTTP/2.0" 200 3427 "https://fita.staroobrad.ru/wp-login.php" "Mozilla/5.0 (Windows NT 10.0; Win64; x64) AppleWebKit/537.36 (KHTML, like Gecko) Chrome/151.0.0.0 Safari/537.36"
82.148.16.210 - - [18/Aug/2026:16:10:22 +0300] "POST /wp-cron.php?doing_wp_cron=1787058622.7078750133514404296875 HTTP/1.1" 200 31 "-" "WordPress/6.9.1; https://fita.staroobrad.ru"
66.249.78.69 - - [18/Aug/2026:16:10:22 +0300] "GET /category/428/1 HTTP/1.1" 404 3791 "-" "Mozilla/5.0 (Linux; Android 6.0.1; Nexus 5X Build/MMB29P) AppleWebKit/537.36 (KHTML, like Gecko) Chrome/151.0.7922.137 Mobile Safari/537.36 (compatible; Googlebot/2.1; +http://www.google.com/bot.html)"
82.148.16.210 - - [18/Aug/2026:16:11:20 +0300] "POST /wp-cron.php?doing_wp_cron=1787058680.4594709873199462890625 HTTP/1.1" 200 31 "-" "WordPress/6.9.1; https://fita.staroobrad.ru"
66.249.66.74 - - [18/Aug/2026:16:11:20 +0300] "GET /shop/role/bee128038982.shtml HTTP/1.1" 404 3791 "-" "Mozilla/5.0 (Linux; Android 6.0.1; Nexus 5X Build/MMB29P) AppleWebKit/537.36 (KHTML, like Gecko) Chrome/151.0.7922.137 Mobile Safari/537.36 (compatible; Googlebot/2.1; +http://www.google.com/bot.html)"
82.148.16.210 - - [18/Aug/2026:16:12:02 +0300] "POST /wp-cron.php?doing_wp_cron=1787058722.6189050674438476562500 HTTP/1.1" 200 31 "-" "WordPress/6.9.1; https://fita.staroobrad.ru"
66.249.66.74 - - [18/Aug/2026:16:12:02 +0300] "GET /shop/cable/definitely004000730.shtml HTTP/1.1" 404 3790 "-" "Mozilla/5.0 (compatible; Googlebot/2.1; +http://www.google.com/bot.html)"
66.249.66.74 - - [18/Aug/2026:16:12:10 +0300] "GET /shop/anonymous/isolated008015812.shtml HTTP/1.1" 404 3790 "-" "Mozilla/5.0 (Linux; Android 6.0.1; Nexus 5X Build/MMB29P) AppleWebKit/537.36 (KHTML, like Gecko) Chrome/151.0.7922.137 Mobile Safari/537.36 (compatible; Googlebot/2.1; +http://www.google.com/bot.html)"
82.148.16.210 - - [18/Aug/2026:16:13:35 +0300] "POST /wp-cron.php?doing_wp_cron=1787058815.1920189857482910156250 HTTP/1.1" 200 31 "-" "WordPress/6.9.1; https://fita.staroobrad.ru"
66.249.78.71 - - [18/Aug/2026:16:13:35 +0300] "GET /m97499121010 HTTP/1.1" 404 3791 "-" "Mozilla/5.0 (compatible; Googlebot/2.1; +http://www.google.com/bot.html)"
82.148.16.210 - - [18/Aug/2026:16:14:47 +0300] "POST /wp-cron.php?doing_wp_cron=1787058887.8976190090179443359375 HTTP/1.1" 200 31 "-" "WordPress/6.9.1; https://fita.staroobrad.ru"
66.249.78.71 - - [18/Aug/2026:16:14:47 +0300] "GET /shop/team/adult025000269.shtml HTTP/1.1" 404 3790 "-" "Mozilla/5.0 (Linux; Android 6.0.1; Nexus 5X Build/MMB29P) AppleWebKit/537.36 (KHTML, like Gecko) Chrome/151.0.7922.137 Mobile Safari/537.36 (compatible; Googlebot/2.1; +http://www.google.com/bot.html)"
66.249.66.74 - - [18/Aug/2026:16:14:48 +0300] "GET /shop/team/adult025000269.shtml HTTP/1.1" 404 3790 "-" "Mozilla/5.0 (compatible; Googlebot/2.1; +http://www.google.com/bot.html)"
82.148.16.210 - - [18/Aug/2026:16:16:23 +0300] "POST /wp-cron.php?doing_wp_cron=1787058983.0765199661254882812500 HTTP/1.1" 200 31 "-" "WordPress/6.9.1; https://fita.staroobrad.ru"
66.249.66.75 - - [18/Aug/2026:16:16:23 +0300] "GET /category/12/1 HTTP/1.1" 404 3790 "-" "Mozilla/5.0 (Linux; Android 6.0.1; Nexus 5X Build/MMB29P) AppleWebKit/537.36 (KHTML, like Gecko) Chrome/151.0.7922.137 Mobile Safari/537.36 (compatible; Googlebot/2.1; +http://www.google.com/bot.html)"
82.148.16.210 - - [18/Aug/2026:16:16:49 +0300] "POST /wp-cron.php?doing_wp_cron=1787059009.0516541004180908203125 HTTP/1.1" 200 31 "-" "WordPress/6.9.1; https://fita.staroobrad.ru"
66.249.66.75 - - [18/Aug/2026:16:16:49 +0300] "GET /shop/surprising/obstacle273034191.shtml HTTP/1.1" 404 3791 "-" "Mozilla/5.0 (compatible; Googlebot/2.1; +http://www.google.com/bot.html)"
66.249.78.70 - - [18/Aug/2026:16:16:49 +0300] "GET /shop/surprising/obstacle273034191.shtml HTTP/1.1" 404 3791 "-" "Mozilla/5.0 (Linux; Android 6.0.1; Nexus 5X Build/MMB29P) AppleWebKit/537.36 (KHTML, like Gecko) Chrome/151.0.7922.137 Mobile Safari/537.36 (compatible; Googlebot/2.1; +http://www.google.com/bot.html)"
82.148.16.210 - - [18/Aug/2026:16:17:54 +0300] "POST /wp-cron.php?doing_wp_cron=1787059074.3771440982818603515625 HTTP/1.1" 200 31 "-" "WordPress/6.9.1; https://fita.staroobrad.ru"
162.214.96.231 - - [18/Aug/2026:16:17:54 +0300] "GET /wp-login.php HTTP/2.0" 200 3265 "-" "Mozilla/5.0 (Windows NT 10.0; Win64; x64) AppleWebKit/537.36 (KHTML, like Gecko) Chrome/151.0.0.0 Safari/537.36"
162.214.96.231 - - [18/Aug/2026:16:17:54 +0300] "POST /wp-login.php HTTP/2.0" 200 3427 "https://fita.staroobrad.ru/wp-login.php" "Mozilla/5.0 (Windows NT 10.0; Win64; x64) AppleWebKit/537.36 (KHTML, like Gecko) Chrome/151.0.0.0 Safari/537.36"
82.148.16.210 - - [18/Aug/2026:16:19:02 +0300] "POST /wp-cron.php?doing_wp_cron=1787059142.5633389949798583984375 HTTP/1.1" 200 31 "-" "WordPress/6.9.1; https://fita.staroobrad.ru"
66.249.66.74 - - [18/Aug/2026:16:19:02 +0300] "GET /shop/melt/fear052023062.shtml HTTP/1.1" 404 3790 "-" "Mozilla/5.0 (compatible; Googlebot/2.1; +http://www.google.com/bot.html)"
66.249.78.71 - - [18/Aug/2026:16:19:45 +0300] "GET /m86974865407 HTTP/1.1" 404 3790 "-" "Mozilla/5.0 (compatible; Googlebot/2.1; +http://www.google.com/bot.html)"
82.148.16.210 - - [18/Aug/2026:16:23:44 +0300] "POST /wp-cron.php?doing_wp_cron=1787059424.0375568866729736328125 HTTP/1.1" 200 31 "-" "WordPress/6.9.1; https://fita.staroobrad.ru"
66.249.78.70 - - [18/Aug/2026:16:23:44 +0300] "GET /m12257914147 HTTP/1.1" 404 3792 "-" "Mozilla/5.0 (compatible; Googlebot/2.1; +http://www.google.com/bot.html)"
82.148.16.210 - - [18/Aug/2026:16:24:23 +0300] "POST /wp-cron.php?doing_wp_cron=1787059462.9860041141510009765625 HTTP/1.1" 200 31 "-" "WordPress/6.9.1; https://fita.staroobrad.ru"
66.249.66.76 - - [18/Aug/2026:16:24:23 +0300] "GET /shop/English/equity024000544.shtml HTTP/1.1" 404 3789 "-" "Mozilla/5.0 (compatible; Googlebot/2.1; +http://www.google.com/bot.html)"
66.249.66.76 - - [18/Aug/2026:16:24:23 +0300] "GET /shop/English/equity024000544.shtml HTTP/1.1" 404 3789 "-" "Mozilla/5.0 (Linux; Android 6.0.1; Nexus 5X Build/MMB29P) AppleWebKit/537.36 (KHTML, like Gecko) Chrome/151.0.7922.137 Mobile Safari/537.36 (compatible; Googlebot/2.1; +http://www.google.com/bot.html)"
82.148.16.210 - - [18/Aug/2026:16:27:40 +0300] "POST /wp-cron.php?doing_wp_cron=1787059660.4746739864349365234375 HTTP/1.1" 200 31 "-" "WordPress/6.9.1; https://fita.staroobrad.ru"
72.167.132.114 - - [18/Aug/2026:16:27:40 +0300] "GET /wp-login.php HTTP/2.0" 200 3265 "-" "Mozilla/5.0 (Windows NT 10.0; Win64; x64) AppleWebKit/537.36 (KHTML, like Gecko) Chrome/151.0.0.0 Safari/537.36"
72.167.132.114 - - [18/Aug/2026:16:27:41 +0300] "POST /wp-login.php HTTP/2.0" 200 3427 "https://fita.staroobrad.ru/wp-login.php" "Mozilla/5.0 (Windows NT 10.0; Win64; x64) AppleWebKit/537.36 (KHTML, like Gecko) Chrome/151.0.0.0 Safari/537.36"
82.148.16.210 - - [18/Aug/2026:16:32:18 +0300] "POST /wp-cron.php?doing_wp_cron=1787059938.7540071010589599609375 HTTP/1.1" 200 31 "-" "WordPress/6.9.1; https://fita.staroobrad.ru"
