82.148.16.210 - - [18/Aug/2026:18:45:17 +0300] "POST /wp-cron.php?doing_wp_cron=1787067917.8378250598907470703125 HTTP/1.1" 200 31 "-" "WordPress/6.9.1; https://fita.staroobrad.ru"
66.249.66.167 - - [18/Aug/2026:18:45:17 +0300] "GET /614029078 HTTP/1.1" 404 3790 "-" "Mozilla/5.0 (Linux; Android 6.0.1; Nexus 5X Build/MMB29P) AppleWebKit/537.36 (KHTML, like Gecko) Chrome/151.0.7922.137 Mobile Safari/537.36 (compatible; Googlebot/2.1; +http://www.google.com/bot.html)"
66.249.78.69 - - [18/Aug/2026:18:45:18 +0300] "GET /614029078 HTTP/1.1" 404 3792 "-" "Mozilla/5.0 (compatible; Googlebot/2.1; +http://www.google.com/bot.html)"
82.148.16.210 - - [18/Aug/2026:18:47:13 +0300] "POST /wp-cron.php?doing_wp_cron=1787068033.3318150043487548828125 HTTP/1.1" 200 31 "-" "WordPress/6.9.1; https://fita.staroobrad.ru"
135.181.3.246 - - [18/Aug/2026:18:47:13 +0300] "GET /?stable/005016740 HTTP/1.1" 301 5 "-" "Mozilla/5.0 (compatible; SERankingBacklinksBot/1.0; +https://seranking.com/backlinks-crawler)"
135.181.3.246 - - [18/Aug/2026:18:47:13 +0300] "GET /?stable%2F005016740 HTTP/1.1" 403 31 "-" "Mozilla/5.0 (compatible; SERankingBacklinksBot/1.0; +https://seranking.com/backlinks-crawler)"
82.148.16.210 - - [18/Aug/2026:18:48:13 +0300] "POST /wp-cron.php?doing_wp_cron=1787068093.0755910873413085937500 HTTP/1.1" 200 31 "-" "WordPress/6.9.1; https://fita.staroobrad.ru"
68.178.165.65 - - [18/Aug/2026:18:48:13 +0300] "GET /wp-login.php HTTP/2.0" 200 3265 "-" "Mozilla/5.0 (Windows NT 10.0; Win64; x64) AppleWebKit/537.36 (KHTML, like Gecko) Chrome/149.0.0.0 Safari/537.36"
68.178.165.65 - - [18/Aug/2026:18:48:14 +0300] "POST /wp-login.php HTTP/2.0" 200 3427 "-" "Mozilla/5.0 (Windows NT 10.0; Win64; x64) AppleWebKit/537.36 (KHTML, like Gecko) Chrome/149.0.0.0 Safari/537.36"
82.148.16.210 - - [18/Aug/2026:18:49:45 +0300] "POST /wp-cron.php?doing_wp_cron=1787068185.2995619773864746093750 HTTP/1.1" 200 31 "-" "WordPress/6.9.1; https://fita.staroobrad.ru"
66.249.78.70 - - [18/Aug/2026:18:49:45 +0300] "GET /5788492 HTTP/1.1" 404 3790 "-" "Mozilla/5.0 (compatible; Googlebot/2.1; +http://www.google.com/bot.html)"
66.249.66.165 - - [18/Aug/2026:18:49:46 +0300] "GET /5788492 HTTP/1.1" 404 3791 "-" "Mozilla/5.0 (Linux; Android 6.0.1; Nexus 5X Build/MMB29P) AppleWebKit/537.36 (KHTML, like Gecko) Chrome/151.0.7922.137 Mobile Safari/537.36 (compatible; Googlebot/2.1; +http://www.google.com/bot.html)"
82.148.16.210 - - [18/Aug/2026:18:51:34 +0300] "POST /wp-cron.php?doing_wp_cron=1787068294.0096039772033691406250 HTTP/1.1" 200 31 "-" "WordPress/6.9.1; https://fita.staroobrad.ru"
66.249.78.69 - - [18/Aug/2026:18:51:34 +0300] "GET /shop/when/garbage299006923.shtml HTTP/1.1" 404 3791 "-" "Mozilla/5.0 (compatible; Googlebot/2.1; +http://www.google.com/bot.html)"
82.148.16.210 - - [18/Aug/2026:18:52:24 +0300] "POST /wp-cron.php?doing_wp_cron=1787068344.8695559501647949218750 HTTP/1.1" 200 31 "-" "WordPress/6.9.1; https://fita.staroobrad.ru"
114.119.166.95 - - [18/Aug/2026:18:52:24 +0300] "GET /shop/uh/farmer188020218.shtml HTTP/1.1" 404 3790 "https://fita.staroobrad.ru/?sitemap936.xml" "Mozilla/5.0 (Linux; Android 7.0;) AppleWebKit/537.36 (HTML, like Gecko) Mobile Safari/537.36 (compatible; PetalBot;+https://webmaster.petalsearch.com/site/petalbot)"
82.148.16.210 - - [18/Aug/2026:18:54:06 +0300] "POST /wp-cron.php?doing_wp_cron=1787068446.1790668964385986328125 HTTP/1.1" 200 31 "-" "WordPress/6.9.1; https://fita.staroobrad.ru"
185.118.190.176 - - [18/Aug/2026:18:54:06 +0300] "GET /wp-login.php HTTP/2.0" 200 3265 "-" "Mozilla/5.0 (Windows NT 10.0; Win64; x64) AppleWebKit/537.36 (KHTML, like Gecko) Chrome/149.0.0.0 Safari/537.36"
185.118.190.176 - - [18/Aug/2026:18:54:06 +0300] "POST /wp-login.php HTTP/2.0" 200 3427 "-" "Mozilla/5.0 (Windows NT 10.0; Win64; x64) AppleWebKit/537.36 (KHTML, like Gecko) Chrome/149.0.0.0 Safari/537.36"
66.249.66.167 - - [18/Aug/2026:18:54:45 +0300] "GET /9337764 HTTP/1.1" 404 3790 "-" "Mozilla/5.0 (compatible; Googlebot/2.1; +http://www.google.com/bot.html)"
82.148.16.210 - - [18/Aug/2026:18:57:18 +0300] "POST /wp-cron.php?doing_wp_cron=1787068638.2031021118164062500000 HTTP/1.1" 200 31 "-" "WordPress/6.9.1; https://fita.staroobrad.ru"
66.249.66.204 - - [18/Aug/2026:18:57:18 +0300] "GET /shop/desk/praise028009028.shtml HTTP/1.1" 404 3792 "-" "Mozilla/5.0 (compatible; Googlebot/2.1; +http://www.google.com/bot.html)"
66.249.66.165 - - [18/Aug/2026:18:57:19 +0300] "GET /shop/desk/praise028009028.shtml HTTP/1.1" 404 3790 "-" "Mozilla/5.0 (Linux; Android 6.0.1; Nexus 5X Build/MMB29P) AppleWebKit/537.36 (KHTML, like Gecko) Chrome/151.0.7922.137 Mobile Safari/537.36 (compatible; Googlebot/2.1; +http://www.google.com/bot.html)"
82.148.16.210 - - [18/Aug/2026:18:59:22 +0300] "POST /wp-cron.php?doing_wp_cron=1787068761.9914820194244384765625 HTTP/1.1" 200 31 "-" "WordPress/6.9.1; https://fita.staroobrad.ru"
66.249.66.165 - - [18/Aug/2026:18:59:22 +0300] "GET /shop/necessarily/concept085000811.shtml HTTP/1.1" 404 3790 "-" "Mozilla/5.0 (Linux; Android 6.0.1; Nexus 5X Build/MMB29P) AppleWebKit/537.36 (KHTML, like Gecko) Chrome/151.0.7922.137 Mobile Safari/537.36 (compatible; Googlebot/2.1; +http://www.google.com/bot.html)"
82.148.16.210 - - [18/Aug/2026:19:01:11 +0300] "POST /wp-cron.php?doing_wp_cron=1787068870.9710009098052978515625 HTTP/1.1" 200 31 "-" "WordPress/6.9.1; https://fita.staroobrad.ru"
66.249.66.165 - - [18/Aug/2026:19:01:11 +0300] "GET /shop/extension/court059000451.shtml HTTP/1.1" 404 3790 "-" "Mozilla/5.0 (compatible; Googlebot/2.1; +http://www.google.com/bot.html)"
66.249.66.165 - - [18/Aug/2026:19:01:16 +0300] "GET /shop/alive/mild038000104.shtml HTTP/1.1" 404 3793 "-" "Mozilla/5.0 (compatible; Googlebot/2.1; +http://www.google.com/bot.html)"
66.249.66.166 - - [18/Aug/2026:19:01:17 +0300] "GET /shop/alive/mild038000104.shtml HTTP/1.1" 404 3790 "-" "Mozilla/5.0 (Linux; Android 6.0.1; Nexus 5X Build/MMB29P) AppleWebKit/537.36 (KHTML, like Gecko) Chrome/151.0.7922.137 Mobile Safari/537.36 (compatible; Googlebot/2.1; +http://www.google.com/bot.html)"
82.148.16.210 - - [18/Aug/2026:19:03:22 +0300] "POST /wp-cron.php?doing_wp_cron=1787069002.3758299350738525390625 HTTP/1.1" 200 31 "-" "WordPress/6.9.1; https://fita.staroobrad.ru"
114.119.166.95 - - [18/Aug/2026:19:03:22 +0300] "GET /shop/time/bull162020272.shtml HTTP/1.1" 404 3791 "https://fita.staroobrad.ru/?sitemap972.xml" "Mozilla/5.0 (Linux; Android 7.0;) AppleWebKit/537.36 (HTML, like Gecko) Mobile Safari/537.36 (compatible; PetalBot;+https://webmaster.petalsearch.com/site/petalbot)"
82.148.16.210 - - [18/Aug/2026:19:04:55 +0300] "POST /wp-cron.php?doing_wp_cron=1787069095.5921540260314941406250 HTTP/1.1" 200 31 "-" "WordPress/6.9.1; https://fita.staroobrad.ru"
66.249.78.71 - - [18/Aug/2026:19:04:55 +0300] "GET /shop/requirement/PM253035143.shtml HTTP/1.1" 404 3792 "-" "Mozilla/5.0 (Linux; Android 6.0.1; Nexus 5X Build/MMB29P) AppleWebKit/537.36 (KHTML, like Gecko) Chrome/151.0.7922.137 Mobile Safari/537.36 (compatible; Googlebot/2.1; +http://www.google.com/bot.html)"
209.42.21.221 - - [18/Aug/2026:19:05:45 +0300] "GET /wp-login.php HTTP/2.0" 200 3265 "-" "Mozilla/5.0 (Windows NT 10.0; Win64; x64) AppleWebKit/537.36 (KHTML, like Gecko) Chrome/149.0.0.0 Safari/537.36"
209.42.21.221 - - [18/Aug/2026:19:05:45 +0300] "POST /wp-login.php HTTP/2.0" 200 3427 "-" "Mozilla/5.0 (Windows NT 10.0; Win64; x64) AppleWebKit/537.36 (KHTML, like Gecko) Chrome/149.0.0.0 Safari/537.36"
82.148.16.210 - - [18/Aug/2026:19:07:46 +0300] "POST /wp-cron.php?doing_wp_cron=1787069266.2686278820037841796875 HTTP/1.1" 200 31 "-" "WordPress/6.9.1; https://fita.staroobrad.ru"
66.249.78.71 - - [18/Aug/2026:19:07:46 +0300] "GET /category/260/1 HTTP/1.1" 404 3790 "-" "Mozilla/5.0 (compatible; Googlebot/2.1; +http://www.google.com/bot.html)"
82.148.16.210 - - [18/Aug/2026:19:08:27 +0300] "POST /wp-cron.php?doing_wp_cron=1787069307.5734319686889648437500 HTTP/1.1" 200 31 "-" "WordPress/6.9.1; https://fita.staroobrad.ru"
162.214.96.231 - - [18/Aug/2026:19:08:27 +0300] "GET /wp-login.php HTTP/2.0" 200 3265 "-" "Mozilla/5.0 (Windows NT 10.0; Win64; x64) AppleWebKit/537.36 (KHTML, like Gecko) Chrome/149.0.0.0 Safari/537.36"
162.214.96.231 - - [18/Aug/2026:19:08:28 +0300] "POST /wp-login.php HTTP/2.0" 200 3427 "-" "Mozilla/5.0 (Windows NT 10.0; Win64; x64) AppleWebKit/537.36 (KHTML, like Gecko) Chrome/149.0.0.0 Safari/537.36"
82.148.16.210 - - [18/Aug/2026:19:10:09 +0300] "POST /wp-cron.php?doing_wp_cron=1787069409.5474169254302978515625 HTTP/1.1" 200 31 "-" "WordPress/6.9.1; https://fita.staroobrad.ru"
66.249.66.166 - - [18/Aug/2026:19:10:09 +0300] "GET /m64824924684 HTTP/1.1" 404 3795 "-" "Mozilla/5.0 (compatible; Googlebot/2.1; +http://www.google.com/bot.html)"
66.249.78.71 - - [18/Aug/2026:19:10:13 +0300] "GET /shop/poor/Christian046003120.shtml HTTP/1.1" 404 3796 "-" "Mozilla/5.0 (Linux; Android 6.0.1; Nexus 5X Build/MMB29P) AppleWebKit/537.36 (KHTML, like Gecko) Chrome/151.0.7922.137 Mobile Safari/537.36 (compatible; Googlebot/2.1; +http://www.google.com/bot.html)"
82.148.16.210 - - [18/Aug/2026:19:13:15 +0300] "POST /wp-cron.php?doing_wp_cron=1787069595.7293860912322998046875 HTTP/1.1" 200 31 "-" "WordPress/6.9.1; https://fita.staroobrad.ru"
162.241.152.27 - - [18/Aug/2026:19:13:15 +0300] "GET /wp-login.php HTTP/2.0" 200 3265 "-" "Mozilla/5.0 (Windows NT 10.0; Win64; x64) AppleWebKit/537.36 (KHTML, like Gecko) Chrome/149.0.0.0 Safari/537.36"
162.241.152.27 - - [18/Aug/2026:19:13:16 +0300] "POST /wp-login.php HTTP/2.0" 200 3427 "-" "Mozilla/5.0 (Windows NT 10.0; Win64; x64) AppleWebKit/537.36 (KHTML, like Gecko) Chrome/149.0.0.0 Safari/537.36"
66.249.66.167 - - [18/Aug/2026:19:13:27 +0300] "GET /shop/aesthetic/breeze220003984.shtml HTTP/1.1" 404 3795 "-" "Mozilla/5.0 (compatible; Googlebot/2.1; +http://www.google.com/bot.html)"
66.249.66.166 - - [18/Aug/2026:19:13:45 +0300] "GET /shop/significant/though037000055.shtml HTTP/1.1" 404 3795 "-" "Mozilla/5.0 (Linux; Android 6.0.1; Nexus 5X Build/MMB29P) AppleWebKit/537.36 (KHTML, like Gecko) Chrome/151.0.7922.137 Mobile Safari/537.36 (compatible; Googlebot/2.1; +http://www.google.com/bot.html)"
82.148.16.210 - - [18/Aug/2026:19:14:13 +0300] "POST /wp-cron.php?doing_wp_cron=1787069653.8812971115112304687500 HTTP/1.1" 200 31 "-" "WordPress/6.9.1; https://fita.staroobrad.ru"
66.249.78.69 - - [18/Aug/2026:19:14:13 +0300] "GET /shop/shopbrand/aid206030900.shtml HTTP/1.1" 404 3796 "-" "Mozilla/5.0 (compatible; Googlebot/2.1; +http://www.google.com/bot.html)"
66.249.66.165 - - [18/Aug/2026:19:14:14 +0300] "GET /shop/shopbrand/aid206030900.shtml HTTP/1.1" 404 3795 "-" "Mozilla/5.0 (Linux; Android 6.0.1; Nexus 5X Build/MMB29P) AppleWebKit/537.36 (KHTML, like Gecko) Chrome/151.0.7922.137 Mobile Safari/537.36 (compatible; Googlebot/2.1; +http://www.google.com/bot.html)"
66.249.66.166 - - [18/Aug/2026:19:14:24 +0300] "GET /shop/lead/perfectly218003280.shtml HTTP/1.1" 404 3797 "-" "Mozilla/5.0 (compatible; Googlebot/2.1; +http://www.google.com/bot.html)"
66.249.66.165 - - [18/Aug/2026:19:14:33 +0300] "GET /shop/lead/perfectly218003280.shtml HTTP/1.1" 404 3796 "-" "Mozilla/5.0 (Linux; Android 6.0.1; Nexus 5X Build/MMB29P) AppleWebKit/537.36 (KHTML, like Gecko) Chrome/151.0.7922.137 Mobile Safari/537.36 (compatible; Googlebot/2.1; +http://www.google.com/bot.html)"
82.148.16.210 - - [18/Aug/2026:19:14:51 +0300] "POST /wp-cron.php?doing_wp_cron=1787069691.3486800193786621093750 HTTP/1.1" 200 31 "-" "WordPress/6.9.1; https://fita.staroobrad.ru"
66.249.78.69 - - [18/Aug/2026:19:14:51 +0300] "GET /45290457 HTTP/1.1" 404 3796 "-" "Mozilla/5.0 (Linux; Android 6.0.1; Nexus 5X Build/MMB29P) AppleWebKit/537.36 (KHTML, like Gecko) Chrome/151.0.7922.137 Mobile Safari/537.36 (compatible; Googlebot/2.1; +http://www.google.com/bot.html)"
82.148.16.210 - - [18/Aug/2026:19:16:11 +0300] "POST /wp-cron.php?doing_wp_cron=1787069771.2415099143981933593750 HTTP/1.1" 200 31 "-" "WordPress/6.9.1; https://fita.staroobrad.ru"
66.249.66.75 - - [18/Aug/2026:19:16:11 +0300] "GET /shop/Mrs/murder074001010.shtml HTTP/1.1" 404 3794 "-" "Mozilla/5.0 (compatible; Googlebot/2.1; +http://www.google.com/bot.html)"
66.249.78.70 - - [18/Aug/2026:19:16:17 +0300] "GET /shop/conversion/sunny195000655.shtml HTTP/1.1" 404 3794 "-" "Mozilla/5.0 (Linux; Android 6.0.1; Nexus 5X Build/MMB29P) AppleWebKit/537.36 (KHTML, like Gecko) Chrome/151.0.7922.137 Mobile Safari/537.36 (compatible; Googlebot/2.1; +http://www.google.com/bot.html)"
50.6.169.131 - - [18/Aug/2026:19:16:29 +0300] "GET /wp-login.php HTTP/2.0" 200 3265 "-" "Mozilla/5.0 (Windows NT 10.0; Win64; x64) AppleWebKit/537.36 (KHTML, like Gecko) Chrome/149.0.0.0 Safari/537.36"
50.6.169.131 - - [18/Aug/2026:19:16:30 +0300] "POST /wp-login.php HTTP/2.0" 200 3427 "-" "Mozilla/5.0 (Windows NT 10.0; Win64; x64) AppleWebKit/537.36 (KHTML, like Gecko) Chrome/149.0.0.0 Safari/537.36"
82.148.16.210 - - [18/Aug/2026:19:18:06 +0300] "POST /wp-cron.php?doing_wp_cron=1787069885.9880421161651611328125 HTTP/1.1" 200 31 "-" "WordPress/6.9.1; https://fita.staroobrad.ru"
66.249.66.36 - - [18/Aug/2026:19:18:06 +0300] "GET /shopdetail/300/11566625.shtm HTTP/1.1" 404 3796 "-" "Mozilla/5.0 (compatible; Googlebot/2.1; +http://www.google.com/bot.html)"
66.249.66.36 - - [18/Aug/2026:19:18:06 +0300] "GET /shopdetail/300/11566625.shtm HTTP/1.1" 404 3797 "-" "Mozilla/5.0 (Linux; Android 6.0.1; Nexus 5X Build/MMB29P) AppleWebKit/537.36 (KHTML, like Gecko) Chrome/151.0.7922.137 Mobile Safari/537.36 (compatible; Googlebot/2.1; +http://www.google.com/bot.html)"
82.148.16.210 - - [18/Aug/2026:19:19:31 +0300] "POST /wp-cron.php?doing_wp_cron=1787069971.1509659290313720703125 HTTP/1.1" 200 31 "-" "WordPress/6.9.1; https://fita.staroobrad.ru"
162.241.224.83 - - [18/Aug/2026:19:19:31 +0300] "GET /wp-login.php HTTP/2.0" 200 3265 "-" "Mozilla/5.0 (Windows NT 10.0; Win64; x64) AppleWebKit/537.36 (KHTML, like Gecko) Chrome/149.0.0.0 Safari/537.36"
162.241.224.83 - - [18/Aug/2026:19:19:31 +0300] "POST /wp-login.php HTTP/2.0" 200 3427 "-" "Mozilla/5.0 (Windows NT 10.0; Win64; x64) AppleWebKit/537.36 (KHTML, like Gecko) Chrome/149.0.0.0 Safari/537.36"
66.249.78.69 - - [18/Aug/2026:19:19:46 +0300] "GET /shop/star/reputation055005647.shtml HTTP/1.1" 404 3796 "-" "Mozilla/5.0 (compatible; Googlebot/2.1; +http://www.google.com/bot.html)"
82.148.16.210 - - [18/Aug/2026:19:22:27 +0300] "POST /wp-cron.php?doing_wp_cron=1787070147.4038569927215576171875 HTTP/1.1" 200 31 "-" "WordPress/6.9.1; https://fita.staroobrad.ru"
162.214.205.212 - - [18/Aug/2026:19:22:27 +0300] "GET /wp-login.php HTTP/2.0" 200 3265 "-" "Mozilla/5.0 (Windows NT 10.0; Win64; x64) AppleWebKit/537.36 (KHTML, like Gecko) Chrome/149.0.0.0 Safari/537.36"
162.214.205.212 - - [18/Aug/2026:19:22:27 +0300] "POST /wp-login.php HTTP/2.0" 200 3427 "-" "Mozilla/5.0 (Windows NT 10.0; Win64; x64) AppleWebKit/537.36 (KHTML, like Gecko) Chrome/149.0.0.0 Safari/537.36"
82.148.16.210 - - [18/Aug/2026:19:24:46 +0300] "POST /wp-cron.php?doing_wp_cron=1787070285.9709720611572265625000 HTTP/1.1" 200 31 "-" "WordPress/6.9.1; https://fita.staroobrad.ru"
49.247.14.246 - - [18/Aug/2026:19:24:46 +0300] "GET /wp-login.php HTTP/2.0" 200 3265 "-" "Mozilla/5.0 (Windows NT 10.0; Win64; x64) AppleWebKit/537.36 (KHTML, like Gecko) Chrome/149.0.0.0 Safari/537.36"
49.247.14.246 - - [18/Aug/2026:19:24:46 +0300] "POST /wp-login.php HTTP/2.0" 200 3427 "-" "Mozilla/5.0 (Windows NT 10.0; Win64; x64) AppleWebKit/537.36 (KHTML, like Gecko) Chrome/149.0.0.0 Safari/537.36"
82.148.16.210 - - [18/Aug/2026:19:24:59 +0300] "POST /wp-cron.php?doing_wp_cron=1787070299.7852010726928710937500 HTTP/1.1" 200 31 "-" "WordPress/6.9.1; https://fita.staroobrad.ru"
66.249.92.12 - - [18/Aug/2026:19:24:59 +0300] "GET /shopdetail/364/115229841.shtm HTTP/1.1" 404 3796 "-" "Mozilla/5.0 (X11; Linux x86_64) AppleWebKit/537.36 (KHTML, like Gecko) Chrome/151.0.7922.108 Safari/537.36"
66.249.78.69 - - [18/Aug/2026:19:25:33 +0300] "GET /shop/above/celebration222048926.shtml HTTP/1.1" 404 3794 "-" "Mozilla/5.0 (Linux; Android 6.0.1; Nexus 5X Build/MMB29P) AppleWebKit/537.36 (KHTML, like Gecko) Chrome/151.0.7922.137 Mobile Safari/537.36 (compatible; Googlebot/2.1; +http://www.google.com/bot.html)"
66.249.78.69 - - [18/Aug/2026:19:25:38 +0300] "GET /shop/thus/strength010046288.shtml HTTP/1.1" 404 3794 "-" "Mozilla/5.0 (compatible; Googlebot/2.1; +http://www.google.com/bot.html)"
66.249.66.166 - - [18/Aug/2026:19:25:39 +0300] "GET /shop/thus/strength010046288.shtml HTTP/1.1" 404 3793 "-" "Mozilla/5.0 (Linux; Android 6.0.1; Nexus 5X Build/MMB29P) AppleWebKit/537.36 (KHTML, like Gecko) Chrome/151.0.7922.137 Mobile Safari/537.36 (compatible; Googlebot/2.1; +http://www.google.com/bot.html)"
82.148.16.210 - - [18/Aug/2026:19:27:21 +0300] "POST /wp-cron.php?doing_wp_cron=1787070441.6092429161071777343750 HTTP/1.1" 200 31 "-" "WordPress/6.9.1; https://fita.staroobrad.ru"
203.99.146.53 - - [18/Aug/2026:19:27:21 +0300] "GET /wp-login.php HTTP/2.0" 200 3265 "-" "Mozilla/5.0 (Windows NT 10.0; Win64; x64) AppleWebKit/537.36 (KHTML, like Gecko) Chrome/149.0.0.0 Safari/537.36"
203.99.146.53 - - [18/Aug/2026:19:27:22 +0300] "POST /wp-login.php HTTP/2.0" 200 3427 "-" "Mozilla/5.0 (Windows NT 10.0; Win64; x64) AppleWebKit/537.36 (KHTML, like Gecko) Chrome/149.0.0.0 Safari/537.36"
216.73.216.221 - - [18/Aug/2026:19:28:41 +0300] "GET /search.php HTTP/2.0" 404 3 "-" "Mozilla/5.0 AppleWebKit/537.36 (KHTML, like Gecko; compatible; ClaudeBot/1.0; +claudebot@anthropic.com)"
82.148.16.210 - - [18/Aug/2026:19:28:48 +0300] "POST /wp-cron.php?doing_wp_cron=1787070528.2938399314880371093750 HTTP/1.1" 200 31 "-" "WordPress/6.9.1; https://fita.staroobrad.ru"
66.249.78.71 - - [18/Aug/2026:19:28:48 +0300] "GET /shop/expert/capable030005170.shtml HTTP/1.1" 404 3796 "-" "Mozilla/5.0 (Linux; Android 6.0.1; Nexus 5X Build/MMB29P) AppleWebKit/537.36 (KHTML, like Gecko) Chrome/151.0.7922.137 Mobile Safari/537.36 (compatible; Googlebot/2.1; +http://www.google.com/bot.html)"
82.148.16.210 - - [18/Aug/2026:19:29:04 +0300] "POST /wp-cron.php?doing_wp_cron=1787070543.9958369731903076171875 HTTP/1.1" 200 31 "-" "WordPress/6.9.1; https://fita.staroobrad.ru"
66.249.66.165 - - [18/Aug/2026:19:29:04 +0300] "GET /shop/mortality/fall057031973.shtml HTTP/1.1" 404 3797 "-" "Mozilla/5.0 (compatible; Googlebot/2.1; +http://www.google.com/bot.html)"
66.249.78.69 - - [18/Aug/2026:19:29:05 +0300] "GET /shop/mortality/fall057031973.shtml HTTP/1.1" 404 3795 "-" "Mozilla/5.0 (Linux; Android 6.0.1; Nexus 5X Build/MMB29P) AppleWebKit/537.36 (KHTML, like Gecko) Chrome/151.0.7922.137 Mobile Safari/537.36 (compatible; Googlebot/2.1; +http://www.google.com/bot.html)"
216.73.216.221 - - [18/Aug/2026:19:29:19 +0300] "GET / HTTP/2.0" 403 20 "-" "Mozilla/5.0 AppleWebKit/537.36 (KHTML, like Gecko; compatible; ClaudeBot/1.0; +claudebot@anthropic.com)"
82.148.16.210 - - [18/Aug/2026:19:30:17 +0300] "POST /wp-cron.php?doing_wp_cron=1787070617.5904200077056884765625 HTTP/1.1" 200 31 "-" "WordPress/6.9.1; https://fita.staroobrad.ru"
95.111.251.70 - - [18/Aug/2026:19:30:17 +0300] "GET /wp-login.php HTTP/2.0" 200 3265 "-" "Mozilla/5.0 (Windows NT 10.0; Win64; x64) AppleWebKit/537.36 (KHTML, like Gecko) Chrome/149.0.0.0 Safari/537.36"
95.111.251.70 - - [18/Aug/2026:19:30:17 +0300] "POST /wp-login.php HTTP/2.0" 200 3427 "-" "Mozilla/5.0 (Windows NT 10.0; Win64; x64) AppleWebKit/537.36 (KHTML, like Gecko) Chrome/149.0.0.0 Safari/537.36"
66.249.66.166 - - [18/Aug/2026:19:30:28 +0300] "GET /shop/pg/1AvailableInfo/1816212120460 HTTP/1.1" 404 3796 "-" "Mozilla/5.0 (compatible; Googlebot/2.1; +http://www.google.com/bot.html)"
82.148.16.210 - - [18/Aug/2026:19:31:18 +0300] "POST /wp-cron.php?doing_wp_cron=1787070678.7573390007019042968750 HTTP/1.1" 200 31 "-" "WordPress/6.9.1; https://fita.staroobrad.ru"
66.249.66.12 - - [18/Aug/2026:19:31:18 +0300] "GET /shop/endless/pool149016573.shtml HTTP/1.1" 404 3797 "-" "Mozilla/5.0 (Linux; Android 6.0.1; Nexus 5X Build/MMB29P) AppleWebKit/537.36 (KHTML, like Gecko) Chrome/151.0.7922.137 Mobile Safari/537.36 (compatible; Googlebot/2.1; +http://www.google.com/bot.html)"
66.249.66.166 - - [18/Aug/2026:19:31:19 +0300] "GET /shop/endless/pool149016573.shtml HTTP/1.1" 404 3795 "-" "Mozilla/5.0 (compatible; Googlebot/2.1; +http://www.google.com/bot.html)"
82.148.16.210 - - [18/Aug/2026:19:32:08 +0300] "POST /wp-cron.php?doing_wp_cron=1787070728.6758589744567871093750 HTTP/1.1" 200 31 "-" "WordPress/6.9.1; https://fita.staroobrad.ru"
66.249.66.165 - - [18/Aug/2026:19:32:08 +0300] "GET /shop/sad/slavery240027814.shtml HTTP/1.1" 404 3796 "-" "Mozilla/5.0 (compatible; Googlebot/2.1; +http://www.google.com/bot.html)"
82.148.16.210 - - [18/Aug/2026:19:33:10 +0300] "POST /wp-cron.php?doing_wp_cron=1787070790.0199420452117919921875 HTTP/1.1" 200 31 "-" "WordPress/6.9.1; https://fita.staroobrad.ru"
121.200.216.188 - - [18/Aug/2026:19:33:10 +0300] "GET /wp-login.php HTTP/2.0" 200 3265 "-" "Mozilla/5.0 (Windows NT 10.0; Win64; x64) AppleWebKit/537.36 (KHTML, like Gecko) Chrome/149.0.0.0 Safari/537.36"
66.249.78.71 - - [18/Aug/2026:19:33:23 +0300] "GET /shop/wage/wholesale095000865.shtml HTTP/1.1" 404 3795 "-" "Mozilla/5.0 (compatible; Googlebot/2.1; +http://www.google.com/bot.html)"
82.148.16.210 - - [18/Aug/2026:19:35:37 +0300] "POST /wp-cron.php?doing_wp_cron=1787070937.4405438899993896484375 HTTP/1.1" 200 31 "-" "WordPress/6.9.1; https://fita.staroobrad.ru"
104.248.149.255 - - [18/Aug/2026:19:35:37 +0300] "GET /wp-login.php HTTP/2.0" 200 3265 "-" "Mozilla/5.0 (Windows NT 10.0; Win64; x64) AppleWebKit/537.36 (KHTML, like Gecko) Chrome/149.0.0.0 Safari/537.36"
104.248.149.255 - - [18/Aug/2026:19:35:38 +0300] "POST /wp-login.php HTTP/2.0" 200 3427 "-" "Mozilla/5.0 (Windows NT 10.0; Win64; x64) AppleWebKit/537.36 (KHTML, like Gecko) Chrome/149.0.0.0 Safari/537.36"
66.249.78.70 - - [18/Aug/2026:19:35:47 +0300] "GET /shop/location/basis038000810.shtml HTTP/1.1" 404 3796 "-" "Mozilla/5.0 (compatible; Googlebot/2.1; +http://www.google.com/bot.html)"
82.148.16.210 - - [18/Aug/2026:19:35:49 +0300] "POST /wp-cron.php?doing_wp_cron=1787070949.0565690994262695312500 HTTP/1.1" 200 31 "-" "WordPress/6.9.1; https://fita.staroobrad.ru"
66.249.66.12 - - [18/Aug/2026:19:35:49 +0300] "GET /shop/location/basis038000810.shtml HTTP/1.1" 404 3796 "-" "Mozilla/5.0 (Linux; Android 6.0.1; Nexus 5X Build/MMB29P) AppleWebKit/537.36 (KHTML, like Gecko) Chrome/151.0.7922.137 Mobile Safari/537.36 (compatible; Googlebot/2.1; +http://www.google.com/bot.html)"
82.148.16.210 - - [18/Aug/2026:19:37:58 +0300] "POST /wp-cron.php?doing_wp_cron=1787071078.4348020553588867187500 HTTP/1.1" 200 31 "-" "WordPress/6.9.1; https://fita.staroobrad.ru"
66.249.66.165 - - [18/Aug/2026:19:37:58 +0300] "GET /shop/seminar/product222000164.shtml HTTP/1.1" 404 3796 "-" "Mozilla/5.0 (Linux; Android 6.0.1; Nexus 5X Build/MMB29P) AppleWebKit/537.36 (KHTML, like Gecko) Chrome/151.0.7922.137 Mobile Safari/537.36 (compatible; Googlebot/2.1; +http://www.google.com/bot.html)"
82.148.16.210 - - [18/Aug/2026:19:40:28 +0300] "POST /wp-cron.php?doing_wp_cron=1787071228.3429429531097412109375 HTTP/1.1" 200 31 "-" "WordPress/6.9.1; https://fita.staroobrad.ru"
108.167.161.148 - - [18/Aug/2026:19:40:28 +0300] "GET /wp-login.php HTTP/2.0" 200 3265 "-" "Mozilla/5.0 (Windows NT 10.0; Win64; x64) AppleWebKit/537.36 (KHTML, like Gecko) Chrome/149.0.0.0 Safari/537.36"
108.167.161.148 - - [18/Aug/2026:19:40:28 +0300] "POST /wp-login.php HTTP/2.0" 200 3427 "-" "Mozilla/5.0 (Windows NT 10.0; Win64; x64) AppleWebKit/537.36 (KHTML, like Gecko) Chrome/149.0.0.0 Safari/537.36"
82.148.16.210 - - [18/Aug/2026:19:41:21 +0300] "POST /wp-cron.php?doing_wp_cron=1787071281.6924490928649902343750 HTTP/1.1" 200 31 "-" "WordPress/6.9.1; https://fita.staroobrad.ru"
66.249.78.70 - - [18/Aug/2026:19:41:21 +0300] "GET /m85021114091 HTTP/1.1" 404 3795 "-" "Mozilla/5.0 (Linux; Android 6.0.1; Nexus 5X Build/MMB29P) AppleWebKit/537.36 (KHTML, like Gecko) Chrome/151.0.7922.137 Mobile Safari/537.36 (compatible; Googlebot/2.1; +http://www.google.com/bot.html)"
82.148.16.210 - - [18/Aug/2026:19:42:10 +0300] "POST /wp-cron.php?doing_wp_cron=1787071330.2494580745697021484375 HTTP/1.1" 200 31 "-" "WordPress/6.9.1; https://fita.staroobrad.ru"
66.116.199.98 - - [18/Aug/2026:19:42:10 +0300] "GET /wp-login.php HTTP/2.0" 200 3265 "-" "Mozilla/5.0 (Windows NT 10.0; Win64; x64) AppleWebKit/537.36 (KHTML, like Gecko) Chrome/149.0.0.0 Safari/537.36"
66.116.199.98 - - [18/Aug/2026:19:42:10 +0300] "POST /wp-login.php HTTP/2.0" 200 3427 "-" "Mozilla/5.0 (Windows NT 10.0; Win64; x64) AppleWebKit/537.36 (KHTML, like Gecko) Chrome/149.0.0.0 Safari/537.36"
66.249.66.11 - - [18/Aug/2026:19:42:48 +0300] "GET /shopdetail/135/1159493.shtm HTTP/1.1" 404 3796 "-" "Mozilla/5.0 (compatible; Googlebot/2.1; +http://www.google.com/bot.html)"
66.249.78.70 - - [18/Aug/2026:19:42:48 +0300] "GET /shopdetail/135/1159493.shtm HTTP/1.1" 404 3796 "-" "Mozilla/5.0 (Linux; Android 6.0.1; Nexus 5X Build/MMB29P) AppleWebKit/537.36 (KHTML, like Gecko) Chrome/151.0.7922.137 Mobile Safari/537.36 (compatible; Googlebot/2.1; +http://www.google.com/bot.html)"
82.148.16.210 - - [18/Aug/2026:19:42:53 +0300] "POST /wp-cron.php?doing_wp_cron=1787071373.5745520591735839843750 HTTP/1.1" 200 31 "-" "WordPress/6.9.1; https://fita.staroobrad.ru"
66.249.78.70 - - [18/Aug/2026:19:42:53 +0300] "GET /shop/lion/publicly177042229.shtml HTTP/1.1" 404 3795 "-" "Mozilla/5.0 (Linux; Android 6.0.1; Nexus 5X Build/MMB29P) AppleWebKit/537.36 (KHTML, like Gecko) Chrome/151.0.7922.137 Mobile Safari/537.36 (compatible; Googlebot/2.1; +http://www.google.com/bot.html)"
82.148.16.210 - - [18/Aug/2026:19:44:06 +0300] "POST /wp-cron.php?doing_wp_cron=1787071445.9588370323181152343750 HTTP/1.1" 200 31 "-" "WordPress/6.9.1; https://fita.staroobrad.ru"
66.249.66.166 - - [18/Aug/2026:19:44:06 +0300] "GET /shop/prisoner/cure072000052.shtml HTTP/1.1" 404 3795 "-" "Mozilla/5.0 (Linux; Android 6.0.1; Nexus 5X Build/MMB29P) AppleWebKit/537.36 (KHTML, like Gecko) Chrome/151.0.7922.137 Mobile Safari/537.36 (compatible; Googlebot/2.1; +http://www.google.com/bot.html)"
66.249.66.167 - - [18/Aug/2026:19:44:06 +0300] "GET /shop/prisoner/cure072000052.shtml HTTP/1.1" 404 3797 "-" "Mozilla/5.0 (compatible; Googlebot/2.1; +http://www.google.com/bot.html)"
82.148.16.210 - - [18/Aug/2026:19:45:04 +0300] "POST /wp-cron.php?doing_wp_cron=1787071503.9379589557647705078125 HTTP/1.1" 200 31 "-" "WordPress/6.9.1; https://fita.staroobrad.ru"
66.249.66.167 - - [18/Aug/2026:19:45:04 +0300] "GET /shop/assessment/normally046000178.shtml HTTP/1.1" 404 3797 "-" "Mozilla/5.0 (Linux; Android 6.0.1; Nexus 5X Build/MMB29P) AppleWebKit/537.36 (KHTML, like Gecko) Chrome/151.0.7922.137 Mobile Safari/537.36 (compatible; Googlebot/2.1; +http://www.google.com/bot.html)"
167.71.240.77 - - [18/Aug/2026:19:45:23 +0300] "GET /wp-login.php HTTP/2.0" 200 3265 "-" "Mozilla/5.0 (Windows NT 10.0; Win64; x64) AppleWebKit/537.36 (KHTML, like Gecko) Chrome/149.0.0.0 Safari/537.36"
167.71.240.77 - - [18/Aug/2026:19:45:25 +0300] "POST /wp-login.php HTTP/2.0" 200 3427 "-" "Mozilla/5.0 (Windows NT 10.0; Win64; x64) AppleWebKit/537.36 (KHTML, like Gecko) Chrome/149.0.0.0 Safari/537.36"
82.148.16.210 - - [18/Aug/2026:19:48:57 +0300] "POST /wp-cron.php?doing_wp_cron=1787071737.3807389736175537109375 HTTP/1.1" 200 31 "-" "WordPress/6.9.1; https://fita.staroobrad.ru"
50.116.87.130 - - [18/Aug/2026:19:48:57 +0300] "GET /wp-login.php HTTP/2.0" 200 3265 "-" "Mozilla/5.0 (Windows NT 10.0; Win64; x64) AppleWebKit/537.36 (KHTML, like Gecko) Chrome/149.0.0.0 Safari/537.36"
50.116.87.130 - - [18/Aug/2026:19:48:58 +0300] "POST /wp-login.php HTTP/2.0" 200 3427 "-" "Mozilla/5.0 (Windows NT 10.0; Win64; x64) AppleWebKit/537.36 (KHTML, like Gecko) Chrome/149.0.0.0 Safari/537.36"
66.249.66.203 - - [18/Aug/2026:19:49:22 +0300] "GET /shop/organize/mountain087000365.shtml HTTP/1.1" 404 3796 "-" "Mozilla/5.0 (compatible; Googlebot/2.1; +http://www.google.com/bot.html)"
82.148.16.210 - - [18/Aug/2026:19:50:15 +0300] "POST /wp-cron.php?doing_wp_cron=1787071814.9805860519409179687500 HTTP/1.1" 200 31 "-" "WordPress/6.9.1; https://fita.staroobrad.ru"
66.249.78.70 - - [18/Aug/2026:19:50:15 +0300] "GET /category/201/1 HTTP/1.1" 404 3795 "-" "Mozilla/5.0 (Linux; Android 6.0.1; Nexus 5X Build/MMB29P) AppleWebKit/537.36 (KHTML, like Gecko) Chrome/151.0.7922.137 Mobile Safari/537.36 (compatible; Googlebot/2.1; +http://www.google.com/bot.html)"
82.148.16.210 - - [18/Aug/2026:19:52:03 +0300] "POST /wp-cron.php?doing_wp_cron=1787071923.6753180027008056640625 HTTP/1.1" 200 31 "-" "WordPress/6.9.1; https://fita.staroobrad.ru"
188.164.197.230 - - [18/Aug/2026:19:52:03 +0300] "GET /wp-login.php HTTP/2.0" 200 3265 "-" "Mozilla/5.0 (Windows NT 10.0; Win64; x64) AppleWebKit/537.36 (KHTML, like Gecko) Chrome/149.0.0.0 Safari/537.36"
188.164.197.230 - - [18/Aug/2026:19:52:04 +0300] "POST /wp-login.php HTTP/2.0" 200 3427 "-" "Mozilla/5.0 (Windows NT 10.0; Win64; x64) AppleWebKit/537.36 (KHTML, like Gecko) Chrome/149.0.0.0 Safari/537.36"
82.148.16.210 - - [18/Aug/2026:19:55:10 +0300] "POST /wp-cron.php?doing_wp_cron=1787072110.9350709915161132812500 HTTP/1.1" 200 31 "-" "WordPress/6.9.1; https://fita.staroobrad.ru"
50.6.169.131 - - [18/Aug/2026:19:55:10 +0300] "GET /wp-login.php HTTP/2.0" 200 3265 "-" "Mozilla/5.0 (Windows NT 10.0; Win64; x64) AppleWebKit/537.36 (KHTML, like Gecko) Chrome/149.0.0.0 Safari/537.36"
50.6.169.131 - - [18/Aug/2026:19:55:11 +0300] "POST /wp-login.php HTTP/2.0" 200 3427 "-" "Mozilla/5.0 (Windows NT 10.0; Win64; x64) AppleWebKit/537.36 (KHTML, like Gecko) Chrome/149.0.0.0 Safari/537.36"
82.148.16.210 - - [18/Aug/2026:19:56:33 +0300] "POST /wp-cron.php?doing_wp_cron=1787072193.1093599796295166015625 HTTP/1.1" 200 31 "-" "WordPress/6.9.1; https://fita.staroobrad.ru"
66.249.66.75 - - [18/Aug/2026:19:56:33 +0300] "GET /m43585709106 HTTP/1.1" 404 3795 "-" "Mozilla/5.0 (Linux; Android 6.0.1; Nexus 5X Build/MMB29P) AppleWebKit/537.36 (KHTML, like Gecko) Chrome/151.0.7922.137 Mobile Safari/537.36 (compatible; Googlebot/2.1; +http://www.google.com/bot.html)"
66.249.66.202 - - [18/Aug/2026:19:56:34 +0300] "GET /m43585709106 HTTP/1.1" 404 3797 "-" "Mozilla/5.0 (compatible; Googlebot/2.1; +http://www.google.com/bot.html)"
82.148.16.210 - - [18/Aug/2026:19:57:19 +0300] "POST /wp-cron.php?doing_wp_cron=1787072239.2676570415496826171875 HTTP/1.1" 200 31 "-" "WordPress/6.9.1; https://fita.staroobrad.ru"
66.249.66.36 - - [18/Aug/2026:19:57:19 +0300] "GET /shop/hope/attention265027831.shtml HTTP/1.1" 404 3796 "-" "Mozilla/5.0 (Linux; Android 6.0.1; Nexus 5X Build/MMB29P) AppleWebKit/537.36 (KHTML, like Gecko) Chrome/151.0.7922.137 Mobile Safari/537.36 (compatible; Googlebot/2.1; +http://www.google.com/bot.html)"
82.148.16.210 - - [18/Aug/2026:19:57:55 +0300] "POST /wp-cron.php?doing_wp_cron=1787072275.2466249465942382812500 HTTP/1.1" 200 31 "-" "WordPress/6.9.1; https://fita.staroobrad.ru"
162.240.105.3 - - [18/Aug/2026:19:57:55 +0300] "GET /wp-login.php HTTP/2.0" 200 3265 "-" "Mozilla/5.0 (Windows NT 10.0; Win64; x64) AppleWebKit/537.36 (KHTML, like Gecko) Chrome/149.0.0.0 Safari/537.36"
162.240.105.3 - - [18/Aug/2026:19:57:55 +0300] "POST /wp-login.php HTTP/2.0" 200 3427 "-" "Mozilla/5.0 (Windows NT 10.0; Win64; x64) AppleWebKit/537.36 (KHTML, like Gecko) Chrome/149.0.0.0 Safari/537.36"
66.249.66.75 - - [18/Aug/2026:19:58:08 +0300] "GET /shop/bomb/hypothesis046000650.shtml HTTP/1.1" 404 3796 "-" "Mozilla/5.0 (compatible; Googlebot/2.1; +http://www.google.com/bot.html)"
82.148.16.210 - - [18/Aug/2026:20:04:48 +0300] "POST /wp-cron.php?doing_wp_cron=1787072688.0563409328460693359375 HTTP/1.1" 200 31 "-" "WordPress/6.9.1; https://fita.staroobrad.ru"
66.249.66.75 - - [18/Aug/2026:20:04:48 +0300] "GET /shop/whoever/grain067004571.shtml HTTP/1.1" 404 3797 "-" "Mozilla/5.0 (Linux; Android 6.0.1; Nexus 5X Build/MMB29P) AppleWebKit/537.36 (KHTML, like Gecko) Chrome/151.0.7922.137 Mobile Safari/537.36 (compatible; Googlebot/2.1; +http://www.google.com/bot.html)"
82.148.16.210 - - [18/Aug/2026:20:08:50 +0300] "POST /wp-cron.php?doing_wp_cron=1787072930.4765019416809082031250 HTTP/1.1" 200 31 "-" "WordPress/6.9.1; https://fita.staroobrad.ru"
135.181.3.246 - - [18/Aug/2026:20:08:50 +0300] "GET /?stance/121035076 HTTP/1.1" 301 5 "-" "Mozilla/5.0 (compatible; SERankingBacklinksBot/1.0; +https://seranking.com/backlinks-crawler)"
135.181.3.246 - - [18/Aug/2026:20:08:50 +0300] "GET /?stance%2F121035076 HTTP/1.1" 403 31 "-" "Mozilla/5.0 (compatible; SERankingBacklinksBot/1.0; +https://seranking.com/backlinks-crawler)"
82.148.16.210 - - [18/Aug/2026:20:11:37 +0300] "POST /wp-cron.php?doing_wp_cron=1787073096.7277019023895263671875 HTTP/1.1" 200 31 "-" "WordPress/6.9.1; https://fita.staroobrad.ru"
185.146.22.242 - - [18/Aug/2026:20:11:37 +0300] "GET /wp-login.php HTTP/2.0" 200 3265 "-" "Mozilla/5.0 (Windows NT 10.0; Win64; x64) AppleWebKit/537.36 (KHTML, like Gecko) Chrome/149.0.0.0 Safari/537.36"
66.249.66.165 - - [18/Aug/2026:20:11:37 +0300] "GET /?psychological/001000234 HTTP/1.1" 301 5 "-" "Mozilla/5.0 (Linux; Android 6.0.1; Nexus 5X Build/MMB29P) AppleWebKit/537.36 (KHTML, like Gecko) Chrome/151.0.7922.137 Mobile Safari/537.36 (compatible; Googlebot/2.1; +http://www.google.com/bot.html)"
185.146.22.242 - - [18/Aug/2026:20:11:37 +0300] "POST /wp-login.php HTTP/2.0" 200 3427 "-" "Mozilla/5.0 (Windows NT 10.0; Win64; x64) AppleWebKit/537.36 (KHTML, like Gecko) Chrome/149.0.0.0 Safari/537.36"
82.148.16.210 - - [18/Aug/2026:20:11:38 +0300] "POST /wp-cron.php?doing_wp_cron=1787073098.2404940128326416015625 HTTP/1.1" 200 31 "-" "WordPress/6.9.1; https://fita.staroobrad.ru"
66.249.66.76 - - [18/Aug/2026:20:11:38 +0300] "GET /?psychological%2F001000234 HTTP/1.1" 404 31 "-" "Mozilla/5.0 (Linux; Android 6.0.1; Nexus 5X Build/MMB29P) AppleWebKit/537.36 (KHTML, like Gecko) Chrome/151.0.7922.137 Mobile Safari/537.36 (compatible; Googlebot/2.1; +http://www.google.com/bot.html)"
82.148.16.210 - - [18/Aug/2026:20:12:15 +0300] "POST /wp-cron.php?doing_wp_cron=1787073134.9441928863525390625000 HTTP/1.1" 200 31 "-" "WordPress/6.9.1; https://fita.staroobrad.ru"
66.249.78.69 - - [18/Aug/2026:20:12:15 +0300] "GET /m75089060974 HTTP/1.1" 404 3796 "-" "Mozilla/5.0 (compatible; Googlebot/2.1; +http://www.google.com/bot.html)"
66.249.66.35 - - [18/Aug/2026:20:12:15 +0300] "GET /m75089060974 HTTP/1.1" 404 3796 "-" "Mozilla/5.0 (Linux; Android 6.0.1; Nexus 5X Build/MMB29P) AppleWebKit/537.36 (KHTML, like Gecko) Chrome/151.0.7922.137 Mobile Safari/537.36 (compatible; Googlebot/2.1; +http://www.google.com/bot.html)"
66.249.66.202 - - [18/Aug/2026:20:12:18 +0300] "GET /shopdetail/406/11526023.shtm HTTP/1.1" 404 3796 "-" "Mozilla/5.0 (compatible; Googlebot/2.1; +http://www.google.com/bot.html)"
66.249.66.74 - - [18/Aug/2026:20:12:19 +0300] "GET /shopdetail/406/11526023.shtm HTTP/1.1" 404 3796 "-" "Mozilla/5.0 (Linux; Android 6.0.1; Nexus 5X Build/MMB29P) AppleWebKit/537.36 (KHTML, like Gecko) Chrome/151.0.7922.137 Mobile Safari/537.36 (compatible; Googlebot/2.1; +http://www.google.com/bot.html)"
82.148.16.210 - - [18/Aug/2026:20:14:15 +0300] "POST /wp-cron.php?doing_wp_cron=1787073255.0809330940246582031250 HTTP/1.1" 200 31 "-" "WordPress/6.9.1; https://fita.staroobrad.ru"
66.249.78.71 - - [18/Aug/2026:20:14:15 +0300] "GET /shop/coastal/deadly011002797.shtml HTTP/1.1" 404 3797 "-" "Mozilla/5.0 (Linux; Android 6.0.1; Nexus 5X Build/MMB29P) AppleWebKit/537.36 (KHTML, like Gecko) Chrome/151.0.7922.137 Mobile Safari/537.36 (compatible; Googlebot/2.1; +http://www.google.com/bot.html)"
66.249.78.70 - - [18/Aug/2026:20:14:15 +0300] "GET /shop/coastal/deadly011002797.shtml HTTP/1.1" 404 3797 "-" "Mozilla/5.0 (compatible; Googlebot/2.1; +http://www.google.com/bot.html)"
66.249.66.36 - - [18/Aug/2026:20:14:24 +0300] "GET /classic/472247115284178.shtm HTTP/1.1" 404 3799 "-" "Mozilla/5.0 (Linux; Android 6.0.1; Nexus 5X Build/MMB29P) AppleWebKit/537.36 (KHTML, like Gecko) Chrome/151.0.7922.137 Mobile Safari/537.36 (compatible; GoogleOther)"
66.249.66.74 - - [18/Aug/2026:20:14:27 +0300] "GET /m62300694643 HTTP/1.1" 404 3798 "-" "Mozilla/5.0 (Linux; Android 6.0.1; Nexus 5X Build/MMB29P) AppleWebKit/537.36 (KHTML, like Gecko) Chrome/151.0.7922.137 Mobile Safari/537.36 (compatible; GoogleOther)"
66.249.66.204 - - [18/Aug/2026:20:14:28 +0300] "GET /shop/hostage/racial059000999.shtml HTTP/1.1" 404 3798 "-" "Mozilla/5.0 (Linux; Android 6.0.1; Nexus 5X Build/MMB29P) AppleWebKit/537.36 (KHTML, like Gecko) Chrome/151.0.7922.137 Mobile Safari/537.36 (compatible; Googlebot/2.1; +http://www.google.com/bot.html)"
82.148.16.210 - - [18/Aug/2026:20:16:35 +0300] "POST /wp-cron.php?doing_wp_cron=1787073394.9774138927459716796875 HTTP/1.1" 200 31 "-" "WordPress/6.9.1; https://fita.staroobrad.ru"
69.72.136.99 - - [18/Aug/2026:20:16:35 +0300] "GET /wp-login.php HTTP/2.0" 200 3265 "-" "Mozilla/5.0 (Windows NT 10.0; Win64; x64) AppleWebKit/537.36 (KHTML, like Gecko) Chrome/149.0.0.0 Safari/537.36"
69.72.136.99 - - [18/Aug/2026:20:16:35 +0300] "POST /wp-login.php HTTP/2.0" 200 3427 "-" "Mozilla/5.0 (Windows NT 10.0; Win64; x64) AppleWebKit/537.36 (KHTML, like Gecko) Chrome/149.0.0.0 Safari/537.36"
82.148.16.210 - - [18/Aug/2026:20:20:36 +0300] "POST /wp-cron.php?doing_wp_cron=1787073636.7032649517059326171875 HTTP/1.1" 200 31 "-" "WordPress/6.9.1; https://fita.staroobrad.ru"
20.237.251.56 - - [18/Aug/2026:20:20:36 +0300] "GET /wp-login.php HTTP/2.0" 200 3265 "-" "Mozilla/5.0 (Windows NT 10.0; Win64; x64) AppleWebKit/537.36 (KHTML, like Gecko) Chrome/149.0.0.0 Safari/537.36"
20.237.251.56 - - [18/Aug/2026:20:20:37 +0300] "POST /wp-login.php HTTP/2.0" 200 3427 "-" "Mozilla/5.0 (Windows NT 10.0; Win64; x64) AppleWebKit/537.36 (KHTML, like Gecko) Chrome/149.0.0.0 Safari/537.36"
82.148.16.210 - - [18/Aug/2026:20:21:52 +0300] "POST /wp-cron.php?doing_wp_cron=1787073712.4640569686889648437500 HTTP/1.1" 200 31 "-" "WordPress/6.9.1; https://fita.staroobrad.ru"
66.249.66.76 - - [18/Aug/2026:20:21:52 +0300] "GET /m69530248030 HTTP/1.1" 404 3795 "-" "Mozilla/5.0 (Linux; Android 6.0.1; Nexus 5X Build/MMB29P) AppleWebKit/537.36 (KHTML, like Gecko) Chrome/151.0.7922.137 Mobile Safari/537.36 (compatible; GoogleOther)"
82.148.16.210 - - [18/Aug/2026:20:23:05 +0300] "POST /wp-cron.php?doing_wp_cron=1787073784.8822810649871826171875 HTTP/1.1" 200 31 "-" "WordPress/6.9.1; https://fita.staroobrad.ru"
203.99.146.53 - - [18/Aug/2026:20:23:05 +0300] "GET /wp-login.php HTTP/2.0" 200 3265 "-" "Mozilla/5.0 (Windows NT 10.0; Win64; x64) AppleWebKit/537.36 (KHTML, like Gecko) Chrome/149.0.0.0 Safari/537.36"
203.99.146.53 - - [18/Aug/2026:20:23:07 +0300] "POST /wp-login.php HTTP/2.0" 200 3427 "-" "Mozilla/5.0 (Windows NT 10.0; Win64; x64) AppleWebKit/537.36 (KHTML, like Gecko) Chrome/149.0.0.0 Safari/537.36"
66.249.66.97 - - [18/Aug/2026:20:23:46 +0300] "GET /shop/breathe/climb092000086.shtml HTTP/1.1" 404 3797 "-" "Mozilla/5.0 (Linux; Android 6.0.1; Nexus 5X Build/MMB29P) AppleWebKit/537.36 (KHTML, like Gecko) Chrome/151.0.7922.137 Mobile Safari/537.36 (compatible; Googlebot/2.1; +http://www.google.com/bot.html)"
82.148.16.210 - - [18/Aug/2026:20:25:38 +0300] "POST /wp-cron.php?doing_wp_cron=1787073938.1326909065246582031250 HTTP/1.1" 200 31 "-" "WordPress/6.9.1; https://fita.staroobrad.ru"
97.74.87.194 - - [18/Aug/2026:20:25:38 +0300] "GET /wp-login.php HTTP/2.0" 200 3265 "-" "Mozilla/5.0 (Windows NT 10.0; Win64; x64) AppleWebKit/537.36 (KHTML, like Gecko) Chrome/149.0.0.0 Safari/537.36"
97.74.87.194 - - [18/Aug/2026:20:25:38 +0300] "POST /wp-login.php HTTP/2.0" 200 3427 "-" "Mozilla/5.0 (Windows NT 10.0; Win64; x64) AppleWebKit/537.36 (KHTML, like Gecko) Chrome/149.0.0.0 Safari/537.36"
82.148.16.210 - - [18/Aug/2026:20:29:22 +0300] "POST /wp-cron.php?doing_wp_cron=1787074162.5342390537261962890625 HTTP/1.1" 200 31 "-" "WordPress/6.9.1; https://fita.staroobrad.ru"
66.249.66.203 - - [18/Aug/2026:20:29:22 +0300] "GET /?detail/14700156845388 HTTP/1.1" 301 5 "-" "Mozilla/5.0 (Linux; Android 6.0.1; Nexus 5X Build/MMB29P) AppleWebKit/537.36 (KHTML, like Gecko) Chrome/151.0.7922.137 Mobile Safari/537.36 (compatible; GoogleOther)"
66.249.78.70 - - [18/Aug/2026:20:29:26 +0300] "GET /m97687806738 HTTP/1.1" 404 3797 "-" "Mozilla/5.0 (Linux; Android 6.0.1; Nexus 5X Build/MMB29P) AppleWebKit/537.36 (KHTML, like Gecko) Chrome/151.0.7922.137 Mobile Safari/537.36 (compatible; Googlebot/2.1; +http://www.google.com/bot.html)"
66.249.66.35 - - [18/Aug/2026:20:29:27 +0300] "GET /?detail%2F14700156845388 HTTP/1.1" 404 31 "-" "Mozilla/5.0 (Linux; Android 6.0.1; Nexus 5X Build/MMB29P) AppleWebKit/537.36 (KHTML, like Gecko) Chrome/151.0.7922.137 Mobile Safari/537.36 (compatible; GoogleOther)"
82.148.16.210 - - [18/Aug/2026:20:30:50 +0300] "POST /wp-cron.php?doing_wp_cron=1787074250.7455730438232421875000 HTTP/1.1" 200 31 "-" "WordPress/6.9.1; https://fita.staroobrad.ru"
95.111.251.70 - - [18/Aug/2026:20:30:50 +0300] "GET /wp-login.php HTTP/2.0" 200 3265 "-" "Mozilla/5.0 (Windows NT 10.0; Win64; x64) AppleWebKit/537.36 (KHTML, like Gecko) Chrome/149.0.0.0 Safari/537.36"
95.111.251.70 - - [18/Aug/2026:20:30:51 +0300] "POST /wp-login.php HTTP/2.0" 200 3427 "-" "Mozilla/5.0 (Windows NT 10.0; Win64; x64) AppleWebKit/537.36 (KHTML, like Gecko) Chrome/149.0.0.0 Safari/537.36"
66.249.66.74 - - [18/Aug/2026:20:30:54 +0300] "GET /shop/birthday/king030022982.shtml HTTP/1.1" 404 3797 "-" "Mozilla/5.0 (Linux; Android 6.0.1; Nexus 5X Build/MMB29P) AppleWebKit/537.36 (KHTML, like Gecko) Chrome/151.0.7922.137 Mobile Safari/537.36 (compatible; Googlebot/2.1; +http://www.google.com/bot.html)"
66.249.78.71 - - [18/Aug/2026:20:30:55 +0300] "GET /18888104 HTTP/1.1" 404 3798 "-" "Mozilla/5.0 (Linux; Android 6.0.1; Nexus 5X Build/MMB29P) AppleWebKit/537.36 (KHTML, like Gecko) Chrome/151.0.7922.137 Mobile Safari/537.36 (compatible; Googlebot/2.1; +http://www.google.com/bot.html)"
82.148.16.210 - - [18/Aug/2026:20:32:23 +0300] "POST /wp-cron.php?doing_wp_cron=1787074343.0488049983978271484375 HTTP/1.1" 200 31 "-" "WordPress/6.9.1; https://fita.staroobrad.ru"
66.249.66.37 - - [18/Aug/2026:20:32:23 +0300] "GET /shop/adequate/lesson124046024.shtml HTTP/1.1" 404 3799 "-" "Mozilla/5.0 (compatible; Googlebot/2.1; +http://www.google.com/bot.html)"
82.148.16.210 - - [18/Aug/2026:20:36:43 +0300] "POST /wp-cron.php?doing_wp_cron=1787074603.2112529277801513671875 HTTP/1.1" 200 31 "-" "WordPress/6.9.1; https://fita.staroobrad.ru"
66.249.66.76 - - [18/Aug/2026:20:36:43 +0300] "GET /shop/chief/sigh007000443.shtml HTTP/1.1" 404 3797 "-" "Mozilla/5.0 (Linux; Android 6.0.1; Nexus 5X Build/MMB29P) AppleWebKit/537.36 (KHTML, like Gecko) Chrome/151.0.7922.137 Mobile Safari/537.36 (compatible; Googlebot/2.1; +http://www.google.com/bot.html)"
82.148.16.210 - - [18/Aug/2026:20:36:52 +0300] "POST /wp-cron.php?doing_wp_cron=1787074612.1021580696105957031250 HTTP/1.1" 200 31 "-" "WordPress/6.9.1; https://fita.staroobrad.ru"
66.249.78.70 - - [18/Aug/2026:20:36:52 +0300] "GET /6160496 HTTP/1.1" 404 3797 "-" "Mozilla/5.0 (Linux; Android 6.0.1; Nexus 5X Build/MMB29P) AppleWebKit/537.36 (KHTML, like Gecko) Chrome/151.0.7922.137 Mobile Safari/537.36 (compatible; GoogleOther)"
82.148.16.210 - - [18/Aug/2026:20:41:49 +0300] "POST /wp-cron.php?doing_wp_cron=1787074909.4355370998382568359375 HTTP/1.1" 200 31 "-" "WordPress/6.9.1; https://fita.staroobrad.ru"
108.179.192.15 - - [18/Aug/2026:20:41:49 +0300] "GET /wp-login.php HTTP/2.0" 200 3265 "-" "Mozilla/5.0 (Windows NT 10.0; Win64; x64) AppleWebKit/537.36 (KHTML, like Gecko) Chrome/149.0.0.0 Safari/537.36"
108.179.192.15 - - [18/Aug/2026:20:41:50 +0300] "POST /wp-login.php HTTP/2.0" 200 3427 "-" "Mozilla/5.0 (Windows NT 10.0; Win64; x64) AppleWebKit/537.36 (KHTML, like Gecko) Chrome/149.0.0.0 Safari/537.36"
82.148.16.210 - - [18/Aug/2026:20:43:03 +0300] "POST /wp-cron.php?doing_wp_cron=1787074983.2695100307464599609375 HTTP/1.1" 200 31 "-" "WordPress/6.9.1; https://fita.staroobrad.ru"
66.249.66.204 - - [18/Aug/2026:20:43:03 +0300] "GET /shop/ritual/study020000694.shtml HTTP/1.1" 404 3799 "-" "Mozilla/5.0 (Linux; Android 6.0.1; Nexus 5X Build/MMB29P) AppleWebKit/537.36 (KHTML, like Gecko) Chrome/151.0.7922.137 Mobile Safari/537.36 (compatible; Googlebot/2.1; +http://www.google.com/bot.html)"
66.249.78.71 - - [18/Aug/2026:20:43:20 +0300] "GET /reserve/tool/ HTTP/1.1" 404 3799 "-" "Mozilla/5.0 (Linux; Android 6.0.1; Nexus 5X Build/MMB29P) AppleWebKit/537.36 (KHTML, like Gecko) Chrome/151.0.7922.137 Mobile Safari/537.36 (compatible; Googlebot/2.1; +http://www.google.com/bot.html)"
66.249.78.71 - - [18/Aug/2026:20:43:20 +0300] "GET /reserve/tool/ HTTP/1.1" 404 3799 "-" "Mozilla/5.0 (compatible; Googlebot/2.1; +http://www.google.com/bot.html)"
82.148.16.210 - - [18/Aug/2026:20:44:05 +0300] "POST /wp-cron.php?doing_wp_cron=1787075045.4857459068298339843750 HTTP/1.1" 200 31 "-" "WordPress/6.9.1; https://fita.staroobrad.ru"
216.38.28.47 - - [18/Aug/2026:20:44:05 +0300] "GET /wp-login.php HTTP/2.0" 200 3265 "-" "Mozilla/5.0 (Windows NT 10.0; Win64; x64) AppleWebKit/537.36 (KHTML, like Gecko) Chrome/149.0.0.0 Safari/537.36"
216.38.28.47 - - [18/Aug/2026:20:44:05 +0300] "POST /wp-login.php HTTP/2.0" 200 3427 "-" "Mozilla/5.0 (Windows NT 10.0; Win64; x64) AppleWebKit/537.36 (KHTML, like Gecko) Chrome/149.0.0.0 Safari/537.36"
66.249.66.203 - - [18/Aug/2026:20:44:23 +0300] "GET /shop/everybody/painting211045441.shtml HTTP/1.1" 404 3797 "-" "Mozilla/5.0 (Linux; Android 6.0.1; Nexus 5X Build/MMB29P) AppleWebKit/537.36 (KHTML, like Gecko) Chrome/151.0.7922.137 Mobile Safari/537.36 (compatible; GoogleOther)"
82.148.16.210 - - [18/Aug/2026:20:45:49 +0300] "POST /wp-cron.php?doing_wp_cron=1787075149.1557989120483398437500 HTTP/1.1" 200 31 "-" "WordPress/6.9.1; https://fita.staroobrad.ru"
66.249.78.69 - - [18/Aug/2026:20:45:49 +0300] "GET /shop/corn/suppose109047215.shtml HTTP/1.1" 404 3798 "-" "Mozilla/5.0 (compatible; Googlebot/2.1; +http://www.google.com/bot.html)"
212.29.237.5 - - [18/Aug/2026:20:46:40 +0300] "GET /wp-login.php HTTP/2.0" 200 3265 "-" "Mozilla/5.0 (Windows NT 10.0; Win64; x64) AppleWebKit/537.36 (KHTML, like Gecko) Chrome/149.0.0.0 Safari/537.36"
212.29.237.5 - - [18/Aug/2026:20:46:40 +0300] "POST /wp-login.php HTTP/2.0" 200 3427 "-" "Mozilla/5.0 (Windows NT 10.0; Win64; x64) AppleWebKit/537.36 (KHTML, like Gecko) Chrome/149.0.0.0 Safari/537.36"
82.148.16.210 - - [18/Aug/2026:20:48:17 +0300] "POST /wp-cron.php?doing_wp_cron=1787075297.4429008960723876953125 HTTP/1.1" 200 31 "-" "WordPress/6.9.1; https://fita.staroobrad.ru"
66.249.66.74 - - [18/Aug/2026:20:48:17 +0300] "GET /shop/party/disagree049038263.shtml HTTP/1.1" 404 3797 "-" "Mozilla/5.0 (Linux; Android 6.0.1; Nexus 5X Build/MMB29P) AppleWebKit/537.36 (KHTML, like Gecko) Chrome/151.0.7922.137 Mobile Safari/537.36 (compatible; Googlebot/2.1; +http://www.google.com/bot.html)"
82.148.16.210 - - [18/Aug/2026:20:49:15 +0300] "POST /wp-cron.php?doing_wp_cron=1787075355.3420000076293945312500 HTTP/1.1" 200 31 "-" "WordPress/6.9.1; https://fita.staroobrad.ru"
129.121.48.235 - - [18/Aug/2026:20:49:15 +0300] "GET /wp-login.php HTTP/2.0" 200 3265 "-" "Mozilla/5.0 (Windows NT 10.0; Win64; x64) AppleWebKit/537.36 (KHTML, like Gecko) Chrome/149.0.0.0 Safari/537.36"
129.121.48.235 - - [18/Aug/2026:20:49:16 +0300] "POST /wp-login.php HTTP/2.0" 200 3427 "-" "Mozilla/5.0 (Windows NT 10.0; Win64; x64) AppleWebKit/537.36 (KHTML, like Gecko) Chrome/149.0.0.0 Safari/537.36"
82.148.16.210 - - [18/Aug/2026:20:50:02 +0300] "POST /wp-cron.php?doing_wp_cron=1787075402.3930649757385253906250 HTTP/1.1" 200 31 "-" "WordPress/6.9.1; https://fita.staroobrad.ru"
66.249.78.70 - - [18/Aug/2026:20:50:02 +0300] "GET /shop/why/comedy098000752.shtml HTTP/1.1" 404 3797 "-" "Mozilla/5.0 (Linux; Android 6.0.1; Nexus 5X Build/MMB29P) AppleWebKit/537.36 (KHTML, like Gecko) Chrome/151.0.7922.137 Mobile Safari/537.36 (compatible; Googlebot/2.1; +http://www.google.com/bot.html)"
66.249.66.37 - - [18/Aug/2026:20:50:03 +0300] "GET /shop/why/comedy098000752.shtml HTTP/1.1" 404 3799 "-" "Mozilla/5.0 (compatible; Googlebot/2.1; +http://www.google.com/bot.html)"
82.148.16.210 - - [18/Aug/2026:20:51:36 +0300] "POST /wp-cron.php?doing_wp_cron=1787075496.6393399238586425781250 HTTP/1.1" 200 31 "-" "WordPress/6.9.1; https://fita.staroobrad.ru"
185.227.135.83 - - [18/Aug/2026:20:51:36 +0300] "GET /wp-login.php HTTP/2.0" 200 3265 "-" "Mozilla/5.0 (Windows NT 10.0; Win64; x64) AppleWebKit/537.36 (KHTML, like Gecko) Chrome/149.0.0.0 Safari/537.36"
185.227.135.83 - - [18/Aug/2026:20:51:37 +0300] "POST /wp-login.php HTTP/2.0" 200 3427 "-" "Mozilla/5.0 (Windows NT 10.0; Win64; x64) AppleWebKit/537.36 (KHTML, like Gecko) Chrome/149.0.0.0 Safari/537.36"
82.148.16.210 - - [18/Aug/2026:20:51:53 +0300] "POST /wp-cron.php?doing_wp_cron=1787075513.0988020896911621093750 HTTP/1.1" 200 31 "-" "WordPress/6.9.1; https://fita.staroobrad.ru"
66.249.66.74 - - [18/Aug/2026:20:51:53 +0300] "GET /?jp/242022650.html HTTP/1.1" 301 5 "-" "Mozilla/5.0 (Linux; Android 6.0.1; Nexus 5X Build/MMB29P) AppleWebKit/537.36 (KHTML, like Gecko) Chrome/151.0.7922.137 Mobile Safari/537.36 (compatible; GoogleOther)"
66.249.66.74 - - [18/Aug/2026:20:51:59 +0300] "GET /?jp%2F242022650_html HTTP/1.1" 404 31 "-" "Mozilla/5.0 (Linux; Android 6.0.1; Nexus 5X Build/MMB29P) AppleWebKit/537.36 (KHTML, like Gecko) Chrome/151.0.7922.137 Mobile Safari/537.36 (compatible; GoogleOther)"
101.99.88.90 - - [18/Aug/2026:20:56:12 +0300] "GET / HTTP/1.1" 301 162 "-" "Mozilla/5.0 (compatible; Googlebot/2.1; +http://www.google.com/bot.html)"
82.148.16.210 - - [18/Aug/2026:20:56:13 +0300] "POST /wp-cron.php?doing_wp_cron=1787075773.8815970420837402343750 HTTP/1.1" 200 31 "-" "WordPress/6.9.1; https://fita.staroobrad.ru"
101.99.88.90 - - [18/Aug/2026:20:56:13 +0300] "GET / HTTP/1.1" 404 5 "-" "Mozilla/5.0 (compatible; Googlebot/2.1; +http://www.google.com/bot.html)"
101.99.88.90 - - [18/Aug/2026:20:56:15 +0300] "GET /audio/index.php HTTP/1.1" 404 3 "-" "-"
