66.249.66.74 - - [18/Aug/2026:07:36:51 +0300] "GET /shop/spy/sick249004043.shtml HTTP/1.1" 404 31 "-" "Mozilla/5.0 (compatible; Googlebot/2.1; +http://www.google.com/bot.html)"
66.249.78.69 - - [18/Aug/2026:07:36:51 +0300] "GET /shop/spy/sick249004043.shtml HTTP/1.1" 404 31 "-" "Mozilla/5.0 (Linux; Android 6.0.1; Nexus 5X Build/MMB29P) AppleWebKit/537.36 (KHTML, like Gecko) Chrome/151.0.7922.137 Mobile Safari/537.36 (compatible; Googlebot/2.1; +http://www.google.com/bot.html)"
66.249.78.71 - - [18/Aug/2026:07:37:44 +0300] "GET /category/30_472/1 HTTP/1.1" 404 31 "-" "Mozilla/5.0 (compatible; Googlebot/2.1; +http://www.google.com/bot.html)"
82.148.16.210 - - [18/Aug/2026:07:39:52 +0300] "POST /wp-cron.php?doing_wp_cron=1787027992.5520179271697998046875 HTTP/1.1" 200 31 "-" "WordPress/6.9.1; https://fita.staroobrad.ru"
66.249.66.74 - - [18/Aug/2026:07:39:52 +0300] "GET /shop/dedicate/shrug005046705.shtml HTTP/1.1" 404 31 "-" "Mozilla/5.0 (Linux; Android 6.0.1; Nexus 5X Build/MMB29P) AppleWebKit/537.36 (KHTML, like Gecko) Chrome/151.0.7922.137 Mobile Safari/537.36 (compatible; Googlebot/2.1; +http://www.google.com/bot.html)"
66.249.66.74 - - [18/Aug/2026:07:40:24 +0300] "GET /shop/reader/prior065042373.shtml HTTP/1.1" 404 31 "-" "Mozilla/5.0 (compatible; Googlebot/2.1; +http://www.google.com/bot.html)"
66.249.66.75 - - [18/Aug/2026:07:40:45 +0300] "GET /shop/afternoon/battery225028753.shtml HTTP/1.1" 404 31 "-" "Mozilla/5.0 (Linux; Android 6.0.1; Nexus 5X Build/MMB29P) AppleWebKit/537.36 (KHTML, like Gecko) Chrome/151.0.7922.137 Mobile Safari/537.36 (compatible; Googlebot/2.1; +http://www.google.com/bot.html)"
66.249.66.75 - - [18/Aug/2026:07:40:46 +0300] "GET /shop/surveillance/principal045004237.shtml HTTP/1.1" 404 31 "-" "Mozilla/5.0 (Linux; Android 6.0.1; Nexus 5X Build/MMB29P) AppleWebKit/537.36 (KHTML, like Gecko) Chrome/151.0.7922.137 Mobile Safari/537.36 (compatible; Googlebot/2.1; +http://www.google.com/bot.html)"
66.249.78.70 - - [18/Aug/2026:07:40:46 +0300] "GET /shop/deliver/culture266031656.shtml HTTP/1.1" 404 31 "-" "Mozilla/5.0 (Linux; Android 6.0.1; Nexus 5X Build/MMB29P) AppleWebKit/537.36 (KHTML, like Gecko) Chrome/151.0.7922.137 Mobile Safari/537.36 (compatible; Googlebot/2.1; +http://www.google.com/bot.html)"
66.249.66.75 - - [18/Aug/2026:07:40:47 +0300] "GET /shop/fool/legislature041000115.shtml HTTP/1.1" 404 31 "-" "Mozilla/5.0 (Linux; Android 6.0.1; Nexus 5X Build/MMB29P) AppleWebKit/537.36 (KHTML, like Gecko) Chrome/151.0.7922.137 Mobile Safari/537.36 (compatible; Googlebot/2.1; +http://www.google.com/bot.html)"
66.249.66.74 - - [18/Aug/2026:07:40:47 +0300] "GET /shop/wooden/tradition032005848.shtml HTTP/1.1" 404 31 "-" "Mozilla/5.0 (Linux; Android 6.0.1; Nexus 5X Build/MMB29P) AppleWebKit/537.36 (KHTML, like Gecko) Chrome/151.0.7922.137 Mobile Safari/537.36 (compatible; Googlebot/2.1; +http://www.google.com/bot.html)"
82.148.16.210 - - [18/Aug/2026:07:42:51 +0300] "POST /wp-cron.php?doing_wp_cron=1787028171.7528450489044189453125 HTTP/1.1" 200 31 "-" "WordPress/6.9.1; https://fita.staroobrad.ru"
66.249.66.36 - - [18/Aug/2026:07:42:51 +0300] "GET /shop/material/framework213046139.shtml HTTP/1.1" 404 31 "-" "Mozilla/5.0 (Linux; Android 6.0.1; Nexus 5X Build/MMB29P) AppleWebKit/537.36 (KHTML, like Gecko) Chrome/151.0.7922.137 Mobile Safari/537.36 (compatible; Googlebot/2.1; +http://www.google.com/bot.html)"
66.249.66.74 - - [18/Aug/2026:07:43:21 +0300] "GET /3079658 HTTP/1.1" 404 31 "-" "Mozilla/5.0 (Linux; Android 6.0.1; Nexus 5X Build/MMB29P) AppleWebKit/537.36 (KHTML, like Gecko) Chrome/151.0.7922.137 Mobile Safari/537.36 (compatible; GoogleOther)"
66.249.66.74 - - [18/Aug/2026:07:43:33 +0300] "GET /shopdetail/773/115138757.shtm HTTP/1.1" 404 31 "-" "Mozilla/5.0 (compatible; Googlebot/2.1; +http://www.google.com/bot.html)"
82.148.16.210 - - [18/Aug/2026:07:45:13 +0300] "POST /wp-cron.php?doing_wp_cron=1787028313.2157270908355712890625 HTTP/1.1" 200 31 "-" "WordPress/6.9.1; https://fita.staroobrad.ru"
66.249.66.76 - - [18/Aug/2026:07:45:13 +0300] "GET /shop/global/verdict086000974.shtml HTTP/1.1" 404 31 "-" "Mozilla/5.0 (compatible; Googlebot/2.1; +http://www.google.com/bot.html)"
82.148.16.210 - - [18/Aug/2026:07:49:39 +0300] "POST /wp-cron.php?doing_wp_cron=1787028579.4771978855133056640625 HTTP/1.1" 200 31 "-" "WordPress/6.9.1; https://fita.staroobrad.ru"
66.249.78.70 - - [18/Aug/2026:07:49:39 +0300] "GET /classic/570430115421984.shtm HTTP/1.1" 404 31 "-" "Mozilla/5.0 (Linux; Android 6.0.1; Nexus 5X Build/MMB29P) AppleWebKit/537.36 (KHTML, like Gecko) Chrome/151.0.7922.137 Mobile Safari/537.36 (compatible; GoogleOther)"
82.148.16.210 - - [18/Aug/2026:07:50:27 +0300] "POST /wp-cron.php?doing_wp_cron=1787028627.6058270931243896484375 HTTP/1.1" 200 31 "-" "WordPress/6.9.1; https://fita.staroobrad.ru"
66.249.78.70 - - [18/Aug/2026:07:50:27 +0300] "GET /?road/051008442 HTTP/1.1" 301 5 "-" "Mozilla/5.0 (Linux; Android 6.0.1; Nexus 5X Build/MMB29P) AppleWebKit/537.36 (KHTML, like Gecko) Chrome/151.0.7922.137 Mobile Safari/537.36 (compatible; GoogleOther)"
66.249.66.76 - - [18/Aug/2026:07:50:30 +0300] "GET /?road%2F051008442 HTTP/1.1" 404 31 "-" "Mozilla/5.0 (Linux; Android 6.0.1; Nexus 5X Build/MMB29P) AppleWebKit/537.36 (KHTML, like Gecko) Chrome/151.0.7922.137 Mobile Safari/537.36 (compatible; GoogleOther)"
82.148.16.210 - - [18/Aug/2026:07:51:43 +0300] "POST /wp-cron.php?doing_wp_cron=1787028702.9645559787750244140625 HTTP/1.1" 200 31 "-" "WordPress/6.9.1; https://fita.staroobrad.ru"
66.249.66.74 - - [18/Aug/2026:07:51:43 +0300] "GET /shop/corner/Olympics047043701.shtml HTTP/1.1" 404 31 "-" "Mozilla/5.0 (Linux; Android 6.0.1; Nexus 5X Build/MMB29P) AppleWebKit/537.36 (KHTML, like Gecko) Chrome/151.0.7922.137 Mobile Safari/537.36 (compatible; Googlebot/2.1; +http://www.google.com/bot.html)"
82.148.16.210 - - [18/Aug/2026:07:51:57 +0300] "POST /wp-cron.php?doing_wp_cron=1787028717.0507400035858154296875 HTTP/1.1" 200 31 "-" "WordPress/6.9.1; https://fita.staroobrad.ru"
66.249.66.75 - - [18/Aug/2026:07:51:57 +0300] "GET /shop/figure/welcome147009781.shtml HTTP/1.1" 404 31 "-" "Mozilla/5.0 (compatible; Googlebot/2.1; +http://www.google.com/bot.html)"
82.148.16.210 - - [18/Aug/2026:07:57:37 +0300] "POST /wp-cron.php?doing_wp_cron=1787029057.2826330661773681640625 HTTP/1.1" 200 31 "-" "WordPress/6.9.1; https://fita.staroobrad.ru"
66.249.66.76 - - [18/Aug/2026:07:57:37 +0300] "GET /m54616318850 HTTP/1.1" 404 31 "-" "Mozilla/5.0 (Linux; Android 6.0.1; Nexus 5X Build/MMB29P) AppleWebKit/537.36 (KHTML, like Gecko) Chrome/151.0.7922.137 Mobile Safari/537.36 (compatible; GoogleOther)"
82.148.16.210 - - [18/Aug/2026:07:58:27 +0300] "POST /wp-cron.php?doing_wp_cron=1787029107.1189730167388916015625 HTTP/1.1" 200 31 "-" "WordPress/6.9.1; https://fita.staroobrad.ru"
66.249.66.75 - - [18/Aug/2026:07:58:27 +0300] "GET /shop/driveway/Greek192048144.shtml HTTP/1.1" 404 31 "-" "Mozilla/5.0 (Linux; Android 6.0.1; Nexus 5X Build/MMB29P) AppleWebKit/537.36 (KHTML, like Gecko) Chrome/151.0.7922.137 Mobile Safari/537.36 (compatible; Googlebot/2.1; +http://www.google.com/bot.html)"
82.148.16.210 - - [18/Aug/2026:08:03:12 +0300] "POST /wp-cron.php?doing_wp_cron=1787029392.4296998977661132812500 HTTP/1.1" 200 31 "-" "WordPress/6.9.1; https://fita.staroobrad.ru"
66.249.78.70 - - [18/Aug/2026:08:03:12 +0300] "GET /2606265 HTTP/1.1" 404 31 "-" "Mozilla/5.0 (compatible; Googlebot/2.1; +http://www.google.com/bot.html)"
82.148.16.210 - - [18/Aug/2026:08:04:46 +0300] "POST /wp-cron.php?doing_wp_cron=1787029485.8833460807800292968750 HTTP/1.1" 200 31 "-" "WordPress/6.9.1; https://fita.staroobrad.ru"
66.249.66.74 - - [18/Aug/2026:08:04:46 +0300] "GET /shop/corporation/productive217006933.shtml HTTP/1.1" 404 31 "-" "Mozilla/5.0 (Linux; Android 6.0.1; Nexus 5X Build/MMB29P) AppleWebKit/537.36 (KHTML, like Gecko) Chrome/151.0.7922.137 Mobile Safari/537.36 (compatible; GoogleOther)"
82.148.16.210 - - [18/Aug/2026:08:06:02 +0300] "POST /wp-cron.php?doing_wp_cron=1787029562.1701159477233886718750 HTTP/1.1" 200 31 "-" "WordPress/6.9.1; https://fita.staroobrad.ru"
66.249.66.202 - - [18/Aug/2026:08:06:02 +0300] "GET /shop/convention/gently268003592.shtml HTTP/1.1" 404 31 "-" "Mozilla/5.0 (Linux; Android 6.0.1; Nexus 5X Build/MMB29P) AppleWebKit/537.36 (KHTML, like Gecko) Chrome/151.0.7922.137 Mobile Safari/537.36 (compatible; Googlebot/2.1; +http://www.google.com/bot.html)"
66.249.66.75 - - [18/Aug/2026:08:06:16 +0300] "GET /shop/seize/assure295048423.shtml HTTP/1.1" 404 31 "-" "Mozilla/5.0 (compatible; Googlebot/2.1; +http://www.google.com/bot.html)"
82.148.16.210 - - [18/Aug/2026:08:09:27 +0300] "POST /wp-cron.php?doing_wp_cron=1787029767.6945400238037109375000 HTTP/1.1" 200 31 "-" "WordPress/6.9.1; https://fita.staroobrad.ru"
66.249.66.76 - - [18/Aug/2026:08:09:27 +0300] "GET /shopdetail/406/115114220.shtm HTTP/1.1" 404 31 "-" "Mozilla/5.0 (compatible; Googlebot/2.1; +http://www.google.com/bot.html)"
66.249.78.71 - - [18/Aug/2026:08:09:28 +0300] "GET /shopdetail/406/115114220.shtm HTTP/1.1" 404 31 "-" "Mozilla/5.0 (Linux; Android 6.0.1; Nexus 5X Build/MMB29P) AppleWebKit/537.36 (KHTML, like Gecko) Chrome/151.0.7922.137 Mobile Safari/537.36 (compatible; Googlebot/2.1; +http://www.google.com/bot.html)"
82.148.16.210 - - [18/Aug/2026:08:11:31 +0300] "POST /wp-cron.php?doing_wp_cron=1787029891.6410748958587646484375 HTTP/1.1" 200 31 "-" "WordPress/6.9.1; https://fita.staroobrad.ru"
66.249.78.69 - - [18/Aug/2026:08:11:31 +0300] "GET /shop/accuse/amendment265039491.shtml HTTP/1.1" 404 31 "-" "Mozilla/5.0 (compatible; Googlebot/2.1; +http://www.google.com/bot.html)"
66.249.66.74 - - [18/Aug/2026:08:11:37 +0300] "GET /shop/destination/stare171045793.shtml HTTP/1.1" 404 31 "-" "Mozilla/5.0 (compatible; Googlebot/2.1; +http://www.google.com/bot.html)"
82.148.16.210 - - [18/Aug/2026:08:11:53 +0300] "POST /wp-cron.php?doing_wp_cron=1787029913.3475859165191650390625 HTTP/1.1" 200 31 "-" "WordPress/6.9.1; https://fita.staroobrad.ru"
66.249.66.74 - - [18/Aug/2026:08:11:53 +0300] "GET /?detail/18601163297454 HTTP/1.1" 301 5 "-" "Mozilla/5.0 (Linux; Android 6.0.1; Nexus 5X Build/MMB29P) AppleWebKit/537.36 (KHTML, like Gecko) Chrome/151.0.7922.137 Mobile Safari/537.36 (compatible; GoogleOther)"
66.249.66.74 - - [18/Aug/2026:08:11:55 +0300] "GET /shop/beard/quantity001000789.shtml HTTP/1.1" 404 31 "-" "Mozilla/5.0 (Linux; Android 6.0.1; Nexus 5X Build/MMB29P) AppleWebKit/537.36 (KHTML, like Gecko) Chrome/151.0.7922.137 Mobile Safari/537.36 (compatible; Googlebot/2.1; +http://www.google.com/bot.html)"
66.249.66.74 - - [18/Aug/2026:08:11:56 +0300] "GET /?detail%2F18601163297454 HTTP/1.1" 404 31 "-" "Mozilla/5.0 (Linux; Android 6.0.1; Nexus 5X Build/MMB29P) AppleWebKit/537.36 (KHTML, like Gecko) Chrome/151.0.7922.137 Mobile Safari/537.36 (compatible; GoogleOther)"
66.249.66.74 - - [18/Aug/2026:08:12:12 +0300] "GET /shop/wheel/butter096008354.shtml HTTP/1.1" 404 31 "-" "Mozilla/5.0 (Linux; Android 6.0.1; Nexus 5X Build/MMB29P) AppleWebKit/537.36 (KHTML, like Gecko) Chrome/151.0.7922.137 Mobile Safari/537.36 (compatible; Googlebot/2.1; +http://www.google.com/bot.html)"
82.148.16.210 - - [18/Aug/2026:08:13:09 +0300] "POST /wp-cron.php?doing_wp_cron=1787029989.7740640640258789062500 HTTP/1.1" 200 31 "-" "WordPress/6.9.1; https://fita.staroobrad.ru"
66.249.66.76 - - [18/Aug/2026:08:13:09 +0300] "GET /shop/founder/season028005498.shtml HTTP/1.1" 404 31 "-" "Mozilla/5.0 (Linux; Android 6.0.1; Nexus 5X Build/MMB29P) AppleWebKit/537.36 (KHTML, like Gecko) Chrome/151.0.7922.137 Mobile Safari/537.36 (compatible; GoogleOther)"
66.249.66.76 - - [18/Aug/2026:08:13:30 +0300] "GET /m12003893920 HTTP/1.1" 404 31 "-" "Mozilla/5.0 (Linux; Android 6.0.1; Nexus 5X Build/MMB29P) AppleWebKit/537.36 (KHTML, like Gecko) Chrome/151.0.7922.137 Mobile Safari/537.36 (compatible; Googlebot/2.1; +http://www.google.com/bot.html)"
101.99.88.90 - - [18/Aug/2026:08:13:31 +0300] "GET / HTTP/1.1" 301 162 "-" "Mozilla/5.0 (compatible; Googlebot/2.1; +http://www.google.com/bot.html)"
66.249.66.75 - - [18/Aug/2026:08:13:31 +0300] "GET /m12003893920 HTTP/1.1" 404 31 "-" "Mozilla/5.0 (compatible; Googlebot/2.1; +http://www.google.com/bot.html)"
101.99.88.90 - - [18/Aug/2026:08:13:32 +0300] "GET / HTTP/1.1" 404 5 "-" "Mozilla/5.0 (compatible; Googlebot/2.1; +http://www.google.com/bot.html)"
101.99.88.90 - - [18/Aug/2026:08:13:33 +0300] "GET /audio/index.php HTTP/1.1" 404 3 "-" "-"
82.148.16.210 - - [18/Aug/2026:08:15:10 +0300] "POST /wp-cron.php?doing_wp_cron=1787030110.6324028968811035156250 HTTP/1.1" 200 31 "-" "WordPress/6.9.1; https://fita.staroobrad.ru"
66.249.78.71 - - [18/Aug/2026:08:15:10 +0300] "GET /shop/seize/self-esteem126011176.shtml HTTP/1.1" 404 31 "-" "Mozilla/5.0 (Linux; Android 6.0.1; Nexus 5X Build/MMB29P) AppleWebKit/537.36 (KHTML, like Gecko) Chrome/151.0.7922.137 Mobile Safari/537.36 (compatible; Googlebot/2.1; +http://www.google.com/bot.html)"
82.148.16.210 - - [18/Aug/2026:08:16:58 +0300] "POST /wp-cron.php?doing_wp_cron=1787030218.0035250186920166015625 HTTP/1.1" 200 31 "-" "WordPress/6.9.1; https://fita.staroobrad.ru"
66.249.78.70 - - [18/Aug/2026:08:16:58 +0300] "GET /shop/impulse/action287031401.shtml HTTP/1.1" 404 31 "-" "Mozilla/5.0 (Linux; Android 6.0.1; Nexus 5X Build/MMB29P) AppleWebKit/537.36 (KHTML, like Gecko) Chrome/151.0.7922.137 Mobile Safari/537.36 (compatible; Googlebot/2.1; +http://www.google.com/bot.html)"
157.245.103.201 - - [18/Aug/2026:08:18:25 +0300] "GET /.vscode/sftp.json HTTP/1.1" 404 3 "-" "Mozilla/5.0 (Fedora; Linux x86_64) AppleWebKit/537.36 (KHTML, like Gecko) Chrome/128.0.0.0 Safari/537.36"
82.148.16.210 - - [18/Aug/2026:08:18:54 +0300] "POST /wp-cron.php?doing_wp_cron=1787030334.2569539546966552734375 HTTP/1.1" 200 31 "-" "WordPress/6.9.1; https://fita.staroobrad.ru"
66.249.66.74 - - [18/Aug/2026:08:18:54 +0300] "GET /shop/ongoing/attack063019355.shtml HTTP/1.1" 404 31 "-" "Mozilla/5.0 (compatible; Googlebot/2.1; +http://www.google.com/bot.html)"
66.249.66.204 - - [18/Aug/2026:08:18:55 +0300] "GET /shop/ongoing/attack063019355.shtml HTTP/1.1" 404 31 "-" "Mozilla/5.0 (Linux; Android 6.0.1; Nexus 5X Build/MMB29P) AppleWebKit/537.36 (KHTML, like Gecko) Chrome/151.0.7922.137 Mobile Safari/537.36 (compatible; Googlebot/2.1; +http://www.google.com/bot.html)"
66.249.66.76 - - [18/Aug/2026:08:19:02 +0300] "GET /classic/445465115388314.shtm HTTP/1.1" 404 31 "-" "Mozilla/5.0 (Linux; Android 6.0.1; Nexus 5X Build/MMB29P) AppleWebKit/537.36 (KHTML, like Gecko) Chrome/151.0.7922.137 Mobile Safari/537.36 (compatible; GoogleOther)"
34.141.181.115 - - [18/Aug/2026:08:19:36 +0300] "POST /wp-json/batch/v1 HTTP/1.1" 301 162 "-" "Mozilla/5.0 (compatible)"
34.141.181.115 - - [18/Aug/2026:08:19:37 +0300] "GET /wp-json/batch/v1 HTTP/1.1" 404 335 "-" "Mozilla/5.0 (compatible)"
34.141.181.115 - - [18/Aug/2026:08:19:37 +0300] "POST /wp-json/batch/v1 HTTP/1.1" 207 27 "-" "Mozilla/5.0 (compatible)"
34.141.181.115 - - [18/Aug/2026:08:19:42 +0300] "POST /?rest_route=/batch/v1 HTTP/1.1" 301 162 "-" "Mozilla/5.0 (compatible)"
34.141.181.115 - - [18/Aug/2026:08:19:43 +0300] "POST /wp-json/batch/v1 HTTP/1.1" 207 27 "-" "Mozilla/5.0 (compatible)"
34.141.181.115 - - [18/Aug/2026:08:19:43 +0300] "GET /?rest_route=/batch/v1 HTTP/1.1" 404 335 "-" "Mozilla/5.0 (compatible)"
34.141.181.115 - - [18/Aug/2026:08:19:43 +0300] "POST /wp-json/batch/v1 HTTP/1.1" 207 19629 "-" "Mozilla/5.0 (compatible)"
34.141.181.115 - - [18/Aug/2026:08:19:44 +0300] "POST /wp-json/batch/v1 HTTP/1.1" 207 19812 "-" "Mozilla/5.0 (compatible)"
34.141.181.115 - - [18/Aug/2026:08:19:44 +0300] "POST /wp-json/batch/v1 HTTP/1.1" 207 19682 "-" "Mozilla/5.0 (compatible)"
34.141.181.115 - - [18/Aug/2026:08:19:44 +0300] "GET /?rest_route=/wp/v2/posts&per_page=1&_fields=link HTTP/1.1" 200 59 "-" "Mozilla/5.0 (compatible)"
34.141.181.115 - - [18/Aug/2026:08:19:45 +0300] "POST /wp-json/batch/v1 HTTP/1.1" 207 22450 "-" "Mozilla/5.0 (compatible)"
34.141.181.115 - - [18/Aug/2026:08:19:46 +0300] "POST /wp-json/batch/v1 HTTP/1.1" 207 19624 "-" "Mozilla/5.0 (compatible)"
34.141.181.115 - - [18/Aug/2026:08:19:46 +0300] "POST /wp-json/batch/v1 HTTP/1.1" 207 19624 "-" "Mozilla/5.0 (compatible)"
34.141.181.115 - - [18/Aug/2026:08:19:47 +0300] "POST /wp-json/batch/v1 HTTP/1.1" 207 19624 "-" "Mozilla/5.0 (compatible)"
34.141.181.115 - - [18/Aug/2026:08:19:47 +0300] "POST /wp-json/batch/v1 HTTP/1.1" 207 19624 "-" "Mozilla/5.0 (compatible)"
34.141.181.115 - - [18/Aug/2026:08:19:48 +0300] "POST /wp-json/batch/v1 HTTP/1.1" 207 21792 "-" "Mozilla/5.0 (compatible)"
82.148.16.210 - - [18/Aug/2026:08:21:22 +0300] "POST /wp-cron.php?doing_wp_cron=1787030482.5794129371643066406250 HTTP/1.1" 200 31 "-" "WordPress/6.9.1; https://fita.staroobrad.ru"
66.249.66.74 - - [18/Aug/2026:08:21:22 +0300] "GET /m14790707040 HTTP/1.1" 404 31 "-" "Mozilla/5.0 (Linux; Android 6.0.1; Nexus 5X Build/MMB29P) AppleWebKit/537.36 (KHTML, like Gecko) Chrome/151.0.7922.137 Mobile Safari/537.36 (compatible; Googlebot/2.1; +http://www.google.com/bot.html)"
66.249.66.36 - - [18/Aug/2026:08:21:38 +0300] "GET /?detail/083000149172 HTTP/1.1" 301 5 "-" "Mozilla/5.0 (Linux; Android 6.0.1; Nexus 5X Build/MMB29P) AppleWebKit/537.36 (KHTML, like Gecko) Chrome/151.0.7922.137 Mobile Safari/537.36 (compatible; Googlebot/2.1; +http://www.google.com/bot.html)"
66.249.78.70 - - [18/Aug/2026:08:21:39 +0300] "GET /?detail/083000149172 HTTP/1.1" 301 5 "-" "Mozilla/5.0 (compatible; Googlebot/2.1; +http://www.google.com/bot.html)"
66.249.66.36 - - [18/Aug/2026:08:21:39 +0300] "GET /?detail%2F083000149172 HTTP/1.1" 404 31 "-" "Mozilla/5.0 (Linux; Android 6.0.1; Nexus 5X Build/MMB29P) AppleWebKit/537.36 (KHTML, like Gecko) Chrome/151.0.7922.137 Mobile Safari/537.36 (compatible; Googlebot/2.1; +http://www.google.com/bot.html)"
66.249.78.69 - - [18/Aug/2026:08:21:40 +0300] "GET /?detail%2F083000149172 HTTP/1.1" 404 31 "-" "Mozilla/5.0 (compatible; Googlebot/2.1; +http://www.google.com/bot.html)"
82.148.16.210 - - [18/Aug/2026:08:25:52 +0300] "POST /wp-cron.php?doing_wp_cron=1787030752.1647670269012451171875 HTTP/1.1" 200 31 "-" "WordPress/6.9.1; https://fita.staroobrad.ru"
66.249.66.203 - - [18/Aug/2026:08:25:52 +0300] "GET /shopdetail/135/1154059.shtm HTTP/1.1" 404 31 "-" "Mozilla/5.0 (compatible; Googlebot/2.1; +http://www.google.com/bot.html)"
66.249.78.70 - - [18/Aug/2026:08:26:10 +0300] "GET /?fifth/026042489 HTTP/1.1" 301 5 "-" "Mozilla/5.0 (Linux; Android 6.0.1; Nexus 5X Build/MMB29P) AppleWebKit/537.36 (KHTML, like Gecko) Chrome/151.0.7922.137 Mobile Safari/537.36 (compatible; GoogleOther)"
66.249.66.74 - - [18/Aug/2026:08:26:12 +0300] "GET /?fifth%2F026042489 HTTP/1.1" 404 31 "-" "Mozilla/5.0 (Linux; Android 6.0.1; Nexus 5X Build/MMB29P) AppleWebKit/537.36 (KHTML, like Gecko) Chrome/151.0.7922.137 Mobile Safari/537.36 (compatible; GoogleOther)"
43.134.94.96 - - [18/Aug/2026:08:27:03 +0300] "GET / HTTP/1.1" 301 162 "-" "Mozilla/5.0 (iPhone; CPU iPhone OS 13_2_3 like Mac OS X) AppleWebKit/605.1.15 (KHTML, like Gecko) Version/13.0.3 Mobile/15E148 Safari/604.1"
82.148.16.210 - - [18/Aug/2026:08:27:05 +0300] "POST /wp-cron.php?doing_wp_cron=1787030825.6842811107635498046875 HTTP/1.1" 200 31 "-" "WordPress/6.9.1; https://fita.staroobrad.ru"
43.134.94.96 - - [18/Aug/2026:08:27:05 +0300] "GET / HTTP/1.1" 403 31 "http://fita.staroobrad.ru" "Mozilla/5.0 (iPhone; CPU iPhone OS 13_2_3 like Mac OS X) AppleWebKit/605.1.15 (KHTML, like Gecko) Version/13.0.3 Mobile/15E148 Safari/604.1"
66.249.78.70 - - [18/Aug/2026:08:27:09 +0300] "GET /classic/23483611537981.shtm HTTP/1.1" 404 31 "-" "Mozilla/5.0 (Linux; Android 6.0.1; Nexus 5X Build/MMB29P) AppleWebKit/537.36 (KHTML, like Gecko) Chrome/151.0.7922.137 Mobile Safari/537.36 (compatible; GoogleOther)"
34.141.181.115 - - [18/Aug/2026:08:27:47 +0300] "POST /wp-json/batch/v1 HTTP/1.1" 301 162 "-" "Mozilla/5.0 (compatible)"
34.141.181.115 - - [18/Aug/2026:08:27:47 +0300] "GET /wp-json/batch/v1 HTTP/1.1" 404 335 "-" "Mozilla/5.0 (compatible)"
34.141.181.115 - - [18/Aug/2026:08:27:47 +0300] "POST /?rest_route=/batch/v1 HTTP/1.1" 301 162 "-" "Mozilla/5.0 (compatible)"
34.141.181.115 - - [18/Aug/2026:08:27:48 +0300] "GET /?rest_route=/batch/v1 HTTP/1.1" 404 335 "-" "Mozilla/5.0 (compatible)"
34.141.181.115 - - [18/Aug/2026:08:27:48 +0300] "POST /wp-json/batch/v1 HTTP/1.1" 207 27 "-" "Mozilla/5.0 (compatible)"
34.141.181.115 - - [18/Aug/2026:08:27:48 +0300] "POST /wp-json/batch/v1 HTTP/1.1" 207 27 "-" "Mozilla/5.0 (compatible)"
34.141.181.115 - - [18/Aug/2026:08:27:48 +0300] "POST /wp-json/batch/v1 HTTP/1.1" 207 19629 "-" "Mozilla/5.0 (compatible)"
82.148.16.210 - - [18/Aug/2026:08:27:49 +0300] "POST /wp-cron.php?doing_wp_cron=1787030869.2623178958892822265625 HTTP/1.1" 200 31 "-" "WordPress/6.9.1; https://fita.staroobrad.ru"
34.141.181.115 - - [18/Aug/2026:08:27:49 +0300] "POST /wp-json/batch/v1 HTTP/1.1" 207 19812 "-" "Mozilla/5.0 (compatible)"
34.141.181.115 - - [18/Aug/2026:08:27:49 +0300] "POST /wp-json/batch/v1 HTTP/1.1" 207 19682 "-" "Mozilla/5.0 (compatible)"
34.141.181.115 - - [18/Aug/2026:08:27:50 +0300] "GET /?rest_route=/wp/v2/posts&per_page=1&_fields=link HTTP/1.1" 200 59 "-" "Mozilla/5.0 (compatible)"
34.141.181.115 - - [18/Aug/2026:08:27:50 +0300] "POST /wp-json/batch/v1 HTTP/1.1" 207 22450 "-" "Mozilla/5.0 (compatible)"
34.141.181.115 - - [18/Aug/2026:08:27:51 +0300] "POST /wp-json/batch/v1 HTTP/1.1" 207 19624 "-" "Mozilla/5.0 (compatible)"
34.141.181.115 - - [18/Aug/2026:08:27:51 +0300] "POST /wp-json/batch/v1 HTTP/1.1" 207 19624 "-" "Mozilla/5.0 (compatible)"
34.141.181.115 - - [18/Aug/2026:08:27:52 +0300] "POST /wp-json/batch/v1 HTTP/1.1" 207 19624 "-" "Mozilla/5.0 (compatible)"
34.141.181.115 - - [18/Aug/2026:08:27:52 +0300] "POST /wp-json/batch/v1 HTTP/1.1" 207 19624 "-" "Mozilla/5.0 (compatible)"
34.141.181.115 - - [18/Aug/2026:08:27:53 +0300] "POST /wp-json/batch/v1 HTTP/1.1" 207 21792 "-" "Mozilla/5.0 (compatible)"
135.181.3.246 - - [18/Aug/2026:08:27:59 +0300] "GET /?spirit/257017942 HTTP/1.1" 301 5 "-" "Mozilla/5.0 (compatible; SERankingBacklinksBot/1.0; +https://seranking.com/backlinks-crawler)"
135.181.3.246 - - [18/Aug/2026:08:27:59 +0300] "GET /?spirit%2F257017942 HTTP/1.1" 403 31 "-" "Mozilla/5.0 (compatible; SERankingBacklinksBot/1.0; +https://seranking.com/backlinks-crawler)"
82.148.16.210 - - [18/Aug/2026:08:29:10 +0300] "POST /wp-cron.php?doing_wp_cron=1787030950.0592501163482666015625 HTTP/1.1" 200 31 "-" "WordPress/6.9.1; https://fita.staroobrad.ru"
66.249.66.75 - - [18/Aug/2026:08:29:10 +0300] "GET /shop/horror/mouse022048848.shtml HTTP/1.1" 404 31 "-" "Mozilla/5.0 (compatible; Googlebot/2.1; +http://www.google.com/bot.html)"
82.148.16.210 - - [18/Aug/2026:08:31:11 +0300] "POST /wp-cron.php?doing_wp_cron=1787031071.9190120697021484375000 HTTP/1.1" 200 31 "-" "WordPress/6.9.1; https://fita.staroobrad.ru"
66.249.66.202 - - [18/Aug/2026:08:31:11 +0300] "GET /shop/remaining/depending041004263.shtml HTTP/1.1" 404 31 "-" "Mozilla/5.0 (compatible; Googlebot/2.1; +http://www.google.com/bot.html)"
66.249.66.74 - - [18/Aug/2026:08:31:12 +0300] "GET /shop/remaining/depending041004263.shtml HTTP/1.1" 404 31 "-" "Mozilla/5.0 (Linux; Android 6.0.1; Nexus 5X Build/MMB29P) AppleWebKit/537.36 (KHTML, like Gecko) Chrome/151.0.7922.137 Mobile Safari/537.36 (compatible; Googlebot/2.1; +http://www.google.com/bot.html)"
82.148.16.210 - - [18/Aug/2026:08:32:00 +0300] "POST /wp-cron.php?doing_wp_cron=1787031120.6911990642547607421875 HTTP/1.1" 200 31 "-" "WordPress/6.9.1; https://fita.staroobrad.ru"
66.249.66.203 - - [18/Aug/2026:08:32:00 +0300] "GET /m41055292358 HTTP/1.1" 404 31 "-" "Mozilla/5.0 (Linux; Android 6.0.1; Nexus 5X Build/MMB29P) AppleWebKit/537.36 (KHTML, like Gecko) Chrome/151.0.7922.137 Mobile Safari/537.36 (compatible; Googlebot/2.1; +http://www.google.com/bot.html)"
66.249.78.71 - - [18/Aug/2026:08:32:24 +0300] "GET /532480804 HTTP/1.1" 404 31 "-" "Mozilla/5.0 (Linux; Android 6.0.1; Nexus 5X Build/MMB29P) AppleWebKit/537.36 (KHTML, like Gecko) Chrome/151.0.7922.137 Mobile Safari/537.36 (compatible; Googlebot/2.1; +http://www.google.com/bot.html)"
82.148.16.210 - - [18/Aug/2026:08:33:19 +0300] "POST /wp-cron.php?doing_wp_cron=1787031199.0269460678100585937500 HTTP/1.1" 200 31 "-" "WordPress/6.9.1; https://fita.staroobrad.ru"
66.249.66.75 - - [18/Aug/2026:08:33:19 +0300] "GET /classic/876189115318629.shtm HTTP/1.1" 404 31 "-" "Mozilla/5.0 (Linux; Android 6.0.1; Nexus 5X Build/MMB29P) AppleWebKit/537.36 (KHTML, like Gecko) Chrome/151.0.7922.137 Mobile Safari/537.36 (compatible; GoogleOther)"
186.247.161.184 - - [18/Aug/2026:08:33:31 +0300] "GET /wp-admin HTTP/2.0" 301 162 "https://tools.guestpostlinks.net/id/bulk-cek-da-pa/" "Mozilla/5.0 (Windows NT 10.0; Win64; x64) AppleWebKit/537.36 (KHTML, like Gecko) Chrome/151.0.0.0 Safari/537.36"
186.247.161.184 - - [18/Aug/2026:08:33:32 +0300] "GET /wp-admin/ HTTP/2.0" 302 0 "https://tools.guestpostlinks.net/id/bulk-cek-da-pa/" "Mozilla/5.0 (Windows NT 10.0; Win64; x64) AppleWebKit/537.36 (KHTML, like Gecko) Chrome/151.0.0.0 Safari/537.36"
186.247.161.184 - - [18/Aug/2026:08:33:33 +0300] "GET /wp-login.php?redirect_to=https%3A%2F%2Ffita.staroobrad.ru%2Fwp-admin%2F&reauth=1 HTTP/2.0" 200 3273 "https://tools.guestpostlinks.net/id/bulk-cek-da-pa/" "Mozilla/5.0 (Windows NT 10.0; Win64; x64) AppleWebKit/537.36 (KHTML, like Gecko) Chrome/151.0.0.0 Safari/537.36"
82.148.16.210 - - [18/Aug/2026:08:35:27 +0300] "POST /wp-cron.php?doing_wp_cron=1787031327.1115489006042480468750 HTTP/1.1" 200 31 "-" "WordPress/6.9.1; https://fita.staroobrad.ru"
186.247.161.184 - - [18/Aug/2026:08:35:27 +0300] "POST /wp-login.php HTTP/2.0" 302 0 "https://fita.staroobrad.ru/wp-login.php?redirect_to=https%3A%2F%2Ffita.staroobrad.ru%2Fwp-admin%2F&reauth=1" "Mozilla/5.0 (Windows NT 10.0; Win64; x64) AppleWebKit/537.36 (KHTML, like Gecko) Chrome/151.0.0.0 Safari/537.36"
186.247.161.184 - - [18/Aug/2026:08:35:29 +0300] "GET /wp-admin/ HTTP/2.0" 200 60040 "https://fita.staroobrad.ru/wp-login.php?redirect_to=https%3A%2F%2Ffita.staroobrad.ru%2Fwp-admin%2F&reauth=1" "Mozilla/5.0 (Windows NT 10.0; Win64; x64) AppleWebKit/537.36 (KHTML, like Gecko) Chrome/151.0.0.0 Safari/537.36"
186.247.161.184 - - [18/Aug/2026:08:35:29 +0300] "GET /wp-admin/load-styles.php?c=0&dir=ltr&load%5Bchunk_0%5D=farbtastic,dashicons,admin-bar,site-health,common,forms,admin-menu,dashboard,list-tables,edit,revisions,media,themes,about,nav-m&load%5Bchunk_1%5D=enus,wp-pointer,widgets,site-icon,l10n,buttons,wp-auth-check,wp-components,wp-commands&ver=6.9.1 HTTP/2.0" 200 122098 "https://fita.staroobrad.ru/wp-admin/" "Mozilla/5.0 (Windows NT 10.0; Win64; x64) AppleWebKit/537.36 (KHTML, like Gecko) Chrome/151.0.0.0 Safari/537.36"
186.247.161.184 - - [18/Aug/2026:08:35:37 +0300] "GET /wp-json/wp/v2/users/me?context=edit&_locale=user HTTP/2.0" 200 2330 "https://fita.staroobrad.ru/wp-admin/" "Mozilla/5.0 (Windows NT 10.0; Win64; x64) AppleWebKit/537.36 (KHTML, like Gecko) Chrome/151.0.0.0 Safari/537.36"
186.247.161.184 - - [18/Aug/2026:08:35:38 +0300] "GET /wp-json/wp/v2/ HTTP/2.0" 200 23001 "https://fita.staroobrad.ru/wp-admin/" "Mozilla/5.0 (Windows NT 10.0; Win64; x64) AppleWebKit/537.36 (KHTML, like Gecko) Chrome/151.0.0.0 Safari/537.36"
186.247.161.184 - - [18/Aug/2026:08:35:39 +0300] "POST /wp-admin/admin-ajax.php HTTP/2.0" 200 560 "https://fita.staroobrad.ru/wp-admin/" "Mozilla/5.0 (Windows NT 10.0; Win64; x64) AppleWebKit/537.36 (KHTML, like Gecko) Chrome/151.0.0.0 Safari/537.36"
186.247.161.184 - - [18/Aug/2026:08:35:41 +0300] "GET /wp-admin/admin-ajax.php?action=dashboard-widgets&widget=dashboard_primary&pagenow=dashboard HTTP/2.0" 200 638 "https://fita.staroobrad.ru/wp-admin/" "Mozilla/5.0 (Windows NT 10.0; Win64; x64) AppleWebKit/537.36 (KHTML, like Gecko) Chrome/151.0.0.0 Safari/537.36"
82.148.16.210 - - [18/Aug/2026:08:36:42 +0300] "POST /wp-cron.php?doing_wp_cron=1787031402.1669180393218994140625 HTTP/1.1" 200 31 "-" "WordPress/6.9.1; https://fita.staroobrad.ru"
182.2.82.147 - - [18/Aug/2026:08:36:42 +0300] "POST /wp-admin/admin-ajax.php HTTP/2.0" 200 67 "https://fita.staroobrad.ru/wp-admin/" "Mozilla/5.0 (Windows NT 10.0; Win64; x64) AppleWebKit/537.36 (KHTML, like Gecko) Chrome/151.0.0.0 Safari/537.36"
82.148.16.210 - - [18/Aug/2026:08:37:41 +0300] "POST /wp-cron.php?doing_wp_cron=1787031461.4473888874053955078125 HTTP/1.1" 200 31 "-" "WordPress/6.9.1; https://fita.staroobrad.ru"
182.2.82.147 - - [18/Aug/2026:08:37:41 +0300] "POST /wp-admin/admin-ajax.php HTTP/2.0" 200 67 "https://fita.staroobrad.ru/wp-admin/" "Mozilla/5.0 (Windows NT 10.0; Win64; x64) AppleWebKit/537.36 (KHTML, like Gecko) Chrome/151.0.0.0 Safari/537.36"
82.148.16.210 - - [18/Aug/2026:08:38:32 +0300] "POST /wp-cron.php?doing_wp_cron=1787031512.6427359580993652343750 HTTP/1.1" 200 31 "-" "WordPress/6.9.1; https://fita.staroobrad.ru"
182.2.82.147 - - [18/Aug/2026:08:38:32 +0300] "GET /wp-admin/plugin-install.php HTTP/2.0" 200 39343 "https://fita.staroobrad.ru/wp-admin/" "Mozilla/5.0 (Windows NT 10.0; Win64; x64) AppleWebKit/537.36 (KHTML, like Gecko) Chrome/151.0.0.0 Safari/537.36"
182.2.82.147 - - [18/Aug/2026:08:38:33 +0300] "GET /wp-admin/load-styles.php?c=0&dir=ltr&load%5Bchunk_0%5D=farbtastic,dashicons,admin-bar,common,forms,admin-menu,dashboard,list-tables,edit,revisions,media,themes,about,nav-menus,wp-poin&load%5Bchunk_1%5D=ter,widgets,site-icon,l10n,buttons,wp-auth-check,wp-components,wp-commands&ver=6.9.1 HTTP/2.0" 200 120948 "https://fita.staroobrad.ru/wp-admin/plugin-install.php" "Mozilla/5.0 (Windows NT 10.0; Win64; x64) AppleWebKit/537.36 (KHTML, like Gecko) Chrome/151.0.0.0 Safari/537.36"
182.2.82.147 - - [18/Aug/2026:08:38:34 +0300] "GET /wp-json/wp/v2/users/me?context=edit&_locale=user HTTP/2.0" 200 2330 "https://fita.staroobrad.ru/wp-admin/plugin-install.php" "Mozilla/5.0 (Windows NT 10.0; Win64; x64) AppleWebKit/537.36 (KHTML, like Gecko) Chrome/151.0.0.0 Safari/537.36"
82.148.16.210 - - [18/Aug/2026:08:38:54 +0300] "POST /wp-cron.php?doing_wp_cron=1787031534.5644929409027099609375 HTTP/1.1" 200 31 "-" "WordPress/6.9.1; https://fita.staroobrad.ru"
182.2.82.147 - - [18/Aug/2026:08:38:54 +0300] "POST /wp-admin/admin-ajax.php HTTP/2.0" 200 11405 "https://fita.staroobrad.ru/wp-admin/plugin-install.php?s=file%2520manager&tab=search&type=term" "Mozilla/5.0 (Windows NT 10.0; Win64; x64) AppleWebKit/537.36 (KHTML, like Gecko) Chrome/151.0.0.0 Safari/537.36"
182.2.82.147 - - [18/Aug/2026:08:39:36 +0300] "POST /wp-admin/admin-ajax.php HTTP/2.0" 200 67 "https://fita.staroobrad.ru/wp-admin/plugin-install.php?s=file%2520manager&tab=search&type=term" "Mozilla/5.0 (Windows NT 10.0; Win64; x64) AppleWebKit/537.36 (KHTML, like Gecko) Chrome/151.0.0.0 Safari/537.36"
82.148.16.210 - - [18/Aug/2026:08:39:51 +0300] "POST /wp-cron.php?doing_wp_cron=1787031591.5308260917663574218750 HTTP/1.1" 200 31 "-" "WordPress/6.9.1; https://fita.staroobrad.ru"
182.2.82.147 - - [18/Aug/2026:08:39:51 +0300] "GET /wp-admin/theme-editor.php HTTP/2.0" 200 34879 "https://fita.staroobrad.ru/wp-admin/plugin-install.php?s=file%2520manager&tab=search&type=term" "Mozilla/5.0 (Windows NT 10.0; Win64; x64) AppleWebKit/537.36 (KHTML, like Gecko) Chrome/151.0.0.0 Safari/537.36"
182.2.82.147 - - [18/Aug/2026:08:39:52 +0300] "GET /wp-admin/load-styles.php?c=0&dir=ltr&load%5Bchunk_0%5D=farbtastic,dashicons,admin-bar,code-editor,common,forms,admin-menu,dashboard,list-tables,edit,revisions,media,themes,about,nav-m&load%5Bchunk_1%5D=enus,wp-pointer,widgets,site-icon,l10n,buttons,wp-auth-check,wp-components,wp-commands&ver=6.9.1 HTTP/2.0" 200 121220 "https://fita.staroobrad.ru/wp-admin/theme-editor.php" "Mozilla/5.0 (Windows NT 10.0; Win64; x64) AppleWebKit/537.36 (KHTML, like Gecko) Chrome/151.0.0.0 Safari/537.36"
182.2.82.147 - - [18/Aug/2026:08:39:54 +0300] "GET /wp-json/wp/v2/users/me?context=edit&_locale=user HTTP/2.0" 200 2330 "https://fita.staroobrad.ru/wp-admin/theme-editor.php" "Mozilla/5.0 (Windows NT 10.0; Win64; x64) AppleWebKit/537.36 (KHTML, like Gecko) Chrome/151.0.0.0 Safari/537.36"
182.2.82.147 - - [18/Aug/2026:08:40:03 +0300] "POST /wp-admin/admin-ajax.php HTTP/2.0" 200 21 "https://fita.staroobrad.ru/wp-admin/theme-editor.php" "Mozilla/5.0 (Windows NT 10.0; Win64; x64) AppleWebKit/537.36 (KHTML, like Gecko) Chrome/151.0.0.0 Safari/537.36"
182.2.82.147 - - [18/Aug/2026:08:40:10 +0300] "GET /wp-admin/theme-editor.php?theme=twentytwentyfive&Submit=%D0%92%D1%8B%D0%B1%D1%80%D0%B0%D1%82%D1%8C HTTP/2.0" 200 37389 "https://fita.staroobrad.ru/wp-admin/theme-editor.php" "Mozilla/5.0 (Windows NT 10.0; Win64; x64) AppleWebKit/537.36 (KHTML, like Gecko) Chrome/151.0.0.0 Safari/537.36"
182.2.82.147 - - [18/Aug/2026:08:40:11 +0300] "GET /wp-json/wp/v2/users/me?context=edit&_locale=user HTTP/2.0" 200 2330 "https://fita.staroobrad.ru/wp-admin/theme-editor.php?theme=twentytwentyfive&Submit=%D0%92%D1%8B%D0%B1%D1%80%D0%B0%D1%82%D1%8C" "Mozilla/5.0 (Windows NT 10.0; Win64; x64) AppleWebKit/537.36 (KHTML, like Gecko) Chrome/151.0.0.0 Safari/537.36"
194.61.40.112 - - [18/Aug/2026:08:40:12 +0300] "POST /wp-login.php HTTP/1.1" 200 3437 "https://fita.staroobrad.ru/wp-login.php" "Mozilla/5.0 (Macintosh; Intel Mac OS X 10_15_7) AppleWebKit/537.36 (KHTML, like Gecko) Chrome/92.0.4515.131 Safari/537.36"
194.61.40.112 - - [18/Aug/2026:08:40:14 +0300] "GET /wp-admin/index.php HTTP/1.1" 200 60479 "https://fita.staroobrad.ru/wp-login.php" "Mozilla/5.0 (Windows NT 10.0; Win64; x64) AppleWebKit/605.1.15 (KHTML, like Gecko) Version/14.0.3 Safari/605.1.15"
194.61.40.112 - - [18/Aug/2026:08:40:15 +0300] "GET /wp-admin/plugin-install.php?tab=upload HTTP/1.1" 200 32946 "-" "Mozilla/5.0 (Macintosh; Intel Mac OS X 10_15_7) AppleWebKit/537.36 (KHTML, like Gecko) Chrome/91.0.4472.124 Safari/537.36"
194.61.40.112 - - [18/Aug/2026:08:40:17 +0300] "POST /wp-admin/update.php?action=upload-plugin HTTP/1.1" 200 28456 "-" "Mozilla/5.0 (Macintosh; Intel Mac OS X 10_15_7) AppleWebKit/537.36 (KHTML, like Gecko) Chrome/92.0.4515.131 Safari/537.36"
194.61.40.135 - - [18/Aug/2026:08:40:19 +0300] "GET /wp-content/plugins/mevexpr/index.php HTTP/1.1" 404 3 "-" "python-requests/2.33.1"
182.2.82.147 - - [18/Aug/2026:08:40:21 +0300] "GET /wp-admin/theme-editor.php?file=functions.php&theme=twentytwentyfive HTTP/2.0" 200 37262 "https://fita.staroobrad.ru/wp-admin/theme-editor.php?theme=twentytwentyfive&Submit=%D0%92%D1%8B%D0%B1%D1%80%D0%B0%D1%82%D1%8C" "Mozilla/5.0 (Windows NT 10.0; Win64; x64) AppleWebKit/537.36 (KHTML, like Gecko) Chrome/151.0.0.0 Safari/537.36"
182.2.82.147 - - [18/Aug/2026:08:40:22 +0300] "GET /wp-json/wp/v2/users/me?context=edit&_locale=user HTTP/2.0" 200 2330 "https://fita.staroobrad.ru/wp-admin/theme-editor.php?file=functions.php&theme=twentytwentyfive" "Mozilla/5.0 (Windows NT 10.0; Win64; x64) AppleWebKit/537.36 (KHTML, like Gecko) Chrome/151.0.0.0 Safari/537.36"
182.2.82.147 - - [18/Aug/2026:08:40:29 +0300] "GET /wp-admin/theme-editor.php?theme=fita3&Submit=%D0%92%D1%8B%D0%B1%D1%80%D0%B0%D1%82%D1%8C HTTP/2.0" 200 34542 "https://fita.staroobrad.ru/wp-admin/theme-editor.php?file=functions.php&theme=twentytwentyfive" "Mozilla/5.0 (Windows NT 10.0; Win64; x64) AppleWebKit/537.36 (KHTML, like Gecko) Chrome/151.0.0.0 Safari/537.36"
194.61.40.112 - - [18/Aug/2026:08:40:30 +0300] "GET /wp-admin/theme-install.php?tab=upload HTTP/1.1" 200 36348 "-" "Mozilla/5.0 (Windows NT 10.0; Win64; x64; rv:92.0) Gecko/20100101 Firefox/92.0"
182.2.82.147 - - [18/Aug/2026:08:40:30 +0300] "GET /wp-json/wp/v2/users/me?context=edit&_locale=user HTTP/2.0" 200 2330 "https://fita.staroobrad.ru/wp-admin/theme-editor.php?theme=fita3&Submit=%D0%92%D1%8B%D0%B1%D1%80%D0%B0%D1%82%D1%8C" "Mozilla/5.0 (Windows NT 10.0; Win64; x64) AppleWebKit/537.36 (KHTML, like Gecko) Chrome/151.0.0.0 Safari/537.36"
194.61.40.112 - - [18/Aug/2026:08:40:32 +0300] "POST /wp-admin/update.php?action=upload-theme HTTP/1.1" 200 28446 "-" "Mozilla/5.0 (Windows NT 10.0; Win64; x64) AppleWebKit/605.1.15 (KHTML, like Gecko) Version/14.1.1 Safari/605.1.15"
182.2.82.147 - - [18/Aug/2026:08:40:45 +0300] "GET /wp-admin/theme-editor.php?file=404.php&theme=fita3 HTTP/2.0" 200 41590 "https://fita.staroobrad.ru/wp-admin/theme-editor.php?theme=fita3&Submit=%D0%92%D1%8B%D0%B1%D1%80%D0%B0%D1%82%D1%8C" "Mozilla/5.0 (Windows NT 10.0; Win64; x64) AppleWebKit/537.36 (KHTML, like Gecko) Chrome/151.0.0.0 Safari/537.36"
182.2.82.147 - - [18/Aug/2026:08:40:46 +0300] "GET /wp-json/wp/v2/users/me?context=edit&_locale=user HTTP/2.0" 200 2330 "https://fita.staroobrad.ru/wp-admin/theme-editor.php?file=404.php&theme=fita3" "Mozilla/5.0 (Windows NT 10.0; Win64; x64) AppleWebKit/537.36 (KHTML, like Gecko) Chrome/151.0.0.0 Safari/537.36"
82.148.16.210 - - [18/Aug/2026:08:40:53 +0300] "POST /wp-cron.php?doing_wp_cron=1787031653.5387229919433593750000 HTTP/1.1" 200 31 "-" "WordPress/6.9.1; https://fita.staroobrad.ru"
194.61.40.112 - - [18/Aug/2026:08:40:53 +0300] "GET /wp-admin/theme-editor.php?file=404.php HTTP/1.1" 200 42170 "-" "Mozilla/5.0 (Macintosh; Intel Mac OS X 10_15_7) AppleWebKit/537.36 (KHTML, like Gecko) Chrome/90.0.4430.212 Safari/537.36"
194.61.40.112 - - [18/Aug/2026:08:40:54 +0300] "GET /wp-admin/theme-editor.php?file=404.php HTTP/1.1" 200 42170 "-" "Mozilla/5.0 (Windows NT 10.0; Win64; x64) AppleWebKit/605.1.15 (KHTML, like Gecko) Version/14.1.2 Safari/605.1.15"
182.2.82.147 - - [18/Aug/2026:08:41:29 +0300] "GET /wp-content/themes/fita3/404.php HTTP/2.0" 403 20 "-" "Mozilla/5.0 (Windows NT 10.0; Win64; x64) AppleWebKit/537.36 (KHTML, like Gecko) Chrome/151.0.0.0 Safari/537.36"
182.2.82.147 - - [18/Aug/2026:08:41:36 +0300] "GET /wp-content/themes/fita3/j.php HTTP/2.0" 404 3 "-" "Mozilla/5.0 (Windows NT 10.0; Win64; x64) AppleWebKit/537.36 (KHTML, like Gecko) Chrome/151.0.0.0 Safari/537.36"
182.2.82.147 - - [18/Aug/2026:08:41:40 +0300] "GET /wp-admin/theme-editor.php?file=404.php&theme=fita3 HTTP/2.0" 200 41589 "https://fita.staroobrad.ru/wp-admin/theme-editor.php?theme=fita3&Submit=%D0%92%D1%8B%D0%B1%D1%80%D0%B0%D1%82%D1%8C" "Mozilla/5.0 (Windows NT 10.0; Win64; x64) AppleWebKit/537.36 (KHTML, like Gecko) Chrome/151.0.0.0 Safari/537.36"
182.2.82.147 - - [18/Aug/2026:08:41:41 +0300] "GET /wp-json/wp/v2/users/me?context=edit&_locale=user HTTP/2.0" 200 2330 "https://fita.staroobrad.ru/wp-admin/theme-editor.php?file=404.php&theme=fita3" "Mozilla/5.0 (Windows NT 10.0; Win64; x64) AppleWebKit/537.36 (KHTML, like Gecko) Chrome/151.0.0.0 Safari/537.36"
82.148.16.210 - - [18/Aug/2026:08:42:17 +0300] "POST /wp-cron.php?doing_wp_cron=1787031736.9976680278778076171875 HTTP/1.1" 200 31 "-" "WordPress/6.9.1; https://fita.staroobrad.ru"
82.148.16.210 - - [18/Aug/2026:08:42:17 +0300] "GET /wp-admin/theme-editor.php?theme=fita3&file=404.php&wp_scrape_key=fc7cbf74e7f965c9abb9b370aeabeba1&wp_scrape_nonce=2139363957 HTTP/1.1" 200 38295 "-" "WordPress/6.9.1; https://fita.staroobrad.ru"
82.148.16.210 - - [18/Aug/2026:08:42:17 +0300] "GET /?wp_scrape_key=fc7cbf74e7f965c9abb9b370aeabeba1&wp_scrape_nonce=2139363957 HTTP/1.1" 403 109 "-" "WordPress/6.9.1; https://fita.staroobrad.ru"
182.2.82.147 - - [18/Aug/2026:08:42:17 +0300] "POST /wp-admin/admin-ajax.php HTTP/2.0" 200 108 "https://fita.staroobrad.ru/wp-admin/theme-editor.php?file=404.php&theme=fita3" "Mozilla/5.0 (Windows NT 10.0; Win64; x64) AppleWebKit/537.36 (KHTML, like Gecko) Chrome/151.0.0.0 Safari/537.36"
182.2.82.147 - - [18/Aug/2026:08:42:26 +0300] "GET /wp-jj HTTP/2.0" 404 3738 "-" "Mozilla/5.0 (Windows NT 10.0; Win64; x64) AppleWebKit/537.36 (KHTML, like Gecko) Chrome/151.0.0.0 Safari/537.36"
182.2.82.147 - - [18/Aug/2026:08:42:35 +0300] "POST /wp-jj HTTP/2.0" 404 3756 "https://fita.staroobrad.ru/wp-jj" "Mozilla/5.0 (Windows NT 10.0; Win64; x64) AppleWebKit/537.36 (KHTML, like Gecko) Chrome/151.0.0.0 Safari/537.36"
66.249.78.71 - - [18/Aug/2026:08:42:36 +0300] "GET /shop/mostly/media080004498.shtml HTTP/1.1" 404 3749 "-" "Mozilla/5.0 (compatible; Googlebot/2.1; +http://www.google.com/bot.html)"
182.2.82.147 - - [18/Aug/2026:08:42:38 +0300] "GET /wp-jj?d=L3Zhci93d3cvZml0YS5zdGFyb29icmFkLnJ1L3B1YmxpYy93cC1jb250ZW50L3RoZW1lcy9maXRhMw== HTTP/2.0" 404 3134 "https://fita.staroobrad.ru/wp-jj" "Mozilla/5.0 (Windows NT 10.0; Win64; x64) AppleWebKit/537.36 (KHTML, like Gecko) Chrome/151.0.0.0 Safari/537.36"
82.148.16.210 - - [18/Aug/2026:08:42:56 +0300] "POST /wp-cron.php?doing_wp_cron=1787031776.0866169929504394531250 HTTP/1.1" 200 31 "-" "WordPress/6.9.1; https://fita.staroobrad.ru"
182.2.82.147 - - [18/Aug/2026:08:42:56 +0300] "POST /wp-jj?d=L3Zhci93d3cvZml0YS5zdGFyb29icmFkLnJ1L3B1YmxpYy93cC1jb250ZW50L3RoZW1lcy9maXRhMw== HTTP/2.0" 404 3213 "https://fita.staroobrad.ru/wp-jj?d=L3Zhci93d3cvZml0YS5zdGFyb29icmFkLnJ1L3B1YmxpYy93cC1jb250ZW50L3RoZW1lcy9maXRhMw==" "Mozilla/5.0 (Windows NT 10.0; Win64; x64) AppleWebKit/537.36 (KHTML, like Gecko) Chrome/151.0.0.0 Safari/537.36"
182.2.82.147 - - [18/Aug/2026:08:43:03 +0300] "POST /wp-jj?d=L3Zhci93d3cvZml0YS5zdGFyb29icmFkLnJ1L3B1YmxpYy93cC1jb250ZW50L3RoZW1lcy9maXRhMw== HTTP/2.0" 404 3215 "https://fita.staroobrad.ru/wp-jj?d=L3Zhci93d3cvZml0YS5zdGFyb29icmFkLnJ1L3B1YmxpYy93cC1jb250ZW50L3RoZW1lcy9maXRhMw==" "Mozilla/5.0 (Windows NT 10.0; Win64; x64) AppleWebKit/537.36 (KHTML, like Gecko) Chrome/151.0.0.0 Safari/537.36"
66.249.66.202 - - [18/Aug/2026:08:43:08 +0300] "GET /shop/assemble/foster188007844.shtml HTTP/1.1" 404 3750 "-" "Mozilla/5.0 (compatible; Googlebot/2.1; +http://www.google.com/bot.html)"
66.249.66.203 - - [18/Aug/2026:08:43:09 +0300] "GET /shop/assemble/foster188007844.shtml HTTP/1.1" 404 3749 "-" "Mozilla/5.0 (Linux; Android 6.0.1; Nexus 5X Build/MMB29P) AppleWebKit/537.36 (KHTML, like Gecko) Chrome/151.0.7922.137 Mobile Safari/537.36 (compatible; Googlebot/2.1; +http://www.google.com/bot.html)"
182.2.82.147 - - [18/Aug/2026:08:43:19 +0300] "GET /wp-content/themes/fita3/wp-loiin.php HTTP/2.0" 404 4781 "-" "Mozilla/5.0 (Windows NT 10.0; Win64; x64) AppleWebKit/537.36 (KHTML, like Gecko) Chrome/151.0.0.0 Safari/537.36"
182.2.82.147 - - [18/Aug/2026:08:43:21 +0300] "GET /wp-content/themes/fita3/wp-loiin.php?path=/var/www/fita.staroobrad.ru/public HTTP/2.0" 404 5163 "https://fita.staroobrad.ru/wp-content/themes/fita3/wp-loiin.php" "Mozilla/5.0 (Windows NT 10.0; Win64; x64) AppleWebKit/537.36 (KHTML, like Gecko) Chrome/151.0.0.0 Safari/537.36"
182.2.82.147 - - [18/Aug/2026:08:43:32 +0300] "GET /wp-content/themes/fita3/wp-loiin.php?path=/var/www/fita.staroobrad.ru HTTP/2.0" 404 3639 "https://fita.staroobrad.ru/wp-content/themes/fita3/wp-loiin.php?path=/var/www/fita.staroobrad.ru/public" "Mozilla/5.0 (Windows NT 10.0; Win64; x64) AppleWebKit/537.36 (KHTML, like Gecko) Chrome/151.0.0.0 Safari/537.36"
182.2.82.147 - - [18/Aug/2026:08:43:38 +0300] "GET /wp-content/themes/fita3/wp-loiin.php?path=/var/www/fita.staroobrad.ru&aksi=terminal HTTP/2.0" 404 3906 "https://fita.staroobrad.ru/wp-content/themes/fita3/wp-loiin.php?path=/var/www/fita.staroobrad.ru" "Mozilla/5.0 (Windows NT 10.0; Win64; x64) AppleWebKit/537.36 (KHTML, like Gecko) Chrome/151.0.0.0 Safari/537.36"
182.2.82.147 - - [18/Aug/2026:08:43:47 +0300] "POST /wp-content/themes/fita3/wp-loiin.php?path=/var/www/fita.staroobrad.ru&aksi=terminal HTTP/2.0" 404 3924 "https://fita.staroobrad.ru/wp-content/themes/fita3/wp-loiin.php?path=/var/www/fita.staroobrad.ru&aksi=terminal" "Mozilla/5.0 (Windows NT 10.0; Win64; x64) AppleWebKit/537.36 (KHTML, like Gecko) Chrome/151.0.0.0 Safari/537.36"
182.2.82.147 - - [18/Aug/2026:08:43:52 +0300] "GET /wp-content/themes/fita3/wp-loiin.php?path=/var/www/fita.staroobrad.ru/public HTTP/2.0" 404 5163 "https://fita.staroobrad.ru/wp-content/themes/fita3/wp-loiin.php?path=/var/www/fita.staroobrad.ru&aksi=terminal" "Mozilla/5.0 (Windows NT 10.0; Win64; x64) AppleWebKit/537.36 (KHTML, like Gecko) Chrome/151.0.0.0 Safari/537.36"
182.2.82.147 - - [18/Aug/2026:08:44:08 +0300] "GET /wp-content/themes/fita3/wp-loiin.php?path=/var/www HTTP/2.0" 404 3847 "https://fita.staroobrad.ru/wp-content/themes/fita3/wp-loiin.php?path=/var/www/fita.staroobrad.ru/public" "Mozilla/5.0 (Windows NT 10.0; Win64; x64) AppleWebKit/537.36 (KHTML, like Gecko) Chrome/151.0.0.0 Safari/537.36"
182.2.82.147 - - [18/Aug/2026:08:44:34 +0300] "GET /wp-content/themes/fita3/wp-loiin.php?path=/var/www/levasheva.ru HTTP/2.0" 404 3642 "https://fita.staroobrad.ru/wp-content/themes/fita3/wp-loiin.php?path=/var/www" "Mozilla/5.0 (Windows NT 10.0; Win64; x64) AppleWebKit/537.36 (KHTML, like Gecko) Chrome/151.0.0.0 Safari/537.36"
182.2.82.147 - - [18/Aug/2026:08:45:51 +0300] "GET /wp-content/themes/fita3/wp-loiin.php HTTP/2.0" 404 4781 "-" "Mozilla/5.0 (Windows NT 10.0; Win64; x64) AppleWebKit/537.36 (KHTML, like Gecko) Chrome/151.0.0.0 Safari/537.36"
182.2.82.147 - - [18/Aug/2026:08:45:54 +0300] "GET /wp-content/themes/fita3/wp-loiin.php?path=/var/www/fita.staroobrad.ru/public HTTP/2.0" 404 5163 "https://fita.staroobrad.ru/wp-content/themes/fita3/wp-loiin.php" "Mozilla/5.0 (Windows NT 10.0; Win64; x64) AppleWebKit/537.36 (KHTML, like Gecko) Chrome/151.0.0.0 Safari/537.36"
182.2.82.147 - - [18/Aug/2026:08:45:57 +0300] "GET /wp-content/themes/fita3/wp-loiin.php?path=/var/www/fita.staroobrad.ru/public&aksi=buatfile HTTP/2.0" 404 5366 "https://fita.staroobrad.ru/wp-content/themes/fita3/wp-loiin.php?path=/var/www/fita.staroobrad.ru/public" "Mozilla/5.0 (Windows NT 10.0; Win64; x64) AppleWebKit/537.36 (KHTML, like Gecko) Chrome/151.0.0.0 Safari/537.36"
182.2.82.147 - - [18/Aug/2026:08:46:06 +0300] "POST /wp-content/themes/fita3/wp-loiin.php?path=/var/www/fita.staroobrad.ru/public&aksi=buatfile HTTP/2.0" 404 5438 "https://fita.staroobrad.ru/wp-content/themes/fita3/wp-loiin.php?path=/var/www/fita.staroobrad.ru/public&aksi=buatfile" "Mozilla/5.0 (Windows NT 10.0; Win64; x64) AppleWebKit/537.36 (KHTML, like Gecko) Chrome/151.0.0.0 Safari/537.36"
182.2.82.147 - - [18/Aug/2026:08:46:07 +0300] "GET /wp-content/themes/fita3/wp-loiin.php?path=/var/www/fita.staroobrad.ru/public HTTP/2.0" 404 5196 "https://fita.staroobrad.ru/wp-content/themes/fita3/wp-loiin.php?path=/var/www/fita.staroobrad.ru/public&aksi=buatfile" "Mozilla/5.0 (Windows NT 10.0; Win64; x64) AppleWebKit/537.36 (KHTML, like Gecko) Chrome/151.0.0.0 Safari/537.36"
82.148.16.210 - - [18/Aug/2026:08:50:53 +0300] "POST /wp-cron.php?doing_wp_cron=1787032253.3137319087982177734375 HTTP/1.1" 200 31 "-" "WordPress/6.9.1; https://fita.staroobrad.ru"
66.249.66.76 - - [18/Aug/2026:08:50:53 +0300] "GET /shop/globe/hunger279039749.shtml HTTP/1.1" 404 3788 "-" "Mozilla/5.0 (Linux; Android 6.0.1; Nexus 5X Build/MMB29P) AppleWebKit/537.36 (KHTML, like Gecko) Chrome/151.0.7922.137 Mobile Safari/537.36 (compatible; Googlebot/2.1; +http://www.google.com/bot.html)"
66.249.66.74 - - [18/Aug/2026:08:51:38 +0300] "GET /shopdetail/406/11591013.shtm HTTP/1.1" 404 3788 "-" "Mozilla/5.0 (compatible; Googlebot/2.1; +http://www.google.com/bot.html)"
82.148.16.210 - - [18/Aug/2026:08:52:56 +0300] "POST /wp-cron.php?doing_wp_cron=1787032376.6790020465850830078125 HTTP/1.1" 200 31 "-" "WordPress/6.9.1; https://fita.staroobrad.ru"
66.249.78.69 - - [18/Aug/2026:08:52:56 +0300] "GET /shop/severely/increasingly067000959.shtml HTTP/1.1" 404 3788 "-" "Mozilla/5.0 (Linux; Android 6.0.1; Nexus 5X Build/MMB29P) AppleWebKit/537.36 (KHTML, like Gecko) Chrome/151.0.7922.137 Mobile Safari/537.36 (compatible; Googlebot/2.1; +http://www.google.com/bot.html)"
82.148.16.210 - - [18/Aug/2026:08:54:45 +0300] "POST /wp-cron.php?doing_wp_cron=1787032485.1998589038848876953125 HTTP/1.1" 200 31 "-" "WordPress/6.9.1; https://fita.staroobrad.ru"
66.249.78.71 - - [18/Aug/2026:08:54:45 +0300] "GET /?jp%2F141019218_html HTTP/1.1" 404 31 "-" "Mozilla/5.0 (Linux; Android 6.0.1; Nexus 5X Build/MMB29P) AppleWebKit/537.36 (KHTML, like Gecko) Chrome/151.0.7922.137 Mobile Safari/537.36 (compatible; GoogleOther)"
82.148.16.210 - - [18/Aug/2026:08:56:03 +0300] "POST /wp-cron.php?doing_wp_cron=1787032563.2831480503082275390625 HTTP/1.1" 200 31 "-" "WordPress/6.9.1; https://fita.staroobrad.ru"
66.249.78.69 - - [18/Aug/2026:08:56:03 +0300] "GET /27070701 HTTP/1.1" 404 3789 "-" "Mozilla/5.0 (compatible; Googlebot/2.1; +http://www.google.com/bot.html)"
82.148.16.210 - - [18/Aug/2026:08:56:52 +0300] "POST /wp-cron.php?doing_wp_cron=1787032611.9435250759124755859375 HTTP/1.1" 200 31 "-" "WordPress/6.9.1; https://fita.staroobrad.ru"
66.249.66.74 - - [18/Aug/2026:08:56:52 +0300] "GET /shop/narrative/reverse040004920.shtml HTTP/1.1" 404 3788 "-" "Mozilla/5.0 (Linux; Android 6.0.1; Nexus 5X Build/MMB29P) AppleWebKit/537.36 (KHTML, like Gecko) Chrome/151.0.7922.137 Mobile Safari/537.36 (compatible; Googlebot/2.1; +http://www.google.com/bot.html)"
82.148.16.210 - - [18/Aug/2026:08:58:44 +0300] "POST /wp-cron.php?doing_wp_cron=1787032723.9538691043853759765625 HTTP/1.1" 200 31 "-" "WordPress/6.9.1; https://fita.staroobrad.ru"
66.249.66.74 - - [18/Aug/2026:08:58:44 +0300] "GET /shop/allow/dawn094017378.shtml HTTP/1.1" 404 3788 "-" "Mozilla/5.0 (Linux; Android 6.0.1; Nexus 5X Build/MMB29P) AppleWebKit/537.36 (KHTML, like Gecko) Chrome/151.0.7922.137 Mobile Safari/537.36 (compatible; Googlebot/2.1; +http://www.google.com/bot.html)"
66.249.66.75 - - [18/Aug/2026:09:07:39 +0300] "GET /r/item/sale-price/e16eb1137024101.html HTTP/1.1" 404 3 "-" "Mozilla/5.0 (Linux; Android 6.0.1; Nexus 5X Build/MMB29P) AppleWebKit/537.36 (KHTML, like Gecko) Chrome/151.0.7922.137 Mobile Safari/537.36 (compatible; Googlebot/2.1; +http://www.google.com/bot.html)"
34.141.181.115 - - [18/Aug/2026:09:08:16 +0300] "POST /?wpmudev-hub=poc-2787033336070 HTTP/1.1" 301 162 "-" "Python-urllib/3.12"
82.148.16.210 - - [18/Aug/2026:09:08:19 +0300] "POST /wp-cron.php?doing_wp_cron=1787033299.0454940795898437500000 HTTP/1.1" 200 31 "-" "WordPress/6.9.1; https://fita.staroobrad.ru"
82.148.16.210 - - [18/Aug/2026:09:08:19 +0300] "POST /wp-cron.php?doing_wp_cron=1787033299.0449469089508056640625 HTTP/1.1" 200 31 "-" "WordPress/6.9.1; https://fita.staroobrad.ru"
34.141.181.115 - - [18/Aug/2026:09:08:19 +0300] "GET /?wpmudev-hub=poc-2787033336070 HTTP/1.1" 403 5 "-" "Python-urllib/3.12"
