104.28.240.85 - - [18/Aug/2026:22:28:32 +0300] "GET /wp-content/plugins/rus-to-lat.php HTTP/2.0" 200 284 "-" "Mozilla/5.0 (Windows NT 10.0; Win64; x64) AppleWebKit/537.36 (KHTML, like Gecko) Chrome/151.0.0.0 Safari/537.36"
82.148.16.210 - - [18/Aug/2026:22:29:22 +0300] "POST /wp-cron.php?doing_wp_cron=1787081362.4828209877014160156250 HTTP/1.1" 200 31 "-" "WordPress/6.9.1; https://fita.staroobrad.ru"
66.249.78.71 - - [18/Aug/2026:22:29:22 +0300] "GET /shop/trailer/elderly253000881.shtml HTTP/1.1" 404 4000 "-" "Mozilla/5.0 (compatible; Googlebot/2.1; +http://www.google.com/bot.html)"
114.119.166.95 - - [18/Aug/2026:22:29:35 +0300] "GET /shop/equip/stadium185028397.shtml HTTP/1.1" 404 4001 "https://fita.staroobrad.ru/?sitemap936.xml" "Mozilla/5.0 (Linux; Android 7.0;) AppleWebKit/537.36 (HTML, like Gecko) Mobile Safari/537.36 (compatible; PetalBot;+https://webmaster.petalsearch.com/site/petalbot)"
82.148.16.210 - - [18/Aug/2026:22:30:54 +0300] "POST /wp-cron.php?doing_wp_cron=1787081454.8237929344177246093750 HTTP/1.1" 200 31 "-" "WordPress/6.9.1; https://fita.staroobrad.ru"
66.249.66.202 - - [18/Aug/2026:22:30:54 +0300] "GET /category/1161/1 HTTP/1.1" 404 4000 "-" "Mozilla/5.0 (Linux; Android 6.0.1; Nexus 5X Build/MMB29P) AppleWebKit/537.36 (KHTML, like Gecko) Chrome/151.0.7922.137 Mobile Safari/537.36 (compatible; Googlebot/2.1; +http://www.google.com/bot.html)"
97.74.87.194 - - [18/Aug/2026:22:31:21 +0300] "GET /wp-login.php HTTP/2.0" 200 3483 "-" "Mozilla/5.0 (Windows NT 10.0; Win64; x64) AppleWebKit/537.36 (KHTML, like Gecko) Chrome/149.0.0.0 Safari/537.36"
97.74.87.194 - - [18/Aug/2026:22:31:21 +0300] "POST /wp-login.php HTTP/2.0" 200 3644 "-" "Mozilla/5.0 (Windows NT 10.0; Win64; x64) AppleWebKit/537.36 (KHTML, like Gecko) Chrome/149.0.0.0 Safari/537.36"
104.28.240.85 - - [18/Aug/2026:22:31:39 +0300] "GET /wp-content/plugins/rus-to-lat.php HTTP/1.1" 200 296 "-" "Mozilla/5.0 (Windows NT 10.0; Win64; x64) AppleWebKit/537.36 (KHTML, like Gecko) Chrome/112.0.0.0 Safari/537.36"
104.28.240.85 - - [18/Aug/2026:22:31:40 +0300] "POST /wp-content/plugins/rus-to-lat.php HTTP/1.1" 200 254 "-" "Mozilla/5.0 (Windows NT 10.0; Win64; x64) AppleWebKit/537.36 (KHTML, like Gecko) Chrome/112.0.0.0 Safari/537.36"
104.28.240.85 - - [18/Aug/2026:22:31:42 +0300] "GET /ciqznerj.php HTTP/1.1" 404 3 "-" "Mozilla/5.0 (Windows NT 10.0; Win64; x64) AppleWebKit/537.36 (KHTML, like Gecko) Chrome/112.0.0.0 Safari/537.36"
104.28.240.85 - - [18/Aug/2026:22:31:43 +0300] "GET /wp-content/plugins/rus-to-lat.php HTTP/1.1" 200 374 "-" "Mozilla/5.0 (Windows NT 10.0; Win64; x64) AppleWebKit/537.36 (KHTML, like Gecko) Chrome/90.0.4430.85 Safari/537.36"
104.28.240.85 - - [18/Aug/2026:22:31:45 +0300] "POST /wp-content/plugins/rus-to-lat.php HTTP/1.1" 200 310 "https://fita.staroobrad.ru/wp-content/plugins/rus-to-lat.php" "Mozilla/5.0 (Windows NT 10.0; Win64; x64) AppleWebKit/537.36 (KHTML, like Gecko) Chrome/90.0.4430.85 Safari/537.36"
104.28.240.85 - - [18/Aug/2026:22:31:47 +0300] "GET /wp-content/plugins/khtjkerv.php HTTP/1.1" 404 3 "-" "Mozilla/5.0 (Windows NT 10.0; Win64; x64) AppleWebKit/537.36 (KHTML, like Gecko) Chrome/112.0.0.0 Safari/537.36"
104.28.240.85 - - [18/Aug/2026:22:32:21 +0300] "POST /wp-content/plugins/rus-to-lat.php HTTP/2.0" 200 239 "https://fita.staroobrad.ru/wp-content/plugins/rus-to-lat.php" "Mozilla/5.0 (Windows NT 10.0; Win64; x64) AppleWebKit/537.36 (KHTML, like Gecko) Chrome/151.0.0.0 Safari/537.36"
104.28.240.85 - - [18/Aug/2026:22:32:22 +0300] "GET /wp-content/plugins/card.php HTTP/2.0" 404 3 "https://fita.staroobrad.ru/wp-content/plugins/rus-to-lat.php" "Mozilla/5.0 (Windows NT 10.0; Win64; x64) AppleWebKit/537.36 (KHTML, like Gecko) Chrome/151.0.0.0 Safari/537.36"
82.148.16.210 - - [18/Aug/2026:22:34:12 +0300] "POST /wp-cron.php?doing_wp_cron=1787081652.0262720584869384765625 HTTP/1.1" 200 31 "-" "WordPress/6.9.1; https://fita.staroobrad.ru"
66.249.66.202 - - [18/Aug/2026:22:34:12 +0300] "GET /4961553 HTTP/1.1" 404 4000 "-" "Mozilla/5.0 (Linux; Android 6.0.1; Nexus 5X Build/MMB29P) AppleWebKit/537.36 (KHTML, like Gecko) Chrome/151.0.7922.137 Mobile Safari/537.36 (compatible; GoogleOther)"
104.28.240.85 - - [18/Aug/2026:22:34:46 +0300] "GET /wp-content/plugins/rus-to-lat.php HTTP/1.1" 200 296 "-" "Mozilla/5.0 (Windows NT 10.0; Win64; x64) AppleWebKit/537.36 (KHTML, like Gecko) Chrome/112.0.0.0 Safari/537.36"
104.28.240.85 - - [18/Aug/2026:22:34:48 +0300] "POST /wp-content/plugins/rus-to-lat.php HTTP/1.1" 200 254 "-" "Mozilla/5.0 (Windows NT 10.0; Win64; x64) AppleWebKit/537.36 (KHTML, like Gecko) Chrome/112.0.0.0 Safari/537.36"
104.28.240.85 - - [18/Aug/2026:22:34:50 +0300] "GET /hidcwizm.php HTTP/1.1" 404 3 "-" "Mozilla/5.0 (Windows NT 10.0; Win64; x64) AppleWebKit/537.36 (KHTML, like Gecko) Chrome/112.0.0.0 Safari/537.36"
104.28.240.85 - - [18/Aug/2026:22:34:51 +0300] "GET /wp-content/plugins/rus-to-lat.php HTTP/1.1" 200 374 "-" "Mozilla/5.0 (Windows NT 10.0; Win64; x64) AppleWebKit/537.36 (KHTML, like Gecko) Chrome/90.0.4430.85 Safari/537.36"
104.28.240.85 - - [18/Aug/2026:22:34:53 +0300] "POST /wp-content/plugins/rus-to-lat.php HTTP/1.1" 200 310 "https://fita.staroobrad.ru/wp-content/plugins/rus-to-lat.php" "Mozilla/5.0 (Windows NT 10.0; Win64; x64) AppleWebKit/537.36 (KHTML, like Gecko) Chrome/90.0.4430.85 Safari/537.36"
104.28.240.85 - - [18/Aug/2026:22:34:55 +0300] "GET /wp-content/plugins/wypkrqqh.php HTTP/1.1" 404 3 "-" "Mozilla/5.0 (Windows NT 10.0; Win64; x64) AppleWebKit/537.36 (KHTML, like Gecko) Chrome/112.0.0.0 Safari/537.36"
82.148.16.210 - - [18/Aug/2026:22:35:56 +0300] "POST /wp-cron.php?doing_wp_cron=1787081756.3644289970397949218750 HTTP/1.1" 200 31 "-" "WordPress/6.9.1; https://fita.staroobrad.ru"
66.249.92.35 - - [18/Aug/2026:22:35:56 +0300] "GET /shopdetail/364/115229841.shtm HTTP/1.1" 404 4001 "-" "Mozilla/5.0 (X11; Linux x86_64) AppleWebKit/537.36 (KHTML, like Gecko) Chrome/151.0.7922.108 Safari/537.36"
82.148.16.210 - - [18/Aug/2026:22:37:04 +0300] "POST /wp-cron.php?doing_wp_cron=1787081824.0200150012969970703125 HTTP/1.1" 200 31 "-" "WordPress/6.9.1; https://fita.staroobrad.ru"
66.249.78.70 - - [18/Aug/2026:22:37:04 +0300] "GET /shop/selected/arrive075000353.shtml HTTP/1.1" 404 4001 "-" "Mozilla/5.0 (compatible; Googlebot/2.1; +http://www.google.com/bot.html)"
129.121.74.194 - - [18/Aug/2026:22:37:34 +0300] "GET /wp-login.php HTTP/2.0" 200 3483 "-" "Mozilla/5.0 (Windows NT 10.0; Win64; x64) AppleWebKit/537.36 (KHTML, like Gecko) Chrome/149.0.0.0 Safari/537.36"
129.121.74.194 - - [18/Aug/2026:22:37:36 +0300] "POST /wp-login.php HTTP/2.0" 200 3644 "-" "Mozilla/5.0 (Windows NT 10.0; Win64; x64) AppleWebKit/537.36 (KHTML, like Gecko) Chrome/149.0.0.0 Safari/537.36"
82.148.16.210 - - [18/Aug/2026:22:40:02 +0300] "POST /wp-cron.php?doing_wp_cron=1787082002.2526938915252685546875 HTTP/1.1" 200 31 "-" "WordPress/6.9.1; https://fita.staroobrad.ru"
178.156.200.16 - - [18/Aug/2026:22:40:02 +0300] "GET /wp-login.php HTTP/2.0" 200 3483 "-" "Mozilla/5.0 (Windows NT 10.0; Win64; x64) AppleWebKit/537.36 (KHTML, like Gecko) Chrome/149.0.0.0 Safari/537.36"
178.156.200.16 - - [18/Aug/2026:22:40:02 +0300] "POST /wp-login.php HTTP/2.0" 200 3644 "-" "Mozilla/5.0 (Windows NT 10.0; Win64; x64) AppleWebKit/537.36 (KHTML, like Gecko) Chrome/149.0.0.0 Safari/537.36"
82.148.16.210 - - [18/Aug/2026:22:43:11 +0300] "POST /wp-cron.php?doing_wp_cron=1787082191.5738010406494140625000 HTTP/1.1" 200 31 "-" "WordPress/6.9.1; https://fita.staroobrad.ru"
104.28.240.85 - - [18/Aug/2026:22:43:11 +0300] "POST /wp-login.php HTTP/1.1" 302 374 "https://fita.staroobrad.ru/wp-admin/" "Mozilla/5.0 (Windows NT 10.0; Win64; x64) AppleWebKit/537.36 (KHTML, like Gecko) Chrome/90.0.4430.85 Safari/537.36"
104.28.240.85 - - [18/Aug/2026:22:43:13 +0300] "GET /wp-admin/ HTTP/1.1" 200 60240 "https://fita.staroobrad.ru/wp-admin/" "Mozilla/5.0 (Windows NT 10.0; Win64; x64) AppleWebKit/537.36 (KHTML, like Gecko) Chrome/90.0.4430.85 Safari/537.36"
104.28.240.85 - - [18/Aug/2026:22:43:15 +0300] "GET /wp-admin/ HTTP/1.1" 200 60240 "-" "Mozilla/5.0 (Windows NT 10.0; Win64; x64) AppleWebKit/537.36 (KHTML, like Gecko) Chrome/112.0.0.0 Safari/537.36"
104.28.240.85 - - [18/Aug/2026:22:43:17 +0300] "GET /wp-admin/plugin-install.php?tab=upload HTTP/1.1" 200 33140 "-" "Mozilla/5.0 (Windows NT 10.0; Win64; x64) AppleWebKit/537.36 (KHTML, like Gecko) Chrome/112.0.0.0 Safari/537.36"
104.28.240.85 - - [18/Aug/2026:22:43:19 +0300] "POST /wp-admin/update.php?action=upload-plugin HTTP/1.1" 200 28644 "-" "Mozilla/5.0 (Windows NT 10.0; Win64; x64) AppleWebKit/537.36 (KHTML, like Gecko) Chrome/112.0.0.0 Safari/537.36"
104.28.240.85 - - [18/Aug/2026:22:43:21 +0300] "GET /wp-content/plugins/nzpwwqp/index.php HTTP/1.1" 404 3 "-" "Mozilla/5.0 (Windows NT 10.0; Win64; x64) AppleWebKit/537.36 (KHTML, like Gecko) Chrome/112.0.0.0 Safari/537.36"
104.28.240.85 - - [18/Aug/2026:22:43:23 +0300] "GET /wp-admin/plugin-install.php?s=File+Manager&tab=search&type=term HTTP/1.1" 200 43910 "-" "Mozilla/5.0 (Windows NT 10.0; Win64; x64) AppleWebKit/537.36 (KHTML, like Gecko) Chrome/112.0.0.0 Safari/537.36"
104.28.240.85 - - [18/Aug/2026:22:43:25 +0300] "GET /wp-admin/update.php?action=install-plugin&plugin=wp-file-manager&_wpnonce=0022b9fea0 HTTP/1.1" 200 28671 "-" "Mozilla/5.0 (Windows NT 10.0; Win64; x64) AppleWebKit/537.36 (KHTML, like Gecko) Chrome/112.0.0.0 Safari/537.36"
104.28.240.85 - - [18/Aug/2026:22:43:26 +0300] "GET /wp-admin/plugins.php?action=activate&plugin=wp-file-manager/file_folder_manager.php&_wpnonce=0022b9fea0 HTTP/1.1" 403 1343 "-" "Mozilla/5.0 (Windows NT 10.0; Win64; x64) AppleWebKit/537.36 (KHTML, like Gecko) Chrome/112.0.0.0 Safari/537.36"
104.28.240.85 - - [18/Aug/2026:22:43:26 +0300] "GET /wp-admin/admin.php?page=wp_file_manager HTTP/1.1" 403 1380 "-" "Mozilla/5.0 (Windows NT 10.0; Win64; x64) AppleWebKit/537.36 (KHTML, like Gecko) Chrome/112.0.0.0 Safari/537.36"
104.28.240.85 - - [18/Aug/2026:22:43:28 +0300] "GET /wp-admin/theme-install.php?tab=upload HTTP/1.1" 200 36538 "-" "Mozilla/5.0 (Windows NT 10.0; Win64; x64) AppleWebKit/537.36 (KHTML, like Gecko) Chrome/112.0.0.0 Safari/537.36"
104.28.240.85 - - [18/Aug/2026:22:43:29 +0300] "POST /wp-admin/update.php?action=upload-theme HTTP/1.1" 200 28619 "-" "Mozilla/5.0 (Windows NT 10.0; Win64; x64) AppleWebKit/537.36 (KHTML, like Gecko) Chrome/112.0.0.0 Safari/537.36"
104.28.240.85 - - [18/Aug/2026:22:43:31 +0300] "GET /wp-content/themes/fwmotyj/archive.php HTTP/1.1" 404 3 "-" "Mozilla/5.0 (Windows NT 10.0; Win64; x64) AppleWebKit/537.36 (KHTML, like Gecko) Chrome/112.0.0.0 Safari/537.36"
82.148.16.210 - - [18/Aug/2026:22:44:22 +0300] "POST /wp-cron.php?doing_wp_cron=1787082262.6900000572204589843750 HTTP/1.1" 200 31 "-" "WordPress/6.9.1; https://fita.staroobrad.ru"
66.249.78.70 - - [18/Aug/2026:22:44:22 +0300] "GET /m32682133091 HTTP/1.1" 404 4000 "-" "Mozilla/5.0 (Linux; Android 6.0.1; Nexus 5X Build/MMB29P) AppleWebKit/537.36 (KHTML, like Gecko) Chrome/151.0.7922.137 Mobile Safari/537.36 (compatible; GoogleOther)"
77.88.47.29 - - [18/Aug/2026:22:44:35 +0300] "GET / HTTP/1.1" 403 296 "-" "Mozilla/5.0 (compatible; YandexBot/3.0; +http://yandex.com/bots) AppleWebKit/537.36 (KHTML, like Gecko) Chrome/108.0.0.0"
45.148.65.20 - - [18/Aug/2026:22:44:37 +0300] "GET / HTTP/2.0" 403 284 "-" "Mozilla/5.0 (compatible; YandexBot/3.0; +http://yandex.com/bots)"
82.148.16.210 - - [18/Aug/2026:22:45:49 +0300] "POST /wp-cron.php?doing_wp_cron=1787082349.4910600185394287109375 HTTP/1.1" 200 31 "-" "WordPress/6.9.1; https://fita.staroobrad.ru"
129.121.74.194 - - [18/Aug/2026:22:45:49 +0300] "GET /wp-login.php HTTP/2.0" 200 3483 "-" "Mozilla/5.0 (Windows NT 10.0; Win64; x64) AppleWebKit/537.36 (KHTML, like Gecko) Chrome/149.0.0.0 Safari/537.36"
129.121.74.194 - - [18/Aug/2026:22:45:50 +0300] "POST /wp-login.php HTTP/2.0" 200 3644 "-" "Mozilla/5.0 (Windows NT 10.0; Win64; x64) AppleWebKit/537.36 (KHTML, like Gecko) Chrome/149.0.0.0 Safari/537.36"
95.108.213.157 - - [18/Aug/2026:22:46:04 +0300] "GET / HTTP/2.0" 403 284 "-" "Mozilla/5.0 (compatible; YandexBot/3.0; +http://yandex.com/bots)"
82.148.16.210 - - [18/Aug/2026:22:48:22 +0300] "POST /wp-cron.php?doing_wp_cron=1787082502.0088210105895996093750 HTTP/1.1" 200 31 "-" "WordPress/6.9.1; https://fita.staroobrad.ru"
66.249.78.69 - - [18/Aug/2026:22:48:22 +0300] "GET /shop/anniversary/notice171008521.shtml HTTP/1.1" 404 4001 "-" "Mozilla/5.0 (Linux; Android 6.0.1; Nexus 5X Build/MMB29P) AppleWebKit/537.36 (KHTML, like Gecko) Chrome/151.0.7922.137 Mobile Safari/537.36 (compatible; Googlebot/2.1; +http://www.google.com/bot.html)"
66.249.66.203 - - [18/Aug/2026:22:48:24 +0300] "GET /shop/blame/pad059000517.shtml HTTP/1.1" 404 4001 "-" "Mozilla/5.0 (Linux; Android 6.0.1; Nexus 5X Build/MMB29P) AppleWebKit/537.36 (KHTML, like Gecko) Chrome/151.0.7922.137 Mobile Safari/537.36 (compatible; Googlebot/2.1; +http://www.google.com/bot.html)"
66.249.66.37 - - [18/Aug/2026:22:48:24 +0300] "GET /shop/prefer/impressive034000222.shtml HTTP/1.1" 404 4001 "-" "Mozilla/5.0 (Linux; Android 6.0.1; Nexus 5X Build/MMB29P) AppleWebKit/537.36 (KHTML, like Gecko) Chrome/151.0.7922.137 Mobile Safari/537.36 (compatible; Googlebot/2.1; +http://www.google.com/bot.html)"
66.249.78.70 - - [18/Aug/2026:22:48:34 +0300] "GET /shop/inflation/perfect016017546.shtml HTTP/1.1" 404 4002 "-" "Mozilla/5.0 (compatible; Googlebot/2.1; +http://www.google.com/bot.html)"
82.148.16.210 - - [18/Aug/2026:22:50:11 +0300] "POST /wp-cron.php?doing_wp_cron=1787082611.6566998958587646484375 HTTP/1.1" 200 31 "-" "WordPress/6.9.1; https://fita.staroobrad.ru"
66.249.66.37 - - [18/Aug/2026:22:50:11 +0300] "GET /shop/operation/adolescent295021723.shtml HTTP/1.1" 404 4000 "-" "Mozilla/5.0 (Linux; Android 6.0.1; Nexus 5X Build/MMB29P) AppleWebKit/537.36 (KHTML, like Gecko) Chrome/151.0.7922.137 Mobile Safari/537.36 (compatible; Googlebot/2.1; +http://www.google.com/bot.html)"
66.249.78.69 - - [18/Aug/2026:22:50:14 +0300] "GET /shop/municipal/folk041003193.shtml HTTP/1.1" 404 4000 "-" "Mozilla/5.0 (Linux; Android 6.0.1; Nexus 5X Build/MMB29P) AppleWebKit/537.36 (KHTML, like Gecko) Chrome/151.0.7922.137 Mobile Safari/537.36 (compatible; Googlebot/2.1; +http://www.google.com/bot.html)"
66.249.78.71 - - [18/Aug/2026:22:50:36 +0300] "GET /shop/additional/insect177004001.shtml HTTP/1.1" 404 4000 "-" "Mozilla/5.0 (compatible; Googlebot/2.1; +http://www.google.com/bot.html)"
82.148.16.210 - - [18/Aug/2026:22:51:06 +0300] "POST /wp-cron.php?doing_wp_cron=1787082666.1997048854827880859375 HTTP/1.1" 200 31 "-" "WordPress/6.9.1; https://fita.staroobrad.ru"
8.29.155.129 - - [18/Aug/2026:22:51:06 +0300] "GET /wp-login.php HTTP/2.0" 200 3483 "-" "Mozilla/5.0 (Windows NT 10.0; Win64; x64) AppleWebKit/537.36 (KHTML, like Gecko) Chrome/149.0.0.0 Safari/537.36"
8.29.155.129 - - [18/Aug/2026:22:51:06 +0300] "POST /wp-login.php HTTP/2.0" 200 3644 "-" "Mozilla/5.0 (Windows NT 10.0; Win64; x64) AppleWebKit/537.36 (KHTML, like Gecko) Chrome/149.0.0.0 Safari/537.36"
66.249.78.70 - - [18/Aug/2026:22:51:14 +0300] "GET /m37320379926 HTTP/1.1" 404 4000 "-" "Mozilla/5.0 (Linux; Android 6.0.1; Nexus 5X Build/MMB29P) AppleWebKit/537.36 (KHTML, like Gecko) Chrome/151.0.7922.137 Mobile Safari/537.36 (compatible; GoogleOther)"
82.148.16.210 - - [18/Aug/2026:22:53:46 +0300] "POST /wp-cron.php?doing_wp_cron=1787082826.5290489196777343750000 HTTP/1.1" 200 31 "-" "WordPress/6.9.1; https://fita.staroobrad.ru"
169.58.130.17 - - [18/Aug/2026:22:53:46 +0300] "GET /wp-login.php HTTP/2.0" 200 3483 "-" "Mozilla/5.0 (Windows NT 10.0; Win64; x64) AppleWebKit/537.36 (KHTML, like Gecko) Chrome/149.0.0.0 Safari/537.36"
169.58.130.17 - - [18/Aug/2026:22:53:48 +0300] "POST /wp-login.php HTTP/2.0" 200 3644 "-" "Mozilla/5.0 (Windows NT 10.0; Win64; x64) AppleWebKit/537.36 (KHTML, like Gecko) Chrome/149.0.0.0 Safari/537.36"
82.148.16.210 - - [18/Aug/2026:22:57:12 +0300] "POST /wp-cron.php?doing_wp_cron=1787083032.7027978897094726562500 HTTP/1.1" 200 31 "-" "WordPress/6.9.1; https://fita.staroobrad.ru"
66.249.66.204 - - [18/Aug/2026:22:57:12 +0300] "GET /shop/founder/marry118035436.shtml HTTP/1.1" 404 4000 "-" "Mozilla/5.0 (Linux; Android 6.0.1; Nexus 5X Build/MMB29P) AppleWebKit/537.36 (KHTML, like Gecko) Chrome/151.0.7922.137 Mobile Safari/537.36 (compatible; Googlebot/2.1; +http://www.google.com/bot.html)"
43.165.174.53 - - [18/Aug/2026:22:57:20 +0300] "GET / HTTP/1.1" 301 162 "-" "Mozilla/5.0 (iPhone; CPU iPhone OS 13_2_3 like Mac OS X) AppleWebKit/605.1.15 (KHTML, like Gecko) Version/13.0.3 Mobile/15E148 Safari/604.1"
43.165.174.53 - - [18/Aug/2026:22:57:22 +0300] "GET / HTTP/1.1" 403 296 "http://fita.staroobrad.ru" "Mozilla/5.0 (iPhone; CPU iPhone OS 13_2_3 like Mac OS X) AppleWebKit/605.1.15 (KHTML, like Gecko) Version/13.0.3 Mobile/15E148 Safari/604.1"
82.148.16.210 - - [18/Aug/2026:22:59:17 +0300] "POST /wp-cron.php?doing_wp_cron=1787083157.4270579814910888671875 HTTP/1.1" 200 31 "-" "WordPress/6.9.1; https://fita.staroobrad.ru"
66.249.78.69 - - [18/Aug/2026:22:59:17 +0300] "GET /shop/resume/box192045472.shtml HTTP/1.1" 404 4001 "-" "Mozilla/5.0 (Linux; Android 6.0.1; Nexus 5X Build/MMB29P) AppleWebKit/537.36 (KHTML, like Gecko) Chrome/151.0.7922.137 Mobile Safari/537.36 (compatible; Googlebot/2.1; +http://www.google.com/bot.html)"
82.148.16.210 - - [18/Aug/2026:23:01:12 +0300] "POST /wp-cron.php?doing_wp_cron=1787083272.0339469909667968750000 HTTP/1.1" 200 31 "-" "WordPress/6.9.1; https://fita.staroobrad.ru"
66.249.78.70 - - [18/Aug/2026:23:01:12 +0300] "GET /shopdetail/737/11510408.shtm HTTP/1.1" 404 4001 "-" "Mozilla/5.0 (Linux; Android 6.0.1; Nexus 5X Build/MMB29P) AppleWebKit/537.36 (KHTML, like Gecko) Chrome/151.0.7922.137 Mobile Safari/537.36 (compatible; Googlebot/2.1; +http://www.google.com/bot.html)"
82.148.16.210 - - [18/Aug/2026:23:01:56 +0300] "POST /wp-cron.php?doing_wp_cron=1787083316.6769900321960449218750 HTTP/1.1" 200 31 "-" "WordPress/6.9.1; https://fita.staroobrad.ru"
20.100.169.31 - - [18/Aug/2026:23:01:56 +0300] "GET / HTTP/1.1" 403 296 "-" "Mozilla/5.0 (Windows NT 10.0; Win64; x64) AppleWebKit/537.36 (KHTML, like Gecko) Chrome/120.0.0.0 Safari/537.36"
82.148.16.210 - - [18/Aug/2026:23:14:03 +0300] "POST /wp-cron.php?doing_wp_cron=1787084043.4851830005645751953125 HTTP/1.1" 200 31 "-" "WordPress/6.9.1; https://fita.staroobrad.ru"
82.148.16.210 - - [18/Aug/2026:23:14:03 +0300] "POST /wp-cron.php?doing_wp_cron=1787084043.4848320484161376953125 HTTP/1.1" 200 31 "-" "WordPress/6.9.1; https://fita.staroobrad.ru"
66.249.66.203 - - [18/Aug/2026:23:14:03 +0300] "GET /shop/upstairs/clean034016438.shtml HTTP/1.1" 404 4002 "-" "Mozilla/5.0 (Linux; Android 6.0.1; Nexus 5X Build/MMB29P) AppleWebKit/537.36 (KHTML, like Gecko) Chrome/151.0.7922.137 Mobile Safari/537.36 (compatible; Googlebot/2.1; +http://www.google.com/bot.html)"
66.249.66.203 - - [18/Aug/2026:23:14:03 +0300] "GET /shop/upstairs/clean034016438.shtml HTTP/1.1" 404 4002 "-" "Mozilla/5.0 (compatible; Googlebot/2.1; +http://www.google.com/bot.html)"
20.127.136.245 - - [18/Aug/2026:23:14:40 +0300] "GET /inputs.php HTTP/1.1" 404 3 "-" "Mozilla/5.0 (Windows NT 10.0; Win64; x64) AppleWebKit/537.36 (KHTML, like Gecko) Chrome/120.0.0.0 Safari/537.36"
20.127.136.245 - - [18/Aug/2026:23:14:40 +0300] "GET /admin.php HTTP/1.1" 404 3 "-" "Mozilla/5.0 (Windows NT 10.0; Win64; x64) AppleWebKit/537.36 (KHTML, like Gecko) Chrome/120.0.0.0 Safari/537.36"
20.127.136.245 - - [18/Aug/2026:23:14:40 +0300] "GET /goods.php HTTP/1.1" 404 3 "-" "Mozilla/5.0 (Windows NT 10.0; Win64; x64) AppleWebKit/537.36 (KHTML, like Gecko) Chrome/120.0.0.0 Safari/537.36"
20.127.136.245 - - [18/Aug/2026:23:14:40 +0300] "GET /file.php HTTP/1.1" 404 3 "-" "Mozilla/5.0 (Windows NT 10.0; Win64; x64) AppleWebKit/537.36 (KHTML, like Gecko) Chrome/120.0.0.0 Safari/537.36"
20.127.136.245 - - [18/Aug/2026:23:14:40 +0300] "GET /adminfuns.php HTTP/1.1" 404 3 "-" "Mozilla/5.0 (Windows NT 10.0; Win64; x64) AppleWebKit/537.36 (KHTML, like Gecko) Chrome/120.0.0.0 Safari/537.36"
20.127.136.245 - - [18/Aug/2026:23:14:40 +0300] "GET /404.php HTTP/1.1" 404 3 "-" "Mozilla/5.0 (Windows NT 10.0; Win64; x64) AppleWebKit/537.36 (KHTML, like Gecko) Chrome/120.0.0.0 Safari/537.36"
20.127.136.245 - - [18/Aug/2026:23:14:41 +0300] "GET /wk/index.php HTTP/1.1" 404 3 "-" "Mozilla/5.0 (Windows NT 10.0; Win64; x64) AppleWebKit/537.36 (KHTML, like Gecko) Chrome/120.0.0.0 Safari/537.36"
20.127.136.245 - - [18/Aug/2026:23:14:41 +0300] "GET /about.php HTTP/1.1" 404 3 "-" "Mozilla/5.0 (Windows NT 10.0; Win64; x64) AppleWebKit/537.36 (KHTML, like Gecko) Chrome/120.0.0.0 Safari/537.36"
20.127.136.245 - - [18/Aug/2026:23:14:41 +0300] "GET /term.php HTTP/1.1" 404 3 "-" "Mozilla/5.0 (Windows NT 10.0; Win64; x64) AppleWebKit/537.36 (KHTML, like Gecko) Chrome/120.0.0.0 Safari/537.36"
20.127.136.245 - - [18/Aug/2026:23:14:41 +0300] "GET /ioxi-o.php HTTP/1.1" 404 3 "-" "Mozilla/5.0 (Windows NT 10.0; Win64; x64) AppleWebKit/537.36 (KHTML, like Gecko) Chrome/120.0.0.0 Safari/537.36"
20.127.136.245 - - [18/Aug/2026:23:14:41 +0300] "GET /1.php HTTP/1.1" 404 3 "-" "Mozilla/5.0 (Windows NT 10.0; Win64; x64) AppleWebKit/537.36 (KHTML, like Gecko) Chrome/120.0.0.0 Safari/537.36"
20.127.136.245 - - [18/Aug/2026:23:14:41 +0300] "GET /alfa.php HTTP/1.1" 404 3 "-" "Mozilla/5.0 (Windows NT 10.0; Win64; x64) AppleWebKit/537.36 (KHTML, like Gecko) Chrome/120.0.0.0 Safari/537.36"
20.127.136.245 - - [18/Aug/2026:23:14:41 +0300] "GET /edit.php HTTP/1.1" 404 3 "-" "Mozilla/5.0 (Windows NT 10.0; Win64; x64) AppleWebKit/537.36 (KHTML, like Gecko) Chrome/120.0.0.0 Safari/537.36"
20.127.136.245 - - [18/Aug/2026:23:14:41 +0300] "GET /elp.php HTTP/1.1" 404 3 "-" "Mozilla/5.0 (Windows NT 10.0; Win64; x64) AppleWebKit/537.36 (KHTML, like Gecko) Chrome/120.0.0.0 Safari/537.36"
20.127.136.245 - - [18/Aug/2026:23:14:42 +0300] "GET /classwithtostring.php HTTP/1.1" 404 3 "-" "Mozilla/5.0 (Windows NT 10.0; Win64; x64) AppleWebKit/537.36 (KHTML, like Gecko) Chrome/120.0.0.0 Safari/537.36"
20.127.136.245 - - [18/Aug/2026:23:14:42 +0300] "GET /666.php HTTP/1.1" 404 3 "-" "Mozilla/5.0 (Windows NT 10.0; Win64; x64) AppleWebKit/537.36 (KHTML, like Gecko) Chrome/120.0.0.0 Safari/537.36"
20.127.136.245 - - [18/Aug/2026:23:14:43 +0300] "GET /wp-admin/ HTTP/1.1" 302 374 "-" "Mozilla/5.0 (Windows NT 10.0; Win64; x64) AppleWebKit/537.36 (KHTML, like Gecko) Chrome/120.0.0.0 Safari/537.36"
20.127.136.245 - - [18/Aug/2026:23:14:43 +0300] "GET /ws54.php HTTP/1.1" 404 3 "-" "Mozilla/5.0 (Windows NT 10.0; Win64; x64) AppleWebKit/537.36 (KHTML, like Gecko) Chrome/120.0.0.0 Safari/537.36"
20.127.136.245 - - [18/Aug/2026:23:14:43 +0300] "GET /deepseek_d.php HTTP/1.1" 404 3 "-" "Mozilla/5.0 (Windows NT 10.0; Win64; x64) AppleWebKit/537.36 (KHTML, like Gecko) Chrome/120.0.0.0 Safari/537.36"
20.127.136.245 - - [18/Aug/2026:23:14:43 +0300] "GET /function/function.php HTTP/1.1" 404 3 "-" "Mozilla/5.0 (Windows NT 10.0; Win64; x64) AppleWebKit/537.36 (KHTML, like Gecko) Chrome/120.0.0.0 Safari/537.36"
20.127.136.245 - - [18/Aug/2026:23:14:43 +0300] "GET /nw.php HTTP/1.1" 404 3 "-" "Mozilla/5.0 (Windows NT 10.0; Win64; x64) AppleWebKit/537.36 (KHTML, like Gecko) Chrome/120.0.0.0 Safari/537.36"
20.127.136.245 - - [18/Aug/2026:23:14:43 +0300] "GET /xleet.php HTTP/1.1" 404 3 "-" "Mozilla/5.0 (Windows NT 10.0; Win64; x64) AppleWebKit/537.36 (KHTML, like Gecko) Chrome/120.0.0.0 Safari/537.36"
20.127.136.245 - - [18/Aug/2026:23:14:43 +0300] "GET /wp.php HTTP/1.1" 404 3 "-" "Mozilla/5.0 (Windows NT 10.0; Win64; x64) AppleWebKit/537.36 (KHTML, like Gecko) Chrome/120.0.0.0 Safari/537.36"
20.127.136.245 - - [18/Aug/2026:23:14:44 +0300] "GET /155.php HTTP/1.1" 404 3 "-" "Mozilla/5.0 (Windows NT 10.0; Win64; x64) AppleWebKit/537.36 (KHTML, like Gecko) Chrome/120.0.0.0 Safari/537.36"
20.127.136.245 - - [18/Aug/2026:23:14:44 +0300] "GET /96i.php HTTP/1.1" 404 3 "-" "Mozilla/5.0 (Windows NT 10.0; Win64; x64) AppleWebKit/537.36 (KHTML, like Gecko) Chrome/120.0.0.0 Safari/537.36"
20.127.136.245 - - [18/Aug/2026:23:14:44 +0300] "GET /as.php HTTP/1.1" 404 3 "-" "Mozilla/5.0 (Windows NT 10.0; Win64; x64) AppleWebKit/537.36 (KHTML, like Gecko) Chrome/120.0.0.0 Safari/537.36"
20.127.136.245 - - [18/Aug/2026:23:14:44 +0300] "GET /min.php HTTP/1.1" 404 3 "-" "Mozilla/5.0 (Windows NT 10.0; Win64; x64) AppleWebKit/537.36 (KHTML, like Gecko) Chrome/120.0.0.0 Safari/537.36"
20.127.136.245 - - [18/Aug/2026:23:14:44 +0300] "GET /.well-known/ HTTP/1.1" 302 138 "-" "Mozilla/5.0 (Windows NT 10.0; Win64; x64) AppleWebKit/537.36 (KHTML, like Gecko) Chrome/120.0.0.0 Safari/537.36"
20.127.136.245 - - [18/Aug/2026:23:14:44 +0300] "GET /php8.php HTTP/1.1" 404 3 "-" "Mozilla/5.0 (Windows NT 10.0; Win64; x64) AppleWebKit/537.36 (KHTML, like Gecko) Chrome/120.0.0.0 Safari/537.36"
20.127.136.245 - - [18/Aug/2026:23:14:44 +0300] "GET /wp-content/admin.php HTTP/1.1" 404 3 "-" "Mozilla/5.0 (Windows NT 10.0; Win64; x64) AppleWebKit/537.36 (KHTML, like Gecko) Chrome/120.0.0.0 Safari/537.36"
20.127.136.245 - - [18/Aug/2026:23:14:44 +0300] "GET /222.php HTTP/1.1" 404 3 "-" "Mozilla/5.0 (Windows NT 10.0; Win64; x64) AppleWebKit/537.36 (KHTML, like Gecko) Chrome/120.0.0.0 Safari/537.36"
20.127.136.245 - - [18/Aug/2026:23:14:45 +0300] "GET /wp-content/themes/pridmag/il.php HTTP/1.1" 404 3 "-" "Mozilla/5.0 (Windows NT 10.0; Win64; x64) AppleWebKit/537.36 (KHTML, like Gecko) Chrome/120.0.0.0 Safari/537.36"
20.127.136.245 - - [18/Aug/2026:23:14:45 +0300] "GET /info.php HTTP/1.1" 404 3 "-" "Mozilla/5.0 (Windows NT 10.0; Win64; x64) AppleWebKit/537.36 (KHTML, like Gecko) Chrome/120.0.0.0 Safari/537.36"
20.127.136.245 - - [18/Aug/2026:23:14:45 +0300] "GET /a.php HTTP/1.1" 404 3 "-" "Mozilla/5.0 (Windows NT 10.0; Win64; x64) AppleWebKit/537.36 (KHTML, like Gecko) Chrome/120.0.0.0 Safari/537.36"
20.127.136.245 - - [18/Aug/2026:23:14:45 +0300] "GET /chosen.php HTTP/1.1" 404 3 "-" "Mozilla/5.0 (Windows NT 10.0; Win64; x64) AppleWebKit/537.36 (KHTML, like Gecko) Chrome/120.0.0.0 Safari/537.36"
20.127.136.245 - - [18/Aug/2026:23:14:45 +0300] "GET /wp-content/index.php HTTP/1.1" 200 31 "-" "Mozilla/5.0 (Windows NT 10.0; Win64; x64) AppleWebKit/537.36 (KHTML, like Gecko) Chrome/120.0.0.0 Safari/537.36"
20.127.136.245 - - [18/Aug/2026:23:14:45 +0300] "GET /vx.php HTTP/1.1" 404 3 "-" "Mozilla/5.0 (Windows NT 10.0; Win64; x64) AppleWebKit/537.36 (KHTML, like Gecko) Chrome/120.0.0.0 Safari/537.36"
20.127.136.245 - - [18/Aug/2026:23:14:46 +0300] "GET /admin/controller/extension/ HTTP/1.1" 404 4001 "-" "Mozilla/5.0 (Windows NT 10.0; Win64; x64) AppleWebKit/537.36 (KHTML, like Gecko) Chrome/120.0.0.0 Safari/537.36"
20.127.136.245 - - [18/Aug/2026:23:14:46 +0300] "GET /wap.php HTTP/1.1" 404 3 "-" "Mozilla/5.0 (Windows NT 10.0; Win64; x64) AppleWebKit/537.36 (KHTML, like Gecko) Chrome/120.0.0.0 Safari/537.36"
20.127.136.245 - - [18/Aug/2026:23:14:46 +0300] "GET /wp-admin/wp.php HTTP/1.1" 404 3 "-" "Mozilla/5.0 (Windows NT 10.0; Win64; x64) AppleWebKit/537.36 (KHTML, like Gecko) Chrome/120.0.0.0 Safari/537.36"
20.127.136.245 - - [18/Aug/2026:23:14:46 +0300] "GET /bgymj.php HTTP/1.1" 404 3 "-" "Mozilla/5.0 (Windows NT 10.0; Win64; x64) AppleWebKit/537.36 (KHTML, like Gecko) Chrome/120.0.0.0 Safari/537.36"
20.127.136.245 - - [18/Aug/2026:23:14:46 +0300] "GET /aa.php HTTP/1.1" 404 3 "-" "Mozilla/5.0 (Windows NT 10.0; Win64; x64) AppleWebKit/537.36 (KHTML, like Gecko) Chrome/120.0.0.0 Safari/537.36"
20.127.136.245 - - [18/Aug/2026:23:14:47 +0300] "GET /wp-mail.php HTTP/1.1" 500 2922 "-" "Mozilla/5.0 (Windows NT 10.0; Win64; x64) AppleWebKit/537.36 (KHTML, like Gecko) Chrome/120.0.0.0 Safari/537.36"
20.127.136.245 - - [18/Aug/2026:23:14:47 +0300] "GET /bolt.php HTTP/1.1" 404 3 "-" "Mozilla/5.0 (Windows NT 10.0; Win64; x64) AppleWebKit/537.36 (KHTML, like Gecko) Chrome/120.0.0.0 Safari/537.36"
20.127.136.245 - - [18/Aug/2026:23:14:47 +0300] "GET /bthil.php HTTP/1.1" 404 3 "-" "Mozilla/5.0 (Windows NT 10.0; Win64; x64) AppleWebKit/537.36 (KHTML, like Gecko) Chrome/120.0.0.0 Safari/537.36"
20.127.136.245 - - [18/Aug/2026:23:14:47 +0300] "GET /cgi-bin/ HTTP/1.1" 404 4001 "-" "Mozilla/5.0 (Windows NT 10.0; Win64; x64) AppleWebKit/537.36 (KHTML, like Gecko) Chrome/120.0.0.0 Safari/537.36"
20.127.136.245 - - [18/Aug/2026:23:14:47 +0300] "GET /x.php HTTP/1.1" 404 3 "-" "Mozilla/5.0 (Windows NT 10.0; Win64; x64) AppleWebKit/537.36 (KHTML, like Gecko) Chrome/120.0.0.0 Safari/537.36"
20.127.136.245 - - [18/Aug/2026:23:14:48 +0300] "GET /index/function.php HTTP/1.1" 404 3 "-" "Mozilla/5.0 (Windows NT 10.0; Win64; x64) AppleWebKit/537.36 (KHTML, like Gecko) Chrome/120.0.0.0 Safari/537.36"
20.127.136.245 - - [18/Aug/2026:23:14:48 +0300] "GET /aaa.php HTTP/1.1" 404 3 "-" "Mozilla/5.0 (Windows NT 10.0; Win64; x64) AppleWebKit/537.36 (KHTML, like Gecko) Chrome/120.0.0.0 Safari/537.36"
20.127.136.245 - - [18/Aug/2026:23:14:48 +0300] "GET /abcd.php HTTP/1.1" 404 3 "-" "Mozilla/5.0 (Windows NT 10.0; Win64; x64) AppleWebKit/537.36 (KHTML, like Gecko) Chrome/120.0.0.0 Safari/537.36"
20.127.136.245 - - [18/Aug/2026:23:14:48 +0300] "GET /wp-good.php HTTP/1.1" 404 3 "-" "Mozilla/5.0 (Windows NT 10.0; Win64; x64) AppleWebKit/537.36 (KHTML, like Gecko) Chrome/120.0.0.0 Safari/537.36"
20.127.136.245 - - [18/Aug/2026:23:14:48 +0300] "GET /simple.php HTTP/1.1" 404 3 "-" "Mozilla/5.0 (Windows NT 10.0; Win64; x64) AppleWebKit/537.36 (KHTML, like Gecko) Chrome/120.0.0.0 Safari/537.36"
20.127.136.245 - - [18/Aug/2026:23:14:48 +0300] "GET /edit-tags.php HTTP/1.1" 404 3 "-" "Mozilla/5.0 (Windows NT 10.0; Win64; x64) AppleWebKit/537.36 (KHTML, like Gecko) Chrome/120.0.0.0 Safari/537.36"
20.127.136.245 - - [18/Aug/2026:23:14:48 +0300] "GET /u.php HTTP/1.1" 404 3 "-" "Mozilla/5.0 (Windows NT 10.0; Win64; x64) AppleWebKit/537.36 (KHTML, like Gecko) Chrome/120.0.0.0 Safari/537.36"
20.127.136.245 - - [18/Aug/2026:23:14:48 +0300] "GET /wp-content/themes/admin.php HTTP/1.1" 404 3 "-" "Mozilla/5.0 (Windows NT 10.0; Win64; x64) AppleWebKit/537.36 (KHTML, like Gecko) Chrome/120.0.0.0 Safari/537.36"
20.127.136.245 - - [18/Aug/2026:23:14:49 +0300] "GET /h.php HTTP/1.1" 404 3 "-" "Mozilla/5.0 (Windows NT 10.0; Win64; x64) AppleWebKit/537.36 (KHTML, like Gecko) Chrome/120.0.0.0 Safari/537.36"
20.127.136.245 - - [18/Aug/2026:23:14:49 +0300] "GET /ms-edit.php HTTP/1.1" 404 3 "-" "Mozilla/5.0 (Windows NT 10.0; Win64; x64) AppleWebKit/537.36 (KHTML, like Gecko) Chrome/120.0.0.0 Safari/537.36"
20.127.136.245 - - [18/Aug/2026:23:14:49 +0300] "GET /a7.php HTTP/1.1" 404 3 "-" "Mozilla/5.0 (Windows NT 10.0; Win64; x64) AppleWebKit/537.36 (KHTML, like Gecko) Chrome/120.0.0.0 Safari/537.36"
20.127.136.245 - - [18/Aug/2026:23:14:49 +0300] "GET /manager.php HTTP/1.1" 404 3 "-" "Mozilla/5.0 (Windows NT 10.0; Win64; x64) AppleWebKit/537.36 (KHTML, like Gecko) Chrome/120.0.0.0 Safari/537.36"
20.127.136.245 - - [18/Aug/2026:23:14:49 +0300] "GET /w1.php HTTP/1.1" 404 3 "-" "Mozilla/5.0 (Windows NT 10.0; Win64; x64) AppleWebKit/537.36 (KHTML, like Gecko) Chrome/120.0.0.0 Safari/537.36"
20.127.136.245 - - [18/Aug/2026:23:14:49 +0300] "GET /wp-includes/fonts/ HTTP/1.1" 302 138 "-" "Mozilla/5.0 (Windows NT 10.0; Win64; x64) AppleWebKit/537.36 (KHTML, like Gecko) Chrome/120.0.0.0 Safari/537.36"
82.148.16.210 - - [18/Aug/2026:23:14:50 +0300] "POST /wp-cron.php?doing_wp_cron=1787084090.0909969806671142578125 HTTP/1.1" 200 31 "-" "WordPress/6.9.1; https://fita.staroobrad.ru"
20.127.136.245 - - [18/Aug/2026:23:14:50 +0300] "GET /wp-login.php HTTP/1.1" 200 3495 "-" "Mozilla/5.0 (Windows NT 10.0; Win64; x64) AppleWebKit/537.36 (KHTML, like Gecko) Chrome/120.0.0.0 Safari/537.36"
82.148.16.210 - - [18/Aug/2026:23:16:04 +0300] "POST /wp-cron.php?doing_wp_cron=1787084164.7005209922790527343750 HTTP/1.1" 200 31 "-" "WordPress/6.9.1; https://fita.staroobrad.ru"
95.161.76.5 - - [18/Aug/2026:23:16:04 +0300] "GET /wp-login.php HTTP/2.0" 200 3483 "-" "Mozilla/5.0 (Windows NT 6.1; WOW64; rv:77.0) Gecko/20190101 Firefox/77.0"
82.148.16.210 - - [18/Aug/2026:23:22:48 +0300] "POST /wp-cron.php?doing_wp_cron=1787084568.1548590660095214843750 HTTP/1.1" 200 31 "-" "WordPress/6.9.1; https://fita.staroobrad.ru"
66.249.66.202 - - [18/Aug/2026:23:22:48 +0300] "GET /shop/understand/post186014248.shtml HTTP/1.1" 404 4001 "-" "Mozilla/5.0 (Linux; Android 6.0.1; Nexus 5X Build/MMB29P) AppleWebKit/537.36 (KHTML, like Gecko) Chrome/151.0.7922.137 Mobile Safari/537.36 (compatible; Googlebot/2.1; +http://www.google.com/bot.html)"
82.148.16.210 - - [18/Aug/2026:23:24:24 +0300] "POST /wp-cron.php?doing_wp_cron=1787084664.5812981128692626953125 HTTP/1.1" 200 31 "-" "WordPress/6.9.1; https://fita.staroobrad.ru"
47.86.33.52 - - [18/Aug/2026:23:24:24 +0300] "GET /wp-login.php HTTP/2.0" 200 3483 "-" "Mozilla/5.0 (Windows NT 10.0; Win64; x64) AppleWebKit/537.36 (KHTML, like Gecko) Chrome/149.0.0.0 Safari/537.36"
47.86.33.52 - - [18/Aug/2026:23:24:25 +0300] "POST /wp-login.php HTTP/2.0" 200 3644 "-" "Mozilla/5.0 (Windows NT 10.0; Win64; x64) AppleWebKit/537.36 (KHTML, like Gecko) Chrome/149.0.0.0 Safari/537.36"
135.181.3.246 - - [18/Aug/2026:23:24:35 +0300] "GET /?statue/158004867 HTTP/1.1" 301 374 "-" "Mozilla/5.0 (compatible; SERankingBacklinksBot/1.0; +https://seranking.com/backlinks-crawler)"
135.181.3.246 - - [18/Aug/2026:23:24:35 +0300] "GET /?statue%2F158004867 HTTP/1.1" 403 296 "-" "Mozilla/5.0 (compatible; SERankingBacklinksBot/1.0; +https://seranking.com/backlinks-crawler)"
216.73.216.221 - - [18/Aug/2026:23:24:41 +0300] "GET / HTTP/2.0" 403 284 "-" "Mozilla/5.0 AppleWebKit/537.36 (KHTML, like Gecko; compatible; ClaudeBot/1.0; +claudebot@anthropic.com)"
82.148.16.210 - - [18/Aug/2026:23:25:57 +0300] "POST /wp-cron.php?doing_wp_cron=1787084757.1961550712585449218750 HTTP/1.1" 200 31 "-" "WordPress/6.9.1; https://fita.staroobrad.ru"
66.249.66.203 - - [18/Aug/2026:23:25:57 +0300] "GET /shop/expected/publish138008028.shtml HTTP/1.1" 404 4000 "-" "Mozilla/5.0 (Linux; Android 6.0.1; Nexus 5X Build/MMB29P) AppleWebKit/537.36 (KHTML, like Gecko) Chrome/151.0.7922.137 Mobile Safari/537.36 (compatible; Googlebot/2.1; +http://www.google.com/bot.html)"
162.214.184.71 - - [18/Aug/2026:23:26:26 +0300] "GET /wp-login.php HTTP/2.0" 200 3483 "-" "Mozilla/5.0 (Windows NT 10.0; Win64; x64) AppleWebKit/537.36 (KHTML, like Gecko) Chrome/149.0.0.0 Safari/537.36"
162.214.184.71 - - [18/Aug/2026:23:26:29 +0300] "POST /wp-login.php HTTP/2.0" 200 3644 "-" "Mozilla/5.0 (Windows NT 10.0; Win64; x64) AppleWebKit/537.36 (KHTML, like Gecko) Chrome/149.0.0.0 Safari/537.36"
82.148.16.210 - - [18/Aug/2026:23:28:11 +0300] "POST /wp-cron.php?doing_wp_cron=1787084891.2153940200805664062500 HTTP/1.1" 200 31 "-" "WordPress/6.9.1; https://fita.staroobrad.ru"
192.250.229.214 - - [18/Aug/2026:23:28:11 +0300] "GET /wp-login.php HTTP/2.0" 200 3483 "-" "Mozilla/5.0 (Windows NT 10.0; Win64; x64) AppleWebKit/537.36 (KHTML, like Gecko) Chrome/149.0.0.0 Safari/537.36"
192.250.229.214 - - [18/Aug/2026:23:28:11 +0300] "POST /wp-login.php HTTP/2.0" 200 3644 "-" "Mozilla/5.0 (Windows NT 10.0; Win64; x64) AppleWebKit/537.36 (KHTML, like Gecko) Chrome/149.0.0.0 Safari/537.36"
82.148.16.210 - - [18/Aug/2026:23:30:14 +0300] "POST /wp-cron.php?doing_wp_cron=1787085014.7666149139404296875000 HTTP/1.1" 200 31 "-" "WordPress/6.9.1; https://fita.staroobrad.ru"
114.119.145.115 - - [18/Aug/2026:23:30:14 +0300] "GET /shop/throat/try017010491.shtml HTTP/1.1" 404 4000 "https://fita.staroobrad.ru/?sitemap936.xml" "Mozilla/5.0 (Linux; Android 7.0;) AppleWebKit/537.36 (HTML, like Gecko) Mobile Safari/537.36 (compatible; PetalBot;+https://webmaster.petalsearch.com/site/petalbot)"
158.178.142.174 - - [18/Aug/2026:23:30:28 +0300] "POST /wp-login.php HTTP/1.1" 200 3653 "https://fita.staroobrad.ru/wp-login.php" "Mozilla/5.0 (Macintosh; Intel Mac OS X 10_15_7) AppleWebKit/605.1.15 (KHTML, like Gecko) Version/14.1.2 Safari/605.1.15"
216.73.216.221 - - [18/Aug/2026:23:30:32 +0300] "GET / HTTP/2.0" 403 284 "-" "Mozilla/5.0 AppleWebKit/537.36 (KHTML, like Gecko; compatible; ClaudeBot/1.0; +claudebot@anthropic.com)"
158.178.142.174 - - [18/Aug/2026:23:30:38 +0300] "GET /wp-admin/index.php HTTP/1.1" 200 60249 "https://fita.staroobrad.ru/wp-login.php" "Mozilla/5.0 (Windows NT 10.0; Win64; x64) AppleWebKit/537.36 (KHTML, like Gecko) Chrome/92.0.4515.131 Safari/537.36"
158.178.142.174 - - [18/Aug/2026:23:30:40 +0300] "GET /wp-admin/plugin-install.php?tab=upload HTTP/1.1" 200 33136 "-" "Mozilla/5.0 (Windows NT 10.0; Win64; x64; rv:93.0) Gecko/20100101 Firefox/93.0"
158.178.142.174 - - [18/Aug/2026:23:30:41 +0300] "POST /wp-admin/update.php?action=upload-plugin HTTP/1.1" 200 28643 "-" "Mozilla/5.0 (Windows NT 10.0; Win64; x64) AppleWebKit/605.1.15 (KHTML, like Gecko) Version/14.1.2 Safari/605.1.15"
158.178.142.174 - - [18/Aug/2026:23:30:42 +0300] "GET /wp-content/plugins/hcjthkr/index.php HTTP/1.1" 404 3 "-" "python-requests/2.34.2"
158.178.142.174 - - [18/Aug/2026:23:30:44 +0300] "GET /wp-content/plugins/hcjthkr/x.php HTTP/1.1" 404 3 "-" "python-requests/2.34.2"
158.178.142.174 - - [18/Aug/2026:23:30:44 +0300] "GET /wp-admin/theme-install.php?tab=upload HTTP/1.1" 200 36533 "-" "Mozilla/5.0 (Windows NT 10.0; Win64; x64) AppleWebKit/605.1.15 (KHTML, like Gecko) Version/14.1.1 Safari/605.1.15"
158.178.142.174 - - [18/Aug/2026:23:30:46 +0300] "POST /wp-admin/update.php?action=upload-theme HTTP/1.1" 200 28616 "-" "Mozilla/5.0 (Macintosh; Intel Mac OS X 10_15_7) AppleWebKit/537.36 (KHTML, like Gecko) Chrome/94.0.4606.71 Safari/537.36"
158.178.142.174 - - [18/Aug/2026:23:30:47 +0300] "GET /wp-content/themes/pzzzfkx/index.php HTTP/1.1" 404 3 "-" "python-requests/2.34.2"
66.249.66.37 - - [18/Aug/2026:23:30:47 +0300] "GET /shop/report/stadium068048018.shtml HTTP/1.1" 404 4000 "-" "Mozilla/5.0 (Linux; Android 6.0.1; Nexus 5X Build/MMB29P) AppleWebKit/537.36 (KHTML, like Gecko) Chrome/151.0.7922.137 Mobile Safari/537.36 (compatible; Googlebot/2.1; +http://www.google.com/bot.html)"
158.178.142.174 - - [18/Aug/2026:23:30:49 +0300] "GET /wp-content/themes/pzzzfkx/x.php HTTP/1.1" 404 3 "-" "python-requests/2.34.2"
82.148.16.210 - - [18/Aug/2026:23:30:49 +0300] "POST /wp-cron.php?doing_wp_cron=1787085049.8741600513458251953125 HTTP/1.1" 200 31 "-" "WordPress/6.9.1; https://fita.staroobrad.ru"
158.178.142.174 - - [18/Aug/2026:23:30:49 +0300] "GET /wp-admin/theme-editor.php?file=404.php HTTP/1.1" 200 38779 "-" "Mozilla/5.0 (Macintosh; Intel Mac OS X 10_15_7) AppleWebKit/537.36 (KHTML, like Gecko) Chrome/94.0.4606.71 Safari/537.36"
158.178.142.174 - - [18/Aug/2026:23:30:50 +0300] "GET /wp-admin/theme-editor.php?file=404.php HTTP/1.1" 200 38779 "-" "Mozilla/5.0 (Windows NT 10.0; Win64; x64) AppleWebKit/605.1.15 (KHTML, like Gecko) Version/15.0 Safari/605.1.15"
216.73.216.221 - - [18/Aug/2026:23:31:16 +0300] "GET /search.php HTTP/2.0" 404 3 "-" "Mozilla/5.0 AppleWebKit/537.36 (KHTML, like Gecko; compatible; ClaudeBot/1.0; +claudebot@anthropic.com)"
66.249.66.75 - - [18/Aug/2026:23:31:37 +0300] "GET /shop/latter/genuine132022334.shtml HTTP/1.1" 404 4000 "-" "Mozilla/5.0 (Linux; Android 6.0.1; Nexus 5X Build/MMB29P) AppleWebKit/537.36 (KHTML, like Gecko) Chrome/151.0.7922.137 Mobile Safari/537.36 (compatible; Googlebot/2.1; +http://www.google.com/bot.html)"
82.148.16.210 - - [18/Aug/2026:23:31:59 +0300] "POST /wp-cron.php?doing_wp_cron=1787085119.0264399051666259765625 HTTP/1.1" 200 31 "-" "WordPress/6.9.1; https://fita.staroobrad.ru"
66.249.66.74 - - [18/Aug/2026:23:31:59 +0300] "GET /shop/choose/speech098012660.shtml HTTP/1.1" 404 4000 "-" "Mozilla/5.0 (compatible; Googlebot/2.1; +http://www.google.com/bot.html)"
119.249.100.44 - - [18/Aug/2026:23:32:10 +0300] "GET /robots.txt HTTP/1.1" 301 162 "-" "Mozilla/5.0 (Windows NT 10.0; WOW64) AppleWebKit/537.36 (KHTML, like Gecko) Chrome/48.0.2564.116 Safari/537.36"
220.181.108.166 - - [18/Aug/2026:23:32:10 +0300] "GET /wp-json/oembed/1.0/embed?url=https%3A%2F%2Ffita.staroobrad.ru%2Freleases%2Fvecher-duhovnyh-pesnopenij-2008%2F HTTP/1.1" 301 162 "-" "Mozilla/5.0 (compatible; Baiduspider/2.0; +http://www.baidu.com/search/spider.html)"
220.181.108.166 - - [18/Aug/2026:23:32:12 +0300] "GET /wp-json/oembed/1.0/embed?url=https%3A%2F%2Ffita.staroobrad.ru%2Freleases%2Fvecher-duhovnyh-pesnopenij-2008%2F HTTP/2.0" 200 1977 "-" "Mozilla/5.0 (compatible; Baiduspider/2.0; +http://www.baidu.com/search/spider.html)"
119.249.100.53 - - [18/Aug/2026:23:32:12 +0300] "GET /robots.txt HTTP/1.1" 301 162 "-" "Mozilla/5.0 (Windows NT 10.0; WOW64) AppleWebKit/537.36 (KHTML, like Gecko) Chrome/48.0.2564.116 Safari/537.36"
216.38.28.47 - - [18/Aug/2026:23:32:19 +0300] "GET /wp-login.php HTTP/2.0" 200 3483 "-" "Mozilla/5.0 (Windows NT 10.0; Win64; x64) AppleWebKit/537.36 (KHTML, like Gecko) Chrome/149.0.0.0 Safari/537.36"
216.38.28.47 - - [18/Aug/2026:23:32:20 +0300] "POST /wp-login.php HTTP/2.0" 200 3644 "-" "Mozilla/5.0 (Windows NT 10.0; Win64; x64) AppleWebKit/537.36 (KHTML, like Gecko) Chrome/149.0.0.0 Safari/537.36"
66.249.78.71 - - [18/Aug/2026:23:37:56 +0300] "GET /r/item/money-back-guarantee/17e1b345806002.html HTTP/1.1" 404 3 "-" "Mozilla/5.0 (Linux; Android 6.0.1; Nexus 5X Build/MMB29P) AppleWebKit/537.36 (KHTML, like Gecko) Chrome/151.0.7922.137 Mobile Safari/537.36 (compatible; Googlebot/2.1; +http://www.google.com/bot.html)"
82.148.16.210 - - [18/Aug/2026:23:42:23 +0300] "POST /wp-cron.php?doing_wp_cron=1787085743.7226541042327880859375 HTTP/1.1" 200 31 "-" "WordPress/6.9.1; https://fita.staroobrad.ru"
114.119.166.95 - - [18/Aug/2026:23:42:23 +0300] "GET /shop/reading/bread038038944.shtml HTTP/1.1" 404 4001 "https://fita.staroobrad.ru/?sitemap936.xml" "Mozilla/5.0 (Linux; Android 7.0;) AppleWebKit/537.36 (HTML, like Gecko) Mobile Safari/537.36 (compatible; PetalBot;+https://webmaster.petalsearch.com/site/petalbot)"
82.148.16.210 - - [18/Aug/2026:23:44:26 +0300] "POST /wp-cron.php?doing_wp_cron=1787085866.8648469448089599609375 HTTP/1.1" 200 31 "-" "WordPress/6.9.1; https://fita.staroobrad.ru"
66.249.66.76 - - [18/Aug/2026:23:44:26 +0300] "GET /shop/favorable/power049000035.shtml HTTP/1.1" 404 4001 "-" "Mozilla/5.0 (Linux; Android 6.0.1; Nexus 5X Build/MMB29P) AppleWebKit/537.36 (KHTML, like Gecko) Chrome/151.0.7922.137 Mobile Safari/537.36 (compatible; Googlebot/2.1; +http://www.google.com/bot.html)"
66.249.66.202 - - [18/Aug/2026:23:44:47 +0300] "GET /?alone/049000458 HTTP/1.1" 301 374 "-" "Mozilla/5.0 (compatible; Googlebot/2.1; +http://www.google.com/bot.html)"
66.249.66.75 - - [18/Aug/2026:23:44:48 +0300] "GET /?alone%2F049000458 HTTP/1.1" 404 296 "-" "Mozilla/5.0 (compatible; Googlebot/2.1; +http://www.google.com/bot.html)"
82.148.16.210 - - [18/Aug/2026:23:44:50 +0300] "POST /wp-cron.php?doing_wp_cron=1787085890.8788530826568603515625 HTTP/1.1" 200 31 "-" "WordPress/6.9.1; https://fita.staroobrad.ru"
66.249.66.202 - - [18/Aug/2026:23:44:50 +0300] "GET /shop/seem/vote152023070.shtml HTTP/1.1" 404 4002 "-" "Mozilla/5.0 (Linux; Android 6.0.1; Nexus 5X Build/MMB29P) AppleWebKit/537.36 (KHTML, like Gecko) Chrome/151.0.7922.137 Mobile Safari/537.36 (compatible; Googlebot/2.1; +http://www.google.com/bot.html)"
82.148.16.210 - - [18/Aug/2026:23:46:18 +0300] "POST /wp-cron.php?doing_wp_cron=1787085978.6322069168090820312500 HTTP/1.1" 200 31 "-" "WordPress/6.9.1; https://fita.staroobrad.ru"
66.249.66.37 - - [18/Aug/2026:23:46:18 +0300] "GET /shop/contain/concert194012102.shtml HTTP/1.1" 404 4002 "-" "Mozilla/5.0 (Linux; Android 6.0.1; Nexus 5X Build/MMB29P) AppleWebKit/537.36 (KHTML, like Gecko) Chrome/151.0.7922.137 Mobile Safari/537.36 (compatible; Googlebot/2.1; +http://www.google.com/bot.html)"
82.148.16.210 - - [18/Aug/2026:23:52:35 +0300] "POST /wp-cron.php?doing_wp_cron=1787086355.1045610904693603515625 HTTP/1.1" 200 31 "-" "WordPress/6.9.1; https://fita.staroobrad.ru"
8.29.155.129 - - [18/Aug/2026:23:52:35 +0300] "GET /wp-login.php HTTP/2.0" 200 3483 "-" "Mozilla/5.0 (Windows NT 10.0; Win64; x64) AppleWebKit/537.36 (KHTML, like Gecko) Chrome/149.0.0.0 Safari/537.36"
8.29.155.129 - - [18/Aug/2026:23:52:35 +0300] "POST /wp-login.php HTTP/2.0" 200 3644 "-" "Mozilla/5.0 (Windows NT 10.0; Win64; x64) AppleWebKit/537.36 (KHTML, like Gecko) Chrome/149.0.0.0 Safari/537.36"
82.148.16.210 - - [18/Aug/2026:23:54:31 +0300] "POST /wp-cron.php?doing_wp_cron=1787086470.8868529796600341796875 HTTP/1.1" 200 31 "-" "WordPress/6.9.1; https://fita.staroobrad.ru"
114.119.166.95 - - [18/Aug/2026:23:54:31 +0300] "GET /shop/earnings/final298007006.shtml HTTP/1.1" 404 4003 "https://fita.staroobrad.ru/?sitemap972.xml" "Mozilla/5.0 (Linux; Android 7.0;) AppleWebKit/537.36 (HTML, like Gecko) Mobile Safari/537.36 (compatible; PetalBot;+https://webmaster.petalsearch.com/site/petalbot)"
82.148.16.210 - - [18/Aug/2026:23:55:42 +0300] "POST /wp-cron.php?doing_wp_cron=1787086542.0765130519866943359375 HTTP/1.1" 200 31 "-" "WordPress/6.9.1; https://fita.staroobrad.ru"
66.249.78.70 - - [18/Aug/2026:23:55:42 +0300] "GET /shop/soap/income030000084.shtml HTTP/1.1" 404 4001 "-" "Mozilla/5.0 (Linux; Android 6.0.1; Nexus 5X Build/MMB29P) AppleWebKit/537.36 (KHTML, like Gecko) Chrome/151.0.7922.137 Mobile Safari/537.36 (compatible; Googlebot/2.1; +http://www.google.com/bot.html)"
82.148.16.210 - - [18/Aug/2026:23:56:59 +0300] "POST /wp-cron.php?doing_wp_cron=1787086619.3712830543518066406250 HTTP/1.1" 200 31 "-" "WordPress/6.9.1; https://fita.staroobrad.ru"
66.249.66.37 - - [18/Aug/2026:23:56:59 +0300] "GET /shop/flood/impulse090000428.shtml HTTP/1.1" 404 4001 "-" "Mozilla/5.0 (Linux; Android 6.0.1; Nexus 5X Build/MMB29P) AppleWebKit/537.36 (KHTML, like Gecko) Chrome/151.0.7922.137 Mobile Safari/537.36 (compatible; Googlebot/2.1; +http://www.google.com/bot.html)"
66.249.66.204 - - [18/Aug/2026:23:57:22 +0300] "GET /shop/league/cattle136017960.shtml HTTP/1.1" 404 4002 "-" "Mozilla/5.0 (compatible; Googlebot/2.1; +http://www.google.com/bot.html)"
66.249.66.37 - - [18/Aug/2026:23:57:22 +0300] "GET /shop/league/cattle136017960.shtml HTTP/1.1" 404 4002 "-" "Mozilla/5.0 (Linux; Android 6.0.1; Nexus 5X Build/MMB29P) AppleWebKit/537.36 (KHTML, like Gecko) Chrome/151.0.7922.137 Mobile Safari/537.36 (compatible; Googlebot/2.1; +http://www.google.com/bot.html)"
82.148.16.210 - - [18/Aug/2026:23:58:21 +0300] "POST /wp-cron.php?doing_wp_cron=1787086701.6924209594726562500000 HTTP/1.1" 200 31 "-" "WordPress/6.9.1; https://fita.staroobrad.ru"
66.249.66.36 - - [18/Aug/2026:23:58:21 +0300] "GET /?impressive/091000754 HTTP/1.1" 301 374 "-" "Mozilla/5.0 (Linux; Android 6.0.1; Nexus 5X Build/MMB29P) AppleWebKit/537.36 (KHTML, like Gecko) Chrome/151.0.7922.137 Mobile Safari/537.36 (compatible; Googlebot/2.1; +http://www.google.com/bot.html)"
66.249.78.70 - - [18/Aug/2026:23:58:22 +0300] "GET /?impressive%2F091000754 HTTP/1.1" 404 296 "-" "Mozilla/5.0 (Linux; Android 6.0.1; Nexus 5X Build/MMB29P) AppleWebKit/537.36 (KHTML, like Gecko) Chrome/151.0.7922.137 Mobile Safari/537.36 (compatible; Googlebot/2.1; +http://www.google.com/bot.html)"
82.148.16.210 - - [18/Aug/2026:23:59:23 +0300] "POST /wp-cron.php?doing_wp_cron=1787086763.8896329402923583984375 HTTP/1.1" 200 31 "-" "WordPress/6.9.1; https://fita.staroobrad.ru"
66.249.78.69 - - [18/Aug/2026:23:59:23 +0300] "GET /shop/noise/prospect013000417.shtml HTTP/1.1" 404 4001 "-" "Mozilla/5.0 (compatible; Googlebot/2.1; +http://www.google.com/bot.html)"
101.99.88.90 - - [18/Aug/2026:23:59:50 +0300] "GET / HTTP/1.1" 301 162 "-" "Mozilla/5.0 (compatible; Googlebot/2.1; +http://www.google.com/bot.html)"
82.148.16.210 - - [18/Aug/2026:23:59:52 +0300] "POST /wp-cron.php?doing_wp_cron=1787086792.6683468818664550781250 HTTP/1.1" 200 31 "-" "WordPress/6.9.1; https://fita.staroobrad.ru"
101.99.88.90 - - [18/Aug/2026:23:59:52 +0300] "GET / HTTP/1.1" 404 374 "-" "Mozilla/5.0 (compatible; Googlebot/2.1; +http://www.google.com/bot.html)"
101.99.88.90 - - [18/Aug/2026:23:59:53 +0300] "GET /audio/index.php HTTP/1.1" 404 3 "-" "-"

Youez - 2016 - github.com/yon3zu
LinuXploit