66.249.66.75 - - [18/Aug/2026:16:32:18 +0300] "GET /shop/ever/bring278028228.shtml HTTP/1.1" 404 3792 "-" "Mozilla/5.0 (Linux; Android 6.0.1; Nexus 5X Build/MMB29P) AppleWebKit/537.36 (KHTML, like Gecko) Chrome/151.0.7922.137 Mobile Safari/537.36 (compatible; Googlebot/2.1; +http://www.google.com/bot.html)"
82.148.16.210 - - [18/Aug/2026:16:38:54 +0300] "POST /wp-cron.php?doing_wp_cron=1787060334.2921559810638427734375 HTTP/1.1" 200 31 "-" "WordPress/6.9.1; https://fita.staroobrad.ru"
66.249.66.76 - - [18/Aug/2026:16:38:54 +0300] "GET /shop/ridge/grateful076000534.shtml HTTP/1.1" 404 3790 "-" "Mozilla/5.0 (compatible; Googlebot/2.1; +http://www.google.com/bot.html)"
82.148.16.210 - - [18/Aug/2026:16:42:55 +0300] "POST /wp-cron.php?doing_wp_cron=1787060575.7568280696868896484375 HTTP/1.1" 200 31 "-" "WordPress/6.9.1; https://fita.staroobrad.ru"
66.249.78.71 - - [18/Aug/2026:16:42:55 +0300] "GET /shop/accurately/gene225008269.shtml HTTP/1.1" 404 3791 "-" "Mozilla/5.0 (compatible; Googlebot/2.1; +http://www.google.com/bot.html)"
82.148.16.210 - - [18/Aug/2026:16:44:24 +0300] "POST /wp-cron.php?doing_wp_cron=1787060664.6684629917144775390625 HTTP/1.1" 200 31 "-" "WordPress/6.9.1; https://fita.staroobrad.ru"
103.56.163.133 - - [18/Aug/2026:16:44:24 +0300] "GET /wp-login.php HTTP/2.0" 200 3265 "-" "Mozilla/5.0 (Windows NT 10.0; Win64; x64) AppleWebKit/537.36 (KHTML, like Gecko) Chrome/149.0.0.0 Safari/537.36"
103.56.163.133 - - [18/Aug/2026:16:44:26 +0300] "POST /wp-login.php HTTP/2.0" 200 3427 "-" "Mozilla/5.0 (Windows NT 10.0; Win64; x64) AppleWebKit/537.36 (KHTML, like Gecko) Chrome/149.0.0.0 Safari/537.36"
82.148.16.210 - - [18/Aug/2026:16:46:03 +0300] "POST /wp-cron.php?doing_wp_cron=1787060763.8464229106903076171875 HTTP/1.1" 200 31 "-" "WordPress/6.9.1; https://fita.staroobrad.ru"
66.249.78.70 - - [18/Aug/2026:16:46:03 +0300] "GET /shop/structural/via098005546.shtml HTTP/1.1" 404 3791 "-" "Mozilla/5.0 (Linux; Android 6.0.1; Nexus 5X Build/MMB29P) AppleWebKit/537.36 (KHTML, like Gecko) Chrome/151.0.7922.137 Mobile Safari/537.36 (compatible; Googlebot/2.1; +http://www.google.com/bot.html)"
82.148.16.210 - - [18/Aug/2026:16:51:58 +0300] "POST /wp-cron.php?doing_wp_cron=1787061118.0274040699005126953125 HTTP/1.1" 200 31 "-" "WordPress/6.9.1; https://fita.staroobrad.ru"
72.167.40.62 - - [18/Aug/2026:16:51:58 +0300] "GET /wp-login.php HTTP/2.0" 200 3265 "-" "Mozilla/5.0 (Windows NT 10.0; Win64; x64) AppleWebKit/537.36 (KHTML, like Gecko) Chrome/149.0.0.0 Safari/537.36"
72.167.40.62 - - [18/Aug/2026:16:51:59 +0300] "POST /wp-login.php HTTP/2.0" 200 3427 "-" "Mozilla/5.0 (Windows NT 10.0; Win64; x64) AppleWebKit/537.36 (KHTML, like Gecko) Chrome/149.0.0.0 Safari/537.36"
66.249.66.74 - - [18/Aug/2026:16:52:06 +0300] "GET /shop/unfortunately/suck210029508.shtml HTTP/1.1" 404 3792 "-" "Mozilla/5.0 (Linux; Android 6.0.1; Nexus 5X Build/MMB29P) AppleWebKit/537.36 (KHTML, like Gecko) Chrome/151.0.7922.137 Mobile Safari/537.36 (compatible; Googlebot/2.1; +http://www.google.com/bot.html)"
82.148.16.210 - - [18/Aug/2026:16:53:56 +0300] "POST /wp-cron.php?doing_wp_cron=1787061236.0559270381927490234375 HTTP/1.1" 200 31 "-" "WordPress/6.9.1; https://fita.staroobrad.ru"
66.249.66.76 - - [18/Aug/2026:16:53:56 +0300] "GET /shop/peasant/link058000168.shtml HTTP/1.1" 404 3790 "-" "Mozilla/5.0 (Linux; Android 6.0.1; Nexus 5X Build/MMB29P) AppleWebKit/537.36 (KHTML, like Gecko) Chrome/151.0.7922.137 Mobile Safari/537.36 (compatible; Googlebot/2.1; +http://www.google.com/bot.html)"
66.249.66.74 - - [18/Aug/2026:16:54:24 +0300] "GET /?annual/042000839 HTTP/1.1" 301 5 "-" "Mozilla/5.0 (Linux; Android 6.0.1; Nexus 5X Build/MMB29P) AppleWebKit/537.36 (KHTML, like Gecko) Chrome/151.0.7922.137 Mobile Safari/537.36 (compatible; Googlebot/2.1; +http://www.google.com/bot.html)"
66.249.78.71 - - [18/Aug/2026:16:54:24 +0300] "GET /?annual%2F042000839 HTTP/1.1" 404 31 "-" "Mozilla/5.0 (Linux; Android 6.0.1; Nexus 5X Build/MMB29P) AppleWebKit/537.36 (KHTML, like Gecko) Chrome/151.0.7922.137 Mobile Safari/537.36 (compatible; Googlebot/2.1; +http://www.google.com/bot.html)"
82.148.16.210 - - [18/Aug/2026:16:54:54 +0300] "POST /wp-cron.php?doing_wp_cron=1787061294.8851668834686279296875 HTTP/1.1" 200 31 "-" "WordPress/6.9.1; https://fita.staroobrad.ru"
180.93.1.219 - - [18/Aug/2026:16:54:54 +0300] "GET /wp-login.php HTTP/2.0" 200 3265 "-" "Mozilla/5.0 (Windows NT 10.0; Win64; x64) AppleWebKit/537.36 (KHTML, like Gecko) Chrome/149.0.0.0 Safari/537.36"
180.93.1.219 - - [18/Aug/2026:16:54:56 +0300] "POST /wp-login.php HTTP/2.0" 200 3427 "-" "Mozilla/5.0 (Windows NT 10.0; Win64; x64) AppleWebKit/537.36 (KHTML, like Gecko) Chrome/149.0.0.0 Safari/537.36"
66.249.66.75 - - [18/Aug/2026:16:55:01 +0300] "GET /124852876 HTTP/1.1" 404 3790 "-" "Mozilla/5.0 (Linux; Android 6.0.1; Nexus 5X Build/MMB29P) AppleWebKit/537.36 (KHTML, like Gecko) Chrome/151.0.7922.137 Mobile Safari/537.36 (compatible; Googlebot/2.1; +http://www.google.com/bot.html)"
82.148.16.210 - - [18/Aug/2026:16:55:57 +0300] "POST /wp-cron.php?doing_wp_cron=1787061357.5109291076660156250000 HTTP/1.1" 200 31 "-" "WordPress/6.9.1; https://fita.staroobrad.ru"
66.249.78.69 - - [18/Aug/2026:16:55:57 +0300] "GET /shop/representative/strong168017462.shtml HTTP/1.1" 404 3790 "-" "Mozilla/5.0 (compatible; Googlebot/2.1; +http://www.google.com/bot.html)"
66.249.78.69 - - [18/Aug/2026:16:55:58 +0300] "GET /shop/representative/strong168017462.shtml HTTP/1.1" 404 3790 "-" "Mozilla/5.0 (Linux; Android 6.0.1; Nexus 5X Build/MMB29P) AppleWebKit/537.36 (KHTML, like Gecko) Chrome/151.0.7922.137 Mobile Safari/537.36 (compatible; Googlebot/2.1; +http://www.google.com/bot.html)"
66.249.78.69 - - [18/Aug/2026:16:56:07 +0300] "GET /shop/artistic/client074000786.shtml HTTP/1.1" 404 3790 "-" "Mozilla/5.0 (compatible; Googlebot/2.1; +http://www.google.com/bot.html)"
66.249.66.74 - - [18/Aug/2026:16:56:08 +0300] "GET /shop/artistic/client074000786.shtml HTTP/1.1" 404 3790 "-" "Mozilla/5.0 (Linux; Android 6.0.1; Nexus 5X Build/MMB29P) AppleWebKit/537.36 (KHTML, like Gecko) Chrome/151.0.7922.137 Mobile Safari/537.36 (compatible; Googlebot/2.1; +http://www.google.com/bot.html)"
204.12.208.18 - - [18/Aug/2026:16:57:18 +0300] "GET /audio/index.php HTTP/1.1" 404 3 "https://fita.staroobrad.ru/audio/index.php" "Mozilla/5.0 (Macintosh; U; PPC Mac OS X; ja-jp) AppleWebKit/523.10.6 (KHTML, like Gecko) Version/3.0.4 Safari/523.10.6"
82.148.16.210 - - [18/Aug/2026:16:58:10 +0300] "POST /wp-cron.php?doing_wp_cron=1787061490.7996079921722412109375 HTTP/1.1" 200 31 "-" "WordPress/6.9.1; https://fita.staroobrad.ru"
129.121.123.168 - - [18/Aug/2026:16:58:10 +0300] "GET /wp-login.php HTTP/2.0" 200 3265 "-" "Mozilla/5.0 (Windows NT 10.0; Win64; x64) AppleWebKit/537.36 (KHTML, like Gecko) Chrome/149.0.0.0 Safari/537.36"
129.121.123.168 - - [18/Aug/2026:16:58:11 +0300] "POST /wp-login.php HTTP/2.0" 200 3427 "-" "Mozilla/5.0 (Windows NT 10.0; Win64; x64) AppleWebKit/537.36 (KHTML, like Gecko) Chrome/149.0.0.0 Safari/537.36"
82.148.16.210 - - [18/Aug/2026:17:00:45 +0300] "POST /wp-cron.php?doing_wp_cron=1787061645.6908850669860839843750 HTTP/1.1" 200 31 "-" "WordPress/6.9.1; https://fita.staroobrad.ru"
66.249.78.69 - - [18/Aug/2026:17:00:45 +0300] "GET /179763507 HTTP/1.1" 404 3792 "-" "Mozilla/5.0 (compatible; Googlebot/2.1; +http://www.google.com/bot.html)"
66.249.78.71 - - [18/Aug/2026:17:00:48 +0300] "GET /179763507 HTTP/1.1" 404 3792 "-" "Mozilla/5.0 (Linux; Android 6.0.1; Nexus 5X Build/MMB29P) AppleWebKit/537.36 (KHTML, like Gecko) Chrome/151.0.7922.137 Mobile Safari/537.36 (compatible; Googlebot/2.1; +http://www.google.com/bot.html)"
82.148.16.210 - - [18/Aug/2026:17:00:51 +0300] "POST /wp-cron.php?doing_wp_cron=1787061651.2542610168457031250000 HTTP/1.1" 200 31 "-" "WordPress/6.9.1; https://fita.staroobrad.ru"
72.167.40.62 - - [18/Aug/2026:17:00:51 +0300] "GET /wp-login.php HTTP/2.0" 200 3265 "-" "Mozilla/5.0 (Windows NT 10.0; Win64; x64) AppleWebKit/537.36 (KHTML, like Gecko) Chrome/149.0.0.0 Safari/537.36"
72.167.40.62 - - [18/Aug/2026:17:00:52 +0300] "POST /wp-login.php HTTP/2.0" 200 3427 "-" "Mozilla/5.0 (Windows NT 10.0; Win64; x64) AppleWebKit/537.36 (KHTML, like Gecko) Chrome/149.0.0.0 Safari/537.36"
82.148.16.210 - - [18/Aug/2026:17:02:17 +0300] "POST /wp-cron.php?doing_wp_cron=1787061737.0865149497985839843750 HTTP/1.1" 200 31 "-" "WordPress/6.9.1; https://fita.staroobrad.ru"
66.249.66.75 - - [18/Aug/2026:17:02:17 +0300] "GET /shop/pine/quit029000289.shtml HTTP/1.1" 404 3791 "-" "Mozilla/5.0 (Linux; Android 6.0.1; Nexus 5X Build/MMB29P) AppleWebKit/537.36 (KHTML, like Gecko) Chrome/151.0.7922.137 Mobile Safari/537.36 (compatible; Googlebot/2.1; +http://www.google.com/bot.html)"
170.106.180.139 - - [18/Aug/2026:17:03:20 +0300] "GET / HTTP/1.1" 301 162 "-" "Mozilla/5.0 (iPhone; CPU iPhone OS 13_2_3 like Mac OS X) AppleWebKit/605.1.15 (KHTML, like Gecko) Version/13.0.3 Mobile/15E148 Safari/604.1"
82.148.16.210 - - [18/Aug/2026:17:03:22 +0300] "POST /wp-cron.php?doing_wp_cron=1787061802.3074328899383544921875 HTTP/1.1" 200 31 "-" "WordPress/6.9.1; https://fita.staroobrad.ru"
170.106.180.139 - - [18/Aug/2026:17:03:22 +0300] "GET / HTTP/1.1" 403 31 "http://fita.staroobrad.ru" "Mozilla/5.0 (iPhone; CPU iPhone OS 13_2_3 like Mac OS X) AppleWebKit/605.1.15 (KHTML, like Gecko) Version/13.0.3 Mobile/15E148 Safari/604.1"
66.249.66.76 - - [18/Aug/2026:17:05:46 +0300] "GET /r/item/limited-time-offer/509f31130394701.html HTTP/1.1" 404 3 "-" "Mozilla/5.0 (Linux; Android 6.0.1; Nexus 5X Build/MMB29P) AppleWebKit/537.36 (KHTML, like Gecko) Chrome/151.0.7922.137 Mobile Safari/537.36 (compatible; Googlebot/2.1; +http://www.google.com/bot.html)"
45.11.172.239 - - [18/Aug/2026:17:05:52 +0300] "GET /.git/config HTTP/1.1" 301 162 "-" "Go-http-client/1.1"
82.148.16.210 - - [18/Aug/2026:17:05:52 +0300] "POST /wp-cron.php?doing_wp_cron=1787061952.4909820556640625000000 HTTP/1.1" 200 31 "-" "WordPress/6.9.1; https://fita.staroobrad.ru"
203.99.146.53 - - [18/Aug/2026:17:05:52 +0300] "GET /wp-login.php HTTP/2.0" 200 3265 "-" "Mozilla/5.0 (Windows NT 10.0; Win64; x64) AppleWebKit/537.36 (KHTML, like Gecko) Chrome/149.0.0.0 Safari/537.36"
45.11.172.239 - - [18/Aug/2026:17:05:52 +0300] "GET /.git/config HTTP/2.0" 302 138 "http://fita.staroobrad.ru/.git/config" "Go-http-client/2.0"
45.11.172.239 - - [18/Aug/2026:17:05:52 +0300] "GET /.git/404 HTTP/2.0" 302 138 "https://fita.staroobrad.ru/.git/config" "Go-http-client/2.0"
45.11.172.239 - - [18/Aug/2026:17:05:52 +0300] "GET /.git/404 HTTP/2.0" 302 138 "https://fita.staroobrad.ru/.git/404" "Go-http-client/2.0"
45.11.172.239 - - [18/Aug/2026:17:05:52 +0300] "GET /.git/404 HTTP/2.0" 302 138 "https://fita.staroobrad.ru/.git/404" "Go-http-client/2.0"
45.11.172.239 - - [18/Aug/2026:17:05:53 +0300] "GET /.git/404 HTTP/2.0" 302 138 "https://fita.staroobrad.ru/.git/404" "Go-http-client/2.0"
45.11.172.239 - - [18/Aug/2026:17:05:53 +0300] "GET /.git/404 HTTP/2.0" 302 138 "https://fita.staroobrad.ru/.git/404" "Go-http-client/2.0"
45.11.172.239 - - [18/Aug/2026:17:05:53 +0300] "GET /.git/404 HTTP/2.0" 302 138 "https://fita.staroobrad.ru/.git/404" "Go-http-client/2.0"
45.11.172.239 - - [18/Aug/2026:17:05:53 +0300] "GET /.git/404 HTTP/2.0" 302 138 "https://fita.staroobrad.ru/.git/404" "Go-http-client/2.0"
45.11.172.239 - - [18/Aug/2026:17:05:53 +0300] "GET /.git/404 HTTP/2.0" 302 138 "https://fita.staroobrad.ru/.git/404" "Go-http-client/2.0"
45.11.172.239 - - [18/Aug/2026:17:05:53 +0300] "GET /.git/config HTTP/2.0" 302 138 "-" "Go-http-client/2.0"
203.99.146.53 - - [18/Aug/2026:17:05:53 +0300] "POST /wp-login.php HTTP/2.0" 200 3427 "-" "Mozilla/5.0 (Windows NT 10.0; Win64; x64) AppleWebKit/537.36 (KHTML, like Gecko) Chrome/149.0.0.0 Safari/537.36"
45.11.172.239 - - [18/Aug/2026:17:05:53 +0300] "GET /.git/404 HTTP/2.0" 302 138 "https://fita.staroobrad.ru/.git/config" "Go-http-client/2.0"
45.11.172.239 - - [18/Aug/2026:17:05:53 +0300] "GET /.git/404 HTTP/2.0" 302 138 "https://fita.staroobrad.ru/.git/404" "Go-http-client/2.0"
45.11.172.239 - - [18/Aug/2026:17:05:53 +0300] "GET /.git/404 HTTP/2.0" 302 138 "https://fita.staroobrad.ru/.git/404" "Go-http-client/2.0"
45.11.172.239 - - [18/Aug/2026:17:05:53 +0300] "GET /.git/404 HTTP/2.0" 302 138 "https://fita.staroobrad.ru/.git/404" "Go-http-client/2.0"
45.11.172.239 - - [18/Aug/2026:17:05:53 +0300] "GET /.git/404 HTTP/2.0" 302 138 "https://fita.staroobrad.ru/.git/404" "Go-http-client/2.0"
45.11.172.239 - - [18/Aug/2026:17:05:53 +0300] "GET /.git/404 HTTP/2.0" 302 138 "https://fita.staroobrad.ru/.git/404" "Go-http-client/2.0"
45.11.172.239 - - [18/Aug/2026:17:05:54 +0300] "GET /.git/404 HTTP/2.0" 302 138 "https://fita.staroobrad.ru/.git/404" "Go-http-client/2.0"
45.11.172.239 - - [18/Aug/2026:17:05:54 +0300] "GET /.git/404 HTTP/2.0" 302 138 "https://fita.staroobrad.ru/.git/404" "Go-http-client/2.0"
45.11.172.239 - - [18/Aug/2026:17:05:54 +0300] "GET /.git/404 HTTP/2.0" 302 138 "https://fita.staroobrad.ru/.git/404" "Go-http-client/2.0"
82.148.16.210 - - [18/Aug/2026:17:07:34 +0300] "POST /wp-cron.php?doing_wp_cron=1787062054.9365179538726806640625 HTTP/1.1" 200 31 "-" "WordPress/6.9.1; https://fita.staroobrad.ru"
66.249.78.69 - - [18/Aug/2026:17:07:34 +0300] "GET /shop/correspondent/promise005000651.shtml HTTP/1.1" 404 3792 "-" "Mozilla/5.0 (Linux; Android 6.0.1; Nexus 5X Build/MMB29P) AppleWebKit/537.36 (KHTML, like Gecko) Chrome/151.0.7922.137 Mobile Safari/537.36 (compatible; Googlebot/2.1; +http://www.google.com/bot.html)"
82.148.16.210 - - [18/Aug/2026:17:08:08 +0300] "POST /wp-cron.php?doing_wp_cron=1787062088.0908060073852539062500 HTTP/1.1" 200 31 "-" "WordPress/6.9.1; https://fita.staroobrad.ru"
43.134.29.26 - - [18/Aug/2026:17:08:08 +0300] "GET /wp-login.php HTTP/2.0" 200 3265 "-" "Mozilla/5.0 (Windows NT 10.0; Win64; x64) AppleWebKit/537.36 (KHTML, like Gecko) Chrome/149.0.0.0 Safari/537.36"
43.134.29.26 - - [18/Aug/2026:17:08:08 +0300] "POST /wp-login.php HTTP/2.0" 200 3427 "-" "Mozilla/5.0 (Windows NT 10.0; Win64; x64) AppleWebKit/537.36 (KHTML, like Gecko) Chrome/149.0.0.0 Safari/537.36"
82.148.16.210 - - [18/Aug/2026:17:13:49 +0300] "POST /wp-cron.php?doing_wp_cron=1787062429.1261830329895019531250 HTTP/1.1" 200 31 "-" "WordPress/6.9.1; https://fita.staroobrad.ru"
190.6.176.90 - - [18/Aug/2026:17:13:49 +0300] "GET /wp-login.php HTTP/2.0" 200 3265 "-" "Mozilla/5.0 (Windows NT 10.0; Win64; x64) AppleWebKit/537.36 (KHTML, like Gecko) Chrome/149.0.0.0 Safari/537.36"
190.6.176.90 - - [18/Aug/2026:17:13:49 +0300] "POST /wp-login.php HTTP/2.0" 200 3427 "-" "Mozilla/5.0 (Windows NT 10.0; Win64; x64) AppleWebKit/537.36 (KHTML, like Gecko) Chrome/149.0.0.0 Safari/537.36"
66.249.66.74 - - [18/Aug/2026:17:14:00 +0300] "GET /category/750/1 HTTP/1.1" 404 3791 "-" "Mozilla/5.0 (Linux; Android 6.0.1; Nexus 5X Build/MMB29P) AppleWebKit/537.36 (KHTML, like Gecko) Chrome/151.0.7922.137 Mobile Safari/537.36 (compatible; Googlebot/2.1; +http://www.google.com/bot.html)"
82.148.16.210 - - [18/Aug/2026:17:19:32 +0300] "POST /wp-cron.php?doing_wp_cron=1787062772.3286030292510986328125 HTTP/1.1" 200 31 "-" "WordPress/6.9.1; https://fita.staroobrad.ru"
66.249.78.70 - - [18/Aug/2026:17:19:32 +0300] "GET /shop/wrap/dilemma046006666.shtml HTTP/1.1" 404 3795 "-" "Mozilla/5.0 (compatible; Googlebot/2.1; +http://www.google.com/bot.html)"
162.241.152.27 - - [18/Aug/2026:17:19:33 +0300] "GET /wp-login.php HTTP/2.0" 200 3265 "-" "Mozilla/5.0 (Windows NT 10.0; Win64; x64) AppleWebKit/537.36 (KHTML, like Gecko) Chrome/149.0.0.0 Safari/537.36"
162.241.152.27 - - [18/Aug/2026:17:19:35 +0300] "POST /wp-login.php HTTP/2.0" 200 3427 "-" "Mozilla/5.0 (Windows NT 10.0; Win64; x64) AppleWebKit/537.36 (KHTML, like Gecko) Chrome/149.0.0.0 Safari/537.36"
66.249.66.74 - - [18/Aug/2026:17:19:39 +0300] "GET /m95812642189 HTTP/1.1" 404 3791 "-" "Mozilla/5.0 (compatible; Googlebot/2.1; +http://www.google.com/bot.html)"
216.73.216.105 - - [18/Aug/2026:17:21:21 +0300] "GET /search.php HTTP/2.0" 404 3 "-" "Mozilla/5.0 AppleWebKit/537.36 (KHTML, like Gecko; compatible; ClaudeBot/1.0; +claudebot@anthropic.com)"
82.148.16.210 - - [18/Aug/2026:17:22:05 +0300] "POST /wp-cron.php?doing_wp_cron=1787062925.2590649127960205078125 HTTP/1.1" 200 31 "-" "WordPress/6.9.1; https://fita.staroobrad.ru"
66.249.78.70 - - [18/Aug/2026:17:22:05 +0300] "GET /shop/spouse/carrot022023868.shtml HTTP/1.1" 404 3790 "-" "Mozilla/5.0 (compatible; Googlebot/2.1; +http://www.google.com/bot.html)"
82.148.16.210 - - [18/Aug/2026:17:23:55 +0300] "POST /wp-cron.php?doing_wp_cron=1787063035.2194950580596923828125 HTTP/1.1" 200 31 "-" "WordPress/6.9.1; https://fita.staroobrad.ru"
66.249.66.76 - - [18/Aug/2026:17:23:55 +0300] "GET /shop/uniform/replace064000180.shtml HTTP/1.1" 404 3792 "-" "Mozilla/5.0 (compatible; Googlebot/2.1; +http://www.google.com/bot.html)"
82.148.16.210 - - [18/Aug/2026:17:25:19 +0300] "POST /wp-cron.php?doing_wp_cron=1787063119.7434389591217041015625 HTTP/1.1" 200 31 "-" "WordPress/6.9.1; https://fita.staroobrad.ru"
216.73.217.25 - - [18/Aug/2026:17:25:19 +0300] "GET / HTTP/2.0" 403 20 "-" "Mozilla/5.0 AppleWebKit/537.36 (KHTML, like Gecko; compatible; ClaudeBot/1.0; +claudebot@anthropic.com)"
82.148.16.210 - - [18/Aug/2026:17:26:43 +0300] "POST /wp-cron.php?doing_wp_cron=1787063203.6971440315246582031250 HTTP/1.1" 200 31 "-" "WordPress/6.9.1; https://fita.staroobrad.ru"
66.249.78.71 - - [18/Aug/2026:17:26:43 +0300] "GET /shop/existence/finally065046887.shtml HTTP/1.1" 404 3791 "-" "Mozilla/5.0 (Linux; Android 6.0.1; Nexus 5X Build/MMB29P) AppleWebKit/537.36 (KHTML, like Gecko) Chrome/151.0.7922.137 Mobile Safari/537.36 (compatible; Googlebot/2.1; +http://www.google.com/bot.html)"
82.148.16.210 - - [18/Aug/2026:17:27:57 +0300] "POST /wp-cron.php?doing_wp_cron=1787063277.5118210315704345703125 HTTP/1.1" 200 31 "-" "WordPress/6.9.1; https://fita.staroobrad.ru"
129.121.103.155 - - [18/Aug/2026:17:27:57 +0300] "GET /wp-login.php HTTP/2.0" 200 3265 "-" "Mozilla/5.0 (Windows NT 10.0; Win64; x64) AppleWebKit/537.36 (KHTML, like Gecko) Chrome/149.0.0.0 Safari/537.36"
129.121.103.155 - - [18/Aug/2026:17:27:57 +0300] "POST /wp-login.php HTTP/2.0" 200 3427 "-" "Mozilla/5.0 (Windows NT 10.0; Win64; x64) AppleWebKit/537.36 (KHTML, like Gecko) Chrome/149.0.0.0 Safari/537.36"
66.249.66.74 - - [18/Aug/2026:17:28:34 +0300] "GET /shop/safety/filter281027741.shtml HTTP/1.1" 404 3792 "-" "Mozilla/5.0 (compatible; Googlebot/2.1; +http://www.google.com/bot.html)"
66.249.66.74 - - [18/Aug/2026:17:28:38 +0300] "GET /shop/safety/filter281027741.shtml HTTP/1.1" 404 3795 "-" "Mozilla/5.0 (Linux; Android 6.0.1; Nexus 5X Build/MMB29P) AppleWebKit/537.36 (KHTML, like Gecko) Chrome/151.0.7922.137 Mobile Safari/537.36 (compatible; Googlebot/2.1; +http://www.google.com/bot.html)"
66.249.66.76 - - [18/Aug/2026:17:30:36 +0300] "GET /r/item/promotional-media/0a2f01132862501.html HTTP/1.1" 404 3 "-" "Mozilla/5.0 (Linux; Android 6.0.1; Nexus 5X Build/MMB29P) AppleWebKit/537.36 (KHTML, like Gecko) Chrome/151.0.7922.137 Mobile Safari/537.36 (compatible; Googlebot/2.1; +http://www.google.com/bot.html)"
82.148.16.210 - - [18/Aug/2026:17:32:18 +0300] "POST /wp-cron.php?doing_wp_cron=1787063538.0977630615234375000000 HTTP/1.1" 200 31 "-" "WordPress/6.9.1; https://fita.staroobrad.ru"
66.249.66.75 - - [18/Aug/2026:17:32:18 +0300] "GET /?detail/026000912392 HTTP/1.1" 301 5 "-" "Mozilla/5.0 (Linux; Android 6.0.1; Nexus 5X Build/MMB29P) AppleWebKit/537.36 (KHTML, like Gecko) Chrome/151.0.7922.137 Mobile Safari/537.36 (compatible; Googlebot/2.1; +http://www.google.com/bot.html)"
66.249.66.76 - - [18/Aug/2026:17:32:18 +0300] "GET /?detail%2F026000912392 HTTP/1.1" 404 31 "-" "Mozilla/5.0 (Linux; Android 6.0.1; Nexus 5X Build/MMB29P) AppleWebKit/537.36 (KHTML, like Gecko) Chrome/151.0.7922.137 Mobile Safari/537.36 (compatible; Googlebot/2.1; +http://www.google.com/bot.html)"
82.148.16.210 - - [18/Aug/2026:17:33:40 +0300] "POST /wp-cron.php?doing_wp_cron=1787063620.8971309661865234375000 HTTP/1.1" 200 31 "-" "WordPress/6.9.1; https://fita.staroobrad.ru"
162.241.203.127 - - [18/Aug/2026:17:33:40 +0300] "GET /wp-login.php HTTP/2.0" 200 3265 "-" "Mozilla/5.0 (Windows NT 10.0; Win64; x64) AppleWebKit/537.36 (KHTML, like Gecko) Chrome/149.0.0.0 Safari/537.36"
162.241.203.127 - - [18/Aug/2026:17:33:41 +0300] "POST /wp-login.php HTTP/2.0" 200 3427 "-" "Mozilla/5.0 (Windows NT 10.0; Win64; x64) AppleWebKit/537.36 (KHTML, like Gecko) Chrome/149.0.0.0 Safari/537.36"
82.148.16.210 - - [18/Aug/2026:17:34:02 +0300] "POST /wp-cron.php?doing_wp_cron=1787063642.7456150054931640625000 HTTP/1.1" 200 31 "-" "WordPress/6.9.1; https://fita.staroobrad.ru"
66.249.66.75 - - [18/Aug/2026:17:34:02 +0300] "GET /?detail/01002609669397 HTTP/1.1" 301 5 "-" "Mozilla/5.0 (compatible; Googlebot/2.1; +http://www.google.com/bot.html)"
66.249.78.69 - - [18/Aug/2026:17:34:03 +0300] "GET /?detail%2F01002609669397 HTTP/1.1" 404 31 "-" "Mozilla/5.0 (compatible; Googlebot/2.1; +http://www.google.com/bot.html)"
82.148.16.210 - - [18/Aug/2026:17:35:53 +0300] "POST /wp-cron.php?doing_wp_cron=1787063752.9764649868011474609375 HTTP/1.1" 200 31 "-" "WordPress/6.9.1; https://fita.staroobrad.ru"
66.249.66.74 - - [18/Aug/2026:17:35:53 +0300] "GET /shop/analyst/TV034020926.shtml HTTP/1.1" 404 3791 "-" "Mozilla/5.0 (Linux; Android 6.0.1; Nexus 5X Build/MMB29P) AppleWebKit/537.36 (KHTML, like Gecko) Chrome/151.0.7922.137 Mobile Safari/537.36 (compatible; Googlebot/2.1; +http://www.google.com/bot.html)"
162.214.96.231 - - [18/Aug/2026:17:36:38 +0300] "GET /wp-login.php HTTP/2.0" 200 3265 "-" "Mozilla/5.0 (Windows NT 10.0; Win64; x64) AppleWebKit/537.36 (KHTML, like Gecko) Chrome/149.0.0.0 Safari/537.36"
162.214.96.231 - - [18/Aug/2026:17:36:40 +0300] "POST /wp-login.php HTTP/2.0" 200 3427 "-" "Mozilla/5.0 (Windows NT 10.0; Win64; x64) AppleWebKit/537.36 (KHTML, like Gecko) Chrome/149.0.0.0 Safari/537.36"
82.148.16.210 - - [18/Aug/2026:17:37:51 +0300] "POST /wp-cron.php?doing_wp_cron=1787063871.1215960979461669921875 HTTP/1.1" 200 31 "-" "WordPress/6.9.1; https://fita.staroobrad.ru"
135.181.3.246 - - [18/Aug/2026:17:37:51 +0300] "GET /?square/205019436 HTTP/1.1" 301 5 "-" "Mozilla/5.0 (compatible; SERankingBacklinksBot/1.0; +https://seranking.com/backlinks-crawler)"
135.181.3.246 - - [18/Aug/2026:17:37:51 +0300] "GET /?square%2F205019436 HTTP/1.1" 403 31 "-" "Mozilla/5.0 (compatible; SERankingBacklinksBot/1.0; +https://seranking.com/backlinks-crawler)"
82.148.16.210 - - [18/Aug/2026:17:39:17 +0300] "POST /wp-cron.php?doing_wp_cron=1787063957.1831281185150146484375 HTTP/1.1" 200 31 "-" "WordPress/6.9.1; https://fita.staroobrad.ru"
66.249.66.76 - - [18/Aug/2026:17:39:17 +0300] "GET /shop/significant/simple140023566.shtml HTTP/1.1" 404 3791 "-" "Mozilla/5.0 (Linux; Android 6.0.1; Nexus 5X Build/MMB29P) AppleWebKit/537.36 (KHTML, like Gecko) Chrome/151.0.7922.137 Mobile Safari/537.36 (compatible; Googlebot/2.1; +http://www.google.com/bot.html)"
66.249.66.76 - - [18/Aug/2026:17:39:26 +0300] "GET /shop/significant/simple140023566.shtml HTTP/1.1" 404 3791 "-" "Mozilla/5.0 (compatible; Googlebot/2.1; +http://www.google.com/bot.html)"
203.99.146.53 - - [18/Aug/2026:17:39:31 +0300] "GET /wp-login.php HTTP/2.0" 200 3265 "-" "Mozilla/5.0 (Windows NT 10.0; Win64; x64) AppleWebKit/537.36 (KHTML, like Gecko) Chrome/149.0.0.0 Safari/537.36"
203.99.146.53 - - [18/Aug/2026:17:39:31 +0300] "POST /wp-login.php HTTP/2.0" 200 3427 "-" "Mozilla/5.0 (Windows NT 10.0; Win64; x64) AppleWebKit/537.36 (KHTML, like Gecko) Chrome/149.0.0.0 Safari/537.36"
66.249.78.70 - - [18/Aug/2026:17:42:23 +0300] "GET /m81837900478 HTTP/1.1" 404 3791 "-" "Mozilla/5.0 (compatible; Googlebot/2.1; +http://www.google.com/bot.html)"
82.148.16.210 - - [18/Aug/2026:17:42:23 +0300] "POST /wp-cron.php?doing_wp_cron=1787064143.1398980617523193359375 HTTP/1.1" 200 31 "-" "WordPress/6.9.1; https://fita.staroobrad.ru"
97.74.87.194 - - [18/Aug/2026:17:42:23 +0300] "GET /wp-login.php HTTP/2.0" 200 3265 "-" "Mozilla/5.0 (Windows NT 10.0; Win64; x64) AppleWebKit/537.36 (KHTML, like Gecko) Chrome/149.0.0.0 Safari/537.36"
97.74.87.194 - - [18/Aug/2026:17:42:24 +0300] "POST /wp-login.php HTTP/2.0" 200 3427 "-" "Mozilla/5.0 (Windows NT 10.0; Win64; x64) AppleWebKit/537.36 (KHTML, like Gecko) Chrome/149.0.0.0 Safari/537.36"
82.148.16.210 - - [18/Aug/2026:17:47:18 +0300] "POST /wp-cron.php?doing_wp_cron=1787064437.9936621189117431640625 HTTP/1.1" 200 31 "-" "WordPress/6.9.1; https://fita.staroobrad.ru"
66.249.66.74 - - [18/Aug/2026:17:47:18 +0300] "GET /m20271744652 HTTP/1.1" 404 3791 "-" "Mozilla/5.0 (Linux; Android 6.0.1; Nexus 5X Build/MMB29P) AppleWebKit/537.36 (KHTML, like Gecko) Chrome/151.0.7922.137 Mobile Safari/537.36 (compatible; Googlebot/2.1; +http://www.google.com/bot.html)"
20.87.239.85 - - [18/Aug/2026:17:47:38 +0300] "GET /wp-login.php HTTP/2.0" 200 3265 "-" "Mozilla/5.0 (Windows NT 10.0; Win64; x64) AppleWebKit/537.36 (KHTML, like Gecko) Chrome/149.0.0.0 Safari/537.36"
20.87.239.85 - - [18/Aug/2026:17:47:39 +0300] "POST /wp-login.php HTTP/2.0" 200 3427 "-" "Mozilla/5.0 (Windows NT 10.0; Win64; x64) AppleWebKit/537.36 (KHTML, like Gecko) Chrome/149.0.0.0 Safari/537.36"
82.148.16.210 - - [18/Aug/2026:17:51:20 +0300] "POST /wp-cron.php?doing_wp_cron=1787064680.6940720081329345703125 HTTP/1.1" 200 31 "-" "WordPress/6.9.1; https://fita.staroobrad.ru"
66.249.66.74 - - [18/Aug/2026:17:51:20 +0300] "GET /shop/glass/transit045000959.shtml HTTP/1.1" 404 3792 "-" "Mozilla/5.0 (Linux; Android 6.0.1; Nexus 5X Build/MMB29P) AppleWebKit/537.36 (KHTML, like Gecko) Chrome/151.0.7922.137 Mobile Safari/537.36 (compatible; Googlebot/2.1; +http://www.google.com/bot.html)"
66.249.66.76 - - [18/Aug/2026:17:51:22 +0300] "GET /?jp/191022836.html HTTP/1.1" 301 5 "-" "Mozilla/5.0 (Linux; Android 6.0.1; Nexus 5X Build/MMB29P) AppleWebKit/537.36 (KHTML, like Gecko) Chrome/151.0.7922.137 Mobile Safari/537.36 (compatible; Googlebot/2.1; +http://www.google.com/bot.html)"
66.249.78.70 - - [18/Aug/2026:17:51:22 +0300] "GET /shop/brain/comparison119020429.shtml HTTP/1.1" 404 3792 "-" "Mozilla/5.0 (Linux; Android 6.0.1; Nexus 5X Build/MMB29P) AppleWebKit/537.36 (KHTML, like Gecko) Chrome/151.0.7922.137 Mobile Safari/537.36 (compatible; Googlebot/2.1; +http://www.google.com/bot.html)"
66.249.66.75 - - [18/Aug/2026:17:51:24 +0300] "GET /shop/assign/self-esteem014044930.shtml HTTP/1.1" 404 3791 "-" "Mozilla/5.0 (Linux; Android 6.0.1; Nexus 5X Build/MMB29P) AppleWebKit/537.36 (KHTML, like Gecko) Chrome/151.0.7922.137 Mobile Safari/537.36 (compatible; Googlebot/2.1; +http://www.google.com/bot.html)"
66.249.66.75 - - [18/Aug/2026:17:51:24 +0300] "GET /?jp%2F191022836_html HTTP/1.1" 404 31 "-" "Mozilla/5.0 (Linux; Android 6.0.1; Nexus 5X Build/MMB29P) AppleWebKit/537.36 (KHTML, like Gecko) Chrome/151.0.7922.137 Mobile Safari/537.36 (compatible; Googlebot/2.1; +http://www.google.com/bot.html)"
66.249.78.69 - - [18/Aug/2026:17:51:25 +0300] "GET /shop/courage/tournament254043538.shtml HTTP/1.1" 404 3791 "-" "Mozilla/5.0 (Linux; Android 6.0.1; Nexus 5X Build/MMB29P) AppleWebKit/537.36 (KHTML, like Gecko) Chrome/151.0.7922.137 Mobile Safari/537.36 (compatible; Googlebot/2.1; +http://www.google.com/bot.html)"
66.249.66.75 - - [18/Aug/2026:17:51:25 +0300] "GET /shop/newspaper/ability141037419.shtml HTTP/1.1" 404 3791 "-" "Mozilla/5.0 (Linux; Android 6.0.1; Nexus 5X Build/MMB29P) AppleWebKit/537.36 (KHTML, like Gecko) Chrome/151.0.7922.137 Mobile Safari/537.36 (compatible; Googlebot/2.1; +http://www.google.com/bot.html)"
82.148.16.210 - - [18/Aug/2026:17:55:19 +0300] "POST /wp-cron.php?doing_wp_cron=1787064919.2615859508514404296875 HTTP/1.1" 200 31 "-" "WordPress/6.9.1; https://fita.staroobrad.ru"
66.249.66.76 - - [18/Aug/2026:17:55:19 +0300] "GET /shop/shoe/export185026733.shtml HTTP/1.1" 404 3791 "-" "Mozilla/5.0 (Linux; Android 6.0.1; Nexus 5X Build/MMB29P) AppleWebKit/537.36 (KHTML, like Gecko) Chrome/151.0.7922.137 Mobile Safari/537.36 (compatible; Googlebot/2.1; +http://www.google.com/bot.html)"
66.249.66.75 - - [18/Aug/2026:17:55:45 +0300] "GET /52575578 HTTP/1.1" 404 3791 "-" "Mozilla/5.0 (compatible; Googlebot/2.1; +http://www.google.com/bot.html)"
82.148.16.210 - - [18/Aug/2026:17:57:26 +0300] "POST /wp-cron.php?doing_wp_cron=1787065046.6912939548492431640625 HTTP/1.1" 200 31 "-" "WordPress/6.9.1; https://fita.staroobrad.ru"
66.249.78.71 - - [18/Aug/2026:17:57:26 +0300] "GET /shop/Chinese/rank222035954.shtml HTTP/1.1" 404 3791 "-" "Mozilla/5.0 (Linux; Android 6.0.1; Nexus 5X Build/MMB29P) AppleWebKit/537.36 (KHTML, like Gecko) Chrome/151.0.7922.137 Mobile Safari/537.36 (compatible; Googlebot/2.1; +http://www.google.com/bot.html)"
66.249.78.69 - - [18/Aug/2026:17:57:29 +0300] "GET /r/item/end-of-season-sale/b2eea1132331501.html HTTP/1.1" 404 3 "-" "Mozilla/5.0 (Linux; Android 6.0.1; Nexus 5X Build/MMB29P) AppleWebKit/537.36 (KHTML, like Gecko) Chrome/151.0.7922.137 Mobile Safari/537.36 (compatible; Googlebot/2.1; +http://www.google.com/bot.html)"
82.148.16.210 - - [18/Aug/2026:17:57:55 +0300] "POST /wp-cron.php?doing_wp_cron=1787065075.1820549964904785156250 HTTP/1.1" 200 31 "-" "WordPress/6.9.1; https://fita.staroobrad.ru"
66.249.66.74 - - [18/Aug/2026:17:57:55 +0300] "GET /shop/part/fluid156041706.shtml HTTP/1.1" 404 3793 "-" "Mozilla/5.0 (compatible; Googlebot/2.1; +http://www.google.com/bot.html)"
50.6.137.53 - - [18/Aug/2026:17:58:24 +0300] "GET /wp-login.php HTTP/2.0" 200 3265 "-" "Mozilla/5.0 (Windows NT 10.0; Win64; x64) AppleWebKit/537.36 (KHTML, like Gecko) Chrome/149.0.0.0 Safari/537.36"
50.6.137.53 - - [18/Aug/2026:17:58:25 +0300] "POST /wp-login.php HTTP/2.0" 200 3427 "-" "Mozilla/5.0 (Windows NT 10.0; Win64; x64) AppleWebKit/537.36 (KHTML, like Gecko) Chrome/149.0.0.0 Safari/537.36"
66.249.66.74 - - [18/Aug/2026:17:58:27 +0300] "GET /shop/ironically/common087000255.shtml HTTP/1.1" 404 3791 "-" "Mozilla/5.0 (Linux; Android 6.0.1; Nexus 5X Build/MMB29P) AppleWebKit/537.36 (KHTML, like Gecko) Chrome/151.0.7922.137 Mobile Safari/537.36 (compatible; Googlebot/2.1; +http://www.google.com/bot.html)"
66.249.66.74 - - [18/Aug/2026:17:58:28 +0300] "GET /shop/wet/feedback092022136.shtml HTTP/1.1" 404 3791 "-" "Mozilla/5.0 (Linux; Android 6.0.1; Nexus 5X Build/MMB29P) AppleWebKit/537.36 (KHTML, like Gecko) Chrome/151.0.7922.137 Mobile Safari/537.36 (compatible; Googlebot/2.1; +http://www.google.com/bot.html)"
82.148.16.210 - - [18/Aug/2026:17:59:29 +0300] "POST /wp-cron.php?doing_wp_cron=1787065169.1238090991973876953125 HTTP/1.1" 200 31 "-" "WordPress/6.9.1; https://fita.staroobrad.ru"
66.249.66.75 - - [18/Aug/2026:17:59:29 +0300] "GET /shop/surface/national045000277.shtml HTTP/1.1" 404 3791 "-" "Mozilla/5.0 (Linux; Android 6.0.1; Nexus 5X Build/MMB29P) AppleWebKit/537.36 (KHTML, like Gecko) Chrome/151.0.7922.137 Mobile Safari/537.36 (compatible; Googlebot/2.1; +http://www.google.com/bot.html)"
66.249.66.75 - - [18/Aug/2026:17:59:33 +0300] "GET /r/item/markdown/61c061135344301.html HTTP/1.1" 404 3 "-" "Mozilla/5.0 (Linux; Android 6.0.1; Nexus 5X Build/MMB29P) AppleWebKit/537.36 (KHTML, like Gecko) Chrome/151.0.7922.137 Mobile Safari/537.36 (compatible; Googlebot/2.1; +http://www.google.com/bot.html)"
66.249.78.69 - - [18/Aug/2026:18:01:38 +0300] "GET /r/item/affiliate-marketing/f0f131130067701.html HTTP/1.1" 404 3 "-" "Mozilla/5.0 (Linux; Android 6.0.1; Nexus 5X Build/MMB29P) AppleWebKit/537.36 (KHTML, like Gecko) Chrome/151.0.7922.137 Mobile Safari/537.36 (compatible; Googlebot/2.1; +http://www.google.com/bot.html)"
82.148.16.210 - - [18/Aug/2026:18:03:53 +0300] "POST /wp-cron.php?doing_wp_cron=1787065433.1388089656829833984375 HTTP/1.1" 200 31 "-" "WordPress/6.9.1; https://fita.staroobrad.ru"
66.249.66.74 - - [18/Aug/2026:18:03:53 +0300] "GET /m64159329498 HTTP/1.1" 404 3790 "-" "Mozilla/5.0 (Linux; Android 6.0.1; Nexus 5X Build/MMB29P) AppleWebKit/537.36 (KHTML, like Gecko) Chrome/151.0.7922.137 Mobile Safari/537.36 (compatible; Googlebot/2.1; +http://www.google.com/bot.html)"
66.102.134.13 - - [18/Aug/2026:18:04:40 +0300] "GET /wp-login.php HTTP/2.0" 200 3265 "-" "Mozilla/5.0 (Windows NT 10.0; Win64; x64) AppleWebKit/537.36 (KHTML, like Gecko) Chrome/149.0.0.0 Safari/537.36"
66.102.134.13 - - [18/Aug/2026:18:04:41 +0300] "POST /wp-login.php HTTP/2.0" 200 3427 "-" "Mozilla/5.0 (Windows NT 10.0; Win64; x64) AppleWebKit/537.36 (KHTML, like Gecko) Chrome/149.0.0.0 Safari/537.36"
82.148.16.210 - - [18/Aug/2026:18:06:35 +0300] "POST /wp-cron.php?doing_wp_cron=1787065595.1518599987030029296875 HTTP/1.1" 200 31 "-" "WordPress/6.9.1; https://fita.staroobrad.ru"
66.249.66.76 - - [18/Aug/2026:18:06:35 +0300] "GET /shop/simultaneously/object049010229.shtml HTTP/1.1" 404 3792 "-" "Mozilla/5.0 (compatible; Googlebot/2.1; +http://www.google.com/bot.html)"
82.148.16.210 - - [18/Aug/2026:18:09:21 +0300] "POST /wp-cron.php?doing_wp_cron=1787065761.7396709918975830078125 HTTP/1.1" 200 31 "-" "WordPress/6.9.1; https://fita.staroobrad.ru"
66.249.66.75 - - [18/Aug/2026:18:09:21 +0300] "GET /m27895269945 HTTP/1.1" 404 3789 "-" "Mozilla/5.0 (compatible; Googlebot/2.1; +http://www.google.com/bot.html)"
82.148.16.210 - - [18/Aug/2026:18:10:02 +0300] "POST /wp-cron.php?doing_wp_cron=1787065802.9159419536590576171875 HTTP/1.1" 200 31 "-" "WordPress/6.9.1; https://fita.staroobrad.ru"
162.55.89.48 - - [18/Aug/2026:18:10:02 +0300] "GET /wp-login.php HTTP/2.0" 200 3265 "-" "Mozilla/5.0 (Windows NT 10.0; Win64; x64) AppleWebKit/537.36 (KHTML, like Gecko) Chrome/149.0.0.0 Safari/537.36"
162.55.89.48 - - [18/Aug/2026:18:10:03 +0300] "POST /wp-login.php HTTP/2.0" 200 3427 "-" "Mozilla/5.0 (Windows NT 10.0; Win64; x64) AppleWebKit/537.36 (KHTML, like Gecko) Chrome/149.0.0.0 Safari/537.36"
66.249.66.74 - - [18/Aug/2026:18:10:33 +0300] "GET /shop/weakness/him067004157.shtml HTTP/1.1" 404 3790 "-" "Mozilla/5.0 (compatible; Googlebot/2.1; +http://www.google.com/bot.html)"
82.148.16.210 - - [18/Aug/2026:18:11:33 +0300] "POST /wp-cron.php?doing_wp_cron=1787065893.6085429191589355468750 HTTP/1.1" 200 31 "-" "WordPress/6.9.1; https://fita.staroobrad.ru"
66.249.78.69 - - [18/Aug/2026:18:11:33 +0300] "GET /shop/advice/cheat162028046.shtml HTTP/1.1" 404 3791 "-" "Mozilla/5.0 (Linux; Android 6.0.1; Nexus 5X Build/MMB29P) AppleWebKit/537.36 (KHTML, like Gecko) Chrome/151.0.7922.137 Mobile Safari/537.36 (compatible; Googlebot/2.1; +http://www.google.com/bot.html)"
82.148.16.210 - - [18/Aug/2026:18:14:14 +0300] "POST /wp-cron.php?doing_wp_cron=1787066054.9193840026855468750000 HTTP/1.1" 200 31 "-" "WordPress/6.9.1; https://fita.staroobrad.ru"
66.249.78.69 - - [18/Aug/2026:18:14:14 +0300] "GET /m38454249897 HTTP/1.1" 404 3789 "-" "Mozilla/5.0 (compatible; Googlebot/2.1; +http://www.google.com/bot.html)"
66.249.66.76 - - [18/Aug/2026:18:14:15 +0300] "GET /m38454249897 HTTP/1.1" 404 3790 "-" "Mozilla/5.0 (Linux; Android 6.0.1; Nexus 5X Build/MMB29P) AppleWebKit/537.36 (KHTML, like Gecko) Chrome/151.0.7922.137 Mobile Safari/537.36 (compatible; Googlebot/2.1; +http://www.google.com/bot.html)"
82.148.16.210 - - [18/Aug/2026:18:15:55 +0300] "POST /wp-cron.php?doing_wp_cron=1787066155.7878580093383789062500 HTTP/1.1" 200 31 "-" "WordPress/6.9.1; https://fita.staroobrad.ru"
66.249.66.75 - - [18/Aug/2026:18:15:55 +0300] "GET /shop/infection/scholarship281040505.shtml HTTP/1.1" 404 3791 "-" "Mozilla/5.0 (Linux; Android 6.0.1; Nexus 5X Build/MMB29P) AppleWebKit/537.36 (KHTML, like Gecko) Chrome/151.0.7922.137 Mobile Safari/537.36 (compatible; Googlebot/2.1; +http://www.google.com/bot.html)"
66.249.66.76 - - [18/Aug/2026:18:15:56 +0300] "GET /shop/appropriate/conversation195047611.shtml HTTP/1.1" 404 3790 "-" "Mozilla/5.0 (Linux; Android 6.0.1; Nexus 5X Build/MMB29P) AppleWebKit/537.36 (KHTML, like Gecko) Chrome/151.0.7922.137 Mobile Safari/537.36 (compatible; Googlebot/2.1; +http://www.google.com/bot.html)"
66.249.78.69 - - [18/Aug/2026:18:15:57 +0300] "GET /shop/introduce/thus030033006.shtml HTTP/1.1" 404 3790 "-" "Mozilla/5.0 (Linux; Android 6.0.1; Nexus 5X Build/MMB29P) AppleWebKit/537.36 (KHTML, like Gecko) Chrome/151.0.7922.137 Mobile Safari/537.36 (compatible; Googlebot/2.1; +http://www.google.com/bot.html)"
66.249.78.69 - - [18/Aug/2026:18:15:58 +0300] "GET /shop/part/bombing022013204.shtml HTTP/1.1" 404 3790 "-" "Mozilla/5.0 (Linux; Android 6.0.1; Nexus 5X Build/MMB29P) AppleWebKit/537.36 (KHTML, like Gecko) Chrome/151.0.7922.137 Mobile Safari/537.36 (compatible; Googlebot/2.1; +http://www.google.com/bot.html)"
95.111.251.70 - - [18/Aug/2026:18:16:02 +0300] "GET /wp-login.php HTTP/2.0" 200 3265 "-" "Mozilla/5.0 (Windows NT 10.0; Win64; x64) AppleWebKit/537.36 (KHTML, like Gecko) Chrome/149.0.0.0 Safari/537.36"
95.111.251.70 - - [18/Aug/2026:18:16:02 +0300] "POST /wp-login.php HTTP/2.0" 200 3427 "-" "Mozilla/5.0 (Windows NT 10.0; Win64; x64) AppleWebKit/537.36 (KHTML, like Gecko) Chrome/149.0.0.0 Safari/537.36"
82.148.16.210 - - [18/Aug/2026:18:18:56 +0300] "POST /wp-cron.php?doing_wp_cron=1787066336.1149499416351318359375 HTTP/1.1" 200 31 "-" "WordPress/6.9.1; https://fita.staroobrad.ru"
66.249.78.71 - - [18/Aug/2026:18:18:56 +0300] "GET /?jp/011000205.html HTTP/1.1" 301 5 "-" "Mozilla/5.0 (Linux; Android 6.0.1; Nexus 5X Build/MMB29P) AppleWebKit/537.36 (KHTML, like Gecko) Chrome/151.0.7922.137 Mobile Safari/537.36 (compatible; Googlebot/2.1; +http://www.google.com/bot.html)"
66.249.66.74 - - [18/Aug/2026:18:18:57 +0300] "GET /?jp%2F011000205_html HTTP/1.1" 404 31 "-" "Mozilla/5.0 (Linux; Android 6.0.1; Nexus 5X Build/MMB29P) AppleWebKit/537.36 (KHTML, like Gecko) Chrome/151.0.7922.137 Mobile Safari/537.36 (compatible; Googlebot/2.1; +http://www.google.com/bot.html)"
82.148.16.210 - - [18/Aug/2026:18:20:12 +0300] "POST /wp-cron.php?doing_wp_cron=1787066412.3625180721282958984375 HTTP/1.1" 200 31 "-" "WordPress/6.9.1; https://fita.staroobrad.ru"
66.249.66.74 - - [18/Aug/2026:18:20:12 +0300] "GET /1935743 HTTP/1.1" 404 3790 "-" "Mozilla/5.0 (compatible; Googlebot/2.1; +http://www.google.com/bot.html)"
66.249.78.69 - - [18/Aug/2026:18:20:20 +0300] "GET /?organize/023001266 HTTP/1.1" 301 5 "-" "Mozilla/5.0 (Linux; Android 6.0.1; Nexus 5X Build/MMB29P) AppleWebKit/537.36 (KHTML, like Gecko) Chrome/151.0.7922.137 Mobile Safari/537.36 (compatible; Googlebot/2.1; +http://www.google.com/bot.html)"
66.249.78.69 - - [18/Aug/2026:18:20:20 +0300] "GET /?organize%2F023001266 HTTP/1.1" 404 31 "-" "Mozilla/5.0 (Linux; Android 6.0.1; Nexus 5X Build/MMB29P) AppleWebKit/537.36 (KHTML, like Gecko) Chrome/151.0.7922.137 Mobile Safari/537.36 (compatible; Googlebot/2.1; +http://www.google.com/bot.html)"
82.148.16.210 - - [18/Aug/2026:18:21:47 +0300] "POST /wp-cron.php?doing_wp_cron=1787066507.2500689029693603515625 HTTP/1.1" 200 31 "-" "WordPress/6.9.1; https://fita.staroobrad.ru"
108.167.161.133 - - [18/Aug/2026:18:21:47 +0300] "GET /wp-login.php HTTP/2.0" 200 3265 "-" "Mozilla/5.0 (Windows NT 10.0; Win64; x64) AppleWebKit/537.36 (KHTML, like Gecko) Chrome/149.0.0.0 Safari/537.36"
108.167.161.133 - - [18/Aug/2026:18:21:47 +0300] "POST /wp-login.php HTTP/2.0" 200 3427 "-" "Mozilla/5.0 (Windows NT 10.0; Win64; x64) AppleWebKit/537.36 (KHTML, like Gecko) Chrome/149.0.0.0 Safari/537.36"
82.148.16.210 - - [18/Aug/2026:18:22:13 +0300] "POST /wp-cron.php?doing_wp_cron=1787066533.4968209266662597656250 HTTP/1.1" 200 31 "-" "WordPress/6.9.1; https://fita.staroobrad.ru"
66.249.78.69 - - [18/Aug/2026:18:22:13 +0300] "GET /shop/bone/atop121030145.shtml HTTP/1.1" 404 3790 "-" "Mozilla/5.0 (compatible; Googlebot/2.1; +http://www.google.com/bot.html)"
66.249.78.69 - - [18/Aug/2026:18:22:20 +0300] "GET /m17531627002 HTTP/1.1" 404 3791 "-" "Mozilla/5.0 (Linux; Android 6.0.1; Nexus 5X Build/MMB29P) AppleWebKit/537.36 (KHTML, like Gecko) Chrome/151.0.7922.137 Mobile Safari/537.36 (compatible; Googlebot/2.1; +http://www.google.com/bot.html)"
82.148.16.210 - - [18/Aug/2026:18:24:26 +0300] "POST /wp-cron.php?doing_wp_cron=1787066666.4825389385223388671875 HTTP/1.1" 200 31 "-" "WordPress/6.9.1; https://fita.staroobrad.ru"
162.55.89.48 - - [18/Aug/2026:18:24:26 +0300] "GET /wp-login.php HTTP/2.0" 200 3265 "-" "Mozilla/5.0 (Windows NT 10.0; Win64; x64) AppleWebKit/537.36 (KHTML, like Gecko) Chrome/149.0.0.0 Safari/537.36"
162.55.89.48 - - [18/Aug/2026:18:24:26 +0300] "POST /wp-login.php HTTP/2.0" 200 3427 "-" "Mozilla/5.0 (Windows NT 10.0; Win64; x64) AppleWebKit/537.36 (KHTML, like Gecko) Chrome/149.0.0.0 Safari/537.36"
66.249.78.69 - - [18/Aug/2026:18:24:48 +0300] "GET /shopdetail/737/115103093.shtm HTTP/1.1" 404 3790 "-" "Mozilla/5.0 (compatible; Googlebot/2.1; +http://www.google.com/bot.html)"
82.148.16.210 - - [18/Aug/2026:18:24:49 +0300] "POST /wp-cron.php?doing_wp_cron=1787066689.3761689662933349609375 HTTP/1.1" 200 31 "-" "WordPress/6.9.1; https://fita.staroobrad.ru"
66.249.66.167 - - [18/Aug/2026:18:24:49 +0300] "GET /shopdetail/737/115103093.shtm HTTP/1.1" 404 3790 "-" "Mozilla/5.0 (Linux; Android 6.0.1; Nexus 5X Build/MMB29P) AppleWebKit/537.36 (KHTML, like Gecko) Chrome/151.0.7922.137 Mobile Safari/537.36 (compatible; Googlebot/2.1; +http://www.google.com/bot.html)"
66.249.78.70 - - [18/Aug/2026:18:24:57 +0300] "GET /63923594 HTTP/1.1" 404 3790 "-" "Mozilla/5.0 (Linux; Android 6.0.1; Nexus 5X Build/MMB29P) AppleWebKit/537.36 (KHTML, like Gecko) Chrome/151.0.7922.137 Mobile Safari/537.36 (compatible; Googlebot/2.1; +http://www.google.com/bot.html)"
82.148.16.210 - - [18/Aug/2026:18:26:06 +0300] "POST /wp-cron.php?doing_wp_cron=1787066766.2189590930938720703125 HTTP/1.1" 200 31 "-" "WordPress/6.9.1; https://fita.staroobrad.ru"
66.249.78.69 - - [18/Aug/2026:18:26:06 +0300] "GET /shop/existence/cookie068000852.shtml HTTP/1.1" 404 3791 "-" "Mozilla/5.0 (compatible; Googlebot/2.1; +http://www.google.com/bot.html)"
82.148.16.210 - - [18/Aug/2026:18:27:21 +0300] "POST /wp-cron.php?doing_wp_cron=1787066841.4265170097351074218750 HTTP/1.1" 200 31 "-" "WordPress/6.9.1; https://fita.staroobrad.ru"
72.167.40.62 - - [18/Aug/2026:18:27:21 +0300] "GET /wp-login.php HTTP/2.0" 200 3265 "-" "Mozilla/5.0 (Windows NT 10.0; Win64; x64) AppleWebKit/537.36 (KHTML, like Gecko) Chrome/149.0.0.0 Safari/537.36"
72.167.40.62 - - [18/Aug/2026:18:27:21 +0300] "POST /wp-login.php HTTP/2.0" 200 3427 "-" "Mozilla/5.0 (Windows NT 10.0; Win64; x64) AppleWebKit/537.36 (KHTML, like Gecko) Chrome/149.0.0.0 Safari/537.36"
66.249.78.70 - - [18/Aug/2026:18:27:35 +0300] "GET /m52216408622 HTTP/1.1" 404 3791 "-" "Mozilla/5.0 (compatible; Googlebot/2.1; +http://www.google.com/bot.html)"
66.249.66.165 - - [18/Aug/2026:18:29:26 +0300] "GET /r/item/sales-promotion/83df4403011702.html HTTP/1.1" 404 3 "-" "Mozilla/5.0 (Linux; Android 6.0.1; Nexus 5X Build/MMB29P) AppleWebKit/537.36 (KHTML, like Gecko) Chrome/151.0.7922.137 Mobile Safari/537.36 (compatible; Googlebot/2.1; +http://www.google.com/bot.html)"
82.148.16.210 - - [18/Aug/2026:18:29:27 +0300] "POST /wp-cron.php?doing_wp_cron=1787066967.3274219036102294921875 HTTP/1.1" 200 31 "-" "WordPress/6.9.1; https://fita.staroobrad.ru"
66.249.78.69 - - [18/Aug/2026:18:29:27 +0300] "GET /shop/revenue/award205011045.shtml HTTP/1.1" 404 3789 "-" "Mozilla/5.0 (Linux; Android 6.0.1; Nexus 5X Build/MMB29P) AppleWebKit/537.36 (KHTML, like Gecko) Chrome/151.0.7922.137 Mobile Safari/537.36 (compatible; Googlebot/2.1; +http://www.google.com/bot.html)"
82.148.16.210 - - [18/Aug/2026:18:30:36 +0300] "POST /wp-cron.php?doing_wp_cron=1787067036.6333320140838623046875 HTTP/1.1" 200 31 "-" "WordPress/6.9.1; https://fita.staroobrad.ru"
66.249.78.69 - - [18/Aug/2026:18:30:36 +0300] "GET /shop/remaining/economist093000679.shtml HTTP/1.1" 404 3792 "-" "Mozilla/5.0 (compatible; Googlebot/2.1; +http://www.google.com/bot.html)"
66.249.66.165 - - [18/Aug/2026:18:30:44 +0300] "GET /shop/remaining/economist093000679.shtml HTTP/1.1" 404 3794 "-" "Mozilla/5.0 (Linux; Android 6.0.1; Nexus 5X Build/MMB29P) AppleWebKit/537.36 (KHTML, like Gecko) Chrome/151.0.7922.137 Mobile Safari/537.36 (compatible; Googlebot/2.1; +http://www.google.com/bot.html)"
82.148.16.210 - - [18/Aug/2026:18:32:27 +0300] "POST /wp-cron.php?doing_wp_cron=1787067147.4279599189758300781250 HTTP/1.1" 200 31 "-" "WordPress/6.9.1; https://fita.staroobrad.ru"
66.249.78.69 - - [18/Aug/2026:18:32:27 +0300] "GET /?operate/045011444 HTTP/1.1" 301 5 "-" "Mozilla/5.0 (Linux; Android 6.0.1; Nexus 5X Build/MMB29P) AppleWebKit/537.36 (KHTML, like Gecko) Chrome/151.0.7922.137 Mobile Safari/537.36 (compatible; Googlebot/2.1; +http://www.google.com/bot.html)"
66.249.66.165 - - [18/Aug/2026:18:32:28 +0300] "GET /?operate%2F045011444 HTTP/1.1" 404 31 "-" "Mozilla/5.0 (Linux; Android 6.0.1; Nexus 5X Build/MMB29P) AppleWebKit/537.36 (KHTML, like Gecko) Chrome/151.0.7922.137 Mobile Safari/537.36 (compatible; Googlebot/2.1; +http://www.google.com/bot.html)"
82.148.16.210 - - [18/Aug/2026:18:33:02 +0300] "POST /wp-cron.php?doing_wp_cron=1787067182.4537580013275146484375 HTTP/1.1" 200 31 "-" "WordPress/6.9.1; https://fita.staroobrad.ru"
129.121.103.155 - - [18/Aug/2026:18:33:02 +0300] "GET /wp-login.php HTTP/2.0" 200 3265 "-" "Mozilla/5.0 (Windows NT 10.0; Win64; x64) AppleWebKit/537.36 (KHTML, like Gecko) Chrome/149.0.0.0 Safari/537.36"
129.121.103.155 - - [18/Aug/2026:18:33:02 +0300] "POST /wp-login.php HTTP/2.0" 200 3427 "-" "Mozilla/5.0 (Windows NT 10.0; Win64; x64) AppleWebKit/537.36 (KHTML, like Gecko) Chrome/149.0.0.0 Safari/537.36"
66.249.66.166 - - [18/Aug/2026:18:33:06 +0300] "GET /shop/intervention/finish032000536.shtml HTTP/1.1" 404 3791 "-" "Mozilla/5.0 (compatible; Googlebot/2.1; +http://www.google.com/bot.html)"
66.249.78.69 - - [18/Aug/2026:18:33:12 +0300] "GET /shop/intervention/finish032000536.shtml HTTP/1.1" 404 3789 "-" "Mozilla/5.0 (Linux; Android 6.0.1; Nexus 5X Build/MMB29P) AppleWebKit/537.36 (KHTML, like Gecko) Chrome/151.0.7922.137 Mobile Safari/537.36 (compatible; Googlebot/2.1; +http://www.google.com/bot.html)"
82.148.16.210 - - [18/Aug/2026:18:33:59 +0300] "POST /wp-cron.php?doing_wp_cron=1787067239.0511438846588134765625 HTTP/1.1" 200 31 "-" "WordPress/6.9.1; https://fita.staroobrad.ru"
66.249.78.70 - - [18/Aug/2026:18:33:59 +0300] "GET /shop/regard/mostly041001659.shtml HTTP/1.1" 404 3789 "-" "Mozilla/5.0 (compatible; Googlebot/2.1; +http://www.google.com/bot.html)"
66.249.78.69 - - [18/Aug/2026:18:33:59 +0300] "GET /shop/regard/mostly041001659.shtml HTTP/1.1" 404 3789 "-" "Mozilla/5.0 (Linux; Android 6.0.1; Nexus 5X Build/MMB29P) AppleWebKit/537.36 (KHTML, like Gecko) Chrome/151.0.7922.137 Mobile Safari/537.36 (compatible; Googlebot/2.1; +http://www.google.com/bot.html)"
66.249.78.69 - - [18/Aug/2026:18:34:29 +0300] "GET /shop/miracle/barn152008542.shtml HTTP/1.1" 404 3791 "-" "Mozilla/5.0 (Linux; Android 6.0.1; Nexus 5X Build/MMB29P) AppleWebKit/537.36 (KHTML, like Gecko) Chrome/151.0.7922.137 Mobile Safari/537.36 (compatible; Googlebot/2.1; +http://www.google.com/bot.html)"
82.148.16.210 - - [18/Aug/2026:18:37:15 +0300] "POST /wp-cron.php?doing_wp_cron=1787067435.8070950508117675781250 HTTP/1.1" 200 31 "-" "WordPress/6.9.1; https://fita.staroobrad.ru"
66.249.66.167 - - [18/Aug/2026:18:37:15 +0300] "GET /shop/spending/tank182030224.shtml HTTP/1.1" 404 3790 "-" "Mozilla/5.0 (Linux; Android 6.0.1; Nexus 5X Build/MMB29P) AppleWebKit/537.36 (KHTML, like Gecko) Chrome/151.0.7922.137 Mobile Safari/537.36 (compatible; Googlebot/2.1; +http://www.google.com/bot.html)"
66.249.66.165 - - [18/Aug/2026:18:37:18 +0300] "GET /shop/honey/democratic075000549.shtml HTTP/1.1" 404 3792 "-" "Mozilla/5.0 (Linux; Android 6.0.1; Nexus 5X Build/MMB29P) AppleWebKit/537.36 (KHTML, like Gecko) Chrome/151.0.7922.137 Mobile Safari/537.36 (compatible; Googlebot/2.1; +http://www.google.com/bot.html)"
66.249.66.165 - - [18/Aug/2026:18:37:31 +0300] "GET /shop/rhetoric/sea256032314.shtml HTTP/1.1" 404 3790 "-" "Mozilla/5.0 (Linux; Android 6.0.1; Nexus 5X Build/MMB29P) AppleWebKit/537.36 (KHTML, like Gecko) Chrome/151.0.7922.137 Mobile Safari/537.36 (compatible; Googlebot/2.1; +http://www.google.com/bot.html)"
82.148.16.210 - - [18/Aug/2026:18:38:43 +0300] "POST /wp-cron.php?doing_wp_cron=1787067523.0267550945281982421875 HTTP/1.1" 200 31 "-" "WordPress/6.9.1; https://fita.staroobrad.ru"
66.249.66.167 - - [18/Aug/2026:18:38:43 +0300] "GET /shop/grandparent/frozen071000487.shtml HTTP/1.1" 404 3790 "-" "Mozilla/5.0 (Linux; Android 6.0.1; Nexus 5X Build/MMB29P) AppleWebKit/537.36 (KHTML, like Gecko) Chrome/151.0.7922.137 Mobile Safari/537.36 (compatible; Googlebot/2.1; +http://www.google.com/bot.html)"
82.148.16.210 - - [18/Aug/2026:18:40:56 +0300] "POST /wp-cron.php?doing_wp_cron=1787067656.5158579349517822265625 HTTP/1.1" 200 31 "-" "WordPress/6.9.1; https://fita.staroobrad.ru"
66.249.66.36 - - [18/Aug/2026:18:40:56 +0300] "GET /shop/wise/liberty057000755.shtml HTTP/1.1" 404 3790 "-" "Mozilla/5.0 (compatible; Googlebot/2.1; +http://www.google.com/bot.html)"
82.148.16.210 - - [18/Aug/2026:18:42:12 +0300] "POST /wp-cron.php?doing_wp_cron=1787067732.7989969253540039062500 HTTP/1.1" 200 31 "-" "WordPress/6.9.1; https://fita.staroobrad.ru"
162.241.152.27 - - [18/Aug/2026:18:42:12 +0300] "GET /wp-login.php HTTP/2.0" 200 3265 "-" "Mozilla/5.0 (Windows NT 10.0; Win64; x64) AppleWebKit/537.36 (KHTML, like Gecko) Chrome/149.0.0.0 Safari/537.36"
162.241.152.27 - - [18/Aug/2026:18:42:13 +0300] "POST /wp-login.php HTTP/2.0" 200 3427 "-" "Mozilla/5.0 (Windows NT 10.0; Win64; x64) AppleWebKit/537.36 (KHTML, like Gecko) Chrome/149.0.0.0 Safari/537.36"
82.148.16.210 - - [18/Aug/2026:18:43:08 +0300] "POST /wp-cron.php?doing_wp_cron=1787067788.0443480014801025390625 HTTP/1.1" 200 31 "-" "WordPress/6.9.1; https://fita.staroobrad.ru"
66.249.66.165 - - [18/Aug/2026:18:43:08 +0300] "GET /m24464665499 HTTP/1.1" 404 3790 "-" "Mozilla/5.0 (Linux; Android 6.0.1; Nexus 5X Build/MMB29P) AppleWebKit/537.36 (KHTML, like Gecko) Chrome/151.0.7922.137 Mobile Safari/537.36 (compatible; Googlebot/2.1; +http://www.google.com/bot.html)"
