82.148.16.210 - - [18/Aug/2026:06:02:24 +0300] "POST /wp-cron.php?doing_wp_cron=1787022144.3495440483093261718750 HTTP/1.1" 200 31 "-" "WordPress/6.9.1; https://fita.staroobrad.ru"
66.249.66.76 - - [18/Aug/2026:06:02:24 +0300] "GET /m24832578167 HTTP/1.1" 404 31 "-" "Mozilla/5.0 (Linux; Android 6.0.1; Nexus 5X Build/MMB29P) AppleWebKit/537.36 (KHTML, like Gecko) Chrome/151.0.7922.137 Mobile Safari/537.36 (compatible; Googlebot/2.1; +http://www.google.com/bot.html)"
82.148.16.210 - - [18/Aug/2026:06:04:02 +0300] "POST /wp-cron.php?doing_wp_cron=1787022242.6688430309295654296875 HTTP/1.1" 200 31 "-" "WordPress/6.9.1; https://fita.staroobrad.ru"
66.249.66.37 - - [18/Aug/2026:06:04:02 +0300] "GET /classic/372120115389037.shtm HTTP/1.1" 404 31 "-" "Mozilla/5.0 (Linux; Android 6.0.1; Nexus 5X Build/MMB29P) AppleWebKit/537.36 (KHTML, like Gecko) Chrome/151.0.7922.137 Mobile Safari/537.36 (compatible; GoogleOther)"
82.148.16.210 - - [18/Aug/2026:06:05:22 +0300] "POST /wp-cron.php?doing_wp_cron=1787022322.2159759998321533203125 HTTP/1.1" 200 31 "-" "WordPress/6.9.1; https://fita.staroobrad.ru"
66.249.66.76 - - [18/Aug/2026:06:05:22 +0300] "GET /shop/whether/marine233009929.shtml HTTP/1.1" 404 31 "-" "Mozilla/5.0 (compatible; Googlebot/2.1; +http://www.google.com/bot.html)"
82.148.16.210 - - [18/Aug/2026:06:06:25 +0300] "POST /wp-cron.php?doing_wp_cron=1787022385.7528750896453857421875 HTTP/1.1" 200 31 "-" "WordPress/6.9.1; https://fita.staroobrad.ru"
66.249.66.74 - - [18/Aug/2026:06:06:25 +0300] "GET /shop/realistic/hunger193006577.shtml HTTP/1.1" 404 31 "-" "Mozilla/5.0 (Linux; Android 6.0.1; Nexus 5X Build/MMB29P) AppleWebKit/537.36 (KHTML, like Gecko) Chrome/151.0.7922.137 Mobile Safari/537.36 (compatible; Googlebot/2.1; +http://www.google.com/bot.html)"
82.148.16.210 - - [18/Aug/2026:06:07:34 +0300] "POST /wp-cron.php?doing_wp_cron=1787022454.7680931091308593750000 HTTP/1.1" 200 31 "-" "WordPress/6.9.1; https://fita.staroobrad.ru"
66.249.66.75 - - [18/Aug/2026:06:07:34 +0300] "GET /?fade/053000252 HTTP/1.1" 301 5 "-" "Mozilla/5.0 (Linux; Android 6.0.1; Nexus 5X Build/MMB29P) AppleWebKit/537.36 (KHTML, like Gecko) Chrome/151.0.7922.137 Mobile Safari/537.36 (compatible; Googlebot/2.1; +http://www.google.com/bot.html)"
66.249.66.74 - - [18/Aug/2026:06:07:35 +0300] "GET /?fade%2F053000252 HTTP/1.1" 404 31 "-" "Mozilla/5.0 (Linux; Android 6.0.1; Nexus 5X Build/MMB29P) AppleWebKit/537.36 (KHTML, like Gecko) Chrome/151.0.7922.137 Mobile Safari/537.36 (compatible; Googlebot/2.1; +http://www.google.com/bot.html)"
82.148.16.210 - - [18/Aug/2026:06:09:45 +0300] "POST /wp-cron.php?doing_wp_cron=1787022584.9498450756072998046875 HTTP/1.1" 200 31 "-" "WordPress/6.9.1; https://fita.staroobrad.ru"
66.249.66.76 - - [18/Aug/2026:06:09:45 +0300] "GET /65337265 HTTP/1.1" 404 31 "-" "Mozilla/5.0 (Linux; Android 6.0.1; Nexus 5X Build/MMB29P) AppleWebKit/537.36 (KHTML, like Gecko) Chrome/151.0.7922.137 Mobile Safari/537.36 (compatible; Googlebot/2.1; +http://www.google.com/bot.html)"
66.249.66.74 - - [18/Aug/2026:06:09:45 +0300] "GET /65337265 HTTP/1.1" 404 31 "-" "Mozilla/5.0 (compatible; Googlebot/2.1; +http://www.google.com/bot.html)"
82.148.16.210 - - [18/Aug/2026:06:10:36 +0300] "POST /wp-cron.php?doing_wp_cron=1787022636.9114949703216552734375 HTTP/1.1" 200 31 "-" "WordPress/6.9.1; https://fita.staroobrad.ru"
66.249.66.76 - - [18/Aug/2026:06:10:36 +0300] "GET /shop/dock/structure271043715.shtml HTTP/1.1" 404 31 "-" "Mozilla/5.0 (Linux; Android 6.0.1; Nexus 5X Build/MMB29P) AppleWebKit/537.36 (KHTML, like Gecko) Chrome/151.0.7922.137 Mobile Safari/537.36 (compatible; Googlebot/2.1; +http://www.google.com/bot.html)"
82.148.16.210 - - [18/Aug/2026:06:12:43 +0300] "POST /wp-cron.php?doing_wp_cron=1787022763.0975730419158935546875 HTTP/1.1" 200 31 "-" "WordPress/6.9.1; https://fita.staroobrad.ru"
66.249.78.71 - - [18/Aug/2026:06:12:43 +0300] "GET /m24497951051 HTTP/1.1" 404 31 "-" "Mozilla/5.0 (Linux; Android 6.0.1; Nexus 5X Build/MMB29P) AppleWebKit/537.36 (KHTML, like Gecko) Chrome/151.0.7922.137 Mobile Safari/537.36 (compatible; Googlebot/2.1; +http://www.google.com/bot.html)"
82.148.16.210 - - [18/Aug/2026:06:14:42 +0300] "POST /wp-cron.php?doing_wp_cron=1787022882.5923190116882324218750 HTTP/1.1" 200 31 "-" "WordPress/6.9.1; https://fita.staroobrad.ru"
66.249.66.76 - - [18/Aug/2026:06:14:42 +0300] "GET /shop/previously/dictate157004327.shtml HTTP/1.1" 404 31 "-" "Mozilla/5.0 (Linux; Android 6.0.1; Nexus 5X Build/MMB29P) AppleWebKit/537.36 (KHTML, like Gecko) Chrome/151.0.7922.137 Mobile Safari/537.36 (compatible; Googlebot/2.1; +http://www.google.com/bot.html)"
66.249.66.76 - - [18/Aug/2026:06:14:43 +0300] "GET /shop/previously/dictate157004327.shtml HTTP/1.1" 404 31 "-" "Mozilla/5.0 (compatible; Googlebot/2.1; +http://www.google.com/bot.html)"
82.148.16.210 - - [18/Aug/2026:06:15:30 +0300] "POST /wp-cron.php?doing_wp_cron=1787022930.1574740409851074218750 HTTP/1.1" 200 31 "-" "WordPress/6.9.1; https://fita.staroobrad.ru"
66.249.66.76 - - [18/Aug/2026:06:15:30 +0300] "GET /m59677551011 HTTP/1.1" 404 31 "-" "Mozilla/5.0 (compatible; Googlebot/2.1; +http://www.google.com/bot.html)"
82.148.16.210 - - [18/Aug/2026:06:16:31 +0300] "POST /wp-cron.php?doing_wp_cron=1787022991.8097729682922363281250 HTTP/1.1" 200 31 "-" "WordPress/6.9.1; https://fita.staroobrad.ru"
66.249.78.70 - - [18/Aug/2026:06:16:31 +0300] "GET /classic/426603115479299.shtm HTTP/1.1" 404 31 "-" "Mozilla/5.0 (Linux; Android 6.0.1; Nexus 5X Build/MMB29P) AppleWebKit/537.36 (KHTML, like Gecko) Chrome/151.0.7922.137 Mobile Safari/537.36 (compatible; GoogleOther)"
82.148.16.210 - - [18/Aug/2026:06:18:32 +0300] "POST /wp-cron.php?doing_wp_cron=1787023112.0672481060028076171875 HTTP/1.1" 200 31 "-" "WordPress/6.9.1; https://fita.staroobrad.ru"
66.249.66.76 - - [18/Aug/2026:06:18:32 +0300] "GET /shop/sock/peer082000938.shtml HTTP/1.1" 404 31 "-" "Mozilla/5.0 (compatible; Googlebot/2.1; +http://www.google.com/bot.html)"
82.148.16.210 - - [18/Aug/2026:06:18:49 +0300] "POST /wp-cron.php?doing_wp_cron=1787023129.5621531009674072265625 HTTP/1.1" 200 31 "-" "WordPress/6.9.1; https://fita.staroobrad.ru"
66.249.66.75 - - [18/Aug/2026:06:18:49 +0300] "GET /shop/same/zone007000649.shtml HTTP/1.1" 404 31 "-" "Mozilla/5.0 (Linux; Android 6.0.1; Nexus 5X Build/MMB29P) AppleWebKit/537.36 (KHTML, like Gecko) Chrome/151.0.7922.137 Mobile Safari/537.36 (compatible; Googlebot/2.1; +http://www.google.com/bot.html)"
82.148.16.210 - - [18/Aug/2026:06:20:03 +0300] "POST /wp-cron.php?doing_wp_cron=1787023203.3001260757446289062500 HTTP/1.1" 200 31 "-" "WordPress/6.9.1; https://fita.staroobrad.ru"
66.249.78.71 - - [18/Aug/2026:06:20:03 +0300] "GET /shop/habitat/Cuban017033397.shtml HTTP/1.1" 404 31 "-" "Mozilla/5.0 (compatible; Googlebot/2.1; +http://www.google.com/bot.html)"
82.148.16.210 - - [18/Aug/2026:06:21:00 +0300] "POST /wp-cron.php?doing_wp_cron=1787023260.2969989776611328125000 HTTP/1.1" 200 31 "-" "WordPress/6.9.1; https://fita.staroobrad.ru"
45.138.0.36 - - [18/Aug/2026:06:21:00 +0300] "GET / HTTP/2.0" 403 20 "-" "Mozilla/5.0 (compatible; YandexBot/3.0; +http://yandex.com/bots)"
45.148.65.23 - - [18/Aug/2026:06:21:03 +0300] "GET / HTTP/2.0" 403 20 "-" "Mozilla/5.0 (compatible; YandexBot/3.0; +http://yandex.com/bots)"
66.249.66.76 - - [18/Aug/2026:06:21:33 +0300] "GET /shop/guest/compound162027492.shtml HTTP/1.1" 404 31 "-" "Mozilla/5.0 (compatible; Googlebot/2.1; +http://www.google.com/bot.html)"
82.148.16.210 - - [18/Aug/2026:06:24:05 +0300] "POST /wp-cron.php?doing_wp_cron=1787023445.5718369483947753906250 HTTP/1.1" 200 31 "-" "WordPress/6.9.1; https://fita.staroobrad.ru"
66.249.78.71 - - [18/Aug/2026:06:24:05 +0300] "GET /shop/row/core054019758.shtml HTTP/1.1" 404 31 "-" "Mozilla/5.0 (compatible; Googlebot/2.1; +http://www.google.com/bot.html)"
82.148.16.210 - - [18/Aug/2026:06:25:19 +0300] "POST /wp-cron.php?doing_wp_cron=1787023519.5903370380401611328125 HTTP/1.1" 200 31 "-" "WordPress/6.9.1; https://fita.staroobrad.ru"
66.249.78.71 - - [18/Aug/2026:06:25:19 +0300] "GET /m33237410860 HTTP/1.1" 404 31 "-" "Mozilla/5.0 (compatible; Googlebot/2.1; +http://www.google.com/bot.html)"
82.148.16.210 - - [18/Aug/2026:06:26:30 +0300] "POST /wp-cron.php?doing_wp_cron=1787023590.7230980396270751953125 HTTP/1.1" 200 31 "-" "WordPress/6.9.1; https://fita.staroobrad.ru"
66.249.78.70 - - [18/Aug/2026:06:26:30 +0300] "GET /63923594 HTTP/1.1" 404 31 "-" "Mozilla/5.0 (Linux; Android 6.0.1; Nexus 5X Build/MMB29P) AppleWebKit/537.36 (KHTML, like Gecko) Chrome/151.0.7922.137 Mobile Safari/537.36 (compatible; Googlebot/2.1; +http://www.google.com/bot.html)"
66.249.78.69 - - [18/Aug/2026:06:26:35 +0300] "GET /shop/negative/rank003014513.shtml HTTP/1.1" 404 31 "-" "Mozilla/5.0 (Linux; Android 6.0.1; Nexus 5X Build/MMB29P) AppleWebKit/537.36 (KHTML, like Gecko) Chrome/151.0.7922.137 Mobile Safari/537.36 (compatible; Googlebot/2.1; +http://www.google.com/bot.html)"
82.148.16.210 - - [18/Aug/2026:06:26:58 +0300] "POST /wp-cron.php?doing_wp_cron=1787023618.1560299396514892578125 HTTP/1.1" 200 31 "-" "WordPress/6.9.1; https://fita.staroobrad.ru"
66.249.66.74 - - [18/Aug/2026:06:26:58 +0300] "GET /shopdetail/135/11570324.shtm HTTP/1.1" 404 31 "-" "Mozilla/5.0 (compatible; Googlebot/2.1; +http://www.google.com/bot.html)"
82.148.16.210 - - [18/Aug/2026:06:29:02 +0300] "POST /wp-cron.php?doing_wp_cron=1787023742.8746879100799560546875 HTTP/1.1" 200 31 "-" "WordPress/6.9.1; https://fita.staroobrad.ru"
66.249.66.76 - - [18/Aug/2026:06:29:02 +0300] "GET /classic/693201115113450.shtm HTTP/1.1" 404 31 "-" "Mozilla/5.0 (Linux; Android 6.0.1; Nexus 5X Build/MMB29P) AppleWebKit/537.36 (KHTML, like Gecko) Chrome/151.0.7922.137 Mobile Safari/537.36 (compatible; GoogleOther)"
82.148.16.210 - - [18/Aug/2026:06:30:48 +0300] "POST /wp-cron.php?doing_wp_cron=1787023848.7556970119476318359375 HTTP/1.1" 200 31 "-" "WordPress/6.9.1; https://fita.staroobrad.ru"
66.249.78.69 - - [18/Aug/2026:06:30:48 +0300] "GET /57961046 HTTP/1.1" 404 31 "-" "Mozilla/5.0 (compatible; Googlebot/2.1; +http://www.google.com/bot.html)"
82.148.16.210 - - [18/Aug/2026:06:33:47 +0300] "POST /wp-cron.php?doing_wp_cron=1787024027.3468658924102783203125 HTTP/1.1" 200 31 "-" "WordPress/6.9.1; https://fita.staroobrad.ru"
66.249.66.76 - - [18/Aug/2026:06:33:47 +0300] "GET /shop/fleet/newly020019194.shtml HTTP/1.1" 404 31 "-" "Mozilla/5.0 (compatible; Googlebot/2.1; +http://www.google.com/bot.html)"
82.148.16.210 - - [18/Aug/2026:06:34:25 +0300] "POST /wp-cron.php?doing_wp_cron=1787024064.9889669418334960937500 HTTP/1.1" 200 31 "-" "WordPress/6.9.1; https://fita.staroobrad.ru"
66.249.78.71 - - [18/Aug/2026:06:34:25 +0300] "GET /m15566332210 HTTP/1.1" 404 31 "-" "Mozilla/5.0 (compatible; Googlebot/2.1; +http://www.google.com/bot.html)"
82.148.16.210 - - [18/Aug/2026:06:36:02 +0300] "POST /wp-cron.php?doing_wp_cron=1787024162.2564079761505126953125 HTTP/1.1" 200 31 "-" "WordPress/6.9.1; https://fita.staroobrad.ru"
66.249.78.70 - - [18/Aug/2026:06:36:02 +0300] "GET /shop/bunch/term295030507.shtml HTTP/1.1" 404 31 "-" "Mozilla/5.0 (compatible; Googlebot/2.1; +http://www.google.com/bot.html)"
82.148.16.210 - - [18/Aug/2026:06:37:07 +0300] "POST /wp-cron.php?doing_wp_cron=1787024227.7901780605316162109375 HTTP/1.1" 200 31 "-" "WordPress/6.9.1; https://fita.staroobrad.ru"
66.249.66.37 - - [18/Aug/2026:06:37:07 +0300] "GET /shop/mushroom/lie065000159.shtml HTTP/1.1" 404 31 "-" "Mozilla/5.0 (Linux; Android 6.0.1; Nexus 5X Build/MMB29P) AppleWebKit/537.36 (KHTML, like Gecko) Chrome/151.0.7922.137 Mobile Safari/537.36 (compatible; Googlebot/2.1; +http://www.google.com/bot.html)"
82.148.16.210 - - [18/Aug/2026:06:39:10 +0300] "POST /wp-cron.php?doing_wp_cron=1787024350.0284759998321533203125 HTTP/1.1" 200 31 "-" "WordPress/6.9.1; https://fita.staroobrad.ru"
66.249.66.12 - - [18/Aug/2026:06:39:10 +0300] "GET /classic/797051115104095.shtm HTTP/1.1" 404 31 "-" "Mozilla/5.0 (Linux; Android 6.0.1; Nexus 5X Build/MMB29P) AppleWebKit/537.36 (KHTML, like Gecko) Chrome/151.0.7922.137 Mobile Safari/537.36 (compatible; GoogleOther)"
82.148.16.210 - - [18/Aug/2026:06:44:14 +0300] "POST /wp-cron.php?doing_wp_cron=1787024654.7006800174713134765625 HTTP/1.1" 200 31 "-" "WordPress/6.9.1; https://fita.staroobrad.ru"
66.249.66.35 - - [18/Aug/2026:06:44:14 +0300] "GET /125251915 HTTP/1.1" 404 31 "-" "Mozilla/5.0 (Linux; Android 6.0.1; Nexus 5X Build/MMB29P) AppleWebKit/537.36 (KHTML, like Gecko) Chrome/151.0.7922.137 Mobile Safari/537.36 (compatible; Googlebot/2.1; +http://www.google.com/bot.html)"
82.148.16.210 - - [18/Aug/2026:06:45:42 +0300] "POST /wp-cron.php?doing_wp_cron=1787024742.1318249702453613281250 HTTP/1.1" 200 31 "-" "WordPress/6.9.1; https://fita.staroobrad.ru"
66.249.78.70 - - [18/Aug/2026:06:45:42 +0300] "GET /shop/works/manage115011599.shtml HTTP/1.1" 404 31 "-" "Mozilla/5.0 (Linux; Android 6.0.1; Nexus 5X Build/MMB29P) AppleWebKit/537.36 (KHTML, like Gecko) Chrome/151.0.7922.137 Mobile Safari/537.36 (compatible; Googlebot/2.1; +http://www.google.com/bot.html)"
66.249.66.76 - - [18/Aug/2026:06:45:42 +0300] "GET /shop/representation/ministry060048024.shtml HTTP/1.1" 404 31 "-" "Mozilla/5.0 (Linux; Android 6.0.1; Nexus 5X Build/MMB29P) AppleWebKit/537.36 (KHTML, like Gecko) Chrome/151.0.7922.137 Mobile Safari/537.36 (compatible; Googlebot/2.1; +http://www.google.com/bot.html)"
82.148.16.210 - - [18/Aug/2026:06:46:58 +0300] "POST /wp-cron.php?doing_wp_cron=1787024818.2446379661560058593750 HTTP/1.1" 200 31 "-" "WordPress/6.9.1; https://fita.staroobrad.ru"
135.181.3.246 - - [18/Aug/2026:06:46:58 +0300] "GET /?spirit/199000216 HTTP/1.1" 301 5 "-" "Mozilla/5.0 (compatible; SERankingBacklinksBot/1.0; +https://seranking.com/backlinks-crawler)"
135.181.3.246 - - [18/Aug/2026:06:46:58 +0300] "GET /?spirit%2F199000216 HTTP/1.1" 403 31 "-" "Mozilla/5.0 (compatible; SERankingBacklinksBot/1.0; +https://seranking.com/backlinks-crawler)"
82.148.16.210 - - [18/Aug/2026:06:49:13 +0300] "POST /wp-cron.php?doing_wp_cron=1787024953.0659120082855224609375 HTTP/1.1" 200 31 "-" "WordPress/6.9.1; https://fita.staroobrad.ru"
66.249.66.76 - - [18/Aug/2026:06:49:13 +0300] "GET /shop/closely/undergo089030589.shtml HTTP/1.1" 404 31 "-" "Mozilla/5.0 (Linux; Android 6.0.1; Nexus 5X Build/MMB29P) AppleWebKit/537.36 (KHTML, like Gecko) Chrome/151.0.7922.137 Mobile Safari/537.36 (compatible; Googlebot/2.1; +http://www.google.com/bot.html)"
66.249.78.70 - - [18/Aug/2026:06:49:46 +0300] "GET /shop/storeSearch/CriteriaInput.aspx HTTP/1.1" 404 31 "-" "Mozilla/5.0 (Linux; Android 6.0.1; Nexus 5X Build/MMB29P) AppleWebKit/537.36 (KHTML, like Gecko) Chrome/151.0.7922.137 Mobile Safari/537.36 (compatible; Googlebot/2.1; +http://www.google.com/bot.html)"
101.99.88.90 - - [18/Aug/2026:06:50:42 +0300] "GET / HTTP/1.1" 301 162 "-" "Mozilla/5.0 (compatible; Googlebot/2.1; +http://www.google.com/bot.html)"
82.148.16.210 - - [18/Aug/2026:06:50:44 +0300] "POST /wp-cron.php?doing_wp_cron=1787025044.2646069526672363281250 HTTP/1.1" 200 31 "-" "WordPress/6.9.1; https://fita.staroobrad.ru"
101.99.88.90 - - [18/Aug/2026:06:50:44 +0300] "GET / HTTP/1.1" 404 5 "-" "Mozilla/5.0 (compatible; Googlebot/2.1; +http://www.google.com/bot.html)"
101.99.88.90 - - [18/Aug/2026:06:50:46 +0300] "GET /audio/index.php HTTP/1.1" 404 3 "-" "-"
82.148.16.210 - - [18/Aug/2026:06:51:07 +0300] "POST /wp-cron.php?doing_wp_cron=1787025067.3206970691680908203125 HTTP/1.1" 200 31 "-" "WordPress/6.9.1; https://fita.staroobrad.ru"
66.249.66.75 - - [18/Aug/2026:06:51:07 +0300] "GET /shop/enact/grateful251026717.shtml HTTP/1.1" 404 31 "-" "Mozilla/5.0 (compatible; Googlebot/2.1; +http://www.google.com/bot.html)"
82.148.16.210 - - [18/Aug/2026:06:53:14 +0300] "POST /wp-cron.php?doing_wp_cron=1787025194.5976889133453369140625 HTTP/1.1" 200 31 "-" "WordPress/6.9.1; https://fita.staroobrad.ru"
66.249.66.74 - - [18/Aug/2026:06:53:14 +0300] "GET /shop/here/several090000212.shtml HTTP/1.1" 404 31 "-" "Mozilla/5.0 (compatible; Googlebot/2.1; +http://www.google.com/bot.html)"
82.148.16.210 - - [18/Aug/2026:06:56:41 +0300] "POST /wp-cron.php?doing_wp_cron=1787025401.1389110088348388671875 HTTP/1.1" 200 31 "-" "WordPress/6.9.1; https://fita.staroobrad.ru"
66.249.66.76 - - [18/Aug/2026:06:56:41 +0300] "GET /shop/communicate/hospital046000118.shtml HTTP/1.1" 404 31 "-" "Mozilla/5.0 (Linux; Android 6.0.1; Nexus 5X Build/MMB29P) AppleWebKit/537.36 (KHTML, like Gecko) Chrome/151.0.7922.137 Mobile Safari/537.36 (compatible; Googlebot/2.1; +http://www.google.com/bot.html)"
66.249.66.202 - - [18/Aug/2026:06:56:41 +0300] "GET /shop/communicate/hospital046000118.shtml HTTP/1.1" 404 31 "-" "Mozilla/5.0 (compatible; Googlebot/2.1; +http://www.google.com/bot.html)"
82.148.16.210 - - [18/Aug/2026:06:58:59 +0300] "POST /wp-cron.php?doing_wp_cron=1787025539.3937389850616455078125 HTTP/1.1" 200 31 "-" "WordPress/6.9.1; https://fita.staroobrad.ru"
66.249.78.70 - - [18/Aug/2026:06:58:59 +0300] "GET /shop/man/ultimate050000790.shtml HTTP/1.1" 404 31 "-" "Mozilla/5.0 (Linux; Android 6.0.1; Nexus 5X Build/MMB29P) AppleWebKit/537.36 (KHTML, like Gecko) Chrome/151.0.7922.137 Mobile Safari/537.36 (compatible; Googlebot/2.1; +http://www.google.com/bot.html)"
66.249.66.202 - - [18/Aug/2026:06:59:00 +0300] "GET /shop/man/ultimate050000790.shtml HTTP/1.1" 404 31 "-" "Mozilla/5.0 (compatible; Googlebot/2.1; +http://www.google.com/bot.html)"
66.249.66.204 - - [18/Aug/2026:06:59:02 +0300] "GET /shop/virus/identity077040065.shtml HTTP/1.1" 404 31 "-" "Mozilla/5.0 (Linux; Android 6.0.1; Nexus 5X Build/MMB29P) AppleWebKit/537.36 (KHTML, like Gecko) Chrome/151.0.7922.137 Mobile Safari/537.36 (compatible; GoogleOther)"
66.249.66.74 - - [18/Aug/2026:06:59:14 +0300] "GET /category/102_103_357/1 HTTP/1.1" 404 31 "-" "Mozilla/5.0 (Linux; Android 6.0.1; Nexus 5X Build/MMB29P) AppleWebKit/537.36 (KHTML, like Gecko) Chrome/151.0.7922.137 Mobile Safari/537.36 (compatible; Googlebot/2.1; +http://www.google.com/bot.html)"
82.148.16.210 - - [18/Aug/2026:06:59:55 +0300] "POST /wp-cron.php?doing_wp_cron=1787025595.7574679851531982421875 HTTP/1.1" 200 31 "-" "WordPress/6.9.1; https://fita.staroobrad.ru"
66.249.66.35 - - [18/Aug/2026:06:59:55 +0300] "GET /shop/capable/whole172003472.shtml HTTP/1.1" 404 31 "-" "Mozilla/5.0 (compatible; Googlebot/2.1; +http://www.google.com/bot.html)"
159.138.46.199 - - [18/Aug/2026:07:01:49 +0300] "GET /ip HTTP/1.1" 301 162 "-" "Mozilla/5.0 (Macintosh; Intel Mac OS X 10_15_7) AppleWebKit/537.36 (KHTML, like Gecko) Chrome/114.0.0.0 Safari/537.36"
111.119.249.149 - - [18/Aug/2026:07:01:49 +0300] "GET /ip HTTP/1.1" 301 162 "-" "Mozilla/5.0 (Macintosh; Intel Mac OS X 10_15_7) AppleWebKit/537.36 (KHTML, like Gecko) Chrome/114.0.0.0 Safari/537.36"
149.232.134.224 - - [18/Aug/2026:07:01:49 +0300] "GET /ip HTTP/1.1" 301 162 "-" "Mozilla/5.0 (Macintosh; Intel Mac OS X 10_15_7) AppleWebKit/537.36 (KHTML, like Gecko) Chrome/114.0.0.0 Safari/537.36"
82.148.16.210 - - [18/Aug/2026:07:01:50 +0300] "POST /wp-cron.php?doing_wp_cron=1787025710.3321690559387207031250 HTTP/1.1" 200 31 "-" "WordPress/6.9.1; https://fita.staroobrad.ru"
114.119.174.102 - - [18/Aug/2026:07:01:50 +0300] "GET /ip HTTP/1.1" 403 5 "-" "Mozilla/5.0 (Macintosh; Intel Mac OS X 10_15_7) AppleWebKit/537.36 (KHTML, like Gecko) Chrome/114.0.0.0 Safari/537.36"
82.148.16.210 - - [18/Aug/2026:07:01:50 +0300] "POST /wp-cron.php?doing_wp_cron=1787025710.3331239223480224609375 HTTP/1.1" 200 31 "-" "WordPress/6.9.1; https://fita.staroobrad.ru"
119.8.45.118 - - [18/Aug/2026:07:01:50 +0300] "GET /ip HTTP/1.1" 403 5 "-" "Mozilla/5.0 (Macintosh; Intel Mac OS X 10_15_7) AppleWebKit/537.36 (KHTML, like Gecko) Chrome/114.0.0.0 Safari/537.36"
46.250.172.209 - - [18/Aug/2026:07:01:51 +0300] "GET /ip HTTP/1.1" 403 5 "-" "Mozilla/5.0 (Macintosh; Intel Mac OS X 10_15_7) AppleWebKit/537.36 (KHTML, like Gecko) Chrome/114.0.0.0 Safari/537.36"
66.249.92.139 - - [18/Aug/2026:07:02:41 +0300] "GET /shopdetail/364/115229841.shtm HTTP/1.1" 403 31 "-" "Mozilla/5.0 (X11; Linux x86_64) AppleWebKit/537.36 (KHTML, like Gecko) Chrome/151.0.7922.108 Safari/537.36"
82.148.16.210 - - [18/Aug/2026:07:03:15 +0300] "POST /wp-cron.php?doing_wp_cron=1787025795.2976980209350585937500 HTTP/1.1" 200 31 "-" "WordPress/6.9.1; https://fita.staroobrad.ru"
66.249.78.69 - - [18/Aug/2026:07:03:15 +0300] "GET /shop/customer/bookmark.aspx HTTP/1.1" 404 31 "-" "Mozilla/5.0 (compatible; Googlebot/2.1; +http://www.google.com/bot.html)"
66.249.78.70 - - [18/Aug/2026:07:03:16 +0300] "GET /shop/customer/bookmark.aspx HTTP/1.1" 404 31 "-" "Mozilla/5.0 (Linux; Android 6.0.1; Nexus 5X Build/MMB29P) AppleWebKit/537.36 (KHTML, like Gecko) Chrome/151.0.7922.137 Mobile Safari/537.36 (compatible; Googlebot/2.1; +http://www.google.com/bot.html)"
82.148.16.210 - - [18/Aug/2026:07:04:18 +0300] "POST /wp-cron.php?doing_wp_cron=1787025858.6425039768218994140625 HTTP/1.1" 200 31 "-" "WordPress/6.9.1; https://fita.staroobrad.ru"
66.249.66.202 - - [18/Aug/2026:07:04:18 +0300] "GET /shop/television/essential260015472.shtml HTTP/1.1" 404 31 "-" "Mozilla/5.0 (compatible; Googlebot/2.1; +http://www.google.com/bot.html)"
82.148.16.210 - - [18/Aug/2026:07:07:01 +0300] "POST /wp-cron.php?doing_wp_cron=1787026021.8432579040527343750000 HTTP/1.1" 200 31 "-" "WordPress/6.9.1; https://fita.staroobrad.ru"
66.249.78.71 - - [18/Aug/2026:07:07:01 +0300] "GET /shop/county/severely123032429.shtml HTTP/1.1" 404 31 "-" "Mozilla/5.0 (Linux; Android 6.0.1; Nexus 5X Build/MMB29P) AppleWebKit/537.36 (KHTML, like Gecko) Chrome/151.0.7922.137 Mobile Safari/537.36 (compatible; Googlebot/2.1; +http://www.google.com/bot.html)"
82.148.16.210 - - [18/Aug/2026:07:09:03 +0300] "POST /wp-cron.php?doing_wp_cron=1787026143.3100140094757080078125 HTTP/1.1" 200 31 "-" "WordPress/6.9.1; https://fita.staroobrad.ru"
66.249.78.69 - - [18/Aug/2026:07:09:03 +0300] "GET /shop/therapy/Muslim013006941.shtml HTTP/1.1" 404 31 "-" "Mozilla/5.0 (Linux; Android 6.0.1; Nexus 5X Build/MMB29P) AppleWebKit/537.36 (KHTML, like Gecko) Chrome/151.0.7922.137 Mobile Safari/537.36 (compatible; GoogleOther)"
82.148.16.210 - - [18/Aug/2026:07:12:10 +0300] "POST /wp-cron.php?doing_wp_cron=1787026330.4590721130371093750000 HTTP/1.1" 200 31 "-" "WordPress/6.9.1; https://fita.staroobrad.ru"
66.249.66.76 - - [18/Aug/2026:07:12:10 +0300] "GET /classic/501738115382564.shtm HTTP/1.1" 404 31 "-" "Mozilla/5.0 (Linux; Android 6.0.1; Nexus 5X Build/MMB29P) AppleWebKit/537.36 (KHTML, like Gecko) Chrome/151.0.7922.137 Mobile Safari/537.36 (compatible; GoogleOther)"
66.249.78.70 - - [18/Aug/2026:07:12:21 +0300] "GET /?everyone/023002426 HTTP/1.1" 301 5 "-" "Mozilla/5.0 (Linux; Android 6.0.1; Nexus 5X Build/MMB29P) AppleWebKit/537.36 (KHTML, like Gecko) Chrome/151.0.7922.137 Mobile Safari/537.36 (compatible; GoogleOther)"
66.249.66.74 - - [18/Aug/2026:07:12:33 +0300] "GET /?everyone%2F023002426 HTTP/1.1" 404 31 "-" "Mozilla/5.0 (Linux; Android 6.0.1; Nexus 5X Build/MMB29P) AppleWebKit/537.36 (KHTML, like Gecko) Chrome/151.0.7922.137 Mobile Safari/537.36 (compatible; GoogleOther)"
82.148.16.210 - - [18/Aug/2026:07:13:19 +0300] "POST /wp-cron.php?doing_wp_cron=1787026399.4660599231719970703125 HTTP/1.1" 200 31 "-" "WordPress/6.9.1; https://fita.staroobrad.ru"
66.249.66.74 - - [18/Aug/2026:07:13:19 +0300] "GET /shop/percentage/strategic008000964.shtml HTTP/1.1" 404 31 "-" "Mozilla/5.0 (compatible; Googlebot/2.1; +http://www.google.com/bot.html)"
82.148.16.210 - - [18/Aug/2026:07:13:57 +0300] "POST /wp-cron.php?doing_wp_cron=1787026437.1672239303588867187500 HTTP/1.1" 200 31 "-" "WordPress/6.9.1; https://fita.staroobrad.ru"
66.249.78.71 - - [18/Aug/2026:07:13:57 +0300] "GET /shopdetail/135/11583357.shtm HTTP/1.1" 404 31 "-" "Mozilla/5.0 (Linux; Android 6.0.1; Nexus 5X Build/MMB29P) AppleWebKit/537.36 (KHTML, like Gecko) Chrome/151.0.7922.137 Mobile Safari/537.36 (compatible; Googlebot/2.1; +http://www.google.com/bot.html)"
82.148.16.210 - - [18/Aug/2026:07:15:16 +0300] "POST /wp-cron.php?doing_wp_cron=1787026516.3170299530029296875000 HTTP/1.1" 200 31 "-" "WordPress/6.9.1; https://fita.staroobrad.ru"
66.249.66.74 - - [18/Aug/2026:07:15:16 +0300] "GET /shop/fog/triumph117026845.shtml HTTP/1.1" 404 31 "-" "Mozilla/5.0 (Linux; Android 6.0.1; Nexus 5X Build/MMB29P) AppleWebKit/537.36 (KHTML, like Gecko) Chrome/151.0.7922.137 Mobile Safari/537.36 (compatible; Googlebot/2.1; +http://www.google.com/bot.html)"
66.249.66.75 - - [18/Aug/2026:07:15:32 +0300] "GET /shopdetail/406/11542465.shtm HTTP/1.1" 404 31 "-" "Mozilla/5.0 (compatible; Googlebot/2.1; +http://www.google.com/bot.html)"
82.148.16.210 - - [18/Aug/2026:07:17:36 +0300] "POST /wp-cron.php?doing_wp_cron=1787026655.8892750740051269531250 HTTP/1.1" 200 31 "-" "WordPress/6.9.1; https://fita.staroobrad.ru"
66.249.66.203 - - [18/Aug/2026:07:17:36 +0300] "GET /shop/layer/square298048046.shtml HTTP/1.1" 404 31 "-" "Mozilla/5.0 (Linux; Android 6.0.1; Nexus 5X Build/MMB29P) AppleWebKit/537.36 (KHTML, like Gecko) Chrome/151.0.7922.137 Mobile Safari/537.36 (compatible; Googlebot/2.1; +http://www.google.com/bot.html)"
20.100.169.31 - - [18/Aug/2026:07:17:56 +0300] "GET /inputs.php HTTP/1.1" 404 3 "-" "Mozilla/5.0 (Windows NT 10.0; Win64; x64) AppleWebKit/537.36 (KHTML, like Gecko) Chrome/120.0.0.0 Safari/537.36"
20.100.169.31 - - [18/Aug/2026:07:17:56 +0300] "GET /admin.php HTTP/1.1" 404 3 "-" "Mozilla/5.0 (Windows NT 10.0; Win64; x64) AppleWebKit/537.36 (KHTML, like Gecko) Chrome/120.0.0.0 Safari/537.36"
20.100.169.31 - - [18/Aug/2026:07:17:57 +0300] "GET /goods.php HTTP/1.1" 404 3 "-" "Mozilla/5.0 (Windows NT 10.0; Win64; x64) AppleWebKit/537.36 (KHTML, like Gecko) Chrome/120.0.0.0 Safari/537.36"
20.100.169.31 - - [18/Aug/2026:07:17:57 +0300] "GET /file.php HTTP/1.1" 404 3 "-" "Mozilla/5.0 (Windows NT 10.0; Win64; x64) AppleWebKit/537.36 (KHTML, like Gecko) Chrome/120.0.0.0 Safari/537.36"
20.100.169.31 - - [18/Aug/2026:07:17:57 +0300] "GET /adminfuns.php HTTP/1.1" 404 3 "-" "Mozilla/5.0 (Windows NT 10.0; Win64; x64) AppleWebKit/537.36 (KHTML, like Gecko) Chrome/120.0.0.0 Safari/537.36"
20.100.169.31 - - [18/Aug/2026:07:17:57 +0300] "GET /404.php HTTP/1.1" 404 3 "-" "Mozilla/5.0 (Windows NT 10.0; Win64; x64) AppleWebKit/537.36 (KHTML, like Gecko) Chrome/120.0.0.0 Safari/537.36"
20.100.169.31 - - [18/Aug/2026:07:17:57 +0300] "GET /wk/index.php HTTP/1.1" 404 3 "-" "Mozilla/5.0 (Windows NT 10.0; Win64; x64) AppleWebKit/537.36 (KHTML, like Gecko) Chrome/120.0.0.0 Safari/537.36"
20.100.169.31 - - [18/Aug/2026:07:17:57 +0300] "GET /about.php HTTP/1.1" 404 3 "-" "Mozilla/5.0 (Windows NT 10.0; Win64; x64) AppleWebKit/537.36 (KHTML, like Gecko) Chrome/120.0.0.0 Safari/537.36"
20.100.169.31 - - [18/Aug/2026:07:17:57 +0300] "GET /term.php HTTP/1.1" 404 3 "-" "Mozilla/5.0 (Windows NT 10.0; Win64; x64) AppleWebKit/537.36 (KHTML, like Gecko) Chrome/120.0.0.0 Safari/537.36"
20.100.169.31 - - [18/Aug/2026:07:17:57 +0300] "GET /ioxi-o.php HTTP/1.1" 404 3 "-" "Mozilla/5.0 (Windows NT 10.0; Win64; x64) AppleWebKit/537.36 (KHTML, like Gecko) Chrome/120.0.0.0 Safari/537.36"
20.100.169.31 - - [18/Aug/2026:07:17:57 +0300] "GET /1.php HTTP/1.1" 404 3 "-" "Mozilla/5.0 (Windows NT 10.0; Win64; x64) AppleWebKit/537.36 (KHTML, like Gecko) Chrome/120.0.0.0 Safari/537.36"
20.100.169.31 - - [18/Aug/2026:07:17:57 +0300] "GET /alfa.php HTTP/1.1" 404 3 "-" "Mozilla/5.0 (Windows NT 10.0; Win64; x64) AppleWebKit/537.36 (KHTML, like Gecko) Chrome/120.0.0.0 Safari/537.36"
20.100.169.31 - - [18/Aug/2026:07:17:57 +0300] "GET /edit.php HTTP/1.1" 404 3 "-" "Mozilla/5.0 (Windows NT 10.0; Win64; x64) AppleWebKit/537.36 (KHTML, like Gecko) Chrome/120.0.0.0 Safari/537.36"
20.100.169.31 - - [18/Aug/2026:07:17:57 +0300] "GET /elp.php HTTP/1.1" 404 3 "-" "Mozilla/5.0 (Windows NT 10.0; Win64; x64) AppleWebKit/537.36 (KHTML, like Gecko) Chrome/120.0.0.0 Safari/537.36"
20.100.169.31 - - [18/Aug/2026:07:17:57 +0300] "GET /classwithtostring.php HTTP/1.1" 404 3 "-" "Mozilla/5.0 (Windows NT 10.0; Win64; x64) AppleWebKit/537.36 (KHTML, like Gecko) Chrome/120.0.0.0 Safari/537.36"
20.100.169.31 - - [18/Aug/2026:07:17:57 +0300] "GET /666.php HTTP/1.1" 404 3 "-" "Mozilla/5.0 (Windows NT 10.0; Win64; x64) AppleWebKit/537.36 (KHTML, like Gecko) Chrome/120.0.0.0 Safari/537.36"
82.148.16.210 - - [18/Aug/2026:07:17:58 +0300] "POST /wp-cron.php?doing_wp_cron=1787026678.2597920894622802734375 HTTP/1.1" 200 31 "-" "WordPress/6.9.1; https://fita.staroobrad.ru"
20.100.169.31 - - [18/Aug/2026:07:17:58 +0300] "GET /wp-admin/ HTTP/1.1" 302 5 "-" "Mozilla/5.0 (Windows NT 10.0; Win64; x64) AppleWebKit/537.36 (KHTML, like Gecko) Chrome/120.0.0.0 Safari/537.36"
20.100.169.31 - - [18/Aug/2026:07:17:58 +0300] "GET /ws54.php HTTP/1.1" 404 3 "-" "Mozilla/5.0 (Windows NT 10.0; Win64; x64) AppleWebKit/537.36 (KHTML, like Gecko) Chrome/120.0.0.0 Safari/537.36"
20.100.169.31 - - [18/Aug/2026:07:17:58 +0300] "GET /deepseek_d.php HTTP/1.1" 404 3 "-" "Mozilla/5.0 (Windows NT 10.0; Win64; x64) AppleWebKit/537.36 (KHTML, like Gecko) Chrome/120.0.0.0 Safari/537.36"
20.100.169.31 - - [18/Aug/2026:07:17:58 +0300] "GET /function/function.php HTTP/1.1" 404 3 "-" "Mozilla/5.0 (Windows NT 10.0; Win64; x64) AppleWebKit/537.36 (KHTML, like Gecko) Chrome/120.0.0.0 Safari/537.36"
20.100.169.31 - - [18/Aug/2026:07:17:58 +0300] "GET /nw.php HTTP/1.1" 404 3 "-" "Mozilla/5.0 (Windows NT 10.0; Win64; x64) AppleWebKit/537.36 (KHTML, like Gecko) Chrome/120.0.0.0 Safari/537.36"
20.100.169.31 - - [18/Aug/2026:07:17:58 +0300] "GET /xleet.php HTTP/1.1" 404 3 "-" "Mozilla/5.0 (Windows NT 10.0; Win64; x64) AppleWebKit/537.36 (KHTML, like Gecko) Chrome/120.0.0.0 Safari/537.36"
20.100.169.31 - - [18/Aug/2026:07:17:58 +0300] "GET /wp.php HTTP/1.1" 404 3 "-" "Mozilla/5.0 (Windows NT 10.0; Win64; x64) AppleWebKit/537.36 (KHTML, like Gecko) Chrome/120.0.0.0 Safari/537.36"
20.100.169.31 - - [18/Aug/2026:07:17:58 +0300] "GET /155.php HTTP/1.1" 404 3 "-" "Mozilla/5.0 (Windows NT 10.0; Win64; x64) AppleWebKit/537.36 (KHTML, like Gecko) Chrome/120.0.0.0 Safari/537.36"
20.100.169.31 - - [18/Aug/2026:07:17:58 +0300] "GET /96i.php HTTP/1.1" 404 3 "-" "Mozilla/5.0 (Windows NT 10.0; Win64; x64) AppleWebKit/537.36 (KHTML, like Gecko) Chrome/120.0.0.0 Safari/537.36"
20.100.169.31 - - [18/Aug/2026:07:17:58 +0300] "GET /as.php HTTP/1.1" 404 3 "-" "Mozilla/5.0 (Windows NT 10.0; Win64; x64) AppleWebKit/537.36 (KHTML, like Gecko) Chrome/120.0.0.0 Safari/537.36"
20.100.169.31 - - [18/Aug/2026:07:17:58 +0300] "GET /min.php HTTP/1.1" 404 3 "-" "Mozilla/5.0 (Windows NT 10.0; Win64; x64) AppleWebKit/537.36 (KHTML, like Gecko) Chrome/120.0.0.0 Safari/537.36"
20.100.169.31 - - [18/Aug/2026:07:17:58 +0300] "GET /.well-known/ HTTP/1.1" 302 138 "-" "Mozilla/5.0 (Windows NT 10.0; Win64; x64) AppleWebKit/537.36 (KHTML, like Gecko) Chrome/120.0.0.0 Safari/537.36"
20.100.169.31 - - [18/Aug/2026:07:17:59 +0300] "GET /php8.php HTTP/1.1" 404 3 "-" "Mozilla/5.0 (Windows NT 10.0; Win64; x64) AppleWebKit/537.36 (KHTML, like Gecko) Chrome/120.0.0.0 Safari/537.36"
20.100.169.31 - - [18/Aug/2026:07:17:59 +0300] "GET /wp-content/admin.php HTTP/1.1" 404 3 "-" "Mozilla/5.0 (Windows NT 10.0; Win64; x64) AppleWebKit/537.36 (KHTML, like Gecko) Chrome/120.0.0.0 Safari/537.36"
20.100.169.31 - - [18/Aug/2026:07:17:59 +0300] "GET /222.php HTTP/1.1" 404 3 "-" "Mozilla/5.0 (Windows NT 10.0; Win64; x64) AppleWebKit/537.36 (KHTML, like Gecko) Chrome/120.0.0.0 Safari/537.36"
20.100.169.31 - - [18/Aug/2026:07:17:59 +0300] "GET /wp-content/themes/pridmag/il.php HTTP/1.1" 404 3 "-" "Mozilla/5.0 (Windows NT 10.0; Win64; x64) AppleWebKit/537.36 (KHTML, like Gecko) Chrome/120.0.0.0 Safari/537.36"
20.100.169.31 - - [18/Aug/2026:07:17:59 +0300] "GET /info.php HTTP/1.1" 404 3 "-" "Mozilla/5.0 (Windows NT 10.0; Win64; x64) AppleWebKit/537.36 (KHTML, like Gecko) Chrome/120.0.0.0 Safari/537.36"
20.100.169.31 - - [18/Aug/2026:07:17:59 +0300] "GET /a.php HTTP/1.1" 404 3 "-" "Mozilla/5.0 (Windows NT 10.0; Win64; x64) AppleWebKit/537.36 (KHTML, like Gecko) Chrome/120.0.0.0 Safari/537.36"
20.100.169.31 - - [18/Aug/2026:07:17:59 +0300] "GET /chosen.php HTTP/1.1" 404 3 "-" "Mozilla/5.0 (Windows NT 10.0; Win64; x64) AppleWebKit/537.36 (KHTML, like Gecko) Chrome/120.0.0.0 Safari/537.36"
20.100.169.31 - - [18/Aug/2026:07:17:59 +0300] "GET /wp-content/index.php HTTP/1.1" 200 31 "-" "Mozilla/5.0 (Windows NT 10.0; Win64; x64) AppleWebKit/537.36 (KHTML, like Gecko) Chrome/120.0.0.0 Safari/537.36"
20.100.169.31 - - [18/Aug/2026:07:17:59 +0300] "GET /vx.php HTTP/1.1" 404 3 "-" "Mozilla/5.0 (Windows NT 10.0; Win64; x64) AppleWebKit/537.36 (KHTML, like Gecko) Chrome/120.0.0.0 Safari/537.36"
20.100.169.31 - - [18/Aug/2026:07:17:59 +0300] "GET /admin/controller/extension/ HTTP/1.1" 403 31 "-" "Mozilla/5.0 (Windows NT 10.0; Win64; x64) AppleWebKit/537.36 (KHTML, like Gecko) Chrome/120.0.0.0 Safari/537.36"
20.100.169.31 - - [18/Aug/2026:07:17:59 +0300] "GET /wap.php HTTP/1.1" 404 3 "-" "Mozilla/5.0 (Windows NT 10.0; Win64; x64) AppleWebKit/537.36 (KHTML, like Gecko) Chrome/120.0.0.0 Safari/537.36"
20.100.169.31 - - [18/Aug/2026:07:18:00 +0300] "GET /wp-admin/wp.php HTTP/1.1" 404 3 "-" "Mozilla/5.0 (Windows NT 10.0; Win64; x64) AppleWebKit/537.36 (KHTML, like Gecko) Chrome/120.0.0.0 Safari/537.36"
20.100.169.31 - - [18/Aug/2026:07:18:00 +0300] "GET /bgymj.php HTTP/1.1" 404 3 "-" "Mozilla/5.0 (Windows NT 10.0; Win64; x64) AppleWebKit/537.36 (KHTML, like Gecko) Chrome/120.0.0.0 Safari/537.36"
20.100.169.31 - - [18/Aug/2026:07:18:00 +0300] "GET /aa.php HTTP/1.1" 404 3 "-" "Mozilla/5.0 (Windows NT 10.0; Win64; x64) AppleWebKit/537.36 (KHTML, like Gecko) Chrome/120.0.0.0 Safari/537.36"
20.100.169.31 - - [18/Aug/2026:07:18:00 +0300] "GET /wp-mail.php HTTP/1.1" 500 2560 "-" "Mozilla/5.0 (Windows NT 10.0; Win64; x64) AppleWebKit/537.36 (KHTML, like Gecko) Chrome/120.0.0.0 Safari/537.36"
20.100.169.31 - - [18/Aug/2026:07:18:00 +0300] "GET /bolt.php HTTP/1.1" 404 3 "-" "Mozilla/5.0 (Windows NT 10.0; Win64; x64) AppleWebKit/537.36 (KHTML, like Gecko) Chrome/120.0.0.0 Safari/537.36"
20.100.169.31 - - [18/Aug/2026:07:18:00 +0300] "GET /bthil.php HTTP/1.1" 404 3 "-" "Mozilla/5.0 (Windows NT 10.0; Win64; x64) AppleWebKit/537.36 (KHTML, like Gecko) Chrome/120.0.0.0 Safari/537.36"
20.100.169.31 - - [18/Aug/2026:07:18:01 +0300] "GET /cgi-bin/ HTTP/1.1" 403 31 "-" "Mozilla/5.0 (Windows NT 10.0; Win64; x64) AppleWebKit/537.36 (KHTML, like Gecko) Chrome/120.0.0.0 Safari/537.36"
20.100.169.31 - - [18/Aug/2026:07:18:01 +0300] "GET /x.php HTTP/1.1" 404 3 "-" "Mozilla/5.0 (Windows NT 10.0; Win64; x64) AppleWebKit/537.36 (KHTML, like Gecko) Chrome/120.0.0.0 Safari/537.36"
20.100.169.31 - - [18/Aug/2026:07:18:01 +0300] "GET /index/function.php HTTP/1.1" 404 3 "-" "Mozilla/5.0 (Windows NT 10.0; Win64; x64) AppleWebKit/537.36 (KHTML, like Gecko) Chrome/120.0.0.0 Safari/537.36"
20.100.169.31 - - [18/Aug/2026:07:18:01 +0300] "GET /aaa.php HTTP/1.1" 404 3 "-" "Mozilla/5.0 (Windows NT 10.0; Win64; x64) AppleWebKit/537.36 (KHTML, like Gecko) Chrome/120.0.0.0 Safari/537.36"
20.100.169.31 - - [18/Aug/2026:07:18:01 +0300] "GET /abcd.php HTTP/1.1" 404 3 "-" "Mozilla/5.0 (Windows NT 10.0; Win64; x64) AppleWebKit/537.36 (KHTML, like Gecko) Chrome/120.0.0.0 Safari/537.36"
20.100.169.31 - - [18/Aug/2026:07:18:01 +0300] "GET /wp-good.php HTTP/1.1" 404 3 "-" "Mozilla/5.0 (Windows NT 10.0; Win64; x64) AppleWebKit/537.36 (KHTML, like Gecko) Chrome/120.0.0.0 Safari/537.36"
20.100.169.31 - - [18/Aug/2026:07:18:01 +0300] "GET /simple.php HTTP/1.1" 404 3 "-" "Mozilla/5.0 (Windows NT 10.0; Win64; x64) AppleWebKit/537.36 (KHTML, like Gecko) Chrome/120.0.0.0 Safari/537.36"
20.100.169.31 - - [18/Aug/2026:07:18:01 +0300] "GET /edit-tags.php HTTP/1.1" 404 3 "-" "Mozilla/5.0 (Windows NT 10.0; Win64; x64) AppleWebKit/537.36 (KHTML, like Gecko) Chrome/120.0.0.0 Safari/537.36"
20.100.169.31 - - [18/Aug/2026:07:18:01 +0300] "GET /u.php HTTP/1.1" 404 3 "-" "Mozilla/5.0 (Windows NT 10.0; Win64; x64) AppleWebKit/537.36 (KHTML, like Gecko) Chrome/120.0.0.0 Safari/537.36"
20.100.169.31 - - [18/Aug/2026:07:18:01 +0300] "GET /wp-content/themes/admin.php HTTP/1.1" 404 3 "-" "Mozilla/5.0 (Windows NT 10.0; Win64; x64) AppleWebKit/537.36 (KHTML, like Gecko) Chrome/120.0.0.0 Safari/537.36"
20.100.169.31 - - [18/Aug/2026:07:18:01 +0300] "GET /h.php HTTP/1.1" 404 3 "-" "Mozilla/5.0 (Windows NT 10.0; Win64; x64) AppleWebKit/537.36 (KHTML, like Gecko) Chrome/120.0.0.0 Safari/537.36"
20.100.169.31 - - [18/Aug/2026:07:18:01 +0300] "GET /ms-edit.php HTTP/1.1" 404 3 "-" "Mozilla/5.0 (Windows NT 10.0; Win64; x64) AppleWebKit/537.36 (KHTML, like Gecko) Chrome/120.0.0.0 Safari/537.36"
20.100.169.31 - - [18/Aug/2026:07:18:01 +0300] "GET /a7.php HTTP/1.1" 404 3 "-" "Mozilla/5.0 (Windows NT 10.0; Win64; x64) AppleWebKit/537.36 (KHTML, like Gecko) Chrome/120.0.0.0 Safari/537.36"
20.100.169.31 - - [18/Aug/2026:07:18:01 +0300] "GET /manager.php HTTP/1.1" 404 3 "-" "Mozilla/5.0 (Windows NT 10.0; Win64; x64) AppleWebKit/537.36 (KHTML, like Gecko) Chrome/120.0.0.0 Safari/537.36"
20.100.169.31 - - [18/Aug/2026:07:18:02 +0300] "GET /w1.php HTTP/1.1" 404 3 "-" "Mozilla/5.0 (Windows NT 10.0; Win64; x64) AppleWebKit/537.36 (KHTML, like Gecko) Chrome/120.0.0.0 Safari/537.36"
20.100.169.31 - - [18/Aug/2026:07:18:02 +0300] "GET /wp-includes/fonts/ HTTP/1.1" 302 138 "-" "Mozilla/5.0 (Windows NT 10.0; Win64; x64) AppleWebKit/537.36 (KHTML, like Gecko) Chrome/120.0.0.0 Safari/537.36"
20.100.169.31 - - [18/Aug/2026:07:18:02 +0300] "GET /wp-login.php HTTP/1.1" 200 3279 "-" "Mozilla/5.0 (Windows NT 10.0; Win64; x64) AppleWebKit/537.36 (KHTML, like Gecko) Chrome/120.0.0.0 Safari/537.36"
20.100.169.31 - - [18/Aug/2026:07:18:03 +0300] "GET /default.php HTTP/1.1" 404 3 "-" "Mozilla/5.0 (Windows NT 10.0; Win64; x64) AppleWebKit/537.36 (KHTML, like Gecko) Chrome/120.0.0.0 Safari/537.36"
20.100.169.31 - - [18/Aug/2026:07:18:03 +0300] "GET /i.php HTTP/1.1" 404 3 "-" "Mozilla/5.0 (Windows NT 10.0; Win64; x64) AppleWebKit/537.36 (KHTML, like Gecko) Chrome/120.0.0.0 Safari/537.36"
20.100.169.31 - - [18/Aug/2026:07:18:03 +0300] "GET /wp-content/uploads/ HTTP/1.1" 302 138 "-" "Mozilla/5.0 (Windows NT 10.0; Win64; x64) AppleWebKit/537.36 (KHTML, like Gecko) Chrome/120.0.0.0 Safari/537.36"
20.100.169.31 - - [18/Aug/2026:07:18:03 +0300] "GET /wp-includes/Requests/library/index.php HTTP/1.1" 404 3 "-" "Mozilla/5.0 (Windows NT 10.0; Win64; x64) AppleWebKit/537.36 (KHTML, like Gecko) Chrome/120.0.0.0 Safari/537.36"
20.100.169.31 - - [18/Aug/2026:07:18:03 +0300] "GET /wp-content/themes/index.php HTTP/1.1" 200 31 "-" "Mozilla/5.0 (Windows NT 10.0; Win64; x64) AppleWebKit/537.36 (KHTML, like Gecko) Chrome/120.0.0.0 Safari/537.36"
20.100.169.31 - - [18/Aug/2026:07:18:03 +0300] "GET /gecko-new.php HTTP/1.1" 404 3 "-" "Mozilla/5.0 (Windows NT 10.0; Win64; x64) AppleWebKit/537.36 (KHTML, like Gecko) Chrome/120.0.0.0 Safari/537.36"
20.100.169.31 - - [18/Aug/2026:07:18:03 +0300] "GET /NewFile.php HTTP/1.1" 404 3 "-" "Mozilla/5.0 (Windows NT 10.0; Win64; x64) AppleWebKit/537.36 (KHTML, like Gecko) Chrome/120.0.0.0 Safari/537.36"
20.100.169.31 - - [18/Aug/2026:07:18:03 +0300] "GET /wp-Blogs.php HTTP/1.1" 404 3 "-" "Mozilla/5.0 (Windows NT 10.0; Win64; x64) AppleWebKit/537.36 (KHTML, like Gecko) Chrome/120.0.0.0 Safari/537.36"
20.100.169.31 - - [18/Aug/2026:07:18:03 +0300] "GET /wp-includes/fonts/index.php HTTP/1.1" 404 3 "-" "Mozilla/5.0 (Windows NT 10.0; Win64; x64) AppleWebKit/537.36 (KHTML, like Gecko) Chrome/120.0.0.0 Safari/537.36"
20.100.169.31 - - [18/Aug/2026:07:18:03 +0300] "GET /themes.php HTTP/1.1" 404 3 "-" "Mozilla/5.0 (Windows NT 10.0; Win64; x64) AppleWebKit/537.36 (KHTML, like Gecko) Chrome/120.0.0.0 Safari/537.36"
20.100.169.31 - - [18/Aug/2026:07:18:03 +0300] "GET /cv.php HTTP/1.1" 404 3 "-" "Mozilla/5.0 (Windows NT 10.0; Win64; x64) AppleWebKit/537.36 (KHTML, like Gecko) Chrome/120.0.0.0 Safari/537.36"
20.100.169.31 - - [18/Aug/2026:07:18:03 +0300] "GET /wp-admin/js/ HTTP/1.1" 302 138 "-" "Mozilla/5.0 (Windows NT 10.0; Win64; x64) AppleWebKit/537.36 (KHTML, like Gecko) Chrome/120.0.0.0 Safari/537.36"
20.100.169.31 - - [18/Aug/2026:07:18:03 +0300] "GET /wp-content/uploads/index.php HTTP/1.1" 404 3 "-" "Mozilla/5.0 (Windows NT 10.0; Win64; x64) AppleWebKit/537.36 (KHTML, like Gecko) Chrome/120.0.0.0 Safari/537.36"
20.100.169.31 - - [18/Aug/2026:07:18:03 +0300] "GET /ws83.php HTTP/1.1" 404 3 "-" "Mozilla/5.0 (Windows NT 10.0; Win64; x64) AppleWebKit/537.36 (KHTML, like Gecko) Chrome/120.0.0.0 Safari/537.36"
20.100.169.31 - - [18/Aug/2026:07:18:03 +0300] "GET /atex1.php HTTP/1.1" 404 3 "-" "Mozilla/5.0 (Windows NT 10.0; Win64; x64) AppleWebKit/537.36 (KHTML, like Gecko) Chrome/120.0.0.0 Safari/537.36"
20.100.169.31 - - [18/Aug/2026:07:18:03 +0300] "GET /class-t.api.php HTTP/1.1" 404 3 "-" "Mozilla/5.0 (Windows NT 10.0; Win64; x64) AppleWebKit/537.36 (KHTML, like Gecko) Chrome/120.0.0.0 Safari/537.36"
20.100.169.31 - - [18/Aug/2026:07:18:04 +0300] "GET /w.php HTTP/1.1" 404 3 "-" "Mozilla/5.0 (Windows NT 10.0; Win64; x64) AppleWebKit/537.36 (KHTML, like Gecko) Chrome/120.0.0.0 Safari/537.36"
20.100.169.31 - - [18/Aug/2026:07:18:04 +0300] "GET /archive.php HTTP/1.1" 404 3 "-" "Mozilla/5.0 (Windows NT 10.0; Win64; x64) AppleWebKit/537.36 (KHTML, like Gecko) Chrome/120.0.0.0 Safari/537.36"
20.100.169.31 - - [18/Aug/2026:07:18:04 +0300] "GET /bless.php HTTP/1.1" 404 3 "-" "Mozilla/5.0 (Windows NT 10.0; Win64; x64) AppleWebKit/537.36 (KHTML, like Gecko) Chrome/120.0.0.0 Safari/537.36"
20.100.169.31 - - [18/Aug/2026:07:18:04 +0300] "GET /sagax1.php HTTP/1.1" 404 3 "-" "Mozilla/5.0 (Windows NT 10.0; Win64; x64) AppleWebKit/537.36 (KHTML, like Gecko) Chrome/120.0.0.0 Safari/537.36"
20.100.169.31 - - [18/Aug/2026:07:18:04 +0300] "GET /wpc.php HTTP/1.1" 404 3 "-" "Mozilla/5.0 (Windows NT 10.0; Win64; x64) AppleWebKit/537.36 (KHTML, like Gecko) Chrome/120.0.0.0 Safari/537.36"
20.100.169.31 - - [18/Aug/2026:07:18:04 +0300] "GET /fone1.php HTTP/1.1" 404 3 "-" "Mozilla/5.0 (Windows NT 10.0; Win64; x64) AppleWebKit/537.36 (KHTML, like Gecko) Chrome/120.0.0.0 Safari/537.36"
20.100.169.31 - - [18/Aug/2026:07:18:04 +0300] "GET /ncx.php HTTP/1.1" 404 3 "-" "Mozilla/5.0 (Windows NT 10.0; Win64; x64) AppleWebKit/537.36 (KHTML, like Gecko) Chrome/120.0.0.0 Safari/537.36"
20.100.169.31 - - [18/Aug/2026:07:18:04 +0300] "GET /wp-admin/js/index.php HTTP/1.1" 404 3 "-" "Mozilla/5.0 (Windows NT 10.0; Win64; x64) AppleWebKit/537.36 (KHTML, like Gecko) Chrome/120.0.0.0 Safari/537.36"
20.100.169.31 - - [18/Aug/2026:07:18:04 +0300] "GET /wso.php HTTP/1.1" 404 3 "-" "Mozilla/5.0 (Windows NT 10.0; Win64; x64) AppleWebKit/537.36 (KHTML, like Gecko) Chrome/120.0.0.0 Safari/537.36"
20.100.169.31 - - [18/Aug/2026:07:18:04 +0300] "GET /zup.php73 HTTP/1.1" 403 31 "-" "Mozilla/5.0 (Windows NT 10.0; Win64; x64) AppleWebKit/537.36 (KHTML, like Gecko) Chrome/120.0.0.0 Safari/537.36"
20.100.169.31 - - [18/Aug/2026:07:18:04 +0300] "GET /k.php HTTP/1.1" 404 3 "-" "Mozilla/5.0 (Windows NT 10.0; Win64; x64) AppleWebKit/537.36 (KHTML, like Gecko) Chrome/120.0.0.0 Safari/537.36"
20.100.169.31 - - [18/Aug/2026:07:18:05 +0300] "GET /wp-blink.php HTTP/1.1" 404 3 "-" "Mozilla/5.0 (Windows NT 10.0; Win64; x64) AppleWebKit/537.36 (KHTML, like Gecko) Chrome/120.0.0.0 Safari/537.36"
20.100.169.31 - - [18/Aug/2026:07:18:05 +0300] "GET /randkeyword.PhP7 HTTP/1.1" 403 31 "-" "Mozilla/5.0 (Windows NT 10.0; Win64; x64) AppleWebKit/537.36 (KHTML, like Gecko) Chrome/120.0.0.0 Safari/537.36"
20.100.169.31 - - [18/Aug/2026:07:18:05 +0300] "GET /wp-admin/css/colors/ectoplasm/ HTTP/1.1" 302 138 "-" "Mozilla/5.0 (Windows NT 10.0; Win64; x64) AppleWebKit/537.36 (KHTML, like Gecko) Chrome/120.0.0.0 Safari/537.36"
20.100.169.31 - - [18/Aug/2026:07:18:05 +0300] "GET /wp-content/ HTTP/1.1" 200 31 "-" "Mozilla/5.0 (Windows NT 10.0; Win64; x64) AppleWebKit/537.36 (KHTML, like Gecko) Chrome/120.0.0.0 Safari/537.36"
20.100.169.31 - - [18/Aug/2026:07:18:05 +0300] "GET /ww5.php HTTP/1.1" 404 3 "-" "Mozilla/5.0 (Windows NT 10.0; Win64; x64) AppleWebKit/537.36 (KHTML, like Gecko) Chrome/120.0.0.0 Safari/537.36"
20.100.169.31 - - [18/Aug/2026:07:18:05 +0300] "GET /2.php HTTP/1.1" 404 3 "-" "Mozilla/5.0 (Windows NT 10.0; Win64; x64) AppleWebKit/537.36 (KHTML, like Gecko) Chrome/120.0.0.0 Safari/537.36"
20.100.169.31 - - [18/Aug/2026:07:18:05 +0300] "GET /wp-admin/classwithtostring.php HTTP/1.1" 404 3 "-" "Mozilla/5.0 (Windows NT 10.0; Win64; x64) AppleWebKit/537.36 (KHTML, like Gecko) Chrome/120.0.0.0 Safari/537.36"
20.100.169.31 - - [18/Aug/2026:07:18:05 +0300] "GET /atomlib.php HTTP/1.1" 404 3 "-" "Mozilla/5.0 (Windows NT 10.0; Win64; x64) AppleWebKit/537.36 (KHTML, like Gecko) Chrome/120.0.0.0 Safari/537.36"
20.100.169.31 - - [18/Aug/2026:07:18:05 +0300] "GET /rip.php HTTP/1.1" 404 3 "-" "Mozilla/5.0 (Windows NT 10.0; Win64; x64) AppleWebKit/537.36 (KHTML, like Gecko) Chrome/120.0.0.0 Safari/537.36"
20.100.169.31 - - [18/Aug/2026:07:18:05 +0300] "GET /p.php HTTP/1.1" 404 3 "-" "Mozilla/5.0 (Windows NT 10.0; Win64; x64) AppleWebKit/537.36 (KHTML, like Gecko) Chrome/120.0.0.0 Safari/537.36"
20.100.169.31 - - [18/Aug/2026:07:18:05 +0300] "GET /php.php HTTP/1.1" 404 3 "-" "Mozilla/5.0 (Windows NT 10.0; Win64; x64) AppleWebKit/537.36 (KHTML, like Gecko) Chrome/120.0.0.0 Safari/537.36"
66.249.78.69 - - [18/Aug/2026:07:18:43 +0300] "GET /shopdetail/135/11583501.shtm HTTP/1.1" 404 31 "-" "Mozilla/5.0 (compatible; Googlebot/2.1; +http://www.google.com/bot.html)"
82.148.16.210 - - [18/Aug/2026:07:20:44 +0300] "POST /wp-cron.php?doing_wp_cron=1787026844.0392749309539794921875 HTTP/1.1" 200 31 "-" "WordPress/6.9.1; https://fita.staroobrad.ru"
66.249.66.35 - - [18/Aug/2026:07:20:44 +0300] "GET /657747741 HTTP/1.1" 404 31 "-" "Mozilla/5.0 (compatible; Googlebot/2.1; +http://www.google.com/bot.html)"
82.148.16.210 - - [18/Aug/2026:07:23:22 +0300] "POST /wp-cron.php?doing_wp_cron=1787027002.3293690681457519531250 HTTP/1.1" 200 31 "-" "WordPress/6.9.1; https://fita.staroobrad.ru"
66.249.66.36 - - [18/Aug/2026:07:23:22 +0300] "GET /82400636 HTTP/1.1" 404 31 "-" "Mozilla/5.0 (compatible; Googlebot/2.1; +http://www.google.com/bot.html)"
66.249.78.69 - - [18/Aug/2026:07:23:22 +0300] "GET /82400636 HTTP/1.1" 404 31 "-" "Mozilla/5.0 (Linux; Android 6.0.1; Nexus 5X Build/MMB29P) AppleWebKit/537.36 (KHTML, like Gecko) Chrome/151.0.7922.137 Mobile Safari/537.36 (compatible; Googlebot/2.1; +http://www.google.com/bot.html)"
82.148.16.210 - - [18/Aug/2026:07:25:56 +0300] "POST /wp-cron.php?doing_wp_cron=1787027156.2001318931579589843750 HTTP/1.1" 200 31 "-" "WordPress/6.9.1; https://fita.staroobrad.ru"
66.249.66.44 - - [18/Aug/2026:07:25:56 +0300] "GET /shopdetail/135/1159649.shtm HTTP/1.1" 404 31 "-" "Mozilla/5.0 (compatible; Googlebot/2.1; +http://www.google.com/bot.html)"
82.148.16.210 - - [18/Aug/2026:07:29:08 +0300] "POST /wp-cron.php?doing_wp_cron=1787027347.8233740329742431640625 HTTP/1.1" 200 31 "-" "WordPress/6.9.1; https://fita.staroobrad.ru"
66.249.66.202 - - [18/Aug/2026:07:29:08 +0300] "GET /shop/tap/smart160003544.shtml HTTP/1.1" 404 31 "-" "Mozilla/5.0 (compatible; Googlebot/2.1; +http://www.google.com/bot.html)"
66.249.66.203 - - [18/Aug/2026:07:29:09 +0300] "GET /shop/shit/regarding075006617.shtml HTTP/1.1" 404 31 "-" "Mozilla/5.0 (Linux; Android 6.0.1; Nexus 5X Build/MMB29P) AppleWebKit/537.36 (KHTML, like Gecko) Chrome/151.0.7922.137 Mobile Safari/537.36 (compatible; Googlebot/2.1; +http://www.google.com/bot.html)"
66.249.78.69 - - [18/Aug/2026:07:29:15 +0300] "GET /shop/shit/regarding075006617.shtml HTTP/1.1" 404 31 "-" "Mozilla/5.0 (compatible; Googlebot/2.1; +http://www.google.com/bot.html)"
82.148.16.210 - - [18/Aug/2026:07:31:30 +0300] "POST /wp-cron.php?doing_wp_cron=1787027490.3445270061492919921875 HTTP/1.1" 200 31 "-" "WordPress/6.9.1; https://fita.staroobrad.ru"
66.249.66.35 - - [18/Aug/2026:07:31:30 +0300] "GET /shop/medal/impress220013684.shtml HTTP/1.1" 404 31 "-" "Mozilla/5.0 (Linux; Android 6.0.1; Nexus 5X Build/MMB29P) AppleWebKit/537.36 (KHTML, like Gecko) Chrome/151.0.7922.137 Mobile Safari/537.36 (compatible; Googlebot/2.1; +http://www.google.com/bot.html)"
66.249.78.69 - - [18/Aug/2026:07:31:30 +0300] "GET /shop/medal/impress220013684.shtml HTTP/1.1" 404 31 "-" "Mozilla/5.0 (compatible; Googlebot/2.1; +http://www.google.com/bot.html)"
216.73.216.111 - - [18/Aug/2026:07:32:00 +0300] "GET /search.php HTTP/2.0" 404 3 "-" "Mozilla/5.0 AppleWebKit/537.36 (KHTML, like Gecko; compatible; ClaudeBot/1.0; +claudebot@anthropic.com)"
82.148.16.210 - - [18/Aug/2026:07:34:33 +0300] "POST /wp-cron.php?doing_wp_cron=1787027673.1366889476776123046875 HTTP/1.1" 200 31 "-" "WordPress/6.9.1; https://fita.staroobrad.ru"
66.249.66.75 - - [18/Aug/2026:07:34:33 +0300] "GET /shop/Olympic/trunk236002494.shtml HTTP/1.1" 404 31 "-" "Mozilla/5.0 (compatible; Googlebot/2.1; +http://www.google.com/bot.html)"
216.73.216.111 - - [18/Aug/2026:07:34:36 +0300] "GET / HTTP/2.0" 403 20 "-" "Mozilla/5.0 AppleWebKit/537.36 (KHTML, like Gecko; compatible; ClaudeBot/1.0; +claudebot@anthropic.com)"
82.148.16.210 - - [18/Aug/2026:07:36:10 +0300] "POST /wp-cron.php?doing_wp_cron=1787027770.8543400764465332031250 HTTP/1.1" 200 31 "-" "WordPress/6.9.1; https://fita.staroobrad.ru"
66.249.66.204 - - [18/Aug/2026:07:36:10 +0300] "GET /?reputation/003029872 HTTP/1.1" 301 5 "-" "Mozilla/5.0 (Linux; Android 6.0.1; Nexus 5X Build/MMB29P) AppleWebKit/537.36 (KHTML, like Gecko) Chrome/151.0.7922.137 Mobile Safari/537.36 (compatible; GoogleOther)"
66.249.66.202 - - [18/Aug/2026:07:36:16 +0300] "GET /?reputation%2F003029872 HTTP/1.1" 404 31 "-" "Mozilla/5.0 (Linux; Android 6.0.1; Nexus 5X Build/MMB29P) AppleWebKit/537.36 (KHTML, like Gecko) Chrome/151.0.7922.137 Mobile Safari/537.36 (compatible; GoogleOther)"
82.148.16.210 - - [18/Aug/2026:07:36:51 +0300] "POST /wp-cron.php?doing_wp_cron=1787027811.1685020923614501953125 HTTP/1.1" 200 31 "-" "WordPress/6.9.1; https://fita.staroobrad.ru"
