74.7.227.155 - - [19/Aug/2026:04:17:29 +0300] "GET /?lokasie=/proc/489/mem&loknya=/proc/489 HTTP/2.0" 200 1808 "https://fita.staroobrad.ru/?loknya=/proc/489" "Mozilla/5.0 AppleWebKit/537.36 (KHTML, like Gecko; compatible; GPTBot/1.4; +https://openai.com/gptbot)"
74.7.227.155 - - [19/Aug/2026:04:17:29 +0300] "GET /?lokasie=/proc/512/mem&loknya=/proc/512 HTTP/2.0" 200 1807 "https://fita.staroobrad.ru/?loknya=/proc/512" "Mozilla/5.0 AppleWebKit/537.36 (KHTML, like Gecko; compatible; GPTBot/1.4; +https://openai.com/gptbot)"
74.7.227.155 - - [19/Aug/2026:04:17:30 +0300] "GET /?lokasie=/proc/278/mem&loknya=/proc/278 HTTP/2.0" 200 1806 "https://fita.staroobrad.ru/?loknya=/proc/278" "Mozilla/5.0 AppleWebKit/537.36 (KHTML, like Gecko; compatible; GPTBot/1.4; +https://openai.com/gptbot)"
74.7.227.155 - - [19/Aug/2026:04:17:30 +0300] "GET /?lokasie=/proc/647/mem&loknya=/proc/647 HTTP/2.0" 200 1807 "https://fita.staroobrad.ru/?loknya=/proc/647" "Mozilla/5.0 AppleWebKit/537.36 (KHTML, like Gecko; compatible; GPTBot/1.4; +https://openai.com/gptbot)"
135.181.3.246 - - [19/Aug/2026:04:17:30 +0300] "GET /?surely/238001921 HTTP/1.1" 200 4033 "-" "Mozilla/5.0 (compatible; SERankingBacklinksBot/1.0; +https://seranking.com/backlinks-crawler)"
74.7.227.155 - - [19/Aug/2026:04:17:31 +0300] "GET /?lokasie=/proc/157/mounts&loknya=/proc/157 HTTP/2.0" 200 2450 "https://fita.staroobrad.ru/?loknya=/proc/157" "Mozilla/5.0 AppleWebKit/537.36 (KHTML, like Gecko; compatible; GPTBot/1.4; +https://openai.com/gptbot)"
74.7.227.155 - - [19/Aug/2026:04:17:31 +0300] "GET /?lokasie=/proc/647/status&loknya=/proc/647 HTTP/2.0" 200 2268 "https://fita.staroobrad.ru/?loknya=/proc/647" "Mozilla/5.0 AppleWebKit/537.36 (KHTML, like Gecko; compatible; GPTBot/1.4; +https://openai.com/gptbot)"
74.7.227.155 - - [19/Aug/2026:04:17:32 +0300] "GET /?lokasie=/proc/709/mounts&loknya=/proc/709 HTTP/2.0" 200 2450 "https://fita.staroobrad.ru/?loknya=/proc/709" "Mozilla/5.0 AppleWebKit/537.36 (KHTML, like Gecko; compatible; GPTBot/1.4; +https://openai.com/gptbot)"
74.7.227.155 - - [19/Aug/2026:04:17:32 +0300] "GET /?lokasie=/proc/705/status&loknya=/proc/705 HTTP/2.0" 200 2314 "https://fita.staroobrad.ru/?loknya=/proc/705" "Mozilla/5.0 AppleWebKit/537.36 (KHTML, like Gecko; compatible; GPTBot/1.4; +https://openai.com/gptbot)"
74.7.227.155 - - [19/Aug/2026:04:17:33 +0300] "GET /?lokasie=/proc/489/mounts&loknya=/proc/489 HTTP/2.0" 200 2451 "https://fita.staroobrad.ru/?loknya=/proc/489" "Mozilla/5.0 AppleWebKit/537.36 (KHTML, like Gecko; compatible; GPTBot/1.4; +https://openai.com/gptbot)"
135.181.3.246 - - [19/Aug/2026:04:17:33 +0300] "GET /?survey/065024284 HTTP/1.1" 200 4033 "-" "Mozilla/5.0 (compatible; SERankingBacklinksBot/1.0; +https://seranking.com/backlinks-crawler)"
74.7.227.155 - - [19/Aug/2026:04:17:33 +0300] "GET /?lokasie=/proc/512/cpuset&loknya=/proc/512 HTTP/2.0" 200 1811 "https://fita.staroobrad.ru/?loknya=/proc/512" "Mozilla/5.0 AppleWebKit/537.36 (KHTML, like Gecko; compatible; GPTBot/1.4; +https://openai.com/gptbot)"
74.7.227.155 - - [19/Aug/2026:04:17:34 +0300] "GET /?lokasie=/proc/705/mounts&loknya=/proc/705 HTTP/2.0" 200 2450 "https://fita.staroobrad.ru/?loknya=/proc/705" "Mozilla/5.0 AppleWebKit/537.36 (KHTML, like Gecko; compatible; GPTBot/1.4; +https://openai.com/gptbot)"
74.7.227.155 - - [19/Aug/2026:04:17:35 +0300] "GET /?lokasie=/proc/278/mounts&loknya=/proc/278 HTTP/2.0" 200 2418 "https://fita.staroobrad.ru/?loknya=/proc/278" "Mozilla/5.0 AppleWebKit/537.36 (KHTML, like Gecko; compatible; GPTBot/1.4; +https://openai.com/gptbot)"
74.7.227.155 - - [19/Aug/2026:04:17:35 +0300] "GET /?lokasie=/proc/512/status&loknya=/proc/512 HTTP/2.0" 200 2286 "https://fita.staroobrad.ru/?loknya=/proc/512" "Mozilla/5.0 AppleWebKit/537.36 (KHTML, like Gecko; compatible; GPTBot/1.4; +https://openai.com/gptbot)"
74.7.227.155 - - [19/Aug/2026:04:17:36 +0300] "GET /?lokasie=/proc/489/status&loknya=/proc/489 HTTP/2.0" 200 2297 "https://fita.staroobrad.ru/?loknya=/proc/489" "Mozilla/5.0 AppleWebKit/537.36 (KHTML, like Gecko; compatible; GPTBot/1.4; +https://openai.com/gptbot)"
74.7.227.155 - - [19/Aug/2026:04:17:36 +0300] "GET /?lokasie=/proc/491/cmdline&loknya=/proc/491 HTTP/2.0" 200 1829 "https://fita.staroobrad.ru/?loknya=/proc/491" "Mozilla/5.0 AppleWebKit/537.36 (KHTML, like Gecko; compatible; GPTBot/1.4; +https://openai.com/gptbot)"
74.7.227.155 - - [19/Aug/2026:04:17:37 +0300] "GET /?lokasie=/proc/705/cmdline&loknya=/proc/705 HTTP/2.0" 200 1836 "https://fita.staroobrad.ru/?loknya=/proc/705" "Mozilla/5.0 AppleWebKit/537.36 (KHTML, like Gecko; compatible; GPTBot/1.4; +https://openai.com/gptbot)"
135.181.3.246 - - [19/Aug/2026:04:17:37 +0300] "GET /?survey/144009889 HTTP/1.1" 200 4033 "-" "Mozilla/5.0 (compatible; SERankingBacklinksBot/1.0; +https://seranking.com/backlinks-crawler)"
74.7.227.155 - - [19/Aug/2026:04:17:37 +0300] "GET /?lokasie=/proc/705/cpuset&loknya=/proc/705 HTTP/2.0" 200 1809 "https://fita.staroobrad.ru/?loknya=/proc/705" "Mozilla/5.0 AppleWebKit/537.36 (KHTML, like Gecko; compatible; GPTBot/1.4; +https://openai.com/gptbot)"
74.7.227.155 - - [19/Aug/2026:04:17:38 +0300] "GET /?lokasie=/proc/517/cmdline&loknya=/proc/517 HTTP/2.0" 200 2062 "https://fita.staroobrad.ru/?loknya=/proc/517" "Mozilla/5.0 AppleWebKit/537.36 (KHTML, like Gecko; compatible; GPTBot/1.4; +https://openai.com/gptbot)"
74.7.227.155 - - [19/Aug/2026:04:17:38 +0300] "GET /?lokasie=/proc/512/cmdline&loknya=/proc/512 HTTP/2.0" 200 1825 "https://fita.staroobrad.ru/?loknya=/proc/512" "Mozilla/5.0 AppleWebKit/537.36 (KHTML, like Gecko; compatible; GPTBot/1.4; +https://openai.com/gptbot)"
74.7.227.155 - - [19/Aug/2026:04:17:39 +0300] "GET /?lokasie=/proc/647/cmdline&loknya=/proc/647 HTTP/2.0" 200 1842 "https://fita.staroobrad.ru/?loknya=/proc/647" "Mozilla/5.0 AppleWebKit/537.36 (KHTML, like Gecko; compatible; GPTBot/1.4; +https://openai.com/gptbot)"
74.7.227.155 - - [19/Aug/2026:04:17:39 +0300] "GET /?lokasie=/proc/489/cpuset&loknya=/proc/489 HTTP/2.0" 200 1812 "https://fita.staroobrad.ru/?loknya=/proc/489" "Mozilla/5.0 AppleWebKit/537.36 (KHTML, like Gecko; compatible; GPTBot/1.4; +https://openai.com/gptbot)"
135.181.3.246 - - [19/Aug/2026:04:17:40 +0300] "GET /?survey/169016004 HTTP/1.1" 200 4033 "-" "Mozilla/5.0 (compatible; SERankingBacklinksBot/1.0; +https://seranking.com/backlinks-crawler)"
74.7.227.155 - - [19/Aug/2026:04:17:40 +0300] "GET /?lokasie=/proc/709/cmdline&loknya=/proc/709 HTTP/2.0" 200 1844 "https://fita.staroobrad.ru/?loknya=/proc/709" "Mozilla/5.0 AppleWebKit/537.36 (KHTML, like Gecko; compatible; GPTBot/1.4; +https://openai.com/gptbot)"
74.7.227.155 - - [19/Aug/2026:04:17:40 +0300] "GET /?lokasie=/proc/512/mounts&loknya=/proc/512 HTTP/2.0" 200 2449 "https://fita.staroobrad.ru/?loknya=/proc/512" "Mozilla/5.0 AppleWebKit/537.36 (KHTML, like Gecko; compatible; GPTBot/1.4; +https://openai.com/gptbot)"
74.7.227.155 - - [19/Aug/2026:04:17:41 +0300] "GET /?lokasie=/proc/647/limits&loknya=/proc/647 HTTP/2.0" 200 2072 "https://fita.staroobrad.ru/?loknya=/proc/647" "Mozilla/5.0 AppleWebKit/537.36 (KHTML, like Gecko; compatible; GPTBot/1.4; +https://openai.com/gptbot)"
74.7.227.155 - - [19/Aug/2026:04:17:41 +0300] "GET /?lokasie=/proc/489/limits&loknya=/proc/489 HTTP/2.0" 200 2070 "https://fita.staroobrad.ru/?loknya=/proc/489" "Mozilla/5.0 AppleWebKit/537.36 (KHTML, like Gecko; compatible; GPTBot/1.4; +https://openai.com/gptbot)"
74.7.227.155 - - [19/Aug/2026:04:17:42 +0300] "GET /?lokasie=/proc/157/cmdline&loknya=/proc/157 HTTP/2.0" 200 1810 "https://fita.staroobrad.ru/?loknya=/proc/157" "Mozilla/5.0 AppleWebKit/537.36 (KHTML, like Gecko; compatible; GPTBot/1.4; +https://openai.com/gptbot)"
74.7.227.155 - - [19/Aug/2026:04:17:42 +0300] "GET /?lokasie=/proc/647/timers&loknya=/proc/647 HTTP/2.0" 200 1808 "https://fita.staroobrad.ru/?loknya=/proc/647" "Mozilla/5.0 AppleWebKit/537.36 (KHTML, like Gecko; compatible; GPTBot/1.4; +https://openai.com/gptbot)"
135.181.3.246 - - [19/Aug/2026:04:17:43 +0300] "GET /?switch/013022726 HTTP/1.1" 200 4033 "-" "Mozilla/5.0 (compatible; SERankingBacklinksBot/1.0; +https://seranking.com/backlinks-crawler)"
74.7.227.155 - - [19/Aug/2026:04:17:43 +0300] "GET /?lokasie=/proc/489/cmdline&loknya=/proc/489 HTTP/2.0" 200 1871 "https://fita.staroobrad.ru/?loknya=/proc/489" "Mozilla/5.0 AppleWebKit/537.36 (KHTML, like Gecko; compatible; GPTBot/1.4; +https://openai.com/gptbot)"
74.7.227.155 - - [19/Aug/2026:04:17:43 +0300] "GET /?lokasie=/proc/517/limits&loknya=/proc/517 HTTP/2.0" 200 2068 "https://fita.staroobrad.ru/?loknya=/proc/517" "Mozilla/5.0 AppleWebKit/537.36 (KHTML, like Gecko; compatible; GPTBot/1.4; +https://openai.com/gptbot)"
74.7.227.155 - - [19/Aug/2026:04:17:44 +0300] "GET /?lokasie=/proc/705/limits&loknya=/proc/705 HTTP/2.0" 200 2071 "https://fita.staroobrad.ru/?loknya=/proc/705" "Mozilla/5.0 AppleWebKit/537.36 (KHTML, like Gecko; compatible; GPTBot/1.4; +https://openai.com/gptbot)"
74.7.227.155 - - [19/Aug/2026:04:17:44 +0300] "GET /?lokasie=/proc/278/timers&loknya=/proc/278 HTTP/2.0" 200 1808 "https://fita.staroobrad.ru/?loknya=/proc/278" "Mozilla/5.0 AppleWebKit/537.36 (KHTML, like Gecko; compatible; GPTBot/1.4; +https://openai.com/gptbot)"
74.7.227.155 - - [19/Aug/2026:04:17:45 +0300] "GET /?lokasie=/proc/517/cpuset&loknya=/proc/517 HTTP/2.0" 200 1811 "https://fita.staroobrad.ru/?loknya=/proc/517" "Mozilla/5.0 AppleWebKit/537.36 (KHTML, like Gecko; compatible; GPTBot/1.4; +https://openai.com/gptbot)"
74.7.227.155 - - [19/Aug/2026:04:17:46 +0300] "GET /?lokasie=/proc/491/limits&loknya=/proc/491 HTTP/2.0" 200 2075 "https://fita.staroobrad.ru/?loknya=/proc/491" "Mozilla/5.0 AppleWebKit/537.36 (KHTML, like Gecko; compatible; GPTBot/1.4; +https://openai.com/gptbot)"
135.181.3.246 - - [19/Aug/2026:04:17:46 +0300] "GET /?switch/042047079 HTTP/1.1" 200 4033 "-" "Mozilla/5.0 (compatible; SERankingBacklinksBot/1.0; +https://seranking.com/backlinks-crawler)"
74.7.227.155 - - [19/Aug/2026:04:17:46 +0300] "GET /?lokasie=/proc/278/limits&loknya=/proc/278 HTTP/2.0" 200 2072 "https://fita.staroobrad.ru/?loknya=/proc/278" "Mozilla/5.0 AppleWebKit/537.36 (KHTML, like Gecko; compatible; GPTBot/1.4; +https://openai.com/gptbot)"
74.7.227.155 - - [19/Aug/2026:04:17:47 +0300] "GET /?lokasie=/proc/491/mounts&loknya=/proc/491 HTTP/2.0" 200 2457 "https://fita.staroobrad.ru/?loknya=/proc/491" "Mozilla/5.0 AppleWebKit/537.36 (KHTML, like Gecko; compatible; GPTBot/1.4; +https://openai.com/gptbot)"
74.7.227.155 - - [19/Aug/2026:04:17:47 +0300] "GET /?lokasie=/proc/512/timers&loknya=/proc/512 HTTP/2.0" 200 1808 "https://fita.staroobrad.ru/?loknya=/proc/512" "Mozilla/5.0 AppleWebKit/537.36 (KHTML, like Gecko; compatible; GPTBot/1.4; +https://openai.com/gptbot)"
74.7.227.155 - - [19/Aug/2026:04:17:48 +0300] "GET /?lokasie=/proc/157/cpuset&loknya=/proc/157 HTTP/2.0" 200 1811 "https://fita.staroobrad.ru/?loknya=/proc/157" "Mozilla/5.0 AppleWebKit/537.36 (KHTML, like Gecko; compatible; GPTBot/1.4; +https://openai.com/gptbot)"
74.7.227.155 - - [19/Aug/2026:04:17:48 +0300] "GET /?lokasie=/proc/512/limits&loknya=/proc/512 HTTP/2.0" 200 2071 "https://fita.staroobrad.ru/?loknya=/proc/512" "Mozilla/5.0 AppleWebKit/537.36 (KHTML, like Gecko; compatible; GPTBot/1.4; +https://openai.com/gptbot)"
74.7.227.155 - - [19/Aug/2026:04:17:49 +0300] "GET /?lokasie=/proc/709/cpuset&loknya=/proc/709 HTTP/2.0" 200 1810 "https://fita.staroobrad.ru/?loknya=/proc/709" "Mozilla/5.0 AppleWebKit/537.36 (KHTML, like Gecko; compatible; GPTBot/1.4; +https://openai.com/gptbot)"
135.181.3.246 - - [19/Aug/2026:04:17:49 +0300] "GET /?switch/088044871 HTTP/1.1" 200 4033 "-" "Mozilla/5.0 (compatible; SERankingBacklinksBot/1.0; +https://seranking.com/backlinks-crawler)"
74.7.227.155 - - [19/Aug/2026:04:17:49 +0300] "GET /?lokasie=/proc/708/cmdline&loknya=/proc/708 HTTP/2.0" 200 1837 "https://fita.staroobrad.ru/?loknya=/proc/708" "Mozilla/5.0 AppleWebKit/537.36 (KHTML, like Gecko; compatible; GPTBot/1.4; +https://openai.com/gptbot)"
74.7.227.155 - - [19/Aug/2026:04:17:50 +0300] "GET /?lokasie=/proc/709/status&loknya=/proc/709 HTTP/2.0" 200 2307 "https://fita.staroobrad.ru/?loknya=/proc/709" "Mozilla/5.0 AppleWebKit/537.36 (KHTML, like Gecko; compatible; GPTBot/1.4; +https://openai.com/gptbot)"
74.7.227.155 - - [19/Aug/2026:04:17:50 +0300] "GET /?lokasie=/proc/708/timers&loknya=/proc/708 HTTP/2.0" 200 1808 "https://fita.staroobrad.ru/?loknya=/proc/708" "Mozilla/5.0 AppleWebKit/537.36 (KHTML, like Gecko; compatible; GPTBot/1.4; +https://openai.com/gptbot)"
74.7.227.155 - - [19/Aug/2026:04:17:51 +0300] "GET /?lokasie=/proc/647/mounts&loknya=/proc/647 HTTP/2.0" 200 2450 "https://fita.staroobrad.ru/?loknya=/proc/647" "Mozilla/5.0 AppleWebKit/537.36 (KHTML, like Gecko; compatible; GPTBot/1.4; +https://openai.com/gptbot)"
74.7.227.155 - - [19/Aug/2026:04:17:51 +0300] "GET /?lokasie=/proc/708/limits&loknya=/proc/708 HTTP/2.0" 200 2071 "https://fita.staroobrad.ru/?loknya=/proc/708" "Mozilla/5.0 AppleWebKit/537.36 (KHTML, like Gecko; compatible; GPTBot/1.4; +https://openai.com/gptbot)"
74.7.227.155 - - [19/Aug/2026:04:17:52 +0300] "GET /?lokasie=/proc/517/status&loknya=/proc/517 HTTP/2.0" 200 2315 "https://fita.staroobrad.ru/?loknya=/proc/517" "Mozilla/5.0 AppleWebKit/537.36 (KHTML, like Gecko; compatible; GPTBot/1.4; +https://openai.com/gptbot)"
135.181.3.246 - - [19/Aug/2026:04:17:52 +0300] "GET /?symbol/088018233 HTTP/1.1" 200 4033 "-" "Mozilla/5.0 (compatible; SERankingBacklinksBot/1.0; +https://seranking.com/backlinks-crawler)"
74.7.227.155 - - [19/Aug/2026:04:17:52 +0300] "GET /?lokasie=/proc/708/cpuset&loknya=/proc/708 HTTP/2.0" 200 1810 "https://fita.staroobrad.ru/?loknya=/proc/708" "Mozilla/5.0 AppleWebKit/537.36 (KHTML, like Gecko; compatible; GPTBot/1.4; +https://openai.com/gptbot)"
74.7.227.155 - - [19/Aug/2026:04:17:53 +0300] "GET /?lokasie=/proc/491/cpuset&loknya=/proc/491 HTTP/2.0" 200 1812 "https://fita.staroobrad.ru/?loknya=/proc/491" "Mozilla/5.0 AppleWebKit/537.36 (KHTML, like Gecko; compatible; GPTBot/1.4; +https://openai.com/gptbot)"
74.7.227.155 - - [19/Aug/2026:04:17:53 +0300] "GET /?lokasie=/proc/489/timers&loknya=/proc/489 HTTP/2.0" 200 1810 "https://fita.staroobrad.ru/?loknya=/proc/489" "Mozilla/5.0 AppleWebKit/537.36 (KHTML, like Gecko; compatible; GPTBot/1.4; +https://openai.com/gptbot)"
74.7.227.155 - - [19/Aug/2026:04:17:54 +0300] "GET /?lokasie=/proc/278/status&loknya=/proc/278 HTTP/2.0" 200 2303 "https://fita.staroobrad.ru/?loknya=/proc/278" "Mozilla/5.0 AppleWebKit/537.36 (KHTML, like Gecko; compatible; GPTBot/1.4; +https://openai.com/gptbot)"
74.7.227.155 - - [19/Aug/2026:04:17:54 +0300] "GET /?lokasie=/proc/157/limits&loknya=/proc/157 HTTP/2.0" 200 2071 "https://fita.staroobrad.ru/?loknya=/proc/157" "Mozilla/5.0 AppleWebKit/537.36 (KHTML, like Gecko; compatible; GPTBot/1.4; +https://openai.com/gptbot)"
74.7.227.155 - - [19/Aug/2026:04:17:55 +0300] "GET /?lokasie=/proc/157/timers&loknya=/proc/157 HTTP/2.0" 200 1808 "https://fita.staroobrad.ru/?loknya=/proc/157" "Mozilla/5.0 AppleWebKit/537.36 (KHTML, like Gecko; compatible; GPTBot/1.4; +https://openai.com/gptbot)"
135.181.3.246 - - [19/Aug/2026:04:17:55 +0300] "GET /?tackle/093019232 HTTP/1.1" 200 4033 "-" "Mozilla/5.0 (compatible; SERankingBacklinksBot/1.0; +https://seranking.com/backlinks-crawler)"
74.7.227.155 - - [19/Aug/2026:04:17:56 +0300] "GET /?lokasie=/proc/517/timers&loknya=/proc/517 HTTP/2.0" 200 1808 "https://fita.staroobrad.ru/?loknya=/proc/517" "Mozilla/5.0 AppleWebKit/537.36 (KHTML, like Gecko; compatible; GPTBot/1.4; +https://openai.com/gptbot)"
74.7.227.155 - - [19/Aug/2026:04:17:56 +0300] "GET /?lokasie=/proc/708/status&loknya=/proc/708 HTTP/2.0" 200 2316 "https://fita.staroobrad.ru/?loknya=/proc/708" "Mozilla/5.0 AppleWebKit/537.36 (KHTML, like Gecko; compatible; GPTBot/1.4; +https://openai.com/gptbot)"
74.7.227.155 - - [19/Aug/2026:04:17:57 +0300] "GET /?lokasie=/proc/278/cmdline&loknya=/proc/278 HTTP/2.0" 200 1828 "https://fita.staroobrad.ru/?loknya=/proc/278" "Mozilla/5.0 AppleWebKit/537.36 (KHTML, like Gecko; compatible; GPTBot/1.4; +https://openai.com/gptbot)"
74.7.227.155 - - [19/Aug/2026:04:17:57 +0300] "GET /?lokasie=/proc/517/mounts&loknya=/proc/517 HTTP/2.0" 200 2450 "https://fita.staroobrad.ru/?loknya=/proc/517" "Mozilla/5.0 AppleWebKit/537.36 (KHTML, like Gecko; compatible; GPTBot/1.4; +https://openai.com/gptbot)"
74.7.227.155 - - [19/Aug/2026:04:17:58 +0300] "GET /?lokasie=/proc/157/status&loknya=/proc/157 HTTP/2.0" 200 2147 "https://fita.staroobrad.ru/?loknya=/proc/157" "Mozilla/5.0 AppleWebKit/537.36 (KHTML, like Gecko; compatible; GPTBot/1.4; +https://openai.com/gptbot)"
74.7.227.155 - - [19/Aug/2026:04:17:58 +0300] "GET /?lokasie=/proc/647/cpuset&loknya=/proc/647 HTTP/2.0" 200 1810 "https://fita.staroobrad.ru/?loknya=/proc/647" "Mozilla/5.0 AppleWebKit/537.36 (KHTML, like Gecko; compatible; GPTBot/1.4; +https://openai.com/gptbot)"
135.181.3.246 - - [19/Aug/2026:04:17:58 +0300] "GET /?tackle/210013443 HTTP/1.1" 200 4033 "-" "Mozilla/5.0 (compatible; SERankingBacklinksBot/1.0; +https://seranking.com/backlinks-crawler)"
74.7.227.155 - - [19/Aug/2026:04:17:59 +0300] "GET /?lokasie=/proc/491/status&loknya=/proc/491 HTTP/2.0" 200 2303 "https://fita.staroobrad.ru/?loknya=/proc/491" "Mozilla/5.0 AppleWebKit/537.36 (KHTML, like Gecko; compatible; GPTBot/1.4; +https://openai.com/gptbot)"
74.7.227.155 - - [19/Aug/2026:04:17:59 +0300] "GET /?lokasie=/proc/709/limits&loknya=/proc/709 HTTP/2.0" 200 2072 "https://fita.staroobrad.ru/?loknya=/proc/709" "Mozilla/5.0 AppleWebKit/537.36 (KHTML, like Gecko; compatible; GPTBot/1.4; +https://openai.com/gptbot)"
74.7.227.155 - - [19/Aug/2026:04:18:00 +0300] "GET /?lokasie=/proc/278/cpuset&loknya=/proc/278 HTTP/2.0" 200 1810 "https://fita.staroobrad.ru/?loknya=/proc/278" "Mozilla/5.0 AppleWebKit/537.36 (KHTML, like Gecko; compatible; GPTBot/1.4; +https://openai.com/gptbot)"
74.7.227.155 - - [19/Aug/2026:04:18:00 +0300] "GET /?lokasie=/proc/491/timers&loknya=/proc/491 HTTP/2.0" 200 1809 "https://fita.staroobrad.ru/?loknya=/proc/491" "Mozilla/5.0 AppleWebKit/537.36 (KHTML, like Gecko; compatible; GPTBot/1.4; +https://openai.com/gptbot)"
74.7.227.155 - - [19/Aug/2026:04:18:01 +0300] "GET /?lokasie=/proc/708/mounts&loknya=/proc/708 HTTP/2.0" 200 2449 "https://fita.staroobrad.ru/?loknya=/proc/708" "Mozilla/5.0 AppleWebKit/537.36 (KHTML, like Gecko; compatible; GPTBot/1.4; +https://openai.com/gptbot)"
74.7.227.155 - - [19/Aug/2026:04:18:01 +0300] "GET /?lokasie=/proc/705/timers&loknya=/proc/705 HTTP/2.0" 200 1807 "https://fita.staroobrad.ru/?loknya=/proc/705" "Mozilla/5.0 AppleWebKit/537.36 (KHTML, like Gecko; compatible; GPTBot/1.4; +https://openai.com/gptbot)"
135.181.3.246 - - [19/Aug/2026:04:18:02 +0300] "GET /?talent/103034316 HTTP/1.1" 200 4033 "-" "Mozilla/5.0 (compatible; SERankingBacklinksBot/1.0; +https://seranking.com/backlinks-crawler)"
74.7.227.155 - - [19/Aug/2026:04:18:02 +0300] "GET /?lokasie=/proc/709/timers&loknya=/proc/709 HTTP/2.0" 200 1808 "https://fita.staroobrad.ru/?loknya=/proc/709" "Mozilla/5.0 AppleWebKit/537.36 (KHTML, like Gecko; compatible; GPTBot/1.4; +https://openai.com/gptbot)"
74.7.227.155 - - [19/Aug/2026:04:18:02 +0300] "GET /?lokasie=/proc/709/oom_adj&loknya=/proc/709 HTTP/2.0" 200 1811 "https://fita.staroobrad.ru/?loknya=/proc/709" "Mozilla/5.0 AppleWebKit/537.36 (KHTML, like Gecko; compatible; GPTBot/1.4; +https://openai.com/gptbot)"
74.7.227.155 - - [19/Aug/2026:04:18:03 +0300] "GET /?lokasie=/proc/157/oom_adj&loknya=/proc/157 HTTP/2.0" 200 1812 "https://fita.staroobrad.ru/?loknya=/proc/157" "Mozilla/5.0 AppleWebKit/537.36 (KHTML, like Gecko; compatible; GPTBot/1.4; +https://openai.com/gptbot)"
74.7.227.155 - - [19/Aug/2026:04:18:03 +0300] "GET /?lokasie=/proc/491/oom_adj&loknya=/proc/491 HTTP/2.0" 200 1812 "https://fita.staroobrad.ru/?loknya=/proc/491" "Mozilla/5.0 AppleWebKit/537.36 (KHTML, like Gecko; compatible; GPTBot/1.4; +https://openai.com/gptbot)"
74.7.227.155 - - [19/Aug/2026:04:18:04 +0300] "GET /?lokasie=/proc/708/oom_adj&loknya=/proc/708 HTTP/2.0" 200 1811 "https://fita.staroobrad.ru/?loknya=/proc/708" "Mozilla/5.0 AppleWebKit/537.36 (KHTML, like Gecko; compatible; GPTBot/1.4; +https://openai.com/gptbot)"
74.7.227.155 - - [19/Aug/2026:04:18:04 +0300] "GET /?lokasie=/proc/647/oom_adj&loknya=/proc/647 HTTP/2.0" 200 1811 "https://fita.staroobrad.ru/?loknya=/proc/647" "Mozilla/5.0 AppleWebKit/537.36 (KHTML, like Gecko; compatible; GPTBot/1.4; +https://openai.com/gptbot)"
135.181.3.246 - - [19/Aug/2026:04:18:05 +0300] "GET /?talent/114004803 HTTP/1.1" 200 4033 "-" "Mozilla/5.0 (compatible; SERankingBacklinksBot/1.0; +https://seranking.com/backlinks-crawler)"
74.7.227.155 - - [19/Aug/2026:04:18:05 +0300] "GET /?lokasie=/proc/278/oom_adj&loknya=/proc/278 HTTP/2.0" 200 1811 "https://fita.staroobrad.ru/?loknya=/proc/278" "Mozilla/5.0 AppleWebKit/537.36 (KHTML, like Gecko; compatible; GPTBot/1.4; +https://openai.com/gptbot)"
74.7.227.155 - - [19/Aug/2026:04:18:06 +0300] "GET /?lokasie=/proc/517/oom_adj&loknya=/proc/517 HTTP/2.0" 200 1812 "https://fita.staroobrad.ru/?loknya=/proc/517" "Mozilla/5.0 AppleWebKit/537.36 (KHTML, like Gecko; compatible; GPTBot/1.4; +https://openai.com/gptbot)"
74.7.227.155 - - [19/Aug/2026:04:18:06 +0300] "GET /?lokasie=/proc/512/oom_adj&loknya=/proc/512 HTTP/2.0" 200 1811 "https://fita.staroobrad.ru/?loknya=/proc/512" "Mozilla/5.0 AppleWebKit/537.36 (KHTML, like Gecko; compatible; GPTBot/1.4; +https://openai.com/gptbot)"
74.7.227.155 - - [19/Aug/2026:04:18:07 +0300] "GET /?lokasie=/proc/489/oom_adj&loknya=/proc/489 HTTP/2.0" 200 1813 "https://fita.staroobrad.ru/?loknya=/proc/489" "Mozilla/5.0 AppleWebKit/537.36 (KHTML, like Gecko; compatible; GPTBot/1.4; +https://openai.com/gptbot)"
74.7.227.155 - - [19/Aug/2026:04:18:07 +0300] "GET /?lokasie=/proc/705/oom_adj&loknya=/proc/705 HTTP/2.0" 200 1810 "https://fita.staroobrad.ru/?loknya=/proc/705" "Mozilla/5.0 AppleWebKit/537.36 (KHTML, like Gecko; compatible; GPTBot/1.4; +https://openai.com/gptbot)"
74.7.227.155 - - [19/Aug/2026:04:18:08 +0300] "GET /?lokasie=/proc/489/stack&loknya=/proc/489 HTTP/2.0" 200 1809 "https://fita.staroobrad.ru/?loknya=/proc/489" "Mozilla/5.0 AppleWebKit/537.36 (KHTML, like Gecko; compatible; GPTBot/1.4; +https://openai.com/gptbot)"
135.181.3.246 - - [19/Aug/2026:04:18:08 +0300] "GET /?target/028035725 HTTP/1.1" 200 4033 "-" "Mozilla/5.0 (compatible; SERankingBacklinksBot/1.0; +https://seranking.com/backlinks-crawler)"
74.7.227.155 - - [19/Aug/2026:04:18:08 +0300] "GET /?lokasie=/proc/709/wchan&loknya=/proc/709 HTTP/2.0" 200 1810 "https://fita.staroobrad.ru/?loknya=/proc/709" "Mozilla/5.0 AppleWebKit/537.36 (KHTML, like Gecko; compatible; GPTBot/1.4; +https://openai.com/gptbot)"
74.7.227.155 - - [19/Aug/2026:04:18:09 +0300] "GET /?lokasie=/proc/705/smaps&loknya=/proc/705 HTTP/2.0" 200 1807 "https://fita.staroobrad.ru/?loknya=/proc/705" "Mozilla/5.0 AppleWebKit/537.36 (KHTML, like Gecko; compatible; GPTBot/1.4; +https://openai.com/gptbot)"
74.7.227.155 - - [19/Aug/2026:04:18:09 +0300] "GET /?lokasie=/proc/705/stack&loknya=/proc/705 HTTP/2.0" 200 1806 "https://fita.staroobrad.ru/?loknya=/proc/705" "Mozilla/5.0 AppleWebKit/537.36 (KHTML, like Gecko; compatible; GPTBot/1.4; +https://openai.com/gptbot)"
74.7.227.155 - - [19/Aug/2026:04:18:10 +0300] "GET /?lokasie=/proc/647/stack&loknya=/proc/647 HTTP/2.0" 200 1806 "https://fita.staroobrad.ru/?loknya=/proc/647" "Mozilla/5.0 AppleWebKit/537.36 (KHTML, like Gecko; compatible; GPTBot/1.4; +https://openai.com/gptbot)"
74.7.227.155 - - [19/Aug/2026:04:18:10 +0300] "GET /?lokasie=/proc/709/smaps&loknya=/proc/709 HTTP/2.0" 200 1808 "https://fita.staroobrad.ru/?loknya=/proc/709" "Mozilla/5.0 AppleWebKit/537.36 (KHTML, like Gecko; compatible; GPTBot/1.4; +https://openai.com/gptbot)"
74.7.227.155 - - [19/Aug/2026:04:18:11 +0300] "GET /?lokasie=/proc/512/stack&loknya=/proc/512 HTTP/2.0" 200 1807 "https://fita.staroobrad.ru/?loknya=/proc/512" "Mozilla/5.0 AppleWebKit/537.36 (KHTML, like Gecko; compatible; GPTBot/1.4; +https://openai.com/gptbot)"
135.181.3.246 - - [19/Aug/2026:04:18:11 +0300] "GET /?target/085044588 HTTP/1.1" 200 4033 "-" "Mozilla/5.0 (compatible; SERankingBacklinksBot/1.0; +https://seranking.com/backlinks-crawler)"
74.7.227.155 - - [19/Aug/2026:04:18:11 +0300] "GET /?lokasie=/proc/489/smaps&loknya=/proc/489 HTTP/2.0" 200 1809 "https://fita.staroobrad.ru/?loknya=/proc/489" "Mozilla/5.0 AppleWebKit/537.36 (KHTML, like Gecko; compatible; GPTBot/1.4; +https://openai.com/gptbot)"
74.7.227.155 - - [19/Aug/2026:04:18:12 +0300] "GET /?lokasie=/proc/708/wchan&loknya=/proc/708 HTTP/2.0" 200 1809 "https://fita.staroobrad.ru/?loknya=/proc/708" "Mozilla/5.0 AppleWebKit/537.36 (KHTML, like Gecko; compatible; GPTBot/1.4; +https://openai.com/gptbot)"
74.7.227.155 - - [19/Aug/2026:04:18:12 +0300] "GET /?lokasie=/proc/278/wchan&loknya=/proc/278 HTTP/2.0" 200 1810 "https://fita.staroobrad.ru/?loknya=/proc/278" "Mozilla/5.0 AppleWebKit/537.36 (KHTML, like Gecko; compatible; GPTBot/1.4; +https://openai.com/gptbot)"
74.7.227.155 - - [19/Aug/2026:04:18:13 +0300] "GET /?lokasie=/proc/278/stack&loknya=/proc/278 HTTP/2.0" 200 1806 "https://fita.staroobrad.ru/?loknya=/proc/278" "Mozilla/5.0 AppleWebKit/537.36 (KHTML, like Gecko; compatible; GPTBot/1.4; +https://openai.com/gptbot)"
74.7.227.155 - - [19/Aug/2026:04:18:13 +0300] "GET /?lokasie=/proc/647/smaps&loknya=/proc/647 HTTP/2.0" 200 1808 "https://fita.staroobrad.ru/?loknya=/proc/647" "Mozilla/5.0 AppleWebKit/537.36 (KHTML, like Gecko; compatible; GPTBot/1.4; +https://openai.com/gptbot)"
74.7.227.155 - - [19/Aug/2026:04:18:14 +0300] "GET /?lokasie=/proc/491/wchan&loknya=/proc/491 HTTP/2.0" 200 1811 "https://fita.staroobrad.ru/?loknya=/proc/491" "Mozilla/5.0 AppleWebKit/537.36 (KHTML, like Gecko; compatible; GPTBot/1.4; +https://openai.com/gptbot)"
135.181.3.246 - - [19/Aug/2026:04:18:14 +0300] "GET /?temple/290007579 HTTP/1.1" 200 4033 "-" "Mozilla/5.0 (compatible; SERankingBacklinksBot/1.0; +https://seranking.com/backlinks-crawler)"
74.7.227.155 - - [19/Aug/2026:04:18:15 +0300] "GET /?lokasie=/proc/647/wchan&loknya=/proc/647 HTTP/2.0" 200 1810 "https://fita.staroobrad.ru/?loknya=/proc/647" "Mozilla/5.0 AppleWebKit/537.36 (KHTML, like Gecko; compatible; GPTBot/1.4; +https://openai.com/gptbot)"
74.7.227.155 - - [19/Aug/2026:04:18:15 +0300] "GET /?lokasie=/proc/491/stack&loknya=/proc/491 HTTP/2.0" 200 1809 "https://fita.staroobrad.ru/?loknya=/proc/491" "Mozilla/5.0 AppleWebKit/537.36 (KHTML, like Gecko; compatible; GPTBot/1.4; +https://openai.com/gptbot)"
74.7.227.155 - - [19/Aug/2026:04:18:16 +0300] "GET /?lokasie=/proc/708/smaps&loknya=/proc/708 HTTP/2.0" 200 1807 "https://fita.staroobrad.ru/?loknya=/proc/708" "Mozilla/5.0 AppleWebKit/537.36 (KHTML, like Gecko; compatible; GPTBot/1.4; +https://openai.com/gptbot)"
74.7.227.155 - - [19/Aug/2026:04:18:16 +0300] "GET /?lokasie=/proc/517/stack&loknya=/proc/517 HTTP/2.0" 200 1807 "https://fita.staroobrad.ru/?loknya=/proc/517" "Mozilla/5.0 AppleWebKit/537.36 (KHTML, like Gecko; compatible; GPTBot/1.4; +https://openai.com/gptbot)"
74.7.227.155 - - [19/Aug/2026:04:18:17 +0300] "GET /?lokasie=/proc/157/smaps&loknya=/proc/157 HTTP/2.0" 200 1808 "https://fita.staroobrad.ru/?loknya=/proc/157" "Mozilla/5.0 AppleWebKit/537.36 (KHTML, like Gecko; compatible; GPTBot/1.4; +https://openai.com/gptbot)"
74.7.227.155 - - [19/Aug/2026:04:18:17 +0300] "GET /?lokasie=/proc/709/stack&loknya=/proc/709 HTTP/2.0" 200 1807 "https://fita.staroobrad.ru/?loknya=/proc/709" "Mozilla/5.0 AppleWebKit/537.36 (KHTML, like Gecko; compatible; GPTBot/1.4; +https://openai.com/gptbot)"
135.181.3.246 - - [19/Aug/2026:04:18:17 +0300] "GET /?tender/058039059 HTTP/1.1" 200 4033 "-" "Mozilla/5.0 (compatible; SERankingBacklinksBot/1.0; +https://seranking.com/backlinks-crawler)"
74.7.227.155 - - [19/Aug/2026:04:18:18 +0300] "GET /?lokasie=/proc/157/wchan&loknya=/proc/157 HTTP/2.0" 200 1810 "https://fita.staroobrad.ru/?loknya=/proc/157" "Mozilla/5.0 AppleWebKit/537.36 (KHTML, like Gecko; compatible; GPTBot/1.4; +https://openai.com/gptbot)"
74.7.227.155 - - [19/Aug/2026:04:18:18 +0300] "GET /?lokasie=/proc/489/wchan&loknya=/proc/489 HTTP/2.0" 200 1811 "https://fita.staroobrad.ru/?loknya=/proc/489" "Mozilla/5.0 AppleWebKit/537.36 (KHTML, like Gecko; compatible; GPTBot/1.4; +https://openai.com/gptbot)"
74.7.227.155 - - [19/Aug/2026:04:18:19 +0300] "GET /?lokasie=/proc/708/stack&loknya=/proc/708 HTTP/2.0" 200 1806 "https://fita.staroobrad.ru/?loknya=/proc/708" "Mozilla/5.0 AppleWebKit/537.36 (KHTML, like Gecko; compatible; GPTBot/1.4; +https://openai.com/gptbot)"
74.7.227.155 - - [19/Aug/2026:04:18:19 +0300] "GET /?lokasie=/proc/512/wchan&loknya=/proc/512 HTTP/2.0" 200 1810 "https://fita.staroobrad.ru/?loknya=/proc/512" "Mozilla/5.0 AppleWebKit/537.36 (KHTML, like Gecko; compatible; GPTBot/1.4; +https://openai.com/gptbot)"
74.7.227.155 - - [19/Aug/2026:04:18:20 +0300] "GET /?lokasie=/proc/157/stack&loknya=/proc/157 HTTP/2.0" 200 1807 "https://fita.staroobrad.ru/?loknya=/proc/157" "Mozilla/5.0 AppleWebKit/537.36 (KHTML, like Gecko; compatible; GPTBot/1.4; +https://openai.com/gptbot)"
74.7.227.155 - - [19/Aug/2026:04:18:20 +0300] "GET /?lokasie=/proc/512/smaps&loknya=/proc/512 HTTP/2.0" 200 1808 "https://fita.staroobrad.ru/?loknya=/proc/512" "Mozilla/5.0 AppleWebKit/537.36 (KHTML, like Gecko; compatible; GPTBot/1.4; +https://openai.com/gptbot)"
135.181.3.246 - - [19/Aug/2026:04:18:20 +0300] "GET /?tender/141038704 HTTP/1.1" 200 4033 "-" "Mozilla/5.0 (compatible; SERankingBacklinksBot/1.0; +https://seranking.com/backlinks-crawler)"
74.7.227.155 - - [19/Aug/2026:04:18:21 +0300] "GET /?lokasie=/proc/517/wchan&loknya=/proc/517 HTTP/2.0" 200 1810 "https://fita.staroobrad.ru/?loknya=/proc/517" "Mozilla/5.0 AppleWebKit/537.36 (KHTML, like Gecko; compatible; GPTBot/1.4; +https://openai.com/gptbot)"
74.7.227.155 - - [19/Aug/2026:04:18:21 +0300] "GET /?lokasie=/proc/517/smaps&loknya=/proc/517 HTTP/2.0" 200 1808 "https://fita.staroobrad.ru/?loknya=/proc/517" "Mozilla/5.0 AppleWebKit/537.36 (KHTML, like Gecko; compatible; GPTBot/1.4; +https://openai.com/gptbot)"
74.7.227.155 - - [19/Aug/2026:04:18:22 +0300] "GET /?lokasie=/proc/705/wchan&loknya=/proc/705 HTTP/2.0" 200 1809 "https://fita.staroobrad.ru/?loknya=/proc/705" "Mozilla/5.0 AppleWebKit/537.36 (KHTML, like Gecko; compatible; GPTBot/1.4; +https://openai.com/gptbot)"
74.7.227.155 - - [19/Aug/2026:04:18:22 +0300] "GET /?lokasie=/proc/491/smaps&loknya=/proc/491 HTTP/2.0" 200 1809 "https://fita.staroobrad.ru/?loknya=/proc/491" "Mozilla/5.0 AppleWebKit/537.36 (KHTML, like Gecko; compatible; GPTBot/1.4; +https://openai.com/gptbot)"
74.7.227.155 - - [19/Aug/2026:04:18:23 +0300] "GET /?lokasie=/proc/278/smaps&loknya=/proc/278 HTTP/2.0" 200 1808 "https://fita.staroobrad.ru/?loknya=/proc/278" "Mozilla/5.0 AppleWebKit/537.36 (KHTML, like Gecko; compatible; GPTBot/1.4; +https://openai.com/gptbot)"
135.181.3.246 - - [19/Aug/2026:04:18:23 +0300] "GET /?tender/285035374 HTTP/1.1" 200 4033 "-" "Mozilla/5.0 (compatible; SERankingBacklinksBot/1.0; +https://seranking.com/backlinks-crawler)"
74.7.227.155 - - [19/Aug/2026:04:18:23 +0300] "GET /?loknya=/proc/413/ HTTP/2.0" 200 3886 "https://fita.staroobrad.ru/?loknya=/proc/413/net" "Mozilla/5.0 AppleWebKit/537.36 (KHTML, like Gecko; compatible; GPTBot/1.4; +https://openai.com/gptbot)"
74.7.227.155 - - [19/Aug/2026:04:18:24 +0300] "GET /?loknya=/proc/560/ HTTP/2.0" 200 3921 "https://fita.staroobrad.ru/?loknya=/proc/560/net" "Mozilla/5.0 AppleWebKit/537.36 (KHTML, like Gecko; compatible; GPTBot/1.4; +https://openai.com/gptbot)"
74.7.227.155 - - [19/Aug/2026:04:18:25 +0300] "GET /?loknya=/proc/705/ HTTP/2.0" 200 3921 "https://fita.staroobrad.ru/?loknya=/proc/705/net" "Mozilla/5.0 AppleWebKit/537.36 (KHTML, like Gecko; compatible; GPTBot/1.4; +https://openai.com/gptbot)"
74.7.227.155 - - [19/Aug/2026:04:18:25 +0300] "GET /?loknya=/proc/186/ HTTP/2.0" 200 3886 "https://fita.staroobrad.ru/?loknya=/proc/186/net" "Mozilla/5.0 AppleWebKit/537.36 (KHTML, like Gecko; compatible; GPTBot/1.4; +https://openai.com/gptbot)"
74.7.227.155 - - [19/Aug/2026:04:18:26 +0300] "GET /?loknya=/proc/127/ HTTP/2.0" 200 3885 "https://fita.staroobrad.ru/?loknya=/proc/127/net" "Mozilla/5.0 AppleWebKit/537.36 (KHTML, like Gecko; compatible; GPTBot/1.4; +https://openai.com/gptbot)"
74.7.227.155 - - [19/Aug/2026:04:18:26 +0300] "GET /?loknya=/proc/491/ HTTP/2.0" 200 3886 "https://fita.staroobrad.ru/?loknya=/proc/491/net" "Mozilla/5.0 AppleWebKit/537.36 (KHTML, like Gecko; compatible; GPTBot/1.4; +https://openai.com/gptbot)"
135.181.3.246 - - [19/Aug/2026:04:18:27 +0300] "GET /?tennis/089014940 HTTP/1.1" 200 4033 "-" "Mozilla/5.0 (compatible; SERankingBacklinksBot/1.0; +https://seranking.com/backlinks-crawler)"
74.7.227.155 - - [19/Aug/2026:04:18:27 +0300] "GET /?loknya=/proc/527/ HTTP/2.0" 200 3976 "https://fita.staroobrad.ru/?loknya=/proc/527/net" "Mozilla/5.0 AppleWebKit/537.36 (KHTML, like Gecko; compatible; GPTBot/1.4; +https://openai.com/gptbot)"
74.7.227.155 - - [19/Aug/2026:04:18:27 +0300] "GET /?loknya=/proc/746/ HTTP/2.0" 200 4119 "https://fita.staroobrad.ru/?loknya=/proc/746/net" "Mozilla/5.0 AppleWebKit/537.36 (KHTML, like Gecko; compatible; GPTBot/1.4; +https://openai.com/gptbot)"
74.7.227.155 - - [19/Aug/2026:04:18:28 +0300] "GET /?loknya=/proc/605/ HTTP/2.0" 200 3884 "https://fita.staroobrad.ru/?loknya=/proc/605/net" "Mozilla/5.0 AppleWebKit/537.36 (KHTML, like Gecko; compatible; GPTBot/1.4; +https://openai.com/gptbot)"
74.7.227.155 - - [19/Aug/2026:04:18:28 +0300] "GET /?loknya=/proc/537/ HTTP/2.0" 200 3885 "https://fita.staroobrad.ru/?loknya=/proc/537/net" "Mozilla/5.0 AppleWebKit/537.36 (KHTML, like Gecko; compatible; GPTBot/1.4; +https://openai.com/gptbot)"
74.7.227.155 - - [19/Aug/2026:04:18:29 +0300] "GET /?loknya=/proc/157/ HTTP/2.0" 200 3885 "https://fita.staroobrad.ru/?loknya=/proc/157/ns" "Mozilla/5.0 AppleWebKit/537.36 (KHTML, like Gecko; compatible; GPTBot/1.4; +https://openai.com/gptbot)"
74.7.227.155 - - [19/Aug/2026:04:18:29 +0300] "GET /?loknya=/proc/517/ HTTP/2.0" 200 3938 "https://fita.staroobrad.ru/?loknya=/proc/517/net" "Mozilla/5.0 AppleWebKit/537.36 (KHTML, like Gecko; compatible; GPTBot/1.4; +https://openai.com/gptbot)"
135.181.3.246 - - [19/Aug/2026:04:18:30 +0300] "GET /?tennis/226006891 HTTP/1.1" 200 4033 "-" "Mozilla/5.0 (compatible; SERankingBacklinksBot/1.0; +https://seranking.com/backlinks-crawler)"
74.7.227.155 - - [19/Aug/2026:04:18:30 +0300] "GET /?loknya=/proc/493/ HTTP/2.0" 200 3901 "https://fita.staroobrad.ru/?loknya=/proc/493/net" "Mozilla/5.0 AppleWebKit/537.36 (KHTML, like Gecko; compatible; GPTBot/1.4; +https://openai.com/gptbot)"
74.7.227.155 - - [19/Aug/2026:04:18:30 +0300] "GET /?lokasie=/proc/705//oom_score_adj&loknya=/proc/705/ HTTP/2.0" 200 1816 "https://fita.staroobrad.ru/?loknya=/proc/705/" "Mozilla/5.0 AppleWebKit/537.36 (KHTML, like Gecko; compatible; GPTBot/1.4; +https://openai.com/gptbot)"
74.7.227.155 - - [19/Aug/2026:04:18:31 +0300] "GET /?loknya=/proc/528/ HTTP/2.0" 200 3899 "https://fita.staroobrad.ru/?loknya=/proc/528/net" "Mozilla/5.0 AppleWebKit/537.36 (KHTML, like Gecko; compatible; GPTBot/1.4; +https://openai.com/gptbot)"
74.7.227.155 - - [19/Aug/2026:04:18:31 +0300] "GET /?loknya=/proc/502/ HTTP/2.0" 200 3898 "https://fita.staroobrad.ru/?loknya=/proc/502/net" "Mozilla/5.0 AppleWebKit/537.36 (KHTML, like Gecko; compatible; GPTBot/1.4; +https://openai.com/gptbot)"
74.7.227.155 - - [19/Aug/2026:04:18:32 +0300] "GET /?loknya=/proc/512/ HTTP/2.0" 200 3885 "https://fita.staroobrad.ru/?loknya=/proc/512/net" "Mozilla/5.0 AppleWebKit/537.36 (KHTML, like Gecko; compatible; GPTBot/1.4; +https://openai.com/gptbot)"
74.7.227.155 - - [19/Aug/2026:04:18:32 +0300] "GET /?loknya=/proc/641/ HTTP/2.0" 200 3924 "https://fita.staroobrad.ru/?loknya=/proc/641/net" "Mozilla/5.0 AppleWebKit/537.36 (KHTML, like Gecko; compatible; GPTBot/1.4; +https://openai.com/gptbot)"
74.7.227.155 - - [19/Aug/2026:04:18:33 +0300] "GET /?loknya=/proc/548/ HTTP/2.0" 200 3895 "https://fita.staroobrad.ru/?loknya=/proc/548/net" "Mozilla/5.0 AppleWebKit/537.36 (KHTML, like Gecko; compatible; GPTBot/1.4; +https://openai.com/gptbot)"
135.181.3.246 - - [19/Aug/2026:04:18:33 +0300] "GET /?terror/096000999 HTTP/1.1" 200 4033 "-" "Mozilla/5.0 (compatible; SERankingBacklinksBot/1.0; +https://seranking.com/backlinks-crawler)"
74.7.227.155 - - [19/Aug/2026:04:18:34 +0300] "GET /?lokasie=/proc/605//gid_map&loknya=/proc/605/ HTTP/2.0" 200 1826 "https://fita.staroobrad.ru/?loknya=/proc/605/" "Mozilla/5.0 AppleWebKit/537.36 (KHTML, like Gecko; compatible; GPTBot/1.4; +https://openai.com/gptbot)"
74.7.227.155 - - [19/Aug/2026:04:18:34 +0300] "GET /?loknya=/proc/540/ HTTP/2.0" 200 3907 "https://fita.staroobrad.ru/?loknya=/proc/540/net" "Mozilla/5.0 AppleWebKit/537.36 (KHTML, like Gecko; compatible; GPTBot/1.4; +https://openai.com/gptbot)"
74.7.227.155 - - [19/Aug/2026:04:18:34 +0300] "GET /?loknya=/proc/495/ HTTP/2.0" 200 3885 "https://fita.staroobrad.ru/?loknya=/proc/495/net" "Mozilla/5.0 AppleWebKit/537.36 (KHTML, like Gecko; compatible; GPTBot/1.4; +https://openai.com/gptbot)"
74.7.227.155 - - [19/Aug/2026:04:18:35 +0300] "GET /?loknya=/proc/647/ HTTP/2.0" 200 3886 "https://fita.staroobrad.ru/?loknya=/proc/647/net" "Mozilla/5.0 AppleWebKit/537.36 (KHTML, like Gecko; compatible; GPTBot/1.4; +https://openai.com/gptbot)"
74.7.227.155 - - [19/Aug/2026:04:18:36 +0300] "GET /?lokasie=/proc/493//comm&loknya=/proc/493/ HTTP/2.0" 200 1813 "https://fita.staroobrad.ru/?loknya=/proc/493/" "Mozilla/5.0 AppleWebKit/537.36 (KHTML, like Gecko; compatible; GPTBot/1.4; +https://openai.com/gptbot)"
74.7.227.155 - - [19/Aug/2026:04:18:36 +0300] "GET /?loknya=/proc/278/ HTTP/2.0" 200 3943 "https://fita.staroobrad.ru/?loknya=/proc/278/net" "Mozilla/5.0 AppleWebKit/537.36 (KHTML, like Gecko; compatible; GPTBot/1.4; +https://openai.com/gptbot)"
135.181.3.246 - - [19/Aug/2026:04:18:36 +0300] "GET /?terror/129031924 HTTP/1.1" 200 4033 "-" "Mozilla/5.0 (compatible; SERankingBacklinksBot/1.0; +https://seranking.com/backlinks-crawler)"
74.7.227.155 - - [19/Aug/2026:04:18:37 +0300] "GET /?lokasie=/proc/528//coredump_filter&loknya=/proc/528/ HTTP/2.0" 200 1822 "https://fita.staroobrad.ru/?loknya=/proc/528/" "Mozilla/5.0 AppleWebKit/537.36 (KHTML, like Gecko; compatible; GPTBot/1.4; +https://openai.com/gptbot)"
74.7.227.155 - - [19/Aug/2026:04:18:37 +0300] "GET /?loknya=/proc/123/ HTTP/2.0" 200 3885 "https://fita.staroobrad.ru/?loknya=/proc/123/net" "Mozilla/5.0 AppleWebKit/537.36 (KHTML, like Gecko; compatible; GPTBot/1.4; +https://openai.com/gptbot)"
74.7.227.155 - - [19/Aug/2026:04:18:38 +0300] "GET /?loknya=/proc/638/ HTTP/2.0" 200 3909 "https://fita.staroobrad.ru/?loknya=/proc/638/net" "Mozilla/5.0 AppleWebKit/537.36 (KHTML, like Gecko; compatible; GPTBot/1.4; +https://openai.com/gptbot)"
74.7.227.155 - - [19/Aug/2026:04:18:38 +0300] "GET /?lokasie=/proc/641//mem&loknya=/proc/641/ HTTP/2.0" 200 1807 "https://fita.staroobrad.ru/?loknya=/proc/641/" "Mozilla/5.0 AppleWebKit/537.36 (KHTML, like Gecko; compatible; GPTBot/1.4; +https://openai.com/gptbot)"
74.7.227.155 - - [19/Aug/2026:04:18:39 +0300] "GET /?loknya=/proc/489/ HTTP/2.0" 200 3903 "https://fita.staroobrad.ru/?loknya=/proc/489/net" "Mozilla/5.0 AppleWebKit/537.36 (KHTML, like Gecko; compatible; GPTBot/1.4; +https://openai.com/gptbot)"
74.7.227.155 - - [19/Aug/2026:04:18:39 +0300] "GET /?loknya=/proc/267/ HTTP/2.0" 200 3894 "https://fita.staroobrad.ru/?loknya=/proc/267/net" "Mozilla/5.0 AppleWebKit/537.36 (KHTML, like Gecko; compatible; GPTBot/1.4; +https://openai.com/gptbot)"
135.181.3.246 - - [19/Aug/2026:04:18:39 +0300] "GET /shop/interest/ideal245048899.shtml HTTP/1.1" 200 4033 "-" "Mozilla/5.0 (compatible; SERankingBacklinksBot/1.0; +https://seranking.com/backlinks-crawler)"
74.7.227.155 - - [19/Aug/2026:04:18:40 +0300] "GET /?loknya=/proc/529/ HTTP/2.0" 200 4119 "https://fita.staroobrad.ru/?loknya=/proc/529/net" "Mozilla/5.0 AppleWebKit/537.36 (KHTML, like Gecko; compatible; GPTBot/1.4; +https://openai.com/gptbot)"
74.7.227.155 - - [19/Aug/2026:04:18:40 +0300] "GET /?lokasie=/proc/495//wchan&loknya=/proc/495/ HTTP/2.0" 200 1810 "https://fita.staroobrad.ru/?loknya=/proc/495/" "Mozilla/5.0 AppleWebKit/537.36 (KHTML, like Gecko; compatible; GPTBot/1.4; +https://openai.com/gptbot)"
74.7.227.155 - - [19/Aug/2026:04:18:41 +0300] "GET /?lokasie=/proc/495//cpuset&loknya=/proc/495/ HTTP/2.0" 200 1811 "https://fita.staroobrad.ru/?loknya=/proc/495/" "Mozilla/5.0 AppleWebKit/537.36 (KHTML, like Gecko; compatible; GPTBot/1.4; +https://openai.com/gptbot)"
74.7.227.155 - - [19/Aug/2026:04:18:41 +0300] "GET /?loknya=/proc/125/ HTTP/2.0" 200 3884 "https://fita.staroobrad.ru/?loknya=/proc/125/net" "Mozilla/5.0 AppleWebKit/537.36 (KHTML, like Gecko; compatible; GPTBot/1.4; +https://openai.com/gptbot)"
74.7.227.155 - - [19/Aug/2026:04:18:42 +0300] "GET /?loknya=/proc/708/ HTTP/2.0" 200 3921 "https://fita.staroobrad.ru/?loknya=/proc/708/net" "Mozilla/5.0 AppleWebKit/537.36 (KHTML, like Gecko; compatible; GPTBot/1.4; +https://openai.com/gptbot)"
74.7.227.155 - - [19/Aug/2026:04:18:42 +0300] "GET /?loknya=/proc/236/ HTTP/2.0" 200 3884 "https://fita.staroobrad.ru/?loknya=/proc/236/net" "Mozilla/5.0 AppleWebKit/537.36 (KHTML, like Gecko; compatible; GPTBot/1.4; +https://openai.com/gptbot)"
135.181.3.246 - - [19/Aug/2026:04:18:43 +0300] "GET /?softly/141031216 HTTP/1.1" 200 4033 "-" "Mozilla/5.0 (compatible; SERankingBacklinksBot/1.0; +https://seranking.com/backlinks-crawler)"
74.7.227.155 - - [19/Aug/2026:04:18:43 +0300] "GET /?loknya=/proc/704/ HTTP/2.0" 200 3921 "https://fita.staroobrad.ru/?loknya=/proc/704/net" "Mozilla/5.0 AppleWebKit/537.36 (KHTML, like Gecko; compatible; GPTBot/1.4; +https://openai.com/gptbot)"
74.7.227.155 - - [19/Aug/2026:04:18:43 +0300] "GET /?loknya=/proc/710/ HTTP/2.0" 200 3887 "https://fita.staroobrad.ru/?loknya=/proc/710/net" "Mozilla/5.0 AppleWebKit/537.36 (KHTML, like Gecko; compatible; GPTBot/1.4; +https://openai.com/gptbot)"
74.7.227.155 - - [19/Aug/2026:04:18:44 +0300] "GET /?loknya=/proc/709/ HTTP/2.0" 200 3923 "https://fita.staroobrad.ru/?loknya=/proc/709/net" "Mozilla/5.0 AppleWebKit/537.36 (KHTML, like Gecko; compatible; GPTBot/1.4; +https://openai.com/gptbot)"
74.7.227.155 - - [19/Aug/2026:04:18:44 +0300] "GET /?loknya=/proc/748/ HTTP/2.0" 200 4114 "https://fita.staroobrad.ru/?loknya=/proc/748/net" "Mozilla/5.0 AppleWebKit/537.36 (KHTML, like Gecko; compatible; GPTBot/1.4; +https://openai.com/gptbot)"
74.7.227.155 - - [19/Aug/2026:04:18:45 +0300] "GET /?loknya=/proc/652/ HTTP/2.0" 200 3885 "https://fita.staroobrad.ru/?loknya=/proc/652/net" "Mozilla/5.0 AppleWebKit/537.36 (KHTML, like Gecko; compatible; GPTBot/1.4; +https://openai.com/gptbot)"
74.7.227.155 - - [19/Aug/2026:04:18:45 +0300] "GET /?lokasie=/proc/529//projid_map&loknya=/proc/529/ HTTP/2.0" 200 1827 "https://fita.staroobrad.ru/?loknya=/proc/529/" "Mozilla/5.0 AppleWebKit/537.36 (KHTML, like Gecko; compatible; GPTBot/1.4; +https://openai.com/gptbot)"
135.181.3.246 - - [19/Aug/2026:04:18:46 +0300] "GET /?solely/053004692 HTTP/1.1" 200 4033 "-" "Mozilla/5.0 (compatible; SERankingBacklinksBot/1.0; +https://seranking.com/backlinks-crawler)"
74.7.227.155 - - [19/Aug/2026:04:18:46 +0300] "GET /?loknya=/proc/706/ HTTP/2.0" 200 3921 "https://fita.staroobrad.ru/?loknya=/proc/706/net" "Mozilla/5.0 AppleWebKit/537.36 (KHTML, like Gecko; compatible; GPTBot/1.4; +https://openai.com/gptbot)"
74.7.227.155 - - [19/Aug/2026:04:18:46 +0300] "GET /?loknya=/proc/120/ HTTP/2.0" 200 3885 "https://fita.staroobrad.ru/?loknya=/proc/120/net" "Mozilla/5.0 AppleWebKit/537.36 (KHTML, like Gecko; compatible; GPTBot/1.4; +https://openai.com/gptbot)"
74.7.227.155 - - [19/Aug/2026:04:18:47 +0300] "GET /?lokasie=/proc/24289/net/udp6&loknya=/proc/24289/net HTTP/2.0" 200 1942 "https://fita.staroobrad.ru/?loknya=/proc/24289/net" "Mozilla/5.0 AppleWebKit/537.36 (KHTML, like Gecko; compatible; GPTBot/1.4; +https://openai.com/gptbot)"
74.7.227.155 - - [19/Aug/2026:04:18:48 +0300] "GET /?lokasie=/proc/14078/net/tcp6&loknya=/proc/14078/net HTTP/2.0" 200 2321 "https://fita.staroobrad.ru/?loknya=/proc/14078/net" "Mozilla/5.0 AppleWebKit/537.36 (KHTML, like Gecko; compatible; GPTBot/1.4; +https://openai.com/gptbot)"
74.7.227.155 - - [19/Aug/2026:04:18:48 +0300] "GET /?lokasie=/proc/123//auxv&loknya=/proc/123/ HTTP/2.0" 200 1808 "https://fita.staroobrad.ru/?loknya=/proc/123/" "Mozilla/5.0 AppleWebKit/537.36 (KHTML, like Gecko; compatible; GPTBot/1.4; +https://openai.com/gptbot)"
74.7.227.155 - - [19/Aug/2026:04:18:49 +0300] "GET /?lokasie=/proc/704//personality&loknya=/proc/704/ HTTP/2.0" 200 1812 "https://fita.staroobrad.ru/?loknya=/proc/704/" "Mozilla/5.0 AppleWebKit/537.36 (KHTML, like Gecko; compatible; GPTBot/1.4; +https://openai.com/gptbot)"
135.181.3.246 - - [19/Aug/2026:04:18:49 +0300] "GET /?sphere/162048729 HTTP/1.1" 200 4033 "-" "Mozilla/5.0 (compatible; SERankingBacklinksBot/1.0; +https://seranking.com/backlinks-crawler)"
74.7.227.155 - - [19/Aug/2026:04:18:49 +0300] "GET /?lokasie=/proc/704//cmdline&loknya=/proc/704/ HTTP/2.0" 200 1833 "https://fita.staroobrad.ru/?loknya=/proc/704/" "Mozilla/5.0 AppleWebKit/537.36 (KHTML, like Gecko; compatible; GPTBot/1.4; +https://openai.com/gptbot)"
74.7.227.155 - - [19/Aug/2026:04:18:50 +0300] "GET /?lokasie=/proc/517//auxv&loknya=/proc/517/ HTTP/2.0" 200 1809 "https://fita.staroobrad.ru/?loknya=/proc/517/" "Mozilla/5.0 AppleWebKit/537.36 (KHTML, like Gecko; compatible; GPTBot/1.4; +https://openai.com/gptbot)"
74.7.227.155 - - [19/Aug/2026:04:18:50 +0300] "GET /?lokasie=/proc/413//auxv&loknya=/proc/413/ HTTP/2.0" 200 1810 "https://fita.staroobrad.ru/?loknya=/proc/413/" "Mozilla/5.0 AppleWebKit/537.36 (KHTML, like Gecko; compatible; GPTBot/1.4; +https://openai.com/gptbot)"
74.7.227.155 - - [19/Aug/2026:04:18:51 +0300] "GET /?lokasie=/proc/652//auxv&loknya=/proc/652/ HTTP/2.0" 200 1809 "https://fita.staroobrad.ru/?loknya=/proc/652/" "Mozilla/5.0 AppleWebKit/537.36 (KHTML, like Gecko; compatible; GPTBot/1.4; +https://openai.com/gptbot)"
74.7.227.155 - - [19/Aug/2026:04:18:51 +0300] "GET /?lokasie=/proc/127//auxv&loknya=/proc/127/ HTTP/2.0" 200 1808 "https://fita.staroobrad.ru/?loknya=/proc/127/" "Mozilla/5.0 AppleWebKit/537.36 (KHTML, like Gecko; compatible; GPTBot/1.4; +https://openai.com/gptbot)"
74.7.227.155 - - [19/Aug/2026:04:18:52 +0300] "GET /?lokasie=/proc/641//auxv&loknya=/proc/641/ HTTP/2.0" 200 1809 "https://fita.staroobrad.ru/?loknya=/proc/641/" "Mozilla/5.0 AppleWebKit/537.36 (KHTML, like Gecko; compatible; GPTBot/1.4; +https://openai.com/gptbot)"
135.181.3.246 - - [19/Aug/2026:04:18:52 +0300] "GET /?sphere/168035589 HTTP/1.1" 200 4033 "-" "Mozilla/5.0 (compatible; SERankingBacklinksBot/1.0; +https://seranking.com/backlinks-crawler)"
74.7.227.155 - - [19/Aug/2026:04:18:52 +0300] "GET /?lokasie=/proc/120//auxv&loknya=/proc/120/ HTTP/2.0" 200 1808 "https://fita.staroobrad.ru/?loknya=/proc/120/" "Mozilla/5.0 AppleWebKit/537.36 (KHTML, like Gecko; compatible; GPTBot/1.4; +https://openai.com/gptbot)"
74.7.227.155 - - [19/Aug/2026:04:18:53 +0300] "GET /?lokasie=/proc/491//auxv&loknya=/proc/491/ HTTP/2.0" 200 1810 "https://fita.staroobrad.ru/?loknya=/proc/491/" "Mozilla/5.0 AppleWebKit/537.36 (KHTML, like Gecko; compatible; GPTBot/1.4; +https://openai.com/gptbot)"
74.7.227.155 - - [19/Aug/2026:04:18:53 +0300] "GET /?lokasie=/proc/528//auxv&loknya=/proc/528/ HTTP/2.0" 200 1809 "https://fita.staroobrad.ru/?loknya=/proc/528/" "Mozilla/5.0 AppleWebKit/537.36 (KHTML, like Gecko; compatible; GPTBot/1.4; +https://openai.com/gptbot)"
74.7.227.155 - - [19/Aug/2026:04:18:54 +0300] "GET /?lokasie=/proc/705//auxv&loknya=/proc/705/ HTTP/2.0" 200 1808 "https://fita.staroobrad.ru/?loknya=/proc/705/" "Mozilla/5.0 AppleWebKit/537.36 (KHTML, like Gecko; compatible; GPTBot/1.4; +https://openai.com/gptbot)"
74.7.227.155 - - [19/Aug/2026:04:18:54 +0300] "GET /?lokasie=/proc/186//auxv&loknya=/proc/186/ HTTP/2.0" 200 1808 "https://fita.staroobrad.ru/?loknya=/proc/186/" "Mozilla/5.0 AppleWebKit/537.36 (KHTML, like Gecko; compatible; GPTBot/1.4; +https://openai.com/gptbot)"
135.181.3.246 - - [19/Aug/2026:04:18:55 +0300] "GET /?spirit/022020657 HTTP/1.1" 200 4033 "-" "Mozilla/5.0 (compatible; SERankingBacklinksBot/1.0; +https://seranking.com/backlinks-crawler)"
74.7.227.155 - - [19/Aug/2026:04:18:55 +0300] "GET /?lokasie=/proc/540//auxv&loknya=/proc/540/ HTTP/2.0" 200 1808 "https://fita.staroobrad.ru/?loknya=/proc/540/" "Mozilla/5.0 AppleWebKit/537.36 (KHTML, like Gecko; compatible; GPTBot/1.4; +https://openai.com/gptbot)"
74.7.227.155 - - [19/Aug/2026:04:18:56 +0300] "GET /?lokasie=/proc/638//auxv&loknya=/proc/638/ HTTP/2.0" 200 1808 "https://fita.staroobrad.ru/?loknya=/proc/638/" "Mozilla/5.0 AppleWebKit/537.36 (KHTML, like Gecko; compatible; GPTBot/1.4; +https://openai.com/gptbot)"
74.7.227.155 - - [19/Aug/2026:04:18:56 +0300] "GET /?lokasie=/proc/495//auxv&loknya=/proc/495/ HTTP/2.0" 200 1808 "https://fita.staroobrad.ru/?loknya=/proc/495/" "Mozilla/5.0 AppleWebKit/537.36 (KHTML, like Gecko; compatible; GPTBot/1.4; +https://openai.com/gptbot)"
74.7.227.155 - - [19/Aug/2026:04:18:56 +0300] "GET /?lokasie=/proc/502//auxv&loknya=/proc/502/ HTTP/2.0" 200 1809 "https://fita.staroobrad.ru/?loknya=/proc/502/" "Mozilla/5.0 AppleWebKit/537.36 (KHTML, like Gecko; compatible; GPTBot/1.4; +https://openai.com/gptbot)"
74.7.227.155 - - [19/Aug/2026:04:18:57 +0300] "GET /?lokasie=/proc/527//auxv&loknya=/proc/527/ HTTP/2.0" 200 1809 "https://fita.staroobrad.ru/?loknya=/proc/527/" "Mozilla/5.0 AppleWebKit/537.36 (KHTML, like Gecko; compatible; GPTBot/1.4; +https://openai.com/gptbot)"
74.7.227.155 - - [19/Aug/2026:04:18:57 +0300] "GET /?lokasie=/proc/706//auxv&loknya=/proc/706/ HTTP/2.0" 200 1808 "https://fita.staroobrad.ru/?loknya=/proc/706/" "Mozilla/5.0 AppleWebKit/537.36 (KHTML, like Gecko; compatible; GPTBot/1.4; +https://openai.com/gptbot)"
