74.7.227.155 - - [19/Aug/2026:04:24:48 +0300] "GET /?lokasie=/proc/706/net//snmp6&loknya=/proc/706/net/ HTTP/2.0" 200 2522 "https://fita.staroobrad.ru/?loknya=/proc/706/net/" "Mozilla/5.0 AppleWebKit/537.36 (KHTML, like Gecko; compatible; GPTBot/1.4; +https://openai.com/gptbot)"
135.181.3.246 - - [19/Aug/2026:04:24:48 +0300] "GET /?Chinese/119013640 HTTP/1.1" 200 4033 "-" "Mozilla/5.0 (compatible; SERankingBacklinksBot/1.0; +https://seranking.com/backlinks-crawler)"
74.7.227.155 - - [19/Aug/2026:04:24:48 +0300] "GET /?lokasie=/proc/647/net//icmp6&loknya=/proc/647/net/ HTTP/2.0" 200 1892 "https://fita.staroobrad.ru/?loknya=/proc/647/net/" "Mozilla/5.0 AppleWebKit/537.36 (KHTML, like Gecko; compatible; GPTBot/1.4; +https://openai.com/gptbot)"
74.7.227.155 - - [19/Aug/2026:04:24:49 +0300] "GET /?lokasie=/proc/706/net//icmp6&loknya=/proc/706/net/ HTTP/2.0" 200 1892 "https://fita.staroobrad.ru/?loknya=/proc/706/net/" "Mozilla/5.0 AppleWebKit/537.36 (KHTML, like Gecko; compatible; GPTBot/1.4; +https://openai.com/gptbot)"
74.7.227.155 - - [19/Aug/2026:04:24:49 +0300] "GET /?lokasie=/proc/122/net//icmp6&loknya=/proc/122/net/ HTTP/2.0" 200 1892 "https://fita.staroobrad.ru/?loknya=/proc/122/net/" "Mozilla/5.0 AppleWebKit/537.36 (KHTML, like Gecko; compatible; GPTBot/1.4; +https://openai.com/gptbot)"
74.7.227.155 - - [19/Aug/2026:04:24:50 +0300] "GET /?lokasie=/proc/236/net//snmp6&loknya=/proc/236/net/ HTTP/2.0" 200 2522 "https://fita.staroobrad.ru/?loknya=/proc/236/net/" "Mozilla/5.0 AppleWebKit/537.36 (KHTML, like Gecko; compatible; GPTBot/1.4; +https://openai.com/gptbot)"
74.7.227.155 - - [19/Aug/2026:04:24:50 +0300] "GET /?lokasie=/proc/505/net//snmp6&loknya=/proc/505/net/ HTTP/2.0" 200 2522 "https://fita.staroobrad.ru/?loknya=/proc/505/net/" "Mozilla/5.0 AppleWebKit/537.36 (KHTML, like Gecko; compatible; GPTBot/1.4; +https://openai.com/gptbot)"
74.7.227.155 - - [19/Aug/2026:04:24:51 +0300] "GET /?lokasie=/proc/267/net//icmp6&loknya=/proc/267/net/ HTTP/2.0" 200 1892 "https://fita.staroobrad.ru/?loknya=/proc/267/net/" "Mozilla/5.0 AppleWebKit/537.36 (KHTML, like Gecko; compatible; GPTBot/1.4; +https://openai.com/gptbot)"
135.181.3.246 - - [19/Aug/2026:04:24:51 +0300] "GET /?Chinese/133002990 HTTP/1.1" 200 4033 "-" "Mozilla/5.0 (compatible; SERankingBacklinksBot/1.0; +https://seranking.com/backlinks-crawler)"
74.7.227.155 - - [19/Aug/2026:04:24:52 +0300] "GET /?lokasie=/proc/122/net//snmp6&loknya=/proc/122/net/ HTTP/2.0" 200 2522 "https://fita.staroobrad.ru/?loknya=/proc/122/net/" "Mozilla/5.0 AppleWebKit/537.36 (KHTML, like Gecko; compatible; GPTBot/1.4; +https://openai.com/gptbot)"
74.7.227.155 - - [19/Aug/2026:04:24:52 +0300] "GET /?lokasie=/proc/505/net//icmp6&loknya=/proc/505/net/ HTTP/2.0" 200 1891 "https://fita.staroobrad.ru/?loknya=/proc/505/net/" "Mozilla/5.0 AppleWebKit/537.36 (KHTML, like Gecko; compatible; GPTBot/1.4; +https://openai.com/gptbot)"
74.7.227.155 - - [19/Aug/2026:04:24:52 +0300] "GET /?lokasie=/proc/236/net//icmp6&loknya=/proc/236/net/ HTTP/2.0" 200 1892 "https://fita.staroobrad.ru/?loknya=/proc/236/net/" "Mozilla/5.0 AppleWebKit/537.36 (KHTML, like Gecko; compatible; GPTBot/1.4; +https://openai.com/gptbot)"
74.7.227.155 - - [19/Aug/2026:04:24:53 +0300] "GET /?lokasie=/proc/119/net//snmp6&loknya=/proc/119/net/ HTTP/2.0" 200 2522 "https://fita.staroobrad.ru/?loknya=/proc/119/net/" "Mozilla/5.0 AppleWebKit/537.36 (KHTML, like Gecko; compatible; GPTBot/1.4; +https://openai.com/gptbot)"
74.7.227.155 - - [19/Aug/2026:04:24:54 +0300] "GET /?lokasie=/proc/647/net//snmp6&loknya=/proc/647/net/ HTTP/2.0" 200 2522 "https://fita.staroobrad.ru/?loknya=/proc/647/net/" "Mozilla/5.0 AppleWebKit/537.36 (KHTML, like Gecko; compatible; GPTBot/1.4; +https://openai.com/gptbot)"
74.7.227.155 - - [19/Aug/2026:04:24:54 +0300] "GET /?lokasie=/proc/267/net//snmp6&loknya=/proc/267/net/ HTTP/2.0" 200 2522 "https://fita.staroobrad.ru/?loknya=/proc/267/net/" "Mozilla/5.0 AppleWebKit/537.36 (KHTML, like Gecko; compatible; GPTBot/1.4; +https://openai.com/gptbot)"
135.181.3.246 - - [19/Aug/2026:04:24:55 +0300] "GET /?Chinese/251033370 HTTP/1.1" 200 4033 "-" "Mozilla/5.0 (compatible; SERankingBacklinksBot/1.0; +https://seranking.com/backlinks-crawler)"
74.7.227.155 - - [19/Aug/2026:04:24:55 +0300] "GET /?lokasie=/proc/186/net//snmp6&loknya=/proc/186/net/ HTTP/2.0" 200 2522 "https://fita.staroobrad.ru/?loknya=/proc/186/net/" "Mozilla/5.0 AppleWebKit/537.36 (KHTML, like Gecko; compatible; GPTBot/1.4; +https://openai.com/gptbot)"
74.7.227.155 - - [19/Aug/2026:04:24:55 +0300] "GET /?lokasie=/proc/641/net//snmp6&loknya=/proc/641/net/ HTTP/2.0" 200 2522 "https://fita.staroobrad.ru/?loknya=/proc/641/net/" "Mozilla/5.0 AppleWebKit/537.36 (KHTML, like Gecko; compatible; GPTBot/1.4; +https://openai.com/gptbot)"
74.7.227.155 - - [19/Aug/2026:04:24:56 +0300] "GET /?lokasie=/proc/119/net//connector&loknya=/proc/119/net/ HTTP/2.0" 200 1838 "https://fita.staroobrad.ru/?loknya=/proc/119/net/" "Mozilla/5.0 AppleWebKit/537.36 (KHTML, like Gecko; compatible; GPTBot/1.4; +https://openai.com/gptbot)"
74.7.227.155 - - [19/Aug/2026:04:24:56 +0300] "GET /?lokasie=/proc/706/net//connector&loknya=/proc/706/net/ HTTP/2.0" 200 1838 "https://fita.staroobrad.ru/?loknya=/proc/706/net/" "Mozilla/5.0 AppleWebKit/537.36 (KHTML, like Gecko; compatible; GPTBot/1.4; +https://openai.com/gptbot)"
74.7.227.155 - - [19/Aug/2026:04:24:57 +0300] "GET /?lokasie=/proc/505/net//connector&loknya=/proc/505/net/ HTTP/2.0" 200 1838 "https://fita.staroobrad.ru/?loknya=/proc/505/net/" "Mozilla/5.0 AppleWebKit/537.36 (KHTML, like Gecko; compatible; GPTBot/1.4; +https://openai.com/gptbot)"
74.7.227.155 - - [19/Aug/2026:04:24:57 +0300] "GET /?lokasie=/proc/121/net//connector&loknya=/proc/121/net/ HTTP/2.0" 200 1838 "https://fita.staroobrad.ru/?loknya=/proc/121/net/" "Mozilla/5.0 AppleWebKit/537.36 (KHTML, like Gecko; compatible; GPTBot/1.4; +https://openai.com/gptbot)"
74.7.227.155 - - [19/Aug/2026:04:24:58 +0300] "GET /?lokasie=/proc/122/net//connector&loknya=/proc/122/net/ HTTP/2.0" 200 1838 "https://fita.staroobrad.ru/?loknya=/proc/122/net/" "Mozilla/5.0 AppleWebKit/537.36 (KHTML, like Gecko; compatible; GPTBot/1.4; +https://openai.com/gptbot)"
135.181.3.246 - - [19/Aug/2026:04:24:58 +0300] "GET /?English/061001260 HTTP/1.1" 200 4033 "-" "Mozilla/5.0 (compatible; SERankingBacklinksBot/1.0; +https://seranking.com/backlinks-crawler)"
74.7.227.155 - - [19/Aug/2026:04:24:58 +0300] "GET /?lokasie=/proc/119/net//ip6_mr_cache&loknya=/proc/119/net/ HTTP/2.0" 200 1860 "https://fita.staroobrad.ru/?loknya=/proc/119/net/" "Mozilla/5.0 AppleWebKit/537.36 (KHTML, like Gecko; compatible; GPTBot/1.4; +https://openai.com/gptbot)"
74.7.227.155 - - [19/Aug/2026:04:24:59 +0300] "GET /?lokasie=/proc/638/net//ip6_mr_cache&loknya=/proc/638/net/ HTTP/2.0" 200 1860 "https://fita.staroobrad.ru/?loknya=/proc/638/net/" "Mozilla/5.0 AppleWebKit/537.36 (KHTML, like Gecko; compatible; GPTBot/1.4; +https://openai.com/gptbot)"
74.7.227.155 - - [19/Aug/2026:04:24:59 +0300] "GET /?lokasie=/proc/641/net//udp&loknya=/proc/641/net/ HTTP/2.0" 200 1889 "https://fita.staroobrad.ru/?loknya=/proc/641/net/" "Mozilla/5.0 AppleWebKit/537.36 (KHTML, like Gecko; compatible; GPTBot/1.4; +https://openai.com/gptbot)"
74.7.227.155 - - [19/Aug/2026:04:25:00 +0300] "GET /?lokasie=/proc/267/net//udp&loknya=/proc/267/net/ HTTP/2.0" 200 1890 "https://fita.staroobrad.ru/?loknya=/proc/267/net/" "Mozilla/5.0 AppleWebKit/537.36 (KHTML, like Gecko; compatible; GPTBot/1.4; +https://openai.com/gptbot)"
74.7.227.155 - - [19/Aug/2026:04:25:00 +0300] "GET /?lokasie=/proc/647/net//udp&loknya=/proc/647/net/ HTTP/2.0" 200 1889 "https://fita.staroobrad.ru/?loknya=/proc/647/net/" "Mozilla/5.0 AppleWebKit/537.36 (KHTML, like Gecko; compatible; GPTBot/1.4; +https://openai.com/gptbot)"
135.181.3.246 - - [19/Aug/2026:04:25:01 +0300] "GET /?English/268000683 HTTP/1.1" 200 4033 "-" "Mozilla/5.0 (compatible; SERankingBacklinksBot/1.0; +https://seranking.com/backlinks-crawler)"
74.7.227.155 - - [19/Aug/2026:04:25:01 +0300] "GET /?lokasie=/proc/236/net//udp&loknya=/proc/236/net/ HTTP/2.0" 200 1890 "https://fita.staroobrad.ru/?loknya=/proc/236/net/" "Mozilla/5.0 AppleWebKit/537.36 (KHTML, like Gecko; compatible; GPTBot/1.4; +https://openai.com/gptbot)"
74.7.227.155 - - [19/Aug/2026:04:25:01 +0300] "GET /?lokasie=/proc/638/net//udp&loknya=/proc/638/net/ HTTP/2.0" 200 1890 "https://fita.staroobrad.ru/?loknya=/proc/638/net/" "Mozilla/5.0 AppleWebKit/537.36 (KHTML, like Gecko; compatible; GPTBot/1.4; +https://openai.com/gptbot)"
74.7.227.155 - - [19/Aug/2026:04:25:02 +0300] "GET /?lokasie=/proc/186/net//udp&loknya=/proc/186/net/ HTTP/2.0" 200 1890 "https://fita.staroobrad.ru/?loknya=/proc/186/net/" "Mozilla/5.0 AppleWebKit/537.36 (KHTML, like Gecko; compatible; GPTBot/1.4; +https://openai.com/gptbot)"
74.7.227.155 - - [19/Aug/2026:04:25:02 +0300] "GET /?lokasie=/proc/706/net//udp&loknya=/proc/706/net/ HTTP/2.0" 200 1889 "https://fita.staroobrad.ru/?loknya=/proc/706/net/" "Mozilla/5.0 AppleWebKit/537.36 (KHTML, like Gecko; compatible; GPTBot/1.4; +https://openai.com/gptbot)"
74.7.227.155 - - [19/Aug/2026:04:25:03 +0300] "GET /?lokasie=/proc/186/net//psched&loknya=/proc/186/net/ HTTP/2.0" 200 1838 "https://fita.staroobrad.ru/?loknya=/proc/186/net/" "Mozilla/5.0 AppleWebKit/537.36 (KHTML, like Gecko; compatible; GPTBot/1.4; +https://openai.com/gptbot)"
74.7.227.155 - - [19/Aug/2026:04:25:04 +0300] "GET /?lokasie=/proc/267/net//psched&loknya=/proc/267/net/ HTTP/2.0" 200 1838 "https://fita.staroobrad.ru/?loknya=/proc/267/net/" "Mozilla/5.0 AppleWebKit/537.36 (KHTML, like Gecko; compatible; GPTBot/1.4; +https://openai.com/gptbot)"
135.181.3.246 - - [19/Aug/2026:04:25:04 +0300] "GET /?Mexican/010022185 HTTP/1.1" 200 4033 "-" "Mozilla/5.0 (compatible; SERankingBacklinksBot/1.0; +https://seranking.com/backlinks-crawler)"
74.7.227.155 - - [19/Aug/2026:04:25:04 +0300] "GET /?lokasie=/proc/638/net//psched&loknya=/proc/638/net/ HTTP/2.0" 200 1838 "https://fita.staroobrad.ru/?loknya=/proc/638/net/" "Mozilla/5.0 AppleWebKit/537.36 (KHTML, like Gecko; compatible; GPTBot/1.4; +https://openai.com/gptbot)"
74.7.227.155 - - [19/Aug/2026:04:25:05 +0300] "GET /?lokasie=/proc/706/net//psched&loknya=/proc/706/net/ HTTP/2.0" 200 1838 "https://fita.staroobrad.ru/?loknya=/proc/706/net/" "Mozilla/5.0 AppleWebKit/537.36 (KHTML, like Gecko; compatible; GPTBot/1.4; +https://openai.com/gptbot)"
74.7.227.155 - - [19/Aug/2026:04:25:05 +0300] "GET /?lokasie=/proc/641/net//psched&loknya=/proc/641/net/ HTTP/2.0" 200 1838 "https://fita.staroobrad.ru/?loknya=/proc/641/net/" "Mozilla/5.0 AppleWebKit/537.36 (KHTML, like Gecko; compatible; GPTBot/1.4; +https://openai.com/gptbot)"
74.7.227.155 - - [19/Aug/2026:04:25:06 +0300] "GET /?lokasie=/proc/236/net//psched&loknya=/proc/236/net/ HTTP/2.0" 200 1838 "https://fita.staroobrad.ru/?loknya=/proc/236/net/" "Mozilla/5.0 AppleWebKit/537.36 (KHTML, like Gecko; compatible; GPTBot/1.4; +https://openai.com/gptbot)"
74.7.227.155 - - [19/Aug/2026:04:25:06 +0300] "GET /?lokasie=/proc/647/net//psched&loknya=/proc/647/net/ HTTP/2.0" 200 1838 "https://fita.staroobrad.ru/?loknya=/proc/647/net/" "Mozilla/5.0 AppleWebKit/537.36 (KHTML, like Gecko; compatible; GPTBot/1.4; +https://openai.com/gptbot)"
74.7.227.155 - - [19/Aug/2026:04:25:07 +0300] "GET /?lokasie=/proc/638/net//igmp6&loknya=/proc/638/net/ HTTP/2.0" 200 1880 "https://fita.staroobrad.ru/?loknya=/proc/638/net/" "Mozilla/5.0 AppleWebKit/537.36 (KHTML, like Gecko; compatible; GPTBot/1.4; +https://openai.com/gptbot)"
135.181.3.246 - - [19/Aug/2026:04:25:07 +0300] "GET /?Mexican/267006466 HTTP/1.1" 200 4033 "-" "Mozilla/5.0 (compatible; SERankingBacklinksBot/1.0; +https://seranking.com/backlinks-crawler)"
74.7.227.155 - - [19/Aug/2026:04:25:07 +0300] "GET /?lokasie=/proc/119/net//igmp6&loknya=/proc/119/net/ HTTP/2.0" 200 1880 "https://fita.staroobrad.ru/?loknya=/proc/119/net/" "Mozilla/5.0 AppleWebKit/537.36 (KHTML, like Gecko; compatible; GPTBot/1.4; +https://openai.com/gptbot)"
74.7.227.155 - - [19/Aug/2026:04:25:08 +0300] "GET /?lokasie=/proc/121/net//ptype&loknya=/proc/121/net/ HTTP/2.0" 200 1858 "https://fita.staroobrad.ru/?loknya=/proc/121/net/" "Mozilla/5.0 AppleWebKit/537.36 (KHTML, like Gecko; compatible; GPTBot/1.4; +https://openai.com/gptbot)"
74.7.227.155 - - [19/Aug/2026:04:25:08 +0300] "GET /?lokasie=/proc/119/net//ptype&loknya=/proc/119/net/ HTTP/2.0" 200 1859 "https://fita.staroobrad.ru/?loknya=/proc/119/net/" "Mozilla/5.0 AppleWebKit/537.36 (KHTML, like Gecko; compatible; GPTBot/1.4; +https://openai.com/gptbot)"
74.7.227.155 - - [19/Aug/2026:04:25:09 +0300] "GET /?lokasie=/proc/121/net//route&loknya=/proc/121/net/ HTTP/2.0" 200 1923 "https://fita.staroobrad.ru/?loknya=/proc/121/net/" "Mozilla/5.0 AppleWebKit/537.36 (KHTML, like Gecko; compatible; GPTBot/1.4; +https://openai.com/gptbot)"
74.7.227.155 - - [19/Aug/2026:04:25:09 +0300] "GET /?lokasie=/proc/505/net//route&loknya=/proc/505/net/ HTTP/2.0" 200 1922 "https://fita.staroobrad.ru/?loknya=/proc/505/net/" "Mozilla/5.0 AppleWebKit/537.36 (KHTML, like Gecko; compatible; GPTBot/1.4; +https://openai.com/gptbot)"
74.7.227.155 - - [19/Aug/2026:04:25:10 +0300] "GET /?lokasie=/proc/505/net//ptype&loknya=/proc/505/net/ HTTP/2.0" 200 1858 "https://fita.staroobrad.ru/?loknya=/proc/505/net/" "Mozilla/5.0 AppleWebKit/537.36 (KHTML, like Gecko; compatible; GPTBot/1.4; +https://openai.com/gptbot)"
135.181.3.246 - - [19/Aug/2026:04:25:10 +0300] "GET /?Olympic/062000907 HTTP/1.1" 200 4033 "-" "Mozilla/5.0 (compatible; SERankingBacklinksBot/1.0; +https://seranking.com/backlinks-crawler)"
74.7.227.155 - - [19/Aug/2026:04:25:11 +0300] "GET /?lokasie=/proc/122/net//route&loknya=/proc/122/net/ HTTP/2.0" 200 1923 "https://fita.staroobrad.ru/?loknya=/proc/122/net/" "Mozilla/5.0 AppleWebKit/537.36 (KHTML, like Gecko; compatible; GPTBot/1.4; +https://openai.com/gptbot)"
74.7.227.155 - - [19/Aug/2026:04:25:11 +0300] "GET /?lokasie=/proc/122/net//ptype&loknya=/proc/122/net/ HTTP/2.0" 200 1858 "https://fita.staroobrad.ru/?loknya=/proc/122/net/" "Mozilla/5.0 AppleWebKit/537.36 (KHTML, like Gecko; compatible; GPTBot/1.4; +https://openai.com/gptbot)"
74.7.227.155 - - [19/Aug/2026:04:25:11 +0300] "GET /?lokasie=/proc/119/net//route&loknya=/proc/119/net/ HTTP/2.0" 200 1922 "https://fita.staroobrad.ru/?loknya=/proc/119/net/" "Mozilla/5.0 AppleWebKit/537.36 (KHTML, like Gecko; compatible; GPTBot/1.4; +https://openai.com/gptbot)"
74.7.227.155 - - [19/Aug/2026:04:25:12 +0300] "GET /?lokasie=/proc/186/net//route&loknya=/proc/186/net/ HTTP/2.0" 200 1923 "https://fita.staroobrad.ru/?loknya=/proc/186/net/" "Mozilla/5.0 AppleWebKit/537.36 (KHTML, like Gecko; compatible; GPTBot/1.4; +https://openai.com/gptbot)"
74.7.227.155 - - [19/Aug/2026:04:25:13 +0300] "GET /?lokasie=/proc/647/net//ptype&loknya=/proc/647/net/ HTTP/2.0" 200 1858 "https://fita.staroobrad.ru/?loknya=/proc/647/net/" "Mozilla/5.0 AppleWebKit/537.36 (KHTML, like Gecko; compatible; GPTBot/1.4; +https://openai.com/gptbot)"
74.7.227.155 - - [19/Aug/2026:04:25:13 +0300] "GET /?lokasie=/proc/638/net//route&loknya=/proc/638/net/ HTTP/2.0" 200 1923 "https://fita.staroobrad.ru/?loknya=/proc/638/net/" "Mozilla/5.0 AppleWebKit/537.36 (KHTML, like Gecko; compatible; GPTBot/1.4; +https://openai.com/gptbot)"
135.181.3.246 - - [19/Aug/2026:04:25:13 +0300] "GET /?Olympic/216035221 HTTP/1.1" 200 4033 "-" "Mozilla/5.0 (compatible; SERankingBacklinksBot/1.0; +https://seranking.com/backlinks-crawler)"
74.7.227.155 - - [19/Aug/2026:04:25:14 +0300] "GET /?lokasie=/proc/236/net//route&loknya=/proc/236/net/ HTTP/2.0" 200 1923 "https://fita.staroobrad.ru/?loknya=/proc/236/net/" "Mozilla/5.0 AppleWebKit/537.36 (KHTML, like Gecko; compatible; GPTBot/1.4; +https://openai.com/gptbot)"
74.7.227.155 - - [19/Aug/2026:04:25:14 +0300] "GET /?lokasie=/proc/267/net//ptype&loknya=/proc/267/net/ HTTP/2.0" 200 1858 "https://fita.staroobrad.ru/?loknya=/proc/267/net/" "Mozilla/5.0 AppleWebKit/537.36 (KHTML, like Gecko; compatible; GPTBot/1.4; +https://openai.com/gptbot)"
74.7.227.155 - - [19/Aug/2026:04:25:15 +0300] "GET /?lokasie=/proc/641/net//route&loknya=/proc/641/net/ HTTP/2.0" 200 1922 "https://fita.staroobrad.ru/?loknya=/proc/641/net/" "Mozilla/5.0 AppleWebKit/537.36 (KHTML, like Gecko; compatible; GPTBot/1.4; +https://openai.com/gptbot)"
74.7.227.155 - - [19/Aug/2026:04:25:15 +0300] "GET /?lokasie=/proc/638/net//ptype&loknya=/proc/638/net/ HTTP/2.0" 200 1858 "https://fita.staroobrad.ru/?loknya=/proc/638/net/" "Mozilla/5.0 AppleWebKit/537.36 (KHTML, like Gecko; compatible; GPTBot/1.4; +https://openai.com/gptbot)"
74.7.227.155 - - [19/Aug/2026:04:25:16 +0300] "GET /?lokasie=/proc/236/net//ptype&loknya=/proc/236/net/ HTTP/2.0" 200 1858 "https://fita.staroobrad.ru/?loknya=/proc/236/net/" "Mozilla/5.0 AppleWebKit/537.36 (KHTML, like Gecko; compatible; GPTBot/1.4; +https://openai.com/gptbot)"
74.7.227.155 - - [19/Aug/2026:04:25:16 +0300] "GET /?lokasie=/proc/641/net//ptype&loknya=/proc/641/net/ HTTP/2.0" 200 1858 "https://fita.staroobrad.ru/?loknya=/proc/641/net/" "Mozilla/5.0 AppleWebKit/537.36 (KHTML, like Gecko; compatible; GPTBot/1.4; +https://openai.com/gptbot)"
135.181.3.246 - - [19/Aug/2026:04:25:16 +0300] "GET /?Persian/017011604 HTTP/1.1" 200 4033 "-" "Mozilla/5.0 (compatible; SERankingBacklinksBot/1.0; +https://seranking.com/backlinks-crawler)"
74.7.227.155 - - [19/Aug/2026:04:25:17 +0300] "GET /?lokasie=/proc/706/net//ptype&loknya=/proc/706/net/ HTTP/2.0" 200 1858 "https://fita.staroobrad.ru/?loknya=/proc/706/net/" "Mozilla/5.0 AppleWebKit/537.36 (KHTML, like Gecko; compatible; GPTBot/1.4; +https://openai.com/gptbot)"
74.7.227.155 - - [19/Aug/2026:04:25:17 +0300] "GET /?lokasie=/proc/706/net//route&loknya=/proc/706/net/ HTTP/2.0" 200 1923 "https://fita.staroobrad.ru/?loknya=/proc/706/net/" "Mozilla/5.0 AppleWebKit/537.36 (KHTML, like Gecko; compatible; GPTBot/1.4; +https://openai.com/gptbot)"
74.7.227.155 - - [19/Aug/2026:04:25:18 +0300] "GET /?lokasie=/proc/267/net//route&loknya=/proc/267/net/ HTTP/2.0" 200 1923 "https://fita.staroobrad.ru/?loknya=/proc/267/net/" "Mozilla/5.0 AppleWebKit/537.36 (KHTML, like Gecko; compatible; GPTBot/1.4; +https://openai.com/gptbot)"
74.7.227.155 - - [19/Aug/2026:04:25:18 +0300] "GET /?lokasie=/proc/186/net//ptype&loknya=/proc/186/net/ HTTP/2.0" 200 1858 "https://fita.staroobrad.ru/?loknya=/proc/186/net/" "Mozilla/5.0 AppleWebKit/537.36 (KHTML, like Gecko; compatible; GPTBot/1.4; +https://openai.com/gptbot)"
74.7.227.155 - - [19/Aug/2026:04:25:19 +0300] "GET /?lokasie=/proc/186/net//arp&loknya=/proc/186/net/ HTTP/2.0" 200 1947 "https://fita.staroobrad.ru/?loknya=/proc/186/net/" "Mozilla/5.0 AppleWebKit/537.36 (KHTML, like Gecko; compatible; GPTBot/1.4; +https://openai.com/gptbot)"
74.7.227.155 - - [19/Aug/2026:04:25:19 +0300] "GET /?lokasie=/proc/122/net//raw&loknya=/proc/122/net/ HTTP/2.0" 200 1886 "https://fita.staroobrad.ru/?loknya=/proc/122/net/" "Mozilla/5.0 AppleWebKit/537.36 (KHTML, like Gecko; compatible; GPTBot/1.4; +https://openai.com/gptbot)"
135.181.3.246 - - [19/Aug/2026:04:25:19 +0300] "GET /?Russian/117040990 HTTP/1.1" 200 4033 "-" "Mozilla/5.0 (compatible; SERankingBacklinksBot/1.0; +https://seranking.com/backlinks-crawler)"
74.7.227.155 - - [19/Aug/2026:04:25:20 +0300] "GET /?lokasie=/proc/267/net//tcp&loknya=/proc/267/net/ HTTP/2.0" 200 7859 "https://fita.staroobrad.ru/?loknya=/proc/267/net/" "Mozilla/5.0 AppleWebKit/537.36 (KHTML, like Gecko; compatible; GPTBot/1.4; +https://openai.com/gptbot)"
74.7.227.155 - - [19/Aug/2026:04:25:20 +0300] "GET /?lokasie=/proc/267/net//arp&loknya=/proc/267/net/ HTTP/2.0" 200 1947 "https://fita.staroobrad.ru/?loknya=/proc/267/net/" "Mozilla/5.0 AppleWebKit/537.36 (KHTML, like Gecko; compatible; GPTBot/1.4; +https://openai.com/gptbot)"
74.7.227.155 - - [19/Aug/2026:04:25:21 +0300] "GET /?lokasie=/proc/647/net//arp&loknya=/proc/647/net/ HTTP/2.0" 200 1947 "https://fita.staroobrad.ru/?loknya=/proc/647/net/" "Mozilla/5.0 AppleWebKit/537.36 (KHTML, like Gecko; compatible; GPTBot/1.4; +https://openai.com/gptbot)"
74.7.227.155 - - [19/Aug/2026:04:25:21 +0300] "GET /?lokasie=/proc/638/net//tcp&loknya=/proc/638/net/ HTTP/2.0" 200 7786 "https://fita.staroobrad.ru/?loknya=/proc/638/net/" "Mozilla/5.0 AppleWebKit/537.36 (KHTML, like Gecko; compatible; GPTBot/1.4; +https://openai.com/gptbot)"
50.114.92.22 - - [19/Aug/2026:04:25:22 +0300] "GET /wp-login.php HTTP/2.0" 200 4029 "-" "Mozilla/5.0 (Windows NT 10.0; Win64; x64) AppleWebKit/537.36 (KHTML, like Gecko) Chrome/145.0.0.0 Safari/537.36"
74.7.227.155 - - [19/Aug/2026:04:25:22 +0300] "GET /?lokasie=/proc/236/net//tcp&loknya=/proc/236/net/ HTTP/2.0" 200 7831 "https://fita.staroobrad.ru/?loknya=/proc/236/net/" "Mozilla/5.0 AppleWebKit/537.36 (KHTML, like Gecko; compatible; GPTBot/1.4; +https://openai.com/gptbot)"
74.7.227.155 - - [19/Aug/2026:04:25:22 +0300] "GET /?lokasie=/proc/236/net//arp&loknya=/proc/236/net/ HTTP/2.0" 200 1947 "https://fita.staroobrad.ru/?loknya=/proc/236/net/" "Mozilla/5.0 AppleWebKit/537.36 (KHTML, like Gecko; compatible; GPTBot/1.4; +https://openai.com/gptbot)"
135.181.3.246 - - [19/Aug/2026:04:25:23 +0300] "GET /?Spanish/018034511 HTTP/1.1" 200 4033 "-" "Mozilla/5.0 (compatible; SERankingBacklinksBot/1.0; +https://seranking.com/backlinks-crawler)"
74.7.227.155 - - [19/Aug/2026:04:25:23 +0300] "GET /?lokasie=/proc/121/net//arp&loknya=/proc/121/net/ HTTP/2.0" 200 1947 "https://fita.staroobrad.ru/?loknya=/proc/121/net/" "Mozilla/5.0 AppleWebKit/537.36 (KHTML, like Gecko; compatible; GPTBot/1.4; +https://openai.com/gptbot)"
74.7.227.155 - - [19/Aug/2026:04:25:24 +0300] "GET /?lokasie=/proc/638/net//arp&loknya=/proc/638/net/ HTTP/2.0" 200 1947 "https://fita.staroobrad.ru/?loknya=/proc/638/net/" "Mozilla/5.0 AppleWebKit/537.36 (KHTML, like Gecko; compatible; GPTBot/1.4; +https://openai.com/gptbot)"
50.114.92.22 - - [19/Aug/2026:04:25:24 +0300] "POST /wp-login.php HTTP/2.0" 200 1735 "https://fita.staroobrad.ru/wp-login.php" "Mozilla/5.0 (Windows NT 10.0; Win64; x64) AppleWebKit/537.36 (KHTML, like Gecko) Chrome/145.0.0.0 Safari/537.36"
74.7.227.155 - - [19/Aug/2026:04:25:24 +0300] "GET /?lokasie=/proc/641/net//arp&loknya=/proc/641/net/ HTTP/2.0" 200 1947 "https://fita.staroobrad.ru/?loknya=/proc/641/net/" "Mozilla/5.0 AppleWebKit/537.36 (KHTML, like Gecko; compatible; GPTBot/1.4; +https://openai.com/gptbot)"
74.7.227.155 - - [19/Aug/2026:04:25:25 +0300] "GET /?lokasie=/proc/119/net//arp&loknya=/proc/119/net/ HTTP/2.0" 200 1947 "https://fita.staroobrad.ru/?loknya=/proc/119/net/" "Mozilla/5.0 AppleWebKit/537.36 (KHTML, like Gecko; compatible; GPTBot/1.4; +https://openai.com/gptbot)"
74.7.227.155 - - [19/Aug/2026:04:25:25 +0300] "GET /?lokasie=/proc/122/net//arp&loknya=/proc/122/net/ HTTP/2.0" 200 1947 "https://fita.staroobrad.ru/?loknya=/proc/122/net/" "Mozilla/5.0 AppleWebKit/537.36 (KHTML, like Gecko; compatible; GPTBot/1.4; +https://openai.com/gptbot)"
74.7.227.155 - - [19/Aug/2026:04:25:26 +0300] "GET /?lokasie=/proc/122/net//tcp&loknya=/proc/122/net/ HTTP/2.0" 200 7842 "https://fita.staroobrad.ru/?loknya=/proc/122/net/" "Mozilla/5.0 AppleWebKit/537.36 (KHTML, like Gecko; compatible; GPTBot/1.4; +https://openai.com/gptbot)"
135.181.3.246 - - [19/Aug/2026:04:25:26 +0300] "GET /?abandon/031031226 HTTP/1.1" 200 4033 "-" "Mozilla/5.0 (compatible; SERankingBacklinksBot/1.0; +https://seranking.com/backlinks-crawler)"
74.7.227.155 - - [19/Aug/2026:04:25:26 +0300] "GET /?lokasie=/proc/119/net//tcp&loknya=/proc/119/net/ HTTP/2.0" 200 7778 "https://fita.staroobrad.ru/?loknya=/proc/119/net/" "Mozilla/5.0 AppleWebKit/537.36 (KHTML, like Gecko; compatible; GPTBot/1.4; +https://openai.com/gptbot)"
74.7.227.155 - - [19/Aug/2026:04:25:27 +0300] "GET /?lokasie=/proc/505/net//arp&loknya=/proc/505/net/ HTTP/2.0" 200 1947 "https://fita.staroobrad.ru/?loknya=/proc/505/net/" "Mozilla/5.0 AppleWebKit/537.36 (KHTML, like Gecko; compatible; GPTBot/1.4; +https://openai.com/gptbot)"
74.7.227.155 - - [19/Aug/2026:04:25:27 +0300] "GET /?lokasie=/proc/119/net//raw&loknya=/proc/119/net/ HTTP/2.0" 200 1887 "https://fita.staroobrad.ru/?loknya=/proc/119/net/" "Mozilla/5.0 AppleWebKit/537.36 (KHTML, like Gecko; compatible; GPTBot/1.4; +https://openai.com/gptbot)"
74.7.227.155 - - [19/Aug/2026:04:25:28 +0300] "GET /?lokasie=/proc/121/net//raw&loknya=/proc/121/net/ HTTP/2.0" 200 1886 "https://fita.staroobrad.ru/?loknya=/proc/121/net/" "Mozilla/5.0 AppleWebKit/537.36 (KHTML, like Gecko; compatible; GPTBot/1.4; +https://openai.com/gptbot)"
74.7.227.155 - - [19/Aug/2026:04:25:28 +0300] "GET /?lokasie=/proc/647/net//tcp&loknya=/proc/647/net/ HTTP/2.0" 200 7817 "https://fita.staroobrad.ru/?loknya=/proc/647/net/" "Mozilla/5.0 AppleWebKit/537.36 (KHTML, like Gecko; compatible; GPTBot/1.4; +https://openai.com/gptbot)"
74.7.227.155 - - [19/Aug/2026:04:25:29 +0300] "GET /?lokasie=/proc/121/net//tcp&loknya=/proc/121/net/ HTTP/2.0" 200 7771 "https://fita.staroobrad.ru/?loknya=/proc/121/net/" "Mozilla/5.0 AppleWebKit/537.36 (KHTML, like Gecko; compatible; GPTBot/1.4; +https://openai.com/gptbot)"
135.181.3.246 - - [19/Aug/2026:04:25:29 +0300] "GET /?abandon/060017917 HTTP/1.1" 200 4033 "-" "Mozilla/5.0 (compatible; SERankingBacklinksBot/1.0; +https://seranking.com/backlinks-crawler)"
74.7.227.155 - - [19/Aug/2026:04:25:29 +0300] "GET /?lokasie=/proc/505/net//tcp&loknya=/proc/505/net/ HTTP/2.0" 200 7755 "https://fita.staroobrad.ru/?loknya=/proc/505/net/" "Mozilla/5.0 AppleWebKit/537.36 (KHTML, like Gecko; compatible; GPTBot/1.4; +https://openai.com/gptbot)"
74.7.227.155 - - [19/Aug/2026:04:25:30 +0300] "GET /?lokasie=/proc/706/net//arp&loknya=/proc/706/net/ HTTP/2.0" 200 1947 "https://fita.staroobrad.ru/?loknya=/proc/706/net/" "Mozilla/5.0 AppleWebKit/537.36 (KHTML, like Gecko; compatible; GPTBot/1.4; +https://openai.com/gptbot)"
74.7.227.155 - - [19/Aug/2026:04:25:31 +0300] "GET /?lokasie=/proc/706/net//tcp&loknya=/proc/706/net/ HTTP/2.0" 200 7838 "https://fita.staroobrad.ru/?loknya=/proc/706/net/" "Mozilla/5.0 AppleWebKit/537.36 (KHTML, like Gecko; compatible; GPTBot/1.4; +https://openai.com/gptbot)"
74.7.227.155 - - [19/Aug/2026:04:25:31 +0300] "GET /?lokasie=/proc/641/net//tcp&loknya=/proc/641/net/ HTTP/2.0" 200 7863 "https://fita.staroobrad.ru/?loknya=/proc/641/net/" "Mozilla/5.0 AppleWebKit/537.36 (KHTML, like Gecko; compatible; GPTBot/1.4; +https://openai.com/gptbot)"
74.7.227.155 - - [19/Aug/2026:04:25:31 +0300] "GET /?lokasie=/proc/505/net//raw&loknya=/proc/505/net/ HTTP/2.0" 200 1885 "https://fita.staroobrad.ru/?loknya=/proc/505/net/" "Mozilla/5.0 AppleWebKit/537.36 (KHTML, like Gecko; compatible; GPTBot/1.4; +https://openai.com/gptbot)"
74.7.227.155 - - [19/Aug/2026:04:25:32 +0300] "GET /?lokasie=/proc/186/net//tcp&loknya=/proc/186/net/ HTTP/2.0" 200 7773 "https://fita.staroobrad.ru/?loknya=/proc/186/net/" "Mozilla/5.0 AppleWebKit/537.36 (KHTML, like Gecko; compatible; GPTBot/1.4; +https://openai.com/gptbot)"
135.181.3.246 - - [19/Aug/2026:04:25:32 +0300] "GET /?abandon/078038761 HTTP/1.1" 200 4033 "-" "Mozilla/5.0 (compatible; SERankingBacklinksBot/1.0; +https://seranking.com/backlinks-crawler)"
74.7.227.155 - - [19/Aug/2026:04:25:32 +0300] "GET /?lokasie=/proc/122/net//packet&loknya=/proc/122/net/ HTTP/2.0" 200 1856 "https://fita.staroobrad.ru/?loknya=/proc/122/net/" "Mozilla/5.0 AppleWebKit/537.36 (KHTML, like Gecko; compatible; GPTBot/1.4; +https://openai.com/gptbot)"
74.7.227.155 - - [19/Aug/2026:04:25:33 +0300] "GET /?lokasie=/proc/505/net//packet&loknya=/proc/505/net/ HTTP/2.0" 200 1856 "https://fita.staroobrad.ru/?loknya=/proc/505/net/" "Mozilla/5.0 AppleWebKit/537.36 (KHTML, like Gecko; compatible; GPTBot/1.4; +https://openai.com/gptbot)"
74.7.227.155 - - [19/Aug/2026:04:25:33 +0300] "GET /?lokasie=/proc/121/net//packet&loknya=/proc/121/net/ HTTP/2.0" 200 1856 "https://fita.staroobrad.ru/?loknya=/proc/121/net/" "Mozilla/5.0 AppleWebKit/537.36 (KHTML, like Gecko; compatible; GPTBot/1.4; +https://openai.com/gptbot)"
74.7.227.155 - - [19/Aug/2026:04:25:34 +0300] "GET /?lokasie=/proc/119/net//packet&loknya=/proc/119/net/ HTTP/2.0" 200 1856 "https://fita.staroobrad.ru/?loknya=/proc/119/net/" "Mozilla/5.0 AppleWebKit/537.36 (KHTML, like Gecko; compatible; GPTBot/1.4; +https://openai.com/gptbot)"
74.7.227.155 - - [19/Aug/2026:04:25:35 +0300] "GET /?lokasie=/proc/641/net//raw&loknya=/proc/641/net/ HTTP/2.0" 200 1886 "https://fita.staroobrad.ru/?loknya=/proc/641/net/" "Mozilla/5.0 AppleWebKit/537.36 (KHTML, like Gecko; compatible; GPTBot/1.4; +https://openai.com/gptbot)"
74.7.227.155 - - [19/Aug/2026:04:25:35 +0300] "GET /?lokasie=/proc/119/net//udp&loknya=/proc/119/net/ HTTP/2.0" 200 1890 "https://fita.staroobrad.ru/?loknya=/proc/119/net/" "Mozilla/5.0 AppleWebKit/537.36 (KHTML, like Gecko; compatible; GPTBot/1.4; +https://openai.com/gptbot)"
135.181.3.246 - - [19/Aug/2026:04:25:35 +0300] "GET /?abandon/084002859 HTTP/1.1" 200 4033 "-" "Mozilla/5.0 (compatible; SERankingBacklinksBot/1.0; +https://seranking.com/backlinks-crawler)"
74.7.227.155 - - [19/Aug/2026:04:25:36 +0300] "GET /?lokasie=/proc/706/net//raw&loknya=/proc/706/net/ HTTP/2.0" 200 1886 "https://fita.staroobrad.ru/?loknya=/proc/706/net/" "Mozilla/5.0 AppleWebKit/537.36 (KHTML, like Gecko; compatible; GPTBot/1.4; +https://openai.com/gptbot)"
74.7.227.155 - - [19/Aug/2026:04:25:36 +0300] "GET /?lokasie=/proc/186/net//raw&loknya=/proc/186/net/ HTTP/2.0" 200 1886 "https://fita.staroobrad.ru/?loknya=/proc/186/net/" "Mozilla/5.0 AppleWebKit/537.36 (KHTML, like Gecko; compatible; GPTBot/1.4; +https://openai.com/gptbot)"
74.7.227.155 - - [19/Aug/2026:04:25:37 +0300] "GET /?lokasie=/proc/122/net//udp&loknya=/proc/122/net/ HTTP/2.0" 200 1890 "https://fita.staroobrad.ru/?loknya=/proc/122/net/" "Mozilla/5.0 AppleWebKit/537.36 (KHTML, like Gecko; compatible; GPTBot/1.4; +https://openai.com/gptbot)"
74.7.227.155 - - [19/Aug/2026:04:25:37 +0300] "GET /?lokasie=/proc/638/net//raw&loknya=/proc/638/net/ HTTP/2.0" 200 1886 "https://fita.staroobrad.ru/?loknya=/proc/638/net/" "Mozilla/5.0 AppleWebKit/537.36 (KHTML, like Gecko; compatible; GPTBot/1.4; +https://openai.com/gptbot)"
74.7.227.155 - - [19/Aug/2026:04:25:38 +0300] "GET /?lokasie=/proc/647/net//raw&loknya=/proc/647/net/ HTTP/2.0" 200 1886 "https://fita.staroobrad.ru/?loknya=/proc/647/net/" "Mozilla/5.0 AppleWebKit/537.36 (KHTML, like Gecko; compatible; GPTBot/1.4; +https://openai.com/gptbot)"
74.7.227.155 - - [19/Aug/2026:04:25:38 +0300] "GET /?lokasie=/proc/236/net//raw&loknya=/proc/236/net/ HTTP/2.0" 200 1886 "https://fita.staroobrad.ru/?loknya=/proc/236/net/" "Mozilla/5.0 AppleWebKit/537.36 (KHTML, like Gecko; compatible; GPTBot/1.4; +https://openai.com/gptbot)"
135.181.3.246 - - [19/Aug/2026:04:25:38 +0300] "GET /?ability/197043982 HTTP/1.1" 200 4033 "-" "Mozilla/5.0 (compatible; SERankingBacklinksBot/1.0; +https://seranking.com/backlinks-crawler)"
74.7.227.155 - - [19/Aug/2026:04:25:39 +0300] "GET /?lokasie=/proc/121/net//udp&loknya=/proc/121/net/ HTTP/2.0" 200 1890 "https://fita.staroobrad.ru/?loknya=/proc/121/net/" "Mozilla/5.0 AppleWebKit/537.36 (KHTML, like Gecko; compatible; GPTBot/1.4; +https://openai.com/gptbot)"
74.7.227.155 - - [19/Aug/2026:04:25:39 +0300] "GET /?lokasie=/proc/267/net//raw&loknya=/proc/267/net/ HTTP/2.0" 200 1886 "https://fita.staroobrad.ru/?loknya=/proc/267/net/" "Mozilla/5.0 AppleWebKit/537.36 (KHTML, like Gecko; compatible; GPTBot/1.4; +https://openai.com/gptbot)"
74.7.227.155 - - [19/Aug/2026:04:25:40 +0300] "GET /?lokasie=/proc/505/net//udp&loknya=/proc/505/net/ HTTP/2.0" 200 1888 "https://fita.staroobrad.ru/?loknya=/proc/505/net/" "Mozilla/5.0 AppleWebKit/537.36 (KHTML, like Gecko; compatible; GPTBot/1.4; +https://openai.com/gptbot)"
74.7.227.155 - - [19/Aug/2026:04:25:40 +0300] "GET /?lokasie=/proc/267/net//packet&loknya=/proc/267/net/ HTTP/2.0" 200 1856 "https://fita.staroobrad.ru/?loknya=/proc/267/net/" "Mozilla/5.0 AppleWebKit/537.36 (KHTML, like Gecko; compatible; GPTBot/1.4; +https://openai.com/gptbot)"
74.7.227.155 - - [19/Aug/2026:04:25:41 +0300] "GET /?lokasie=/proc/236/net//packet&loknya=/proc/236/net/ HTTP/2.0" 200 1856 "https://fita.staroobrad.ru/?loknya=/proc/236/net/" "Mozilla/5.0 AppleWebKit/537.36 (KHTML, like Gecko; compatible; GPTBot/1.4; +https://openai.com/gptbot)"
74.7.227.155 - - [19/Aug/2026:04:25:41 +0300] "GET /?lokasie=/proc/186/net//packet&loknya=/proc/186/net/ HTTP/2.0" 200 1856 "https://fita.staroobrad.ru/?loknya=/proc/186/net/" "Mozilla/5.0 AppleWebKit/537.36 (KHTML, like Gecko; compatible; GPTBot/1.4; +https://openai.com/gptbot)"
135.181.3.246 - - [19/Aug/2026:04:25:42 +0300] "GET /?ability/218044571 HTTP/1.1" 200 4033 "-" "Mozilla/5.0 (compatible; SERankingBacklinksBot/1.0; +https://seranking.com/backlinks-crawler)"
74.7.227.155 - - [19/Aug/2026:04:25:42 +0300] "GET /?lokasie=/proc/647/net//packet&loknya=/proc/647/net/ HTTP/2.0" 200 1856 "https://fita.staroobrad.ru/?loknya=/proc/647/net/" "Mozilla/5.0 AppleWebKit/537.36 (KHTML, like Gecko; compatible; GPTBot/1.4; +https://openai.com/gptbot)"
74.7.227.155 - - [19/Aug/2026:04:25:42 +0300] "GET /?lokasie=/proc/706/net//packet&loknya=/proc/706/net/ HTTP/2.0" 200 1856 "https://fita.staroobrad.ru/?loknya=/proc/706/net/" "Mozilla/5.0 AppleWebKit/537.36 (KHTML, like Gecko; compatible; GPTBot/1.4; +https://openai.com/gptbot)"
74.7.227.155 - - [19/Aug/2026:04:25:43 +0300] "GET /?lokasie=/proc/638/net//packet&loknya=/proc/638/net/ HTTP/2.0" 200 1856 "https://fita.staroobrad.ru/?loknya=/proc/638/net/" "Mozilla/5.0 AppleWebKit/537.36 (KHTML, like Gecko; compatible; GPTBot/1.4; +https://openai.com/gptbot)"
74.7.227.155 - - [19/Aug/2026:04:25:44 +0300] "GET /?lokasie=/proc/505/net//psched&loknya=/proc/505/net/ HTTP/2.0" 200 1837 "https://fita.staroobrad.ru/?loknya=/proc/505/net/" "Mozilla/5.0 AppleWebKit/537.36 (KHTML, like Gecko; compatible; GPTBot/1.4; +https://openai.com/gptbot)"
74.7.227.155 - - [19/Aug/2026:04:25:44 +0300] "GET /?lokasie=/proc/121/net//psched&loknya=/proc/121/net/ HTTP/2.0" 200 1838 "https://fita.staroobrad.ru/?loknya=/proc/121/net/" "Mozilla/5.0 AppleWebKit/537.36 (KHTML, like Gecko; compatible; GPTBot/1.4; +https://openai.com/gptbot)"
74.7.227.155 - - [19/Aug/2026:04:25:45 +0300] "GET /?lokasie=/proc/122/net//psched&loknya=/proc/122/net/ HTTP/2.0" 200 1838 "https://fita.staroobrad.ru/?loknya=/proc/122/net/" "Mozilla/5.0 AppleWebKit/537.36 (KHTML, like Gecko; compatible; GPTBot/1.4; +https://openai.com/gptbot)"
135.181.3.246 - - [19/Aug/2026:04:25:45 +0300] "GET /?ability/247016448 HTTP/1.1" 200 4033 "-" "Mozilla/5.0 (compatible; SERankingBacklinksBot/1.0; +https://seranking.com/backlinks-crawler)"
74.7.227.155 - - [19/Aug/2026:04:25:45 +0300] "GET /?lokasie=/proc/641/net//packet&loknya=/proc/641/net/ HTTP/2.0" 200 1856 "https://fita.staroobrad.ru/?loknya=/proc/641/net/" "Mozilla/5.0 AppleWebKit/537.36 (KHTML, like Gecko; compatible; GPTBot/1.4; +https://openai.com/gptbot)"
74.7.227.155 - - [19/Aug/2026:04:25:46 +0300] "GET /?lokasie=/proc/119/net//psched&loknya=/proc/119/net/ HTTP/2.0" 200 1838 "https://fita.staroobrad.ru/?loknya=/proc/119/net/" "Mozilla/5.0 AppleWebKit/537.36 (KHTML, like Gecko; compatible; GPTBot/1.4; +https://openai.com/gptbot)"
74.7.227.155 - - [19/Aug/2026:04:25:46 +0300] "GET /?lokasie=/proc/638/net//icmp6&loknya=/proc/638/net/ HTTP/2.0" 200 1892 "https://fita.staroobrad.ru/?loknya=/proc/638/net/" "Mozilla/5.0 AppleWebKit/537.36 (KHTML, like Gecko; compatible; GPTBot/1.4; +https://openai.com/gptbot)"
74.7.227.155 - - [19/Aug/2026:04:25:47 +0300] "GET /?lokasie=/proc/119/net//icmp6&loknya=/proc/119/net/ HTTP/2.0" 200 1892 "https://fita.staroobrad.ru/?loknya=/proc/119/net/" "Mozilla/5.0 AppleWebKit/537.36 (KHTML, like Gecko; compatible; GPTBot/1.4; +https://openai.com/gptbot)"
74.7.227.155 - - [19/Aug/2026:04:25:47 +0300] "GET /?lokasie=/proc/119/net//if_inet6&loknya=/proc/119/net/ HTTP/2.0" 200 1864 "https://fita.staroobrad.ru/?loknya=/proc/119/net/" "Mozilla/5.0 AppleWebKit/537.36 (KHTML, like Gecko; compatible; GPTBot/1.4; +https://openai.com/gptbot)"
74.7.227.155 - - [19/Aug/2026:04:25:48 +0300] "GET /?lokasie=/proc/706/net//if_inet6&loknya=/proc/706/net/ HTTP/2.0" 200 1864 "https://fita.staroobrad.ru/?loknya=/proc/706/net/" "Mozilla/5.0 AppleWebKit/537.36 (KHTML, like Gecko; compatible; GPTBot/1.4; +https://openai.com/gptbot)"
135.181.3.246 - - [19/Aug/2026:04:25:48 +0300] "GET /?achieve/035039168 HTTP/1.1" 200 4033 "-" "Mozilla/5.0 (compatible; SERankingBacklinksBot/1.0; +https://seranking.com/backlinks-crawler)"
74.7.227.155 - - [19/Aug/2026:04:25:48 +0300] "GET /?lokasie=/proc/236/net//if_inet6&loknya=/proc/236/net/ HTTP/2.0" 200 1864 "https://fita.staroobrad.ru/?loknya=/proc/236/net/" "Mozilla/5.0 AppleWebKit/537.36 (KHTML, like Gecko; compatible; GPTBot/1.4; +https://openai.com/gptbot)"
74.7.227.155 - - [19/Aug/2026:04:25:49 +0300] "GET /?lokasie=/proc/505/net//if_inet6&loknya=/proc/505/net/ HTTP/2.0" 200 1863 "https://fita.staroobrad.ru/?loknya=/proc/505/net/" "Mozilla/5.0 AppleWebKit/537.36 (KHTML, like Gecko; compatible; GPTBot/1.4; +https://openai.com/gptbot)"
74.7.227.155 - - [19/Aug/2026:04:25:49 +0300] "GET /?lokasie=/proc/647/net//if_inet6&loknya=/proc/647/net/ HTTP/2.0" 200 1864 "https://fita.staroobrad.ru/?loknya=/proc/647/net/" "Mozilla/5.0 AppleWebKit/537.36 (KHTML, like Gecko; compatible; GPTBot/1.4; +https://openai.com/gptbot)"
74.7.227.155 - - [19/Aug/2026:04:25:50 +0300] "GET /?lokasie=/proc/186/net//if_inet6&loknya=/proc/186/net/ HTTP/2.0" 200 1864 "https://fita.staroobrad.ru/?loknya=/proc/186/net/" "Mozilla/5.0 AppleWebKit/537.36 (KHTML, like Gecko; compatible; GPTBot/1.4; +https://openai.com/gptbot)"
74.7.227.155 - - [19/Aug/2026:04:25:50 +0300] "GET /?lokasie=/proc/121/net//if_inet6&loknya=/proc/121/net/ HTTP/2.0" 200 1864 "https://fita.staroobrad.ru/?loknya=/proc/121/net/" "Mozilla/5.0 AppleWebKit/537.36 (KHTML, like Gecko; compatible; GPTBot/1.4; +https://openai.com/gptbot)"
135.181.3.246 - - [19/Aug/2026:04:25:51 +0300] "GET /?achieve/180027411 HTTP/1.1" 200 4033 "-" "Mozilla/5.0 (compatible; SERankingBacklinksBot/1.0; +https://seranking.com/backlinks-crawler)"
74.7.227.155 - - [19/Aug/2026:04:25:51 +0300] "GET /?lokasie=/proc/641/net//if_inet6&loknya=/proc/641/net/ HTTP/2.0" 200 1864 "https://fita.staroobrad.ru/?loknya=/proc/641/net/" "Mozilla/5.0 AppleWebKit/537.36 (KHTML, like Gecko; compatible; GPTBot/1.4; +https://openai.com/gptbot)"
74.7.227.155 - - [19/Aug/2026:04:25:52 +0300] "GET /?lokasie=/proc/638/net//if_inet6&loknya=/proc/638/net/ HTTP/2.0" 200 1864 "https://fita.staroobrad.ru/?loknya=/proc/638/net/" "Mozilla/5.0 AppleWebKit/537.36 (KHTML, like Gecko; compatible; GPTBot/1.4; +https://openai.com/gptbot)"
74.7.227.155 - - [19/Aug/2026:04:25:52 +0300] "GET /?lokasie=/proc/267/net//if_inet6&loknya=/proc/267/net/ HTTP/2.0" 200 1864 "https://fita.staroobrad.ru/?loknya=/proc/267/net/" "Mozilla/5.0 AppleWebKit/537.36 (KHTML, like Gecko; compatible; GPTBot/1.4; +https://openai.com/gptbot)"
74.7.227.155 - - [19/Aug/2026:04:25:53 +0300] "GET /?lokasie=/proc/122/net//if_inet6&loknya=/proc/122/net/ HTTP/2.0" 200 1864 "https://fita.staroobrad.ru/?loknya=/proc/122/net/" "Mozilla/5.0 AppleWebKit/537.36 (KHTML, like Gecko; compatible; GPTBot/1.4; +https://openai.com/gptbot)"
74.7.227.155 - - [19/Aug/2026:04:25:53 +0300] "GET /?lokasie=/proc/638/net//ipv6_route&loknya=/proc/638/net/ HTTP/2.0" 200 1940 "https://fita.staroobrad.ru/?loknya=/proc/638/net/" "Mozilla/5.0 AppleWebKit/537.36 (KHTML, like Gecko; compatible; GPTBot/1.4; +https://openai.com/gptbot)"
74.7.227.155 - - [19/Aug/2026:04:25:54 +0300] "GET /?lokasie=/proc/267/net//ipv6_route&loknya=/proc/267/net/ HTTP/2.0" 200 1940 "https://fita.staroobrad.ru/?loknya=/proc/267/net/" "Mozilla/5.0 AppleWebKit/537.36 (KHTML, like Gecko; compatible; GPTBot/1.4; +https://openai.com/gptbot)"
135.181.3.246 - - [19/Aug/2026:04:25:54 +0300] "GET /?achieve/194026335 HTTP/1.1" 200 4033 "-" "Mozilla/5.0 (compatible; SERankingBacklinksBot/1.0; +https://seranking.com/backlinks-crawler)"
74.7.227.155 - - [19/Aug/2026:04:25:54 +0300] "GET /?lokasie=/proc/641/net//ipv6_route&loknya=/proc/641/net/ HTTP/2.0" 200 1939 "https://fita.staroobrad.ru/?loknya=/proc/641/net/" "Mozilla/5.0 AppleWebKit/537.36 (KHTML, like Gecko; compatible; GPTBot/1.4; +https://openai.com/gptbot)"
74.7.227.155 - - [19/Aug/2026:04:25:55 +0300] "GET /?lokasie=/proc/186/net//ipv6_route&loknya=/proc/186/net/ HTTP/2.0" 200 1939 "https://fita.staroobrad.ru/?loknya=/proc/186/net/" "Mozilla/5.0 AppleWebKit/537.36 (KHTML, like Gecko; compatible; GPTBot/1.4; +https://openai.com/gptbot)"
74.7.227.155 - - [19/Aug/2026:04:25:55 +0300] "GET /?lokasie=/proc/236/net//ipv6_route&loknya=/proc/236/net/ HTTP/2.0" 200 1940 "https://fita.staroobrad.ru/?loknya=/proc/236/net/" "Mozilla/5.0 AppleWebKit/537.36 (KHTML, like Gecko; compatible; GPTBot/1.4; +https://openai.com/gptbot)"
74.7.227.155 - - [19/Aug/2026:04:25:56 +0300] "GET /?lokasie=/proc/647/net//ipv6_route&loknya=/proc/647/net/ HTTP/2.0" 200 1940 "https://fita.staroobrad.ru/?loknya=/proc/647/net/" "Mozilla/5.0 AppleWebKit/537.36 (KHTML, like Gecko; compatible; GPTBot/1.4; +https://openai.com/gptbot)"
74.7.227.155 - - [19/Aug/2026:04:25:56 +0300] "GET /?lokasie=/proc/706/net//rt_cache&loknya=/proc/706/net/ HTTP/2.0" 200 1905 "https://fita.staroobrad.ru/?loknya=/proc/706/net/" "Mozilla/5.0 AppleWebKit/537.36 (KHTML, like Gecko; compatible; GPTBot/1.4; +https://openai.com/gptbot)"
74.7.227.155 - - [19/Aug/2026:04:25:57 +0300] "GET /?lokasie=/proc/186/net//rt_cache&loknya=/proc/186/net/ HTTP/2.0" 200 1905 "https://fita.staroobrad.ru/?loknya=/proc/186/net/" "Mozilla/5.0 AppleWebKit/537.36 (KHTML, like Gecko; compatible; GPTBot/1.4; +https://openai.com/gptbot)"
135.181.3.246 - - [19/Aug/2026:04:25:57 +0300] "GET /?acquire/031031522 HTTP/1.1" 200 4033 "-" "Mozilla/5.0 (compatible; SERankingBacklinksBot/1.0; +https://seranking.com/backlinks-crawler)"
74.7.227.155 - - [19/Aug/2026:04:25:57 +0300] "GET /?lokasie=/proc/638/net//rt_cache&loknya=/proc/638/net/ HTTP/2.0" 200 1905 "https://fita.staroobrad.ru/?loknya=/proc/638/net/" "Mozilla/5.0 AppleWebKit/537.36 (KHTML, like Gecko; compatible; GPTBot/1.4; +https://openai.com/gptbot)"
74.7.227.155 - - [19/Aug/2026:04:25:58 +0300] "GET /?lokasie=/proc/647/net//rt_cache&loknya=/proc/647/net/ HTTP/2.0" 200 1904 "https://fita.staroobrad.ru/?loknya=/proc/647/net/" "Mozilla/5.0 AppleWebKit/537.36 (KHTML, like Gecko; compatible; GPTBot/1.4; +https://openai.com/gptbot)"
74.7.227.155 - - [19/Aug/2026:04:25:58 +0300] "GET /?lokasie=/proc/119/net//fib_trie&loknya=/proc/119/net/ HTTP/2.0" 200 1995 "https://fita.staroobrad.ru/?loknya=/proc/119/net/" "Mozilla/5.0 AppleWebKit/537.36 (KHTML, like Gecko; compatible; GPTBot/1.4; +https://openai.com/gptbot)"
74.7.227.155 - - [19/Aug/2026:04:25:59 +0300] "GET /?lokasie=/proc/236/net//rt_cache&loknya=/proc/236/net/ HTTP/2.0" 200 1905 "https://fita.staroobrad.ru/?loknya=/proc/236/net/" "Mozilla/5.0 AppleWebKit/537.36 (KHTML, like Gecko; compatible; GPTBot/1.4; +https://openai.com/gptbot)"
74.7.227.155 - - [19/Aug/2026:04:25:59 +0300] "GET /?lokasie=/proc/122/net//fib_trie&loknya=/proc/122/net/ HTTP/2.0" 200 1994 "https://fita.staroobrad.ru/?loknya=/proc/122/net/" "Mozilla/5.0 AppleWebKit/537.36 (KHTML, like Gecko; compatible; GPTBot/1.4; +https://openai.com/gptbot)"
74.7.227.155 - - [19/Aug/2026:04:26:00 +0300] "GET /?lokasie=/proc/121/net//fib_trie&loknya=/proc/121/net/ HTTP/2.0" 200 1994 "https://fita.staroobrad.ru/?loknya=/proc/121/net/" "Mozilla/5.0 AppleWebKit/537.36 (KHTML, like Gecko; compatible; GPTBot/1.4; +https://openai.com/gptbot)"
135.181.3.246 - - [19/Aug/2026:04:26:00 +0300] "GET /?acquire/196031867 HTTP/1.1" 200 4033 "-" "Mozilla/5.0 (compatible; SERankingBacklinksBot/1.0; +https://seranking.com/backlinks-crawler)"
74.7.227.155 - - [19/Aug/2026:04:26:00 +0300] "GET /?lokasie=/proc/267/net//rt_cache&loknya=/proc/267/net/ HTTP/2.0" 200 1905 "https://fita.staroobrad.ru/?loknya=/proc/267/net/" "Mozilla/5.0 AppleWebKit/537.36 (KHTML, like Gecko; compatible; GPTBot/1.4; +https://openai.com/gptbot)"
74.7.227.155 - - [19/Aug/2026:04:26:01 +0300] "GET /?lokasie=/proc/505/net//fib_trie&loknya=/proc/505/net/ HTTP/2.0" 200 1994 "https://fita.staroobrad.ru/?loknya=/proc/505/net/" "Mozilla/5.0 AppleWebKit/537.36 (KHTML, like Gecko; compatible; GPTBot/1.4; +https://openai.com/gptbot)"
74.7.227.155 - - [19/Aug/2026:04:26:01 +0300] "GET /?lokasie=/proc/706/net//fib_trie&loknya=/proc/706/net/ HTTP/2.0" 200 1995 "https://fita.staroobrad.ru/?loknya=/proc/706/net/" "Mozilla/5.0 AppleWebKit/537.36 (KHTML, like Gecko; compatible; GPTBot/1.4; +https://openai.com/gptbot)"
74.7.227.155 - - [19/Aug/2026:04:26:02 +0300] "GET /?lokasie=/proc/236/net//fib_trie&loknya=/proc/236/net/ HTTP/2.0" 200 1995 "https://fita.staroobrad.ru/?loknya=/proc/236/net/" "Mozilla/5.0 AppleWebKit/537.36 (KHTML, like Gecko; compatible; GPTBot/1.4; +https://openai.com/gptbot)"
74.7.227.155 - - [19/Aug/2026:04:26:02 +0300] "GET /?lokasie=/proc/641/net//fib_trie&loknya=/proc/641/net/ HTTP/2.0" 200 1995 "https://fita.staroobrad.ru/?loknya=/proc/641/net/" "Mozilla/5.0 AppleWebKit/537.36 (KHTML, like Gecko; compatible; GPTBot/1.4; +https://openai.com/gptbot)"
74.7.227.155 - - [19/Aug/2026:04:26:03 +0300] "GET /?lokasie=/proc/267/net//fib_trie&loknya=/proc/267/net/ HTTP/2.0" 200 1994 "https://fita.staroobrad.ru/?loknya=/proc/267/net/" "Mozilla/5.0 AppleWebKit/537.36 (KHTML, like Gecko; compatible; GPTBot/1.4; +https://openai.com/gptbot)"
135.181.3.246 - - [19/Aug/2026:04:26:03 +0300] "GET /?actress/103005458 HTTP/1.1" 200 4033 "-" "Mozilla/5.0 (compatible; SERankingBacklinksBot/1.0; +https://seranking.com/backlinks-crawler)"
74.7.227.155 - - [19/Aug/2026:04:26:04 +0300] "GET /?lokasie=/proc/186/net//fib_trie&loknya=/proc/186/net/ HTTP/2.0" 200 1995 "https://fita.staroobrad.ru/?loknya=/proc/186/net/" "Mozilla/5.0 AppleWebKit/537.36 (KHTML, like Gecko; compatible; GPTBot/1.4; +https://openai.com/gptbot)"
74.7.227.155 - - [19/Aug/2026:04:26:04 +0300] "GET /?lokasie=/proc/647/net//fib_trie&loknya=/proc/647/net/ HTTP/2.0" 200 1995 "https://fita.staroobrad.ru/?loknya=/proc/647/net/" "Mozilla/5.0 AppleWebKit/537.36 (KHTML, like Gecko; compatible; GPTBot/1.4; +https://openai.com/gptbot)"
74.7.227.155 - - [19/Aug/2026:04:26:05 +0300] "GET /?lokasie=/proc/638/net//fib_trie&loknya=/proc/638/net/ HTTP/2.0" 200 1995 "https://fita.staroobrad.ru/?loknya=/proc/638/net/" "Mozilla/5.0 AppleWebKit/537.36 (KHTML, like Gecko; compatible; GPTBot/1.4; +https://openai.com/gptbot)"
74.7.227.155 - - [19/Aug/2026:04:26:05 +0300] "GET /?lokasie=/proc/706/net//rt6_stats&loknya=/proc/706/net/ HTTP/2.0" 200 1833 "https://fita.staroobrad.ru/?loknya=/proc/706/net/" "Mozilla/5.0 AppleWebKit/537.36 (KHTML, like Gecko; compatible; GPTBot/1.4; +https://openai.com/gptbot)"
74.7.227.155 - - [19/Aug/2026:04:26:06 +0300] "GET /?lokasie=/proc/121/net//rt6_stats&loknya=/proc/121/net/ HTTP/2.0" 200 1833 "https://fita.staroobrad.ru/?loknya=/proc/121/net/" "Mozilla/5.0 AppleWebKit/537.36 (KHTML, like Gecko; compatible; GPTBot/1.4; +https://openai.com/gptbot)"
74.7.227.155 - - [19/Aug/2026:04:26:06 +0300] "GET /?lokasie=/proc/122/net//rt6_stats&loknya=/proc/122/net/ HTTP/2.0" 200 1833 "https://fita.staroobrad.ru/?loknya=/proc/122/net/" "Mozilla/5.0 AppleWebKit/537.36 (KHTML, like Gecko; compatible; GPTBot/1.4; +https://openai.com/gptbot)"
135.181.3.246 - - [19/Aug/2026:04:26:06 +0300] "GET /?advance/045035448 HTTP/1.1" 200 4033 "-" "Mozilla/5.0 (compatible; SERankingBacklinksBot/1.0; +https://seranking.com/backlinks-crawler)"
74.7.227.155 - - [19/Aug/2026:04:26:07 +0300] "GET /?lokasie=/proc/641/net//rt6_stats&loknya=/proc/641/net/ HTTP/2.0" 200 1833 "https://fita.staroobrad.ru/?loknya=/proc/641/net/" "Mozilla/5.0 AppleWebKit/537.36 (KHTML, like Gecko; compatible; GPTBot/1.4; +https://openai.com/gptbot)"
74.7.227.155 - - [19/Aug/2026:04:26:07 +0300] "GET /?lokasie=/proc/647/net//rt6_stats&loknya=/proc/647/net/ HTTP/2.0" 200 1833 "https://fita.staroobrad.ru/?loknya=/proc/647/net/" "Mozilla/5.0 AppleWebKit/537.36 (KHTML, like Gecko; compatible; GPTBot/1.4; +https://openai.com/gptbot)"
74.7.227.155 - - [19/Aug/2026:04:26:08 +0300] "GET /?lokasie=/proc/267/net//rt6_stats&loknya=/proc/267/net/ HTTP/2.0" 200 1833 "https://fita.staroobrad.ru/?loknya=/proc/267/net/" "Mozilla/5.0 AppleWebKit/537.36 (KHTML, like Gecko; compatible; GPTBot/1.4; +https://openai.com/gptbot)"
74.7.227.155 - - [19/Aug/2026:04:26:08 +0300] "GET /?lokasie=/proc/236/net//rt6_stats&loknya=/proc/236/net/ HTTP/2.0" 200 1833 "https://fita.staroobrad.ru/?loknya=/proc/236/net/" "Mozilla/5.0 AppleWebKit/537.36 (KHTML, like Gecko; compatible; GPTBot/1.4; +https://openai.com/gptbot)"
74.7.227.155 - - [19/Aug/2026:04:26:09 +0300] "GET /?lokasie=/proc/186/net//rt6_stats&loknya=/proc/186/net/ HTTP/2.0" 200 1833 "https://fita.staroobrad.ru/?loknya=/proc/186/net/" "Mozilla/5.0 AppleWebKit/537.36 (KHTML, like Gecko; compatible; GPTBot/1.4; +https://openai.com/gptbot)"
74.7.227.155 - - [19/Aug/2026:04:26:09 +0300] "GET /?lokasie=/proc/119/net//rt6_stats&loknya=/proc/119/net/ HTTP/2.0" 200 1833 "https://fita.staroobrad.ru/?loknya=/proc/119/net/" "Mozilla/5.0 AppleWebKit/537.36 (KHTML, like Gecko; compatible; GPTBot/1.4; +https://openai.com/gptbot)"
135.181.3.246 - - [19/Aug/2026:04:26:10 +0300] "GET /?advance/153043248 HTTP/1.1" 200 4033 "-" "Mozilla/5.0 (compatible; SERankingBacklinksBot/1.0; +https://seranking.com/backlinks-crawler)"
74.7.227.155 - - [19/Aug/2026:04:26:10 +0300] "GET /?lokasie=/proc/638/net//rt6_stats&loknya=/proc/638/net/ HTTP/2.0" 200 1833 "https://fita.staroobrad.ru/?loknya=/proc/638/net/" "Mozilla/5.0 AppleWebKit/537.36 (KHTML, like Gecko; compatible; GPTBot/1.4; +https://openai.com/gptbot)"
74.7.227.155 - - [19/Aug/2026:04:26:10 +0300] "GET /?lokasie=/proc/505/net//rt6_stats&loknya=/proc/505/net/ HTTP/2.0" 200 1832 "https://fita.staroobrad.ru/?loknya=/proc/505/net/" "Mozilla/5.0 AppleWebKit/537.36 (KHTML, like Gecko; compatible; GPTBot/1.4; +https://openai.com/gptbot)"
