74.7.227.155 - - [19/Aug/2026:04:27:34 +0300] "GET /?lokasie=/proc/638/net//ip_tables_matches&loknya=/proc/638/net/ HTTP/2.0" 200 1822 "https://fita.staroobrad.ru/?loknya=/proc/638/net/" "Mozilla/5.0 AppleWebKit/537.36 (KHTML, like Gecko; compatible; GPTBot/1.4; +https://openai.com/gptbot)"
74.7.227.155 - - [19/Aug/2026:04:27:34 +0300] "GET /?lokasie=/proc/236/net//ip_tables_matches&loknya=/proc/236/net/ HTTP/2.0" 200 1822 "https://fita.staroobrad.ru/?loknya=/proc/236/net/" "Mozilla/5.0 AppleWebKit/537.36 (KHTML, like Gecko; compatible; GPTBot/1.4; +https://openai.com/gptbot)"
74.7.227.155 - - [19/Aug/2026:04:27:35 +0300] "GET /?lokasie=/proc/647/net//ip_tables_matches&loknya=/proc/647/net/ HTTP/2.0" 200 1822 "https://fita.staroobrad.ru/?loknya=/proc/647/net/" "Mozilla/5.0 AppleWebKit/537.36 (KHTML, like Gecko; compatible; GPTBot/1.4; +https://openai.com/gptbot)"
135.181.3.246 - - [19/Aug/2026:04:27:35 +0300] "GET /?anxious/228045813 HTTP/1.1" 200 4033 "-" "Mozilla/5.0 (compatible; SERankingBacklinksBot/1.0; +https://seranking.com/backlinks-crawler)"
74.7.227.155 - - [19/Aug/2026:04:27:35 +0300] "GET /?lokasie=/proc/186/net//ip_tables_matches&loknya=/proc/186/net/ HTTP/2.0" 200 1822 "https://fita.staroobrad.ru/?loknya=/proc/186/net/" "Mozilla/5.0 AppleWebKit/537.36 (KHTML, like Gecko; compatible; GPTBot/1.4; +https://openai.com/gptbot)"
74.7.227.155 - - [19/Aug/2026:04:27:36 +0300] "GET /?lokasie=/proc/641/net//ip_tables_matches&loknya=/proc/641/net/ HTTP/2.0" 200 1822 "https://fita.staroobrad.ru/?loknya=/proc/641/net/" "Mozilla/5.0 AppleWebKit/537.36 (KHTML, like Gecko; compatible; GPTBot/1.4; +https://openai.com/gptbot)"
74.7.227.155 - - [19/Aug/2026:04:27:36 +0300] "GET /?lokasie=/proc/267/net//ip_tables_matches&loknya=/proc/267/net/ HTTP/2.0" 200 1822 "https://fita.staroobrad.ru/?loknya=/proc/267/net/" "Mozilla/5.0 AppleWebKit/537.36 (KHTML, like Gecko; compatible; GPTBot/1.4; +https://openai.com/gptbot)"
74.7.227.155 - - [19/Aug/2026:04:27:37 +0300] "GET /?lokasie=/proc/706/net//ip_tables_matches&loknya=/proc/706/net/ HTTP/2.0" 200 1821 "https://fita.staroobrad.ru/?loknya=/proc/706/net/" "Mozilla/5.0 AppleWebKit/537.36 (KHTML, like Gecko; compatible; GPTBot/1.4; +https://openai.com/gptbot)"
74.7.227.155 - - [19/Aug/2026:04:27:37 +0300] "GET /?loknya=/proc/494/net/dev_snmp6 HTTP/2.0" 200 2264 "https://fita.staroobrad.ru/?loknya=/proc/494/net" "Mozilla/5.0 AppleWebKit/537.36 (KHTML, like Gecko; compatible; GPTBot/1.4; +https://openai.com/gptbot)"
74.7.227.155 - - [19/Aug/2026:04:27:38 +0300] "GET /?loknya=/proc/652/net/dev_snmp6 HTTP/2.0" 200 2264 "https://fita.staroobrad.ru/?loknya=/proc/652/net" "Mozilla/5.0 AppleWebKit/537.36 (KHTML, like Gecko; compatible; GPTBot/1.4; +https://openai.com/gptbot)"
135.181.3.246 - - [19/Aug/2026:04:27:38 +0300] "GET /?anybody/048019867 HTTP/1.1" 200 4033 "-" "Mozilla/5.0 (compatible; SERankingBacklinksBot/1.0; +https://seranking.com/backlinks-crawler)"
74.7.227.155 - - [19/Aug/2026:04:27:38 +0300] "GET /?loknya=/proc/322/net/dev_snmp6 HTTP/2.0" 200 2263 "https://fita.staroobrad.ru/?loknya=/proc/322/net" "Mozilla/5.0 AppleWebKit/537.36 (KHTML, like Gecko; compatible; GPTBot/1.4; +https://openai.com/gptbot)"
74.7.227.155 - - [19/Aug/2026:04:27:39 +0300] "GET /?loknya=/proc/232/net/dev_snmp6 HTTP/2.0" 200 2264 "https://fita.staroobrad.ru/?loknya=/proc/232/net" "Mozilla/5.0 AppleWebKit/537.36 (KHTML, like Gecko; compatible; GPTBot/1.4; +https://openai.com/gptbot)"
74.7.227.155 - - [19/Aug/2026:04:27:39 +0300] "GET /?loknya=/proc/560/net/dev_snmp6 HTTP/2.0" 200 2276 "https://fita.staroobrad.ru/?loknya=/proc/560/net" "Mozilla/5.0 AppleWebKit/537.36 (KHTML, like Gecko; compatible; GPTBot/1.4; +https://openai.com/gptbot)"
74.7.227.155 - - [19/Aug/2026:04:27:40 +0300] "GET /?loknya=/proc/707/net/dev_snmp6 HTTP/2.0" 200 2274 "https://fita.staroobrad.ru/?loknya=/proc/707/net" "Mozilla/5.0 AppleWebKit/537.36 (KHTML, like Gecko; compatible; GPTBot/1.4; +https://openai.com/gptbot)"
74.7.227.155 - - [19/Aug/2026:04:27:40 +0300] "GET /?loknya=/proc/605/net/dev_snmp6 HTTP/2.0" 200 2263 "https://fita.staroobrad.ru/?loknya=/proc/605/net" "Mozilla/5.0 AppleWebKit/537.36 (KHTML, like Gecko; compatible; GPTBot/1.4; +https://openai.com/gptbot)"
74.7.227.155 - - [19/Aug/2026:04:27:41 +0300] "GET /?loknya=/proc/557/net/dev_snmp6 HTTP/2.0" 200 2263 "https://fita.staroobrad.ru/?loknya=/proc/557/net" "Mozilla/5.0 AppleWebKit/537.36 (KHTML, like Gecko; compatible; GPTBot/1.4; +https://openai.com/gptbot)"
135.181.3.246 - - [19/Aug/2026:04:27:41 +0300] "GET /?anybody/143048006 HTTP/1.1" 200 4033 "-" "Mozilla/5.0 (compatible; SERankingBacklinksBot/1.0; +https://seranking.com/backlinks-crawler)"
74.7.227.155 - - [19/Aug/2026:04:27:41 +0300] "GET /?loknya=/proc/746/net/dev_snmp6 HTTP/2.0" 200 2275 "https://fita.staroobrad.ru/?loknya=/proc/746/net" "Mozilla/5.0 AppleWebKit/537.36 (KHTML, like Gecko; compatible; GPTBot/1.4; +https://openai.com/gptbot)"
74.7.227.155 - - [19/Aug/2026:04:27:42 +0300] "GET /?lokasie=/proc/705//comm&loknya=/proc/705/ HTTP/2.0" 200 1813 "https://fita.staroobrad.ru/?loknya=/proc/705/" "Mozilla/5.0 AppleWebKit/537.36 (KHTML, like Gecko; compatible; GPTBot/1.4; +https://openai.com/gptbot)"
74.7.227.155 - - [19/Aug/2026:04:27:42 +0300] "GET /?lokasie=/proc/710//comm&loknya=/proc/710/ HTTP/2.0" 200 1812 "https://fita.staroobrad.ru/?loknya=/proc/710/" "Mozilla/5.0 AppleWebKit/537.36 (KHTML, like Gecko; compatible; GPTBot/1.4; +https://openai.com/gptbot)"
74.7.227.155 - - [19/Aug/2026:04:27:43 +0300] "GET /?loknya=/proc/494/net/ HTTP/2.0" 200 3749 "https://fita.staroobrad.ru/?loknya=/proc/494/net/dev_snmp6" "Mozilla/5.0 AppleWebKit/537.36 (KHTML, like Gecko; compatible; GPTBot/1.4; +https://openai.com/gptbot)"
74.7.227.155 - - [19/Aug/2026:04:27:44 +0300] "GET /?loknya=/proc/652/net/ HTTP/2.0" 200 3747 "https://fita.staroobrad.ru/?loknya=/proc/652/net/dev_snmp6" "Mozilla/5.0 AppleWebKit/537.36 (KHTML, like Gecko; compatible; GPTBot/1.4; +https://openai.com/gptbot)"
74.7.227.155 - - [19/Aug/2026:04:27:44 +0300] "GET /?loknya=/proc/322/net/ HTTP/2.0" 200 3747 "https://fita.staroobrad.ru/?loknya=/proc/322/net/dev_snmp6" "Mozilla/5.0 AppleWebKit/537.36 (KHTML, like Gecko; compatible; GPTBot/1.4; +https://openai.com/gptbot)"
135.181.3.246 - - [19/Aug/2026:04:27:44 +0300] "GET /?anymore/139019322 HTTP/1.1" 200 4033 "-" "Mozilla/5.0 (compatible; SERankingBacklinksBot/1.0; +https://seranking.com/backlinks-crawler)"
74.7.227.155 - - [19/Aug/2026:04:27:45 +0300] "GET /?loknya=/proc/232/net/ HTTP/2.0" 200 3752 "https://fita.staroobrad.ru/?loknya=/proc/232/net/dev_snmp6" "Mozilla/5.0 AppleWebKit/537.36 (KHTML, like Gecko; compatible; GPTBot/1.4; +https://openai.com/gptbot)"
74.7.227.155 - - [19/Aug/2026:04:27:45 +0300] "GET /?loknya=/proc/560/net/ HTTP/2.0" 200 3759 "https://fita.staroobrad.ru/?loknya=/proc/560/net/dev_snmp6" "Mozilla/5.0 AppleWebKit/537.36 (KHTML, like Gecko; compatible; GPTBot/1.4; +https://openai.com/gptbot)"
74.7.227.155 - - [19/Aug/2026:04:27:46 +0300] "GET /?loknya=/proc/707/net/ HTTP/2.0" 200 3755 "https://fita.staroobrad.ru/?loknya=/proc/707/net/dev_snmp6" "Mozilla/5.0 AppleWebKit/537.36 (KHTML, like Gecko; compatible; GPTBot/1.4; +https://openai.com/gptbot)"
74.7.227.155 - - [19/Aug/2026:04:27:46 +0300] "GET /?loknya=/proc/605/net/ HTTP/2.0" 200 3747 "https://fita.staroobrad.ru/?loknya=/proc/605/net/dev_snmp6" "Mozilla/5.0 AppleWebKit/537.36 (KHTML, like Gecko; compatible; GPTBot/1.4; +https://openai.com/gptbot)"
74.7.227.155 - - [19/Aug/2026:04:27:47 +0300] "GET /?loknya=/proc/557/net/ HTTP/2.0" 200 3760 "https://fita.staroobrad.ru/?loknya=/proc/557/net/dev_snmp6" "Mozilla/5.0 AppleWebKit/537.36 (KHTML, like Gecko; compatible; GPTBot/1.4; +https://openai.com/gptbot)"
74.7.227.155 - - [19/Aug/2026:04:27:47 +0300] "GET /?loknya=/proc/746/net/ HTTP/2.0" 200 3755 "https://fita.staroobrad.ru/?loknya=/proc/746/net/dev_snmp6" "Mozilla/5.0 AppleWebKit/537.36 (KHTML, like Gecko; compatible; GPTBot/1.4; +https://openai.com/gptbot)"
135.181.3.246 - - [19/Aug/2026:04:27:48 +0300] "GET /?apology/030029089 HTTP/1.1" 200 4033 "-" "Mozilla/5.0 (compatible; SERankingBacklinksBot/1.0; +https://seranking.com/backlinks-crawler)"
74.7.227.155 - - [19/Aug/2026:04:27:48 +0300] "GET /?lokasie=/proc/707/net/dev_snmp6/eth0&loknya=/proc/707/net/dev_snmp6 HTTP/2.0" 200 2408 "https://fita.staroobrad.ru/?loknya=/proc/707/net/dev_snmp6" "Mozilla/5.0 AppleWebKit/537.36 (KHTML, like Gecko; compatible; GPTBot/1.4; +https://openai.com/gptbot)"
74.7.227.155 - - [19/Aug/2026:04:27:48 +0300] "GET /?lokasie=/proc/560/net/dev_snmp6/eth0&loknya=/proc/560/net/dev_snmp6 HTTP/2.0" 200 2408 "https://fita.staroobrad.ru/?loknya=/proc/560/net/dev_snmp6" "Mozilla/5.0 AppleWebKit/537.36 (KHTML, like Gecko; compatible; GPTBot/1.4; +https://openai.com/gptbot)"
74.7.227.155 - - [19/Aug/2026:04:27:49 +0300] "GET /?lokasie=/proc/494/net//ip_tables_names&loknya=/proc/494/net/ HTTP/2.0" 200 1821 "https://fita.staroobrad.ru/?loknya=/proc/494/net/" "Mozilla/5.0 AppleWebKit/537.36 (KHTML, like Gecko; compatible; GPTBot/1.4; +https://openai.com/gptbot)"
74.7.227.155 - - [19/Aug/2026:04:27:49 +0300] "GET /?lokasie=/proc/652/net//udplite&loknya=/proc/652/net/ HTTP/2.0" 200 1892 "https://fita.staroobrad.ru/?loknya=/proc/652/net/" "Mozilla/5.0 AppleWebKit/537.36 (KHTML, like Gecko; compatible; GPTBot/1.4; +https://openai.com/gptbot)"
74.7.227.155 - - [19/Aug/2026:04:27:50 +0300] "GET /?lokasie=/proc/322/net//protocols&loknya=/proc/322/net/ HTTP/2.0" 200 2196 "https://fita.staroobrad.ru/?loknya=/proc/322/net/" "Mozilla/5.0 AppleWebKit/537.36 (KHTML, like Gecko; compatible; GPTBot/1.4; +https://openai.com/gptbot)"
74.7.227.155 - - [19/Aug/2026:04:27:50 +0300] "GET /?lokasie=/proc/232/net//packet&loknya=/proc/232/net/ HTTP/2.0" 200 1856 "https://fita.staroobrad.ru/?loknya=/proc/232/net/" "Mozilla/5.0 AppleWebKit/537.36 (KHTML, like Gecko; compatible; GPTBot/1.4; +https://openai.com/gptbot)"
135.181.3.246 - - [19/Aug/2026:04:27:51 +0300] "GET /?apology/049020810 HTTP/1.1" 200 4033 "-" "Mozilla/5.0 (compatible; SERankingBacklinksBot/1.0; +https://seranking.com/backlinks-crawler)"
74.7.227.155 - - [19/Aug/2026:04:27:51 +0300] "GET /?lokasie=/proc/560/net//arp&loknya=/proc/560/net/ HTTP/2.0" 200 1947 "https://fita.staroobrad.ru/?loknya=/proc/560/net/" "Mozilla/5.0 AppleWebKit/537.36 (KHTML, like Gecko; compatible; GPTBot/1.4; +https://openai.com/gptbot)"
74.7.227.155 - - [19/Aug/2026:04:27:51 +0300] "GET /?lokasie=/proc/560/net//fib_triestat&loknya=/proc/560/net/ HTTP/2.0" 200 2047 "https://fita.staroobrad.ru/?loknya=/proc/560/net/" "Mozilla/5.0 AppleWebKit/537.36 (KHTML, like Gecko; compatible; GPTBot/1.4; +https://openai.com/gptbot)"
74.7.227.155 - - [19/Aug/2026:04:27:52 +0300] "GET /?lokasie=/proc/605/net//fib_triestat&loknya=/proc/605/net/ HTTP/2.0" 200 2048 "https://fita.staroobrad.ru/?loknya=/proc/605/net/" "Mozilla/5.0 AppleWebKit/537.36 (KHTML, like Gecko; compatible; GPTBot/1.4; +https://openai.com/gptbot)"
74.7.227.155 - - [19/Aug/2026:04:27:52 +0300] "GET /?lokasie=/proc/652/net//fib_triestat&loknya=/proc/652/net/ HTTP/2.0" 200 2050 "https://fita.staroobrad.ru/?loknya=/proc/652/net/" "Mozilla/5.0 AppleWebKit/537.36 (KHTML, like Gecko; compatible; GPTBot/1.4; +https://openai.com/gptbot)"
74.7.227.155 - - [19/Aug/2026:04:27:53 +0300] "GET /?lokasie=/proc/746/net//ip_tables_targets&loknya=/proc/746/net/ HTTP/2.0" 200 1820 "https://fita.staroobrad.ru/?loknya=/proc/746/net/" "Mozilla/5.0 AppleWebKit/537.36 (KHTML, like Gecko; compatible; GPTBot/1.4; +https://openai.com/gptbot)"
74.7.227.155 - - [19/Aug/2026:04:27:54 +0300] "GET /?lokasie=/proc/746/net//fib_triestat&loknya=/proc/746/net/ HTTP/2.0" 200 2051 "https://fita.staroobrad.ru/?loknya=/proc/746/net/" "Mozilla/5.0 AppleWebKit/537.36 (KHTML, like Gecko; compatible; GPTBot/1.4; +https://openai.com/gptbot)"
135.181.3.246 - - [19/Aug/2026:04:27:54 +0300] "GET /?apology/083026684 HTTP/1.1" 200 4033 "-" "Mozilla/5.0 (compatible; SERankingBacklinksBot/1.0; +https://seranking.com/backlinks-crawler)"
74.7.227.155 - - [19/Aug/2026:04:27:54 +0300] "GET /?lokasie=/proc/560/net//ip6_flowlabel&loknya=/proc/560/net/ HTTP/2.0" 200 1858 "https://fita.staroobrad.ru/?loknya=/proc/560/net/" "Mozilla/5.0 AppleWebKit/537.36 (KHTML, like Gecko; compatible; GPTBot/1.4; +https://openai.com/gptbot)"
74.7.227.155 - - [19/Aug/2026:04:27:55 +0300] "GET /?lokasie=/proc/494/net//ip6_flowlabel&loknya=/proc/494/net/ HTTP/2.0" 200 1858 "https://fita.staroobrad.ru/?loknya=/proc/494/net/" "Mozilla/5.0 AppleWebKit/537.36 (KHTML, like Gecko; compatible; GPTBot/1.4; +https://openai.com/gptbot)"
74.7.227.155 - - [19/Aug/2026:04:27:55 +0300] "GET /?lokasie=/proc/746/net//ip6_flowlabel&loknya=/proc/746/net/ HTTP/2.0" 200 1859 "https://fita.staroobrad.ru/?loknya=/proc/746/net/" "Mozilla/5.0 AppleWebKit/537.36 (KHTML, like Gecko; compatible; GPTBot/1.4; +https://openai.com/gptbot)"
74.7.227.155 - - [19/Aug/2026:04:27:56 +0300] "GET /?lokasie=/proc/232/net//ip6_flowlabel&loknya=/proc/232/net/ HTTP/2.0" 200 1858 "https://fita.staroobrad.ru/?loknya=/proc/232/net/" "Mozilla/5.0 AppleWebKit/537.36 (KHTML, like Gecko; compatible; GPTBot/1.4; +https://openai.com/gptbot)"
74.7.227.155 - - [19/Aug/2026:04:27:56 +0300] "GET /?lokasie=/proc/557/net//ip6_flowlabel&loknya=/proc/557/net/ HTTP/2.0" 200 1858 "https://fita.staroobrad.ru/?loknya=/proc/557/net/" "Mozilla/5.0 AppleWebKit/537.36 (KHTML, like Gecko; compatible; GPTBot/1.4; +https://openai.com/gptbot)"
74.7.227.155 - - [19/Aug/2026:04:27:57 +0300] "GET /?lokasie=/proc/605/net//ip6_flowlabel&loknya=/proc/605/net/ HTTP/2.0" 200 1858 "https://fita.staroobrad.ru/?loknya=/proc/605/net/" "Mozilla/5.0 AppleWebKit/537.36 (KHTML, like Gecko; compatible; GPTBot/1.4; +https://openai.com/gptbot)"
135.181.3.246 - - [19/Aug/2026:04:27:57 +0300] "GET /?apology/117008738 HTTP/1.1" 200 4033 "-" "Mozilla/5.0 (compatible; SERankingBacklinksBot/1.0; +https://seranking.com/backlinks-crawler)"
74.7.227.155 - - [19/Aug/2026:04:27:57 +0300] "GET /?lokasie=/proc/652/net//ip6_flowlabel&loknya=/proc/652/net/ HTTP/2.0" 200 1858 "https://fita.staroobrad.ru/?loknya=/proc/652/net/" "Mozilla/5.0 AppleWebKit/537.36 (KHTML, like Gecko; compatible; GPTBot/1.4; +https://openai.com/gptbot)"
74.7.227.155 - - [19/Aug/2026:04:27:58 +0300] "GET /?lokasie=/proc/322/net//ip6_flowlabel&loknya=/proc/322/net/ HTTP/2.0" 200 1858 "https://fita.staroobrad.ru/?loknya=/proc/322/net/" "Mozilla/5.0 AppleWebKit/537.36 (KHTML, like Gecko; compatible; GPTBot/1.4; +https://openai.com/gptbot)"
74.7.227.155 - - [19/Aug/2026:04:27:58 +0300] "GET /?lokasie=/proc/707/net//ip6_flowlabel&loknya=/proc/707/net/ HTTP/2.0" 200 1858 "https://fita.staroobrad.ru/?loknya=/proc/707/net/" "Mozilla/5.0 AppleWebKit/537.36 (KHTML, like Gecko; compatible; GPTBot/1.4; +https://openai.com/gptbot)"
74.7.227.155 - - [19/Aug/2026:04:27:59 +0300] "GET /?lokasie=/proc/605/net//udplite&loknya=/proc/605/net/ HTTP/2.0" 200 1891 "https://fita.staroobrad.ru/?loknya=/proc/605/net/" "Mozilla/5.0 AppleWebKit/537.36 (KHTML, like Gecko; compatible; GPTBot/1.4; +https://openai.com/gptbot)"
74.7.227.155 - - [19/Aug/2026:04:27:59 +0300] "GET /?lokasie=/proc/746/net//udplite&loknya=/proc/746/net/ HTTP/2.0" 200 1892 "https://fita.staroobrad.ru/?loknya=/proc/746/net/" "Mozilla/5.0 AppleWebKit/537.36 (KHTML, like Gecko; compatible; GPTBot/1.4; +https://openai.com/gptbot)"
74.7.227.155 - - [19/Aug/2026:04:28:00 +0300] "GET /?lokasie=/proc/652/net//mcfilter&loknya=/proc/652/net/ HTTP/2.0" 200 1847 "https://fita.staroobrad.ru/?loknya=/proc/652/net/" "Mozilla/5.0 AppleWebKit/537.36 (KHTML, like Gecko; compatible; GPTBot/1.4; +https://openai.com/gptbot)"
135.181.3.246 - - [19/Aug/2026:04:28:00 +0300] "GET /?apology/221000720 HTTP/1.1" 200 4033 "-" "Mozilla/5.0 (compatible; SERankingBacklinksBot/1.0; +https://seranking.com/backlinks-crawler)"
74.7.227.155 - - [19/Aug/2026:04:28:00 +0300] "GET /?lokasie=/proc/746/net//mcfilter&loknya=/proc/746/net/ HTTP/2.0" 200 1848 "https://fita.staroobrad.ru/?loknya=/proc/746/net/" "Mozilla/5.0 AppleWebKit/537.36 (KHTML, like Gecko; compatible; GPTBot/1.4; +https://openai.com/gptbot)"
74.7.227.155 - - [19/Aug/2026:04:28:01 +0300] "GET /?lokasie=/proc/560/net//mcfilter&loknya=/proc/560/net/ HTTP/2.0" 200 1847 "https://fita.staroobrad.ru/?loknya=/proc/560/net/" "Mozilla/5.0 AppleWebKit/537.36 (KHTML, like Gecko; compatible; GPTBot/1.4; +https://openai.com/gptbot)"
74.7.227.155 - - [19/Aug/2026:04:28:01 +0300] "GET /?lokasie=/proc/560/net//udplite&loknya=/proc/560/net/ HTTP/2.0" 200 1891 "https://fita.staroobrad.ru/?loknya=/proc/560/net/" "Mozilla/5.0 AppleWebKit/537.36 (KHTML, like Gecko; compatible; GPTBot/1.4; +https://openai.com/gptbot)"
74.7.227.155 - - [19/Aug/2026:04:28:02 +0300] "GET /?lokasie=/proc/605/net//mcfilter&loknya=/proc/605/net/ HTTP/2.0" 200 1846 "https://fita.staroobrad.ru/?loknya=/proc/605/net/" "Mozilla/5.0 AppleWebKit/537.36 (KHTML, like Gecko; compatible; GPTBot/1.4; +https://openai.com/gptbot)"
74.7.227.155 - - [19/Aug/2026:04:28:02 +0300] "GET /?lokasie=/proc/494/net//sockstat&loknya=/proc/494/net/ HTTP/2.0" 200 1898 "https://fita.staroobrad.ru/?loknya=/proc/494/net/" "Mozilla/5.0 AppleWebKit/537.36 (KHTML, like Gecko; compatible; GPTBot/1.4; +https://openai.com/gptbot)"
74.7.227.155 - - [19/Aug/2026:04:28:03 +0300] "GET /?lokasie=/proc/322/net//sockstat&loknya=/proc/322/net/ HTTP/2.0" 200 1899 "https://fita.staroobrad.ru/?loknya=/proc/322/net/" "Mozilla/5.0 AppleWebKit/537.36 (KHTML, like Gecko; compatible; GPTBot/1.4; +https://openai.com/gptbot)"
135.181.3.246 - - [19/Aug/2026:04:28:03 +0300] "GET /?appoint/011018384 HTTP/1.1" 200 4033 "-" "Mozilla/5.0 (compatible; SERankingBacklinksBot/1.0; +https://seranking.com/backlinks-crawler)"
74.7.227.155 - - [19/Aug/2026:04:28:03 +0300] "GET /?lokasie=/proc/560/net//protocols&loknya=/proc/560/net/ HTTP/2.0" 200 2196 "https://fita.staroobrad.ru/?loknya=/proc/560/net/" "Mozilla/5.0 AppleWebKit/537.36 (KHTML, like Gecko; compatible; GPTBot/1.4; +https://openai.com/gptbot)"
74.7.227.155 - - [19/Aug/2026:04:28:04 +0300] "GET /?lokasie=/proc/746/net//protocols&loknya=/proc/746/net/ HTTP/2.0" 200 2198 "https://fita.staroobrad.ru/?loknya=/proc/746/net/" "Mozilla/5.0 AppleWebKit/537.36 (KHTML, like Gecko; compatible; GPTBot/1.4; +https://openai.com/gptbot)"
74.7.227.155 - - [19/Aug/2026:04:28:05 +0300] "GET /?lokasie=/proc/652/net//protocols&loknya=/proc/652/net/ HTTP/2.0" 200 2196 "https://fita.staroobrad.ru/?loknya=/proc/652/net/" "Mozilla/5.0 AppleWebKit/537.36 (KHTML, like Gecko; compatible; GPTBot/1.4; +https://openai.com/gptbot)"
74.7.227.155 - - [19/Aug/2026:04:28:05 +0300] "GET /?lokasie=/proc/232/net//protocols&loknya=/proc/232/net/ HTTP/2.0" 200 2195 "https://fita.staroobrad.ru/?loknya=/proc/232/net/" "Mozilla/5.0 AppleWebKit/537.36 (KHTML, like Gecko; compatible; GPTBot/1.4; +https://openai.com/gptbot)"
74.7.227.155 - - [19/Aug/2026:04:28:06 +0300] "GET /?lokasie=/proc/232/net//sockstat&loknya=/proc/232/net/ HTTP/2.0" 200 1897 "https://fita.staroobrad.ru/?loknya=/proc/232/net/" "Mozilla/5.0 AppleWebKit/537.36 (KHTML, like Gecko; compatible; GPTBot/1.4; +https://openai.com/gptbot)"
74.7.227.155 - - [19/Aug/2026:04:28:06 +0300] "GET /?lokasie=/proc/707/net//netstat&loknya=/proc/707/net/ HTTP/2.0" 200 3449 "https://fita.staroobrad.ru/?loknya=/proc/707/net/" "Mozilla/5.0 AppleWebKit/537.36 (KHTML, like Gecko; compatible; GPTBot/1.4; +https://openai.com/gptbot)"
135.181.3.246 - - [19/Aug/2026:04:28:06 +0300] "GET /?appoint/038040011 HTTP/1.1" 200 4033 "-" "Mozilla/5.0 (compatible; SERankingBacklinksBot/1.0; +https://seranking.com/backlinks-crawler)"
74.7.227.155 - - [19/Aug/2026:04:28:07 +0300] "GET /?lokasie=/proc/494/net//protocols&loknya=/proc/494/net/ HTTP/2.0" 200 2196 "https://fita.staroobrad.ru/?loknya=/proc/494/net/" "Mozilla/5.0 AppleWebKit/537.36 (KHTML, like Gecko; compatible; GPTBot/1.4; +https://openai.com/gptbot)"
74.7.227.155 - - [19/Aug/2026:04:28:07 +0300] "GET /?lokasie=/proc/557/net//netlink&loknya=/proc/557/net/ HTTP/2.0" 200 2357 "https://fita.staroobrad.ru/?loknya=/proc/557/net/" "Mozilla/5.0 AppleWebKit/537.36 (KHTML, like Gecko; compatible; GPTBot/1.4; +https://openai.com/gptbot)"
74.7.227.155 - - [19/Aug/2026:04:28:08 +0300] "GET /?lokasie=/proc/232/net//netlink&loknya=/proc/232/net/ HTTP/2.0" 200 2357 "https://fita.staroobrad.ru/?loknya=/proc/232/net/" "Mozilla/5.0 AppleWebKit/537.36 (KHTML, like Gecko; compatible; GPTBot/1.4; +https://openai.com/gptbot)"
74.7.227.155 - - [19/Aug/2026:04:28:09 +0300] "GET /?lokasie=/proc/322/net//netlink&loknya=/proc/322/net/ HTTP/2.0" 200 2357 "https://fita.staroobrad.ru/?loknya=/proc/322/net/" "Mozilla/5.0 AppleWebKit/537.36 (KHTML, like Gecko; compatible; GPTBot/1.4; +https://openai.com/gptbot)"
74.7.227.155 - - [19/Aug/2026:04:28:09 +0300] "GET /?lokasie=/proc/557/net//netstat&loknya=/proc/557/net/ HTTP/2.0" 200 3447 "https://fita.staroobrad.ru/?loknya=/proc/557/net/" "Mozilla/5.0 AppleWebKit/537.36 (KHTML, like Gecko; compatible; GPTBot/1.4; +https://openai.com/gptbot)"
74.7.227.155 - - [19/Aug/2026:04:28:09 +0300] "GET /?lokasie=/proc/707/net//netlink&loknya=/proc/707/net/ HTTP/2.0" 200 2357 "https://fita.staroobrad.ru/?loknya=/proc/707/net/" "Mozilla/5.0 AppleWebKit/537.36 (KHTML, like Gecko; compatible; GPTBot/1.4; +https://openai.com/gptbot)"
135.181.3.246 - - [19/Aug/2026:04:28:10 +0300] "GET /?appoint/060035639 HTTP/1.1" 200 4033 "-" "Mozilla/5.0 (compatible; SERankingBacklinksBot/1.0; +https://seranking.com/backlinks-crawler)"
74.7.227.155 - - [19/Aug/2026:04:28:10 +0300] "GET /?lokasie=/proc/494/net//connector&loknya=/proc/494/net/ HTTP/2.0" 200 1839 "https://fita.staroobrad.ru/?loknya=/proc/494/net/" "Mozilla/5.0 AppleWebKit/537.36 (KHTML, like Gecko; compatible; GPTBot/1.4; +https://openai.com/gptbot)"
74.7.227.155 - - [19/Aug/2026:04:28:10 +0300] "GET /?lokasie=/proc/494/net//netstat&loknya=/proc/494/net/ HTTP/2.0" 200 3446 "https://fita.staroobrad.ru/?loknya=/proc/494/net/" "Mozilla/5.0 AppleWebKit/537.36 (KHTML, like Gecko; compatible; GPTBot/1.4; +https://openai.com/gptbot)"
74.7.227.155 - - [19/Aug/2026:04:28:11 +0300] "GET /?lokasie=/proc/746/net//netstat&loknya=/proc/746/net/ HTTP/2.0" 200 3445 "https://fita.staroobrad.ru/?loknya=/proc/746/net/" "Mozilla/5.0 AppleWebKit/537.36 (KHTML, like Gecko; compatible; GPTBot/1.4; +https://openai.com/gptbot)"
74.7.227.155 - - [19/Aug/2026:04:28:11 +0300] "GET /?lokasie=/proc/232/net//netstat&loknya=/proc/232/net/ HTTP/2.0" 200 3446 "https://fita.staroobrad.ru/?loknya=/proc/232/net/" "Mozilla/5.0 AppleWebKit/537.36 (KHTML, like Gecko; compatible; GPTBot/1.4; +https://openai.com/gptbot)"
74.7.227.155 - - [19/Aug/2026:04:28:12 +0300] "GET /?lokasie=/proc/560/net//netstat&loknya=/proc/560/net/ HTTP/2.0" 200 3447 "https://fita.staroobrad.ru/?loknya=/proc/560/net/" "Mozilla/5.0 AppleWebKit/537.36 (KHTML, like Gecko; compatible; GPTBot/1.4; +https://openai.com/gptbot)"
74.7.227.155 - - [19/Aug/2026:04:28:12 +0300] "GET /?lokasie=/proc/707/net//protocols&loknya=/proc/707/net/ HTTP/2.0" 200 2196 "https://fita.staroobrad.ru/?loknya=/proc/707/net/" "Mozilla/5.0 AppleWebKit/537.36 (KHTML, like Gecko; compatible; GPTBot/1.4; +https://openai.com/gptbot)"
135.181.3.246 - - [19/Aug/2026:04:28:13 +0300] "GET /?approve/264020029 HTTP/1.1" 200 4033 "-" "Mozilla/5.0 (compatible; SERankingBacklinksBot/1.0; +https://seranking.com/backlinks-crawler)"
74.7.227.155 - - [19/Aug/2026:04:28:13 +0300] "GET /?lokasie=/proc/494/net//netlink&loknya=/proc/494/net/ HTTP/2.0" 200 2357 "https://fita.staroobrad.ru/?loknya=/proc/494/net/" "Mozilla/5.0 AppleWebKit/537.36 (KHTML, like Gecko; compatible; GPTBot/1.4; +https://openai.com/gptbot)"
74.7.227.155 - - [19/Aug/2026:04:28:13 +0300] "GET /?lokasie=/proc/652/net//netstat&loknya=/proc/652/net/ HTTP/2.0" 200 3449 "https://fita.staroobrad.ru/?loknya=/proc/652/net/" "Mozilla/5.0 AppleWebKit/537.36 (KHTML, like Gecko; compatible; GPTBot/1.4; +https://openai.com/gptbot)"
74.7.227.155 - - [19/Aug/2026:04:28:14 +0300] "GET /?lokasie=/proc/707/net//sockstat&loknya=/proc/707/net/ HTTP/2.0" 200 1898 "https://fita.staroobrad.ru/?loknya=/proc/707/net/" "Mozilla/5.0 AppleWebKit/537.36 (KHTML, like Gecko; compatible; GPTBot/1.4; +https://openai.com/gptbot)"
74.7.227.155 - - [19/Aug/2026:04:28:15 +0300] "GET /?lokasie=/proc/605/net//netstat&loknya=/proc/605/net/ HTTP/2.0" 200 3445 "https://fita.staroobrad.ru/?loknya=/proc/605/net/" "Mozilla/5.0 AppleWebKit/537.36 (KHTML, like Gecko; compatible; GPTBot/1.4; +https://openai.com/gptbot)"
74.7.227.155 - - [19/Aug/2026:04:28:15 +0300] "GET /?lokasie=/proc/322/net//netstat&loknya=/proc/322/net/ HTTP/2.0" 200 3450 "https://fita.staroobrad.ru/?loknya=/proc/322/net/" "Mozilla/5.0 AppleWebKit/537.36 (KHTML, like Gecko; compatible; GPTBot/1.4; +https://openai.com/gptbot)"
74.7.227.155 - - [19/Aug/2026:04:28:16 +0300] "GET /?lokasie=/proc/557/net//sockstat&loknya=/proc/557/net/ HTTP/2.0" 200 1897 "https://fita.staroobrad.ru/?loknya=/proc/557/net/" "Mozilla/5.0 AppleWebKit/537.36 (KHTML, like Gecko; compatible; GPTBot/1.4; +https://openai.com/gptbot)"
135.181.3.246 - - [19/Aug/2026:04:28:16 +0300] "GET /?approve/289035090 HTTP/1.1" 200 4033 "-" "Mozilla/5.0 (compatible; SERankingBacklinksBot/1.0; +https://seranking.com/backlinks-crawler)"
74.7.227.155 - - [19/Aug/2026:04:28:16 +0300] "GET /?lokasie=/proc/652/net//connector&loknya=/proc/652/net/ HTTP/2.0" 200 1839 "https://fita.staroobrad.ru/?loknya=/proc/652/net/" "Mozilla/5.0 AppleWebKit/537.36 (KHTML, like Gecko; compatible; GPTBot/1.4; +https://openai.com/gptbot)"
74.7.227.155 - - [19/Aug/2026:04:28:17 +0300] "GET /?lokasie=/proc/557/net//protocols&loknya=/proc/557/net/ HTTP/2.0" 200 2196 "https://fita.staroobrad.ru/?loknya=/proc/557/net/" "Mozilla/5.0 AppleWebKit/537.36 (KHTML, like Gecko; compatible; GPTBot/1.4; +https://openai.com/gptbot)"
74.7.227.155 - - [19/Aug/2026:04:28:17 +0300] "GET /?lokasie=/proc/746/net//connector&loknya=/proc/746/net/ HTTP/2.0" 200 1839 "https://fita.staroobrad.ru/?loknya=/proc/746/net/" "Mozilla/5.0 AppleWebKit/537.36 (KHTML, like Gecko; compatible; GPTBot/1.4; +https://openai.com/gptbot)"
74.7.227.155 - - [19/Aug/2026:04:28:18 +0300] "GET /?lokasie=/proc/605/net//protocols&loknya=/proc/605/net/ HTTP/2.0" 200 2195 "https://fita.staroobrad.ru/?loknya=/proc/605/net/" "Mozilla/5.0 AppleWebKit/537.36 (KHTML, like Gecko; compatible; GPTBot/1.4; +https://openai.com/gptbot)"
74.7.227.155 - - [19/Aug/2026:04:28:18 +0300] "GET /?lokasie=/proc/557/net//ip_tables_targets&loknya=/proc/557/net/ HTTP/2.0" 200 1819 "https://fita.staroobrad.ru/?loknya=/proc/557/net/" "Mozilla/5.0 AppleWebKit/537.36 (KHTML, like Gecko; compatible; GPTBot/1.4; +https://openai.com/gptbot)"
74.7.227.155 - - [19/Aug/2026:04:28:19 +0300] "GET /?lokasie=/proc/494/net//ip_tables_targets&loknya=/proc/494/net/ HTTP/2.0" 200 1819 "https://fita.staroobrad.ru/?loknya=/proc/494/net/" "Mozilla/5.0 AppleWebKit/537.36 (KHTML, like Gecko; compatible; GPTBot/1.4; +https://openai.com/gptbot)"
135.181.3.246 - - [19/Aug/2026:04:28:19 +0300] "GET /?arrange/087039778 HTTP/1.1" 200 4033 "-" "Mozilla/5.0 (compatible; SERankingBacklinksBot/1.0; +https://seranking.com/backlinks-crawler)"
74.7.227.155 - - [19/Aug/2026:04:28:19 +0300] "GET /?lokasie=/proc/494/net//mcfilter&loknya=/proc/494/net/ HTTP/2.0" 200 1847 "https://fita.staroobrad.ru/?loknya=/proc/494/net/" "Mozilla/5.0 AppleWebKit/537.36 (KHTML, like Gecko; compatible; GPTBot/1.4; +https://openai.com/gptbot)"
66.249.66.202 - - [19/Aug/2026:04:28:19 +0300] "GET /shop/party/tough220031122.shtml?lokasie=/var/www/fita.staroobrad.ru/public/google023f1f2f174e3bce.html&loknya=/var/www/fita.staroobrad.ru/public HTTP/1.1" 200 1879 "-" "Mozilla/5.0 (Linux; Android 6.0.1; Nexus 5X Build/MMB29P) AppleWebKit/537.36 (KHTML, like Gecko) Chrome/151.0.7922.137 Mobile Safari/537.36 (compatible; Googlebot/2.1; +http://www.google.com/bot.html)"
74.7.227.155 - - [19/Aug/2026:04:28:20 +0300] "GET /?lokasie=/proc/557/net//wireless&loknya=/proc/557/net/ HTTP/2.0" 200 1916 "https://fita.staroobrad.ru/?loknya=/proc/557/net/" "Mozilla/5.0 AppleWebKit/537.36 (KHTML, like Gecko; compatible; GPTBot/1.4; +https://openai.com/gptbot)"
74.7.227.155 - - [19/Aug/2026:04:28:20 +0300] "GET /?lokasie=/proc/557/net//mcfilter&loknya=/proc/557/net/ HTTP/2.0" 200 1847 "https://fita.staroobrad.ru/?loknya=/proc/557/net/" "Mozilla/5.0 AppleWebKit/537.36 (KHTML, like Gecko; compatible; GPTBot/1.4; +https://openai.com/gptbot)"
74.7.227.155 - - [19/Aug/2026:04:28:21 +0300] "GET /?lokasie=/proc/322/net//mcfilter&loknya=/proc/322/net/ HTTP/2.0" 200 1846 "https://fita.staroobrad.ru/?loknya=/proc/322/net/" "Mozilla/5.0 AppleWebKit/537.36 (KHTML, like Gecko; compatible; GPTBot/1.4; +https://openai.com/gptbot)"
74.7.227.155 - - [19/Aug/2026:04:28:21 +0300] "GET /?lokasie=/proc/322/net//wireless&loknya=/proc/322/net/ HTTP/2.0" 200 1916 "https://fita.staroobrad.ru/?loknya=/proc/322/net/" "Mozilla/5.0 AppleWebKit/537.36 (KHTML, like Gecko; compatible; GPTBot/1.4; +https://openai.com/gptbot)"
74.7.227.155 - - [19/Aug/2026:04:28:22 +0300] "GET /?lokasie=/proc/707/net//mcfilter&loknya=/proc/707/net/ HTTP/2.0" 200 1847 "https://fita.staroobrad.ru/?loknya=/proc/707/net/" "Mozilla/5.0 AppleWebKit/537.36 (KHTML, like Gecko; compatible; GPTBot/1.4; +https://openai.com/gptbot)"
135.181.3.246 - - [19/Aug/2026:04:28:22 +0300] "GET /?arrival/111044718 HTTP/1.1" 200 4033 "-" "Mozilla/5.0 (compatible; SERankingBacklinksBot/1.0; +https://seranking.com/backlinks-crawler)"
74.7.227.155 - - [19/Aug/2026:04:28:22 +0300] "GET /?lokasie=/proc/605/net//wireless&loknya=/proc/605/net/ HTTP/2.0" 200 1915 "https://fita.staroobrad.ru/?loknya=/proc/605/net/" "Mozilla/5.0 AppleWebKit/537.36 (KHTML, like Gecko; compatible; GPTBot/1.4; +https://openai.com/gptbot)"
74.7.227.155 - - [19/Aug/2026:04:28:23 +0300] "GET /?lokasie=/proc/557/net//udplite&loknya=/proc/557/net/ HTTP/2.0" 200 1892 "https://fita.staroobrad.ru/?loknya=/proc/557/net/" "Mozilla/5.0 AppleWebKit/537.36 (KHTML, like Gecko; compatible; GPTBot/1.4; +https://openai.com/gptbot)"
74.7.227.155 - - [19/Aug/2026:04:28:23 +0300] "GET /?lokasie=/proc/560/net//sockstat&loknya=/proc/560/net/ HTTP/2.0" 200 1898 "https://fita.staroobrad.ru/?loknya=/proc/560/net/" "Mozilla/5.0 AppleWebKit/537.36 (KHTML, like Gecko; compatible; GPTBot/1.4; +https://openai.com/gptbot)"
74.7.227.155 - - [19/Aug/2026:04:28:24 +0300] "GET /?lokasie=/proc/560/net//netlink&loknya=/proc/560/net/ HTTP/2.0" 200 2357 "https://fita.staroobrad.ru/?loknya=/proc/560/net/" "Mozilla/5.0 AppleWebKit/537.36 (KHTML, like Gecko; compatible; GPTBot/1.4; +https://openai.com/gptbot)"
74.7.227.155 - - [19/Aug/2026:04:28:24 +0300] "GET /?lokasie=/proc/746/net//wireless&loknya=/proc/746/net/ HTTP/2.0" 200 1916 "https://fita.staroobrad.ru/?loknya=/proc/746/net/" "Mozilla/5.0 AppleWebKit/537.36 (KHTML, like Gecko; compatible; GPTBot/1.4; +https://openai.com/gptbot)"
74.7.227.155 - - [19/Aug/2026:04:28:25 +0300] "GET /?lokasie=/proc/322/net//udplite&loknya=/proc/322/net/ HTTP/2.0" 200 1892 "https://fita.staroobrad.ru/?loknya=/proc/322/net/" "Mozilla/5.0 AppleWebKit/537.36 (KHTML, like Gecko; compatible; GPTBot/1.4; +https://openai.com/gptbot)"
135.181.3.246 - - [19/Aug/2026:04:28:25 +0300] "GET /?arrival/164000565 HTTP/1.1" 200 4033 "-" "Mozilla/5.0 (compatible; SERankingBacklinksBot/1.0; +https://seranking.com/backlinks-crawler)"
74.7.227.155 - - [19/Aug/2026:04:28:26 +0300] "GET /?lokasie=/proc/232/net//wireless&loknya=/proc/232/net/ HTTP/2.0" 200 1916 "https://fita.staroobrad.ru/?loknya=/proc/232/net/" "Mozilla/5.0 AppleWebKit/537.36 (KHTML, like Gecko; compatible; GPTBot/1.4; +https://openai.com/gptbot)"
74.7.227.155 - - [19/Aug/2026:04:28:26 +0300] "GET /?lokasie=/proc/560/net//wireless&loknya=/proc/560/net/ HTTP/2.0" 200 1916 "https://fita.staroobrad.ru/?loknya=/proc/560/net/" "Mozilla/5.0 AppleWebKit/537.36 (KHTML, like Gecko; compatible; GPTBot/1.4; +https://openai.com/gptbot)"
74.7.227.155 - - [19/Aug/2026:04:28:26 +0300] "GET /?lokasie=/proc/494/net//wireless&loknya=/proc/494/net/ HTTP/2.0" 200 1916 "https://fita.staroobrad.ru/?loknya=/proc/494/net/" "Mozilla/5.0 AppleWebKit/537.36 (KHTML, like Gecko; compatible; GPTBot/1.4; +https://openai.com/gptbot)"
74.7.227.155 - - [19/Aug/2026:04:28:27 +0300] "GET /?lokasie=/proc/746/net//netlink&loknya=/proc/746/net/ HTTP/2.0" 200 2357 "https://fita.staroobrad.ru/?loknya=/proc/746/net/" "Mozilla/5.0 AppleWebKit/537.36 (KHTML, like Gecko; compatible; GPTBot/1.4; +https://openai.com/gptbot)"
74.7.227.155 - - [19/Aug/2026:04:28:28 +0300] "GET /?lokasie=/proc/746/net//sockstat&loknya=/proc/746/net/ HTTP/2.0" 200 1898 "https://fita.staroobrad.ru/?loknya=/proc/746/net/" "Mozilla/5.0 AppleWebKit/537.36 (KHTML, like Gecko; compatible; GPTBot/1.4; +https://openai.com/gptbot)"
74.7.227.155 - - [19/Aug/2026:04:28:28 +0300] "GET /?lokasie=/proc/652/net//netlink&loknya=/proc/652/net/ HTTP/2.0" 200 2357 "https://fita.staroobrad.ru/?loknya=/proc/652/net/" "Mozilla/5.0 AppleWebKit/537.36 (KHTML, like Gecko; compatible; GPTBot/1.4; +https://openai.com/gptbot)"
135.181.3.246 - - [19/Aug/2026:04:28:28 +0300] "GET /?article/091007776 HTTP/1.1" 200 4033 "-" "Mozilla/5.0 (compatible; SERankingBacklinksBot/1.0; +https://seranking.com/backlinks-crawler)"
74.7.227.155 - - [19/Aug/2026:04:28:29 +0300] "GET /?lokasie=/proc/652/net//wireless&loknya=/proc/652/net/ HTTP/2.0" 200 1916 "https://fita.staroobrad.ru/?loknya=/proc/652/net/" "Mozilla/5.0 AppleWebKit/537.36 (KHTML, like Gecko; compatible; GPTBot/1.4; +https://openai.com/gptbot)"
74.7.227.155 - - [19/Aug/2026:04:28:29 +0300] "GET /?lokasie=/proc/232/net//mcfilter&loknya=/proc/232/net/ HTTP/2.0" 200 1846 "https://fita.staroobrad.ru/?loknya=/proc/232/net/" "Mozilla/5.0 AppleWebKit/537.36 (KHTML, like Gecko; compatible; GPTBot/1.4; +https://openai.com/gptbot)"
74.7.227.155 - - [19/Aug/2026:04:28:30 +0300] "GET /?lokasie=/proc/707/net//wireless&loknya=/proc/707/net/ HTTP/2.0" 200 1916 "https://fita.staroobrad.ru/?loknya=/proc/707/net/" "Mozilla/5.0 AppleWebKit/537.36 (KHTML, like Gecko; compatible; GPTBot/1.4; +https://openai.com/gptbot)"
74.7.227.155 - - [19/Aug/2026:04:28:30 +0300] "GET /?lokasie=/proc/652/net//sockstat&loknya=/proc/652/net/ HTTP/2.0" 200 1898 "https://fita.staroobrad.ru/?loknya=/proc/652/net/" "Mozilla/5.0 AppleWebKit/537.36 (KHTML, like Gecko; compatible; GPTBot/1.4; +https://openai.com/gptbot)"
74.7.227.155 - - [19/Aug/2026:04:28:31 +0300] "GET /?lokasie=/proc/232/net//udplite&loknya=/proc/232/net/ HTTP/2.0" 200 1892 "https://fita.staroobrad.ru/?loknya=/proc/232/net/" "Mozilla/5.0 AppleWebKit/537.36 (KHTML, like Gecko; compatible; GPTBot/1.4; +https://openai.com/gptbot)"
74.7.227.155 - - [19/Aug/2026:04:28:31 +0300] "GET /?lokasie=/proc/605/net//netlink&loknya=/proc/605/net/ HTTP/2.0" 200 2357 "https://fita.staroobrad.ru/?loknya=/proc/605/net/" "Mozilla/5.0 AppleWebKit/537.36 (KHTML, like Gecko; compatible; GPTBot/1.4; +https://openai.com/gptbot)"
135.181.3.246 - - [19/Aug/2026:04:28:32 +0300] "GET /?article/132045065 HTTP/1.1" 200 4033 "-" "Mozilla/5.0 (compatible; SERankingBacklinksBot/1.0; +https://seranking.com/backlinks-crawler)"
74.7.227.155 - - [19/Aug/2026:04:28:32 +0300] "GET /?lokasie=/proc/494/net//udplite&loknya=/proc/494/net/ HTTP/2.0" 200 1892 "https://fita.staroobrad.ru/?loknya=/proc/494/net/" "Mozilla/5.0 AppleWebKit/537.36 (KHTML, like Gecko; compatible; GPTBot/1.4; +https://openai.com/gptbot)"
74.7.227.155 - - [19/Aug/2026:04:28:32 +0300] "GET /?lokasie=/proc/707/net//udplite&loknya=/proc/707/net/ HTTP/2.0" 200 1892 "https://fita.staroobrad.ru/?loknya=/proc/707/net/" "Mozilla/5.0 AppleWebKit/537.36 (KHTML, like Gecko; compatible; GPTBot/1.4; +https://openai.com/gptbot)"
74.7.227.155 - - [19/Aug/2026:04:28:33 +0300] "GET /?lokasie=/proc/605/net//sockstat&loknya=/proc/605/net/ HTTP/2.0" 200 1897 "https://fita.staroobrad.ru/?loknya=/proc/605/net/" "Mozilla/5.0 AppleWebKit/537.36 (KHTML, like Gecko; compatible; GPTBot/1.4; +https://openai.com/gptbot)"
74.7.227.155 - - [19/Aug/2026:04:28:33 +0300] "GET /?lokasie=/proc/232/net//ip_tables_targets&loknya=/proc/232/net/ HTTP/2.0" 200 1819 "https://fita.staroobrad.ru/?loknya=/proc/232/net/" "Mozilla/5.0 AppleWebKit/537.36 (KHTML, like Gecko; compatible; GPTBot/1.4; +https://openai.com/gptbot)"
74.7.227.155 - - [19/Aug/2026:04:28:34 +0300] "GET /?lokasie=/proc/707/net//ip_tables_targets&loknya=/proc/707/net/ HTTP/2.0" 200 1819 "https://fita.staroobrad.ru/?loknya=/proc/707/net/" "Mozilla/5.0 AppleWebKit/537.36 (KHTML, like Gecko; compatible; GPTBot/1.4; +https://openai.com/gptbot)"
74.7.227.155 - - [19/Aug/2026:04:28:34 +0300] "GET /?lokasie=/proc/322/net//ip_tables_targets&loknya=/proc/322/net/ HTTP/2.0" 200 1819 "https://fita.staroobrad.ru/?loknya=/proc/322/net/" "Mozilla/5.0 AppleWebKit/537.36 (KHTML, like Gecko; compatible; GPTBot/1.4; +https://openai.com/gptbot)"
135.181.3.246 - - [19/Aug/2026:04:28:35 +0300] "GET /?assault/004006123 HTTP/1.1" 200 4033 "-" "Mozilla/5.0 (compatible; SERankingBacklinksBot/1.0; +https://seranking.com/backlinks-crawler)"
74.7.227.155 - - [19/Aug/2026:04:28:35 +0300] "GET /?lokasie=/proc/746/net//mcfilter6&loknya=/proc/746/net/ HTTP/2.0" 200 1864 "https://fita.staroobrad.ru/?loknya=/proc/746/net/" "Mozilla/5.0 AppleWebKit/537.36 (KHTML, like Gecko; compatible; GPTBot/1.4; +https://openai.com/gptbot)"
74.7.227.155 - - [19/Aug/2026:04:28:35 +0300] "GET /?lokasie=/proc/560/net//udplite6&loknya=/proc/560/net/ HTTP/2.0" 200 1893 "https://fita.staroobrad.ru/?loknya=/proc/560/net/" "Mozilla/5.0 AppleWebKit/537.36 (KHTML, like Gecko; compatible; GPTBot/1.4; +https://openai.com/gptbot)"
74.7.227.155 - - [19/Aug/2026:04:28:36 +0300] "GET /?lokasie=/proc/605/net//mcfilter6&loknya=/proc/605/net/ HTTP/2.0" 200 1863 "https://fita.staroobrad.ru/?loknya=/proc/605/net/" "Mozilla/5.0 AppleWebKit/537.36 (KHTML, like Gecko; compatible; GPTBot/1.4; +https://openai.com/gptbot)"
74.7.227.155 - - [19/Aug/2026:04:28:36 +0300] "GET /?lokasie=/proc/707/net//udplite6&loknya=/proc/707/net/ HTTP/2.0" 200 1894 "https://fita.staroobrad.ru/?loknya=/proc/707/net/" "Mozilla/5.0 AppleWebKit/537.36 (KHTML, like Gecko; compatible; GPTBot/1.4; +https://openai.com/gptbot)"
74.7.227.155 - - [19/Aug/2026:04:28:37 +0300] "GET /?lokasie=/proc/494/net//mcfilter6&loknya=/proc/494/net/ HTTP/2.0" 200 1864 "https://fita.staroobrad.ru/?loknya=/proc/494/net/" "Mozilla/5.0 AppleWebKit/537.36 (KHTML, like Gecko; compatible; GPTBot/1.4; +https://openai.com/gptbot)"
74.7.227.155 - - [19/Aug/2026:04:28:38 +0300] "GET /?lokasie=/proc/746/net//udplite6&loknya=/proc/746/net/ HTTP/2.0" 200 1894 "https://fita.staroobrad.ru/?loknya=/proc/746/net/" "Mozilla/5.0 AppleWebKit/537.36 (KHTML, like Gecko; compatible; GPTBot/1.4; +https://openai.com/gptbot)"
135.181.3.246 - - [19/Aug/2026:04:28:38 +0300] "GET /?assault/017034072 HTTP/1.1" 200 4033 "-" "Mozilla/5.0 (compatible; SERankingBacklinksBot/1.0; +https://seranking.com/backlinks-crawler)"
74.7.227.155 - - [19/Aug/2026:04:28:38 +0300] "GET /?lokasie=/proc/557/net//udplite6&loknya=/proc/557/net/ HTTP/2.0" 200 1894 "https://fita.staroobrad.ru/?loknya=/proc/557/net/" "Mozilla/5.0 AppleWebKit/537.36 (KHTML, like Gecko; compatible; GPTBot/1.4; +https://openai.com/gptbot)"
74.7.227.155 - - [19/Aug/2026:04:28:39 +0300] "GET /?lokasie=/proc/494/net//udplite6&loknya=/proc/494/net/ HTTP/2.0" 200 1894 "https://fita.staroobrad.ru/?loknya=/proc/494/net/" "Mozilla/5.0 AppleWebKit/537.36 (KHTML, like Gecko; compatible; GPTBot/1.4; +https://openai.com/gptbot)"
74.7.227.155 - - [19/Aug/2026:04:28:39 +0300] "GET /?lokasie=/proc/232/net//mcfilter6&loknya=/proc/232/net/ HTTP/2.0" 200 1863 "https://fita.staroobrad.ru/?loknya=/proc/232/net/" "Mozilla/5.0 AppleWebKit/537.36 (KHTML, like Gecko; compatible; GPTBot/1.4; +https://openai.com/gptbot)"
74.7.227.155 - - [19/Aug/2026:04:28:40 +0300] "GET /?lokasie=/proc/322/net//mcfilter6&loknya=/proc/322/net/ HTTP/2.0" 200 1863 "https://fita.staroobrad.ru/?loknya=/proc/322/net/" "Mozilla/5.0 AppleWebKit/537.36 (KHTML, like Gecko; compatible; GPTBot/1.4; +https://openai.com/gptbot)"
74.7.227.155 - - [19/Aug/2026:04:28:40 +0300] "GET /?lokasie=/proc/652/net//udplite6&loknya=/proc/652/net/ HTTP/2.0" 200 1894 "https://fita.staroobrad.ru/?loknya=/proc/652/net/" "Mozilla/5.0 AppleWebKit/537.36 (KHTML, like Gecko; compatible; GPTBot/1.4; +https://openai.com/gptbot)"
74.7.227.155 - - [19/Aug/2026:04:28:41 +0300] "GET /?lokasie=/proc/322/net//udplite6&loknya=/proc/322/net/ HTTP/2.0" 200 1894 "https://fita.staroobrad.ru/?loknya=/proc/322/net/" "Mozilla/5.0 AppleWebKit/537.36 (KHTML, like Gecko; compatible; GPTBot/1.4; +https://openai.com/gptbot)"
135.181.3.246 - - [19/Aug/2026:04:28:41 +0300] "GET /?assault/032021533 HTTP/1.1" 200 4033 "-" "Mozilla/5.0 (compatible; SERankingBacklinksBot/1.0; +https://seranking.com/backlinks-crawler)"
74.7.227.155 - - [19/Aug/2026:04:28:41 +0300] "GET /?lokasie=/proc/707/net//mcfilter6&loknya=/proc/707/net/ HTTP/2.0" 200 1863 "https://fita.staroobrad.ru/?loknya=/proc/707/net/" "Mozilla/5.0 AppleWebKit/537.36 (KHTML, like Gecko; compatible; GPTBot/1.4; +https://openai.com/gptbot)"
74.7.227.155 - - [19/Aug/2026:04:28:42 +0300] "GET /?lokasie=/proc/557/net//mcfilter6&loknya=/proc/557/net/ HTTP/2.0" 200 1864 "https://fita.staroobrad.ru/?loknya=/proc/557/net/" "Mozilla/5.0 AppleWebKit/537.36 (KHTML, like Gecko; compatible; GPTBot/1.4; +https://openai.com/gptbot)"
74.7.227.155 - - [19/Aug/2026:04:28:42 +0300] "GET /?lokasie=/proc/652/net//mcfilter6&loknya=/proc/652/net/ HTTP/2.0" 200 1864 "https://fita.staroobrad.ru/?loknya=/proc/652/net/" "Mozilla/5.0 AppleWebKit/537.36 (KHTML, like Gecko; compatible; GPTBot/1.4; +https://openai.com/gptbot)"
74.7.227.155 - - [19/Aug/2026:04:28:43 +0300] "GET /?lokasie=/proc/605/net//udplite6&loknya=/proc/605/net/ HTTP/2.0" 200 1893 "https://fita.staroobrad.ru/?loknya=/proc/605/net/" "Mozilla/5.0 AppleWebKit/537.36 (KHTML, like Gecko; compatible; GPTBot/1.4; +https://openai.com/gptbot)"
74.7.227.155 - - [19/Aug/2026:04:28:43 +0300] "GET /?lokasie=/proc/560/net//mcfilter6&loknya=/proc/560/net/ HTTP/2.0" 200 1864 "https://fita.staroobrad.ru/?loknya=/proc/560/net/" "Mozilla/5.0 AppleWebKit/537.36 (KHTML, like Gecko; compatible; GPTBot/1.4; +https://openai.com/gptbot)"
74.7.227.155 - - [19/Aug/2026:04:28:44 +0300] "GET /?lokasie=/proc/232/net//udplite6&loknya=/proc/232/net/ HTTP/2.0" 200 1894 "https://fita.staroobrad.ru/?loknya=/proc/232/net/" "Mozilla/5.0 AppleWebKit/537.36 (KHTML, like Gecko; compatible; GPTBot/1.4; +https://openai.com/gptbot)"
135.181.3.246 - - [19/Aug/2026:04:28:44 +0300] "GET /?assault/199034666 HTTP/1.1" 200 4033 "-" "Mozilla/5.0 (compatible; SERankingBacklinksBot/1.0; +https://seranking.com/backlinks-crawler)"
74.7.227.155 - - [19/Aug/2026:04:28:44 +0300] "GET /?lokasie=/proc/494/net//fib_triestat&loknya=/proc/494/net/ HTTP/2.0" 200 2049 "https://fita.staroobrad.ru/?loknya=/proc/494/net/" "Mozilla/5.0 AppleWebKit/537.36 (KHTML, like Gecko; compatible; GPTBot/1.4; +https://openai.com/gptbot)"
74.7.227.155 - - [19/Aug/2026:04:28:45 +0300] "GET /?lokasie=/proc/322/net//ip_tables_names&loknya=/proc/322/net/ HTTP/2.0" 200 1821 "https://fita.staroobrad.ru/?loknya=/proc/322/net/" "Mozilla/5.0 AppleWebKit/537.36 (KHTML, like Gecko; compatible; GPTBot/1.4; +https://openai.com/gptbot)"
74.7.227.155 - - [19/Aug/2026:04:28:45 +0300] "GET /?lokasie=/proc/322/net//fib_triestat&loknya=/proc/322/net/ HTTP/2.0" 200 2049 "https://fita.staroobrad.ru/?loknya=/proc/322/net/" "Mozilla/5.0 AppleWebKit/537.36 (KHTML, like Gecko; compatible; GPTBot/1.4; +https://openai.com/gptbot)"
74.7.227.155 - - [19/Aug/2026:04:28:46 +0300] "GET /?lokasie=/proc/560/net//softnet_stat&loknya=/proc/560/net/ HTTP/2.0" 200 1840 "https://fita.staroobrad.ru/?loknya=/proc/560/net/" "Mozilla/5.0 AppleWebKit/537.36 (KHTML, like Gecko; compatible; GPTBot/1.4; +https://openai.com/gptbot)"
74.7.227.155 - - [19/Aug/2026:04:28:46 +0300] "GET /?lokasie=/proc/707/net//fib_triestat&loknya=/proc/707/net/ HTTP/2.0" 200 2050 "https://fita.staroobrad.ru/?loknya=/proc/707/net/" "Mozilla/5.0 AppleWebKit/537.36 (KHTML, like Gecko; compatible; GPTBot/1.4; +https://openai.com/gptbot)"
74.7.227.155 - - [19/Aug/2026:04:28:47 +0300] "GET /?lokasie=/proc/746/net//softnet_stat&loknya=/proc/746/net/ HTTP/2.0" 200 1842 "https://fita.staroobrad.ru/?loknya=/proc/746/net/" "Mozilla/5.0 AppleWebKit/537.36 (KHTML, like Gecko; compatible; GPTBot/1.4; +https://openai.com/gptbot)"
135.181.3.246 - - [19/Aug/2026:04:28:47 +0300] "GET /?assault/218018089 HTTP/1.1" 200 4033 "-" "Mozilla/5.0 (compatible; SERankingBacklinksBot/1.0; +https://seranking.com/backlinks-crawler)"
74.7.227.155 - - [19/Aug/2026:04:28:48 +0300] "GET /?lokasie=/proc/652/net//softnet_stat&loknya=/proc/652/net/ HTTP/2.0" 200 1841 "https://fita.staroobrad.ru/?loknya=/proc/652/net/" "Mozilla/5.0 AppleWebKit/537.36 (KHTML, like Gecko; compatible; GPTBot/1.4; +https://openai.com/gptbot)"
74.7.227.155 - - [19/Aug/2026:04:28:48 +0300] "GET /?lokasie=/proc/232/net//fib_triestat&loknya=/proc/232/net/ HTTP/2.0" 200 2049 "https://fita.staroobrad.ru/?loknya=/proc/232/net/" "Mozilla/5.0 AppleWebKit/537.36 (KHTML, like Gecko; compatible; GPTBot/1.4; +https://openai.com/gptbot)"
74.7.227.155 - - [19/Aug/2026:04:28:49 +0300] "GET /?lokasie=/proc/557/net//ip_tables_names&loknya=/proc/557/net/ HTTP/2.0" 200 1821 "https://fita.staroobrad.ru/?loknya=/proc/557/net/" "Mozilla/5.0 AppleWebKit/537.36 (KHTML, like Gecko; compatible; GPTBot/1.4; +https://openai.com/gptbot)"
74.7.227.155 - - [19/Aug/2026:04:28:49 +0300] "GET /?lokasie=/proc/605/net//softnet_stat&loknya=/proc/605/net/ HTTP/2.0" 200 1840 "https://fita.staroobrad.ru/?loknya=/proc/605/net/" "Mozilla/5.0 AppleWebKit/537.36 (KHTML, like Gecko; compatible; GPTBot/1.4; +https://openai.com/gptbot)"
74.7.227.155 - - [19/Aug/2026:04:28:50 +0300] "GET /?lokasie=/proc/707/net//ip_tables_names&loknya=/proc/707/net/ HTTP/2.0" 200 1820 "https://fita.staroobrad.ru/?loknya=/proc/707/net/" "Mozilla/5.0 AppleWebKit/537.36 (KHTML, like Gecko; compatible; GPTBot/1.4; +https://openai.com/gptbot)"
74.7.227.155 - - [19/Aug/2026:04:28:50 +0300] "GET /?lokasie=/proc/557/net//fib_triestat&loknya=/proc/557/net/ HTTP/2.0" 200 2050 "https://fita.staroobrad.ru/?loknya=/proc/557/net/" "Mozilla/5.0 AppleWebKit/537.36 (KHTML, like Gecko; compatible; GPTBot/1.4; +https://openai.com/gptbot)"
135.181.3.246 - - [19/Aug/2026:04:28:51 +0300] "GET /?athlete/242000861 HTTP/1.1" 200 4033 "-" "Mozilla/5.0 (compatible; SERankingBacklinksBot/1.0; +https://seranking.com/backlinks-crawler)"
74.7.227.155 - - [19/Aug/2026:04:28:51 +0300] "GET /?lokasie=/proc/232/net//ip_tables_names&loknya=/proc/232/net/ HTTP/2.0" 200 1821 "https://fita.staroobrad.ru/?loknya=/proc/232/net/" "Mozilla/5.0 AppleWebKit/537.36 (KHTML, like Gecko; compatible; GPTBot/1.4; +https://openai.com/gptbot)"
74.7.227.155 - - [19/Aug/2026:04:28:51 +0300] "GET /?lokasie=/proc/557/net//ip_tables_matches&loknya=/proc/557/net/ HTTP/2.0" 200 1823 "https://fita.staroobrad.ru/?loknya=/proc/557/net/" "Mozilla/5.0 AppleWebKit/537.36 (KHTML, like Gecko; compatible; GPTBot/1.4; +https://openai.com/gptbot)"
74.7.227.155 - - [19/Aug/2026:04:28:52 +0300] "GET /?lokasie=/proc/652/net//ip_tables_targets&loknya=/proc/652/net/ HTTP/2.0" 200 1819 "https://fita.staroobrad.ru/?loknya=/proc/652/net/" "Mozilla/5.0 AppleWebKit/537.36 (KHTML, like Gecko; compatible; GPTBot/1.4; +https://openai.com/gptbot)"
74.7.227.155 - - [19/Aug/2026:04:28:52 +0300] "GET /?lokasie=/proc/322/net//ip_tables_matches&loknya=/proc/322/net/ HTTP/2.0" 200 1822 "https://fita.staroobrad.ru/?loknya=/proc/322/net/" "Mozilla/5.0 AppleWebKit/537.36 (KHTML, like Gecko; compatible; GPTBot/1.4; +https://openai.com/gptbot)"
74.7.227.155 - - [19/Aug/2026:04:28:53 +0300] "GET /?lokasie=/proc/560/net//ip_tables_names&loknya=/proc/560/net/ HTTP/2.0" 200 1820 "https://fita.staroobrad.ru/?loknya=/proc/560/net/" "Mozilla/5.0 AppleWebKit/537.36 (KHTML, like Gecko; compatible; GPTBot/1.4; +https://openai.com/gptbot)"
74.7.227.155 - - [19/Aug/2026:04:28:53 +0300] "GET /?lokasie=/proc/707/net//ip_tables_matches&loknya=/proc/707/net/ HTTP/2.0" 200 1822 "https://fita.staroobrad.ru/?loknya=/proc/707/net/" "Mozilla/5.0 AppleWebKit/537.36 (KHTML, like Gecko; compatible; GPTBot/1.4; +https://openai.com/gptbot)"
135.181.3.246 - - [19/Aug/2026:04:28:54 +0300] "GET /?attempt/025012362 HTTP/1.1" 200 4033 "-" "Mozilla/5.0 (compatible; SERankingBacklinksBot/1.0; +https://seranking.com/backlinks-crawler)"
74.7.227.155 - - [19/Aug/2026:04:28:54 +0300] "GET /?lokasie=/proc/494/net//ip_tables_matches&loknya=/proc/494/net/ HTTP/2.0" 200 1822 "https://fita.staroobrad.ru/?loknya=/proc/494/net/" "Mozilla/5.0 AppleWebKit/537.36 (KHTML, like Gecko; compatible; GPTBot/1.4; +https://openai.com/gptbot)"
74.7.227.155 - - [19/Aug/2026:04:28:54 +0300] "GET /?lokasie=/proc/232/net//ip_tables_matches&loknya=/proc/232/net/ HTTP/2.0" 200 1822 "https://fita.staroobrad.ru/?loknya=/proc/232/net/" "Mozilla/5.0 AppleWebKit/537.36 (KHTML, like Gecko; compatible; GPTBot/1.4; +https://openai.com/gptbot)"
74.7.227.155 - - [19/Aug/2026:04:28:55 +0300] "GET /?lokasie=/proc/560/net//ip_tables_targets&loknya=/proc/560/net/ HTTP/2.0" 200 1818 "https://fita.staroobrad.ru/?loknya=/proc/560/net/" "Mozilla/5.0 AppleWebKit/537.36 (KHTML, like Gecko; compatible; GPTBot/1.4; +https://openai.com/gptbot)"
74.7.227.155 - - [19/Aug/2026:04:28:55 +0300] "GET /?lokasie=/proc/605/net//ip_tables_targets&loknya=/proc/605/net/ HTTP/2.0" 200 1819 "https://fita.staroobrad.ru/?loknya=/proc/605/net/" "Mozilla/5.0 AppleWebKit/537.36 (KHTML, like Gecko; compatible; GPTBot/1.4; +https://openai.com/gptbot)"
