82.148.16.210 - - [19/Aug/2026:01:31:33 +0300] "POST /wp-cron.php?doing_wp_cron=1787092293.8175420761108398437500 HTTP/1.1" 200 31 "-" "WordPress/6.9.1; https://fita.staroobrad.ru"
114.119.128.203 - - [19/Aug/2026:01:31:33 +0300] "GET /shop/sustain/patch062007988.shtml HTTP/1.1" 404 4001 "https://fita.staroobrad.ru/?sitemap972.xml" "Mozilla/5.0 (Linux; Android 7.0;) AppleWebKit/537.36 (HTML, like Gecko) Mobile Safari/537.36 (compatible; PetalBot;+https://webmaster.petalsearch.com/site/petalbot)"
82.148.16.210 - - [19/Aug/2026:01:32:57 +0300] "POST /wp-cron.php?doing_wp_cron=1787092377.0468969345092773437500 HTTP/1.1" 200 31 "-" "WordPress/6.9.1; https://fita.staroobrad.ru"
66.249.78.70 - - [19/Aug/2026:01:32:57 +0300] "GET /?likelihood/043011632 HTTP/1.1" 301 374 "-" "Mozilla/5.0 (Linux; Android 6.0.1; Nexus 5X Build/MMB29P) AppleWebKit/537.36 (KHTML, like Gecko) Chrome/151.0.7922.137 Mobile Safari/537.36 (compatible; GoogleOther)"
66.249.66.75 - - [19/Aug/2026:01:32:59 +0300] "GET /?likelihood%2F043011632 HTTP/1.1" 404 296 "-" "Mozilla/5.0 (Linux; Android 6.0.1; Nexus 5X Build/MMB29P) AppleWebKit/537.36 (KHTML, like Gecko) Chrome/151.0.7922.137 Mobile Safari/537.36 (compatible; GoogleOther)"
66.249.66.35 - - [19/Aug/2026:01:33:37 +0300] "GET /shop/laugh/variable107005753.shtml HTTP/1.1" 404 4000 "-" "Mozilla/5.0 (Linux; Android 6.0.1; Nexus 5X Build/MMB29P) AppleWebKit/537.36 (KHTML, like Gecko) Chrome/151.0.7922.137 Mobile Safari/537.36 (compatible; Googlebot/2.1; +http://www.google.com/bot.html)"
66.249.66.202 - - [19/Aug/2026:01:33:38 +0300] "GET /shop/freshman/dish189006877.shtml HTTP/1.1" 404 4000 "-" "Mozilla/5.0 (Linux; Android 6.0.1; Nexus 5X Build/MMB29P) AppleWebKit/537.36 (KHTML, like Gecko) Chrome/151.0.7922.137 Mobile Safari/537.36 (compatible; Googlebot/2.1; +http://www.google.com/bot.html)"
82.148.16.210 - - [19/Aug/2026:01:33:59 +0300] "POST /wp-cron.php?doing_wp_cron=1787092439.9213080406188964843750 HTTP/1.1" 200 31 "-" "WordPress/6.9.1; https://fita.staroobrad.ru"
66.249.66.75 - - [19/Aug/2026:01:33:59 +0300] "GET /category/129/1 HTTP/1.1" 404 3999 "-" "Mozilla/5.0 (Linux; Android 6.0.1; Nexus 5X Build/MMB29P) AppleWebKit/537.36 (KHTML, like Gecko) Chrome/151.0.7922.137 Mobile Safari/537.36 (compatible; GoogleOther)"
82.148.16.210 - - [19/Aug/2026:01:35:39 +0300] "POST /wp-cron.php?doing_wp_cron=1787092539.1919319629669189453125 HTTP/1.1" 200 31 "-" "WordPress/6.9.1; https://fita.staroobrad.ru"
66.249.78.69 - - [19/Aug/2026:01:35:39 +0300] "GET /shop/possession/laser008024474.shtml HTTP/1.1" 404 4001 "-" "Mozilla/5.0 (Linux; Android 6.0.1; Nexus 5X Build/MMB29P) AppleWebKit/537.36 (KHTML, like Gecko) Chrome/151.0.7922.137 Mobile Safari/537.36 (compatible; Googlebot/2.1; +http://www.google.com/bot.html)"
66.249.66.37 - - [19/Aug/2026:01:35:39 +0300] "GET /shop/revenue/deliberately034005966.shtml HTTP/1.1" 404 4001 "-" "Mozilla/5.0 (Linux; Android 6.0.1; Nexus 5X Build/MMB29P) AppleWebKit/537.36 (KHTML, like Gecko) Chrome/151.0.7922.137 Mobile Safari/537.36 (compatible; Googlebot/2.1; +http://www.google.com/bot.html)"
66.249.66.202 - - [19/Aug/2026:01:35:40 +0300] "GET /shop/intervention/finish032000536.shtml HTTP/1.1" 404 4004 "-" "Mozilla/5.0 (Linux; Android 6.0.1; Nexus 5X Build/MMB29P) AppleWebKit/537.36 (KHTML, like Gecko) Chrome/151.0.7922.137 Mobile Safari/537.36 (compatible; Googlebot/2.1; +http://www.google.com/bot.html)"
66.249.66.202 - - [19/Aug/2026:01:35:40 +0300] "GET /shop/violation/garage079021735.shtml HTTP/1.1" 404 4004 "-" "Mozilla/5.0 (Linux; Android 6.0.1; Nexus 5X Build/MMB29P) AppleWebKit/537.36 (KHTML, like Gecko) Chrome/151.0.7922.137 Mobile Safari/537.36 (compatible; Googlebot/2.1; +http://www.google.com/bot.html)"
82.148.16.210 - - [19/Aug/2026:01:36:45 +0300] "POST /wp-cron.php?doing_wp_cron=1787092605.4529860019683837890625 HTTP/1.1" 200 31 "-" "WordPress/6.9.1; https://fita.staroobrad.ru"
66.249.66.204 - - [19/Aug/2026:01:36:45 +0300] "GET /shop/its/painful035009911.shtml HTTP/1.1" 404 4001 "-" "Mozilla/5.0 (compatible; Googlebot/2.1; +http://www.google.com/bot.html)"
66.249.78.69 - - [19/Aug/2026:01:36:45 +0300] "GET /shop/its/painful035009911.shtml HTTP/1.1" 404 4001 "-" "Mozilla/5.0 (Linux; Android 6.0.1; Nexus 5X Build/MMB29P) AppleWebKit/537.36 (KHTML, like Gecko) Chrome/151.0.7922.137 Mobile Safari/537.36 (compatible; Googlebot/2.1; +http://www.google.com/bot.html)"
82.148.16.210 - - [19/Aug/2026:01:37:12 +0300] "POST /wp-cron.php?doing_wp_cron=1787092632.9422729015350341796875 HTTP/1.1" 200 31 "-" "WordPress/6.9.1; https://fita.staroobrad.ru"
66.249.66.202 - - [19/Aug/2026:01:37:12 +0300] "GET /shop/active/front124024832.shtml HTTP/1.1" 404 4001 "-" "Mozilla/5.0 (compatible; Googlebot/2.1; +http://www.google.com/bot.html)"
66.249.78.69 - - [19/Aug/2026:01:37:46 +0300] "GET /m81837900478 HTTP/1.1" 404 4001 "-" "Mozilla/5.0 (Linux; Android 6.0.1; Nexus 5X Build/MMB29P) AppleWebKit/537.36 (KHTML, like Gecko) Chrome/151.0.7922.137 Mobile Safari/537.36 (compatible; Googlebot/2.1; +http://www.google.com/bot.html)"
82.148.16.210 - - [19/Aug/2026:01:38:17 +0300] "POST /wp-cron.php?doing_wp_cron=1787092697.2265629768371582031250 HTTP/1.1" 200 31 "-" "WordPress/6.9.1; https://fita.staroobrad.ru"
66.249.78.69 - - [19/Aug/2026:01:38:17 +0300] "GET /m29494804334 HTTP/1.1" 404 4001 "-" "Mozilla/5.0 (Linux; Android 6.0.1; Nexus 5X Build/MMB29P) AppleWebKit/537.36 (KHTML, like Gecko) Chrome/151.0.7922.137 Mobile Safari/537.36 (compatible; GoogleOther)"
82.148.16.210 - - [19/Aug/2026:01:39:46 +0300] "POST /wp-cron.php?doing_wp_cron=1787092785.9857349395751953125000 HTTP/1.1" 200 31 "-" "WordPress/6.9.1; https://fita.staroobrad.ru"
66.249.66.35 - - [19/Aug/2026:01:39:46 +0300] "GET /shop/bed/motive222026390.shtml HTTP/1.1" 404 4001 "-" "Mozilla/5.0 (Linux; Android 6.0.1; Nexus 5X Build/MMB29P) AppleWebKit/537.36 (KHTML, like Gecko) Chrome/151.0.7922.137 Mobile Safari/537.36 (compatible; Googlebot/2.1; +http://www.google.com/bot.html)"
82.148.16.210 - - [19/Aug/2026:01:39:48 +0300] "POST /wp-cron.php HTTP/1.1" 200 31 "-" "WordPress/6.9.1; https://fita.staroobrad.ru"
82.148.16.210 - - [19/Aug/2026:01:39:48 +0300] "GET / HTTP/1.1" 403 296 "-" "WordPress/6.9.1; https://fita.staroobrad.ru"
82.148.16.210 - - [19/Aug/2026:01:39:48 +0300] "GET / HTTP/1.1" 403 296 "-" "WordPress/6.9.1; https://fita.staroobrad.ru"
216.73.216.221 - - [19/Aug/2026:01:41:16 +0300] "GET /search.php HTTP/2.0" 404 3 "-" "Mozilla/5.0 AppleWebKit/537.36 (KHTML, like Gecko; compatible; ClaudeBot/1.0; +claudebot@anthropic.com)"
82.148.16.210 - - [19/Aug/2026:01:42:40 +0300] "POST /wp-cron.php?doing_wp_cron=1787092960.3430860042572021484375 HTTP/1.1" 200 31 "-" "WordPress/6.9.1; https://fita.staroobrad.ru"
129.121.48.235 - - [19/Aug/2026:01:42:40 +0300] "GET /wp-login.php HTTP/2.0" 200 3483 "-" "Mozilla/5.0 (Windows NT 10.0; Win64; x64) AppleWebKit/537.36 (KHTML, like Gecko) Chrome/149.0.0.0 Safari/537.36"
82.148.16.210 - - [19/Aug/2026:01:43:33 +0300] "POST /wp-cron.php?doing_wp_cron=1787093013.4169929027557373046875 HTTP/1.1" 200 31 "-" "WordPress/6.9.1; https://fita.staroobrad.ru"
66.249.66.76 - - [19/Aug/2026:01:43:33 +0300] "GET /shop/pg/1Sitemap/ HTTP/1.1" 404 3996 "-" "Mozilla/5.0 (compatible; Googlebot/2.1; +http://www.google.com/bot.html)"
114.119.154.65 - - [19/Aug/2026:01:43:41 +0300] "GET /shop/initiate/servant191045487.shtml HTTP/1.1" 404 3996 "https://fita.staroobrad.ru/?sitemap972.xml" "Mozilla/5.0 (Linux; Android 7.0;) AppleWebKit/537.36 (HTML, like Gecko) Mobile Safari/537.36 (compatible; PetalBot;+https://webmaster.petalsearch.com/site/petalbot)"
82.148.16.210 - - [19/Aug/2026:01:44:08 +0300] "POST /wp-cron.php?doing_wp_cron=1787093048.0734539031982421875000 HTTP/1.1" 200 31 "-" "WordPress/6.9.1; https://fita.staroobrad.ru"
152.42.137.70 - - [19/Aug/2026:01:44:08 +0300] "GET /wp-login.php HTTP/2.0" 200 3483 "-" "Mozilla/5.0 (Windows NT 10.0; Win64; x64) AppleWebKit/537.36 (KHTML, like Gecko) Chrome/149.0.0.0 Safari/537.36"
152.42.137.70 - - [19/Aug/2026:01:44:08 +0300] "POST /wp-login.php HTTP/2.0" 200 3644 "-" "Mozilla/5.0 (Windows NT 10.0; Win64; x64) AppleWebKit/537.36 (KHTML, like Gecko) Chrome/149.0.0.0 Safari/537.36"
82.148.16.210 - - [19/Aug/2026:01:44:51 +0300] "POST /wp-cron.php?doing_wp_cron=1787093091.0346429347991943359375 HTTP/1.1" 200 31 "-" "WordPress/6.9.1; https://fita.staroobrad.ru"
216.73.216.221 - - [19/Aug/2026:01:44:51 +0300] "GET / HTTP/2.0" 403 284 "-" "Mozilla/5.0 AppleWebKit/537.36 (KHTML, like Gecko; compatible; ClaudeBot/1.0; +claudebot@anthropic.com)"
66.249.66.76 - - [19/Aug/2026:01:45:34 +0300] "GET /shop/man/body008024482.shtml HTTP/1.1" 404 3998 "-" "Mozilla/5.0 (Linux; Android 6.0.1; Nexus 5X Build/MMB29P) AppleWebKit/537.36 (KHTML, like Gecko) Chrome/151.0.7922.137 Mobile Safari/537.36 (compatible; Googlebot/2.1; +http://www.google.com/bot.html)"
66.249.78.70 - - [19/Aug/2026:01:45:42 +0300] "GET /shop/one/scale061014763.shtml HTTP/1.1" 404 3996 "-" "Mozilla/5.0 (Linux; Android 6.0.1; Nexus 5X Build/MMB29P) AppleWebKit/537.36 (KHTML, like Gecko) Chrome/151.0.7922.137 Mobile Safari/537.36 (compatible; Googlebot/2.1; +http://www.google.com/bot.html)"
82.148.16.210 - - [19/Aug/2026:01:48:35 +0300] "POST /wp-cron.php?doing_wp_cron=1787093315.2109301090240478515625 HTTP/1.1" 200 31 "-" "WordPress/6.9.1; https://fita.staroobrad.ru"
8.29.155.129 - - [19/Aug/2026:01:48:35 +0300] "GET /wp-login.php HTTP/2.0" 200 3483 "-" "Mozilla/5.0 (Windows NT 10.0; Win64; x64) AppleWebKit/537.36 (KHTML, like Gecko) Chrome/149.0.0.0 Safari/537.36"
8.29.155.129 - - [19/Aug/2026:01:48:35 +0300] "POST /wp-login.php HTTP/2.0" 200 3644 "-" "Mozilla/5.0 (Windows NT 10.0; Win64; x64) AppleWebKit/537.36 (KHTML, like Gecko) Chrome/149.0.0.0 Safari/537.36"
66.249.66.36 - - [19/Aug/2026:01:48:37 +0300] "GET /shop/punishment/stability008003872.shtml HTTP/1.1" 404 3997 "-" "Mozilla/5.0 (Linux; Android 6.0.1; Nexus 5X Build/MMB29P) AppleWebKit/537.36 (KHTML, like Gecko) Chrome/151.0.7922.137 Mobile Safari/537.36 (compatible; Googlebot/2.1; +http://www.google.com/bot.html)"
82.148.16.210 - - [19/Aug/2026:01:49:11 +0300] "POST /wp-cron.php?doing_wp_cron=1787093351.3491570949554443359375 HTTP/1.1" 200 31 "-" "WordPress/6.9.1; https://fita.staroobrad.ru"
66.249.78.69 - - [19/Aug/2026:01:49:11 +0300] "GET /shop/agent/expansion247006523.shtml HTTP/1.1" 404 3996 "-" "Mozilla/5.0 (compatible; Googlebot/2.1; +http://www.google.com/bot.html)"
82.148.16.210 - - [19/Aug/2026:01:50:42 +0300] "POST /wp-cron.php?doing_wp_cron=1787093442.8834619522094726562500 HTTP/1.1" 200 31 "-" "WordPress/6.9.1; https://fita.staroobrad.ru"
66.249.66.36 - - [19/Aug/2026:01:50:42 +0300] "GET /shop/wilderness/used071000031.shtml HTTP/1.1" 404 3996 "-" "Mozilla/5.0 (Linux; Android 6.0.1; Nexus 5X Build/MMB29P) AppleWebKit/537.36 (KHTML, like Gecko) Chrome/151.0.7922.137 Mobile Safari/537.36 (compatible; Googlebot/2.1; +http://www.google.com/bot.html)"
82.148.16.210 - - [19/Aug/2026:01:50:52 +0300] "POST /wp-cron.php?doing_wp_cron=1787093452.6472771167755126953125 HTTP/1.1" 200 31 "-" "WordPress/6.9.1; https://fita.staroobrad.ru"
66.249.66.202 - - [19/Aug/2026:01:50:52 +0300] "GET /shop/pat/mutual036006458.shtml HTTP/1.1" 404 3996 "-" "Mozilla/5.0 (compatible; Googlebot/2.1; +http://www.google.com/bot.html)"
82.148.16.210 - - [19/Aug/2026:01:52:25 +0300] "POST /wp-cron.php?doing_wp_cron=1787093545.3270740509033203125000 HTTP/1.1" 200 31 "-" "WordPress/6.9.1; https://fita.staroobrad.ru"
216.73.216.221 - - [19/Aug/2026:01:52:25 +0300] "GET / HTTP/2.0" 403 284 "-" "Mozilla/5.0 AppleWebKit/537.36 (KHTML, like Gecko; compatible; ClaudeBot/1.0; +claudebot@anthropic.com)"
82.148.16.210 - - [19/Aug/2026:01:53:47 +0300] "POST /wp-cron.php?doing_wp_cron=1787093627.0624680519104003906250 HTTP/1.1" 200 31 "-" "WordPress/6.9.1; https://fita.staroobrad.ru"
66.249.78.71 - - [19/Aug/2026:01:53:47 +0300] "GET /shop/fish/poll120042886.shtml HTTP/1.1" 404 3997 "-" "Mozilla/5.0 (Linux; Android 6.0.1; Nexus 5X Build/MMB29P) AppleWebKit/537.36 (KHTML, like Gecko) Chrome/151.0.7922.137 Mobile Safari/537.36 (compatible; Googlebot/2.1; +http://www.google.com/bot.html)"
82.148.16.210 - - [19/Aug/2026:01:54:48 +0300] "POST /wp-cron.php?doing_wp_cron=1787093688.3274059295654296875000 HTTP/1.1" 200 31 "-" "WordPress/6.9.1; https://fita.staroobrad.ru"
66.249.66.204 - - [19/Aug/2026:01:54:48 +0300] "GET /shop/therapist/yellow073025715.shtml HTTP/1.1" 404 3996 "-" "Mozilla/5.0 (Linux; Android 6.0.1; Nexus 5X Build/MMB29P) AppleWebKit/537.36 (KHTML, like Gecko) Chrome/151.0.7922.137 Mobile Safari/537.36 (compatible; Googlebot/2.1; +http://www.google.com/bot.html)"
82.148.16.210 - - [19/Aug/2026:01:55:49 +0300] "POST /wp-cron.php?doing_wp_cron=1787093749.4525589942932128906250 HTTP/1.1" 200 31 "-" "WordPress/6.9.1; https://fita.staroobrad.ru"
114.119.128.203 - - [19/Aug/2026:01:55:49 +0300] "GET /shop/information/friendly131044473.shtml HTTP/1.1" 404 3996 "https://fita.staroobrad.ru/?sitemap972.xml" "Mozilla/5.0 (Linux; Android 7.0;) AppleWebKit/537.36 (HTML, like Gecko) Mobile Safari/537.36 (compatible; PetalBot;+https://webmaster.petalsearch.com/site/petalbot)"
82.148.16.210 - - [19/Aug/2026:01:56:49 +0300] "POST /wp-cron.php?doing_wp_cron=1787093809.8554730415344238281250 HTTP/1.1" 200 31 "-" "WordPress/6.9.1; https://fita.staroobrad.ru"
66.249.66.12 - - [19/Aug/2026:01:56:49 +0300] "GET /shop/policy/founder038001472.shtml HTTP/1.1" 404 3996 "-" "Mozilla/5.0 (Linux; Android 6.0.1; Nexus 5X Build/MMB29P) AppleWebKit/537.36 (KHTML, like Gecko) Chrome/151.0.7922.137 Mobile Safari/537.36 (compatible; Googlebot/2.1; +http://www.google.com/bot.html)"
66.249.66.74 - - [19/Aug/2026:01:57:09 +0300] "GET /m31117696716 HTTP/1.1" 404 3997 "-" "Mozilla/5.0 (compatible; Googlebot/2.1; +http://www.google.com/bot.html)"
82.148.16.210 - - [19/Aug/2026:01:57:52 +0300] "POST /wp-cron.php?doing_wp_cron=1787093872.3245179653167724609375 HTTP/1.1" 200 31 "-" "WordPress/6.9.1; https://fita.staroobrad.ru"
66.249.78.71 - - [19/Aug/2026:01:57:52 +0300] "GET /shop/rifle/emission052017762.shtml HTTP/1.1" 404 3996 "-" "Mozilla/5.0 (Linux; Android 6.0.1; Nexus 5X Build/MMB29P) AppleWebKit/537.36 (KHTML, like Gecko) Chrome/151.0.7922.137 Mobile Safari/537.36 (compatible; Googlebot/2.1; +http://www.google.com/bot.html)"
66.249.66.36 - - [19/Aug/2026:01:58:05 +0300] "GET /shop/price/video049010723.shtml HTTP/1.1" 404 3997 "-" "Mozilla/5.0 (Linux; Android 6.0.1; Nexus 5X Build/MMB29P) AppleWebKit/537.36 (KHTML, like Gecko) Chrome/151.0.7922.137 Mobile Safari/537.36 (compatible; Googlebot/2.1; +http://www.google.com/bot.html)"
82.148.16.210 - - [19/Aug/2026:02:00:56 +0300] "POST /wp-cron.php?doing_wp_cron=1787094056.3348600864410400390625 HTTP/1.1" 200 31 "-" "WordPress/6.9.1; https://fita.staroobrad.ru"
66.249.66.204 - - [19/Aug/2026:02:00:56 +0300] "GET /shop/hazard/moral164030924.shtml HTTP/1.1" 404 3999 "-" "Mozilla/5.0 (Linux; Android 6.0.1; Nexus 5X Build/MMB29P) AppleWebKit/537.36 (KHTML, like Gecko) Chrome/151.0.7922.137 Mobile Safari/537.36 (compatible; Googlebot/2.1; +http://www.google.com/bot.html)"
66.249.66.75 - - [19/Aug/2026:02:01:11 +0300] "GET /?guilty/013000898 HTTP/1.1" 301 374 "-" "Mozilla/5.0 (Linux; Android 6.0.1; Nexus 5X Build/MMB29P) AppleWebKit/537.36 (KHTML, like Gecko) Chrome/151.0.7922.137 Mobile Safari/537.36 (compatible; Googlebot/2.1; +http://www.google.com/bot.html)"
66.249.66.203 - - [19/Aug/2026:02:01:12 +0300] "GET /?guilty%2F013000898 HTTP/1.1" 404 296 "-" "Mozilla/5.0 (Linux; Android 6.0.1; Nexus 5X Build/MMB29P) AppleWebKit/537.36 (KHTML, like Gecko) Chrome/151.0.7922.137 Mobile Safari/537.36 (compatible; Googlebot/2.1; +http://www.google.com/bot.html)"
82.148.16.210 - - [19/Aug/2026:02:03:24 +0300] "POST /wp-cron.php?doing_wp_cron=1787094204.4700438976287841796875 HTTP/1.1" 200 31 "-" "WordPress/6.9.1; https://fita.staroobrad.ru"
135.236.141.8 - - [19/Aug/2026:02:03:24 +0300] "GET /wp-login.php HTTP/2.0" 200 3483 "-" "Mozilla/5.0 (Windows NT 10.0; Win64; x64) AppleWebKit/537.36 (KHTML, like Gecko) Chrome/149.0.0.0 Safari/537.36"
135.236.141.8 - - [19/Aug/2026:02:03:24 +0300] "POST /wp-login.php HTTP/2.0" 200 3644 "-" "Mozilla/5.0 (Windows NT 10.0; Win64; x64) AppleWebKit/537.36 (KHTML, like Gecko) Chrome/149.0.0.0 Safari/537.36"
82.148.16.210 - - [19/Aug/2026:02:06:33 +0300] "POST /wp-cron.php?doing_wp_cron=1787094393.1532580852508544921875 HTTP/1.1" 200 31 "-" "WordPress/6.9.1; https://fita.staroobrad.ru"
66.249.66.68 - - [19/Aug/2026:02:06:33 +0300] "GET /m20652609429 HTTP/1.1" 404 3998 "-" "Mozilla/5.0 (Linux; Android 6.0.1; Nexus 5X Build/MMB29P) AppleWebKit/537.36 (KHTML, like Gecko) Chrome/151.0.7922.137 Mobile Safari/537.36 (compatible; Googlebot/2.1; +http://www.google.com/bot.html)"
82.148.16.210 - - [19/Aug/2026:02:07:43 +0300] "POST /wp-cron.php?doing_wp_cron=1787094462.9943149089813232421875 HTTP/1.1" 200 31 "-" "WordPress/6.9.1; https://fita.staroobrad.ru"
47.86.33.52 - - [19/Aug/2026:02:07:43 +0300] "GET /wp-login.php HTTP/2.0" 200 3483 "-" "Mozilla/5.0 (Windows NT 10.0; Win64; x64) AppleWebKit/537.36 (KHTML, like Gecko) Chrome/149.0.0.0 Safari/537.36"
47.86.33.52 - - [19/Aug/2026:02:07:44 +0300] "POST /wp-login.php HTTP/2.0" 200 3644 "-" "Mozilla/5.0 (Windows NT 10.0; Win64; x64) AppleWebKit/537.36 (KHTML, like Gecko) Chrome/149.0.0.0 Safari/537.36"
82.148.16.210 - - [19/Aug/2026:02:07:57 +0300] "POST /wp-cron.php?doing_wp_cron=1787094477.8191099166870117187500 HTTP/1.1" 200 31 "-" "WordPress/6.9.1; https://fita.staroobrad.ru"
114.119.135.120 - - [19/Aug/2026:02:07:57 +0300] "GET /shop/declare/enthusiasm081047413.shtml HTTP/1.1" 404 3998 "https://fita.staroobrad.ru/?sitemap972.xml" "Mozilla/5.0 (Linux; Android 7.0;) AppleWebKit/537.36 (HTML, like Gecko) Mobile Safari/537.36 (compatible; PetalBot;+https://webmaster.petalsearch.com/site/petalbot)"
66.249.66.37 - - [19/Aug/2026:02:08:06 +0300] "GET /4112432 HTTP/1.1" 404 3999 "-" "Mozilla/5.0 (compatible; Googlebot/2.1; +http://www.google.com/bot.html)"
82.148.16.210 - - [19/Aug/2026:02:11:31 +0300] "POST /wp-cron.php?doing_wp_cron=1787094691.6327209472656250000000 HTTP/1.1" 200 31 "-" "WordPress/6.9.1; https://fita.staroobrad.ru"
162.240.150.172 - - [19/Aug/2026:02:11:31 +0300] "GET /wp-login.php HTTP/2.0" 200 3483 "-" "Mozilla/5.0 (Windows NT 10.0; Win64; x64) AppleWebKit/537.36 (KHTML, like Gecko) Chrome/149.0.0.0 Safari/537.36"
162.240.150.172 - - [19/Aug/2026:02:11:32 +0300] "POST /wp-login.php HTTP/2.0" 200 3644 "-" "Mozilla/5.0 (Windows NT 10.0; Win64; x64) AppleWebKit/537.36 (KHTML, like Gecko) Chrome/149.0.0.0 Safari/537.36"
82.148.16.210 - - [19/Aug/2026:02:13:44 +0300] "POST /wp-cron.php?doing_wp_cron=1787094824.0865619182586669921875 HTTP/1.1" 200 31 "-" "WordPress/6.9.1; https://fita.staroobrad.ru"
103.56.163.133 - - [19/Aug/2026:02:13:44 +0300] "GET /wp-login.php HTTP/2.0" 200 3483 "-" "Mozilla/5.0 (Windows NT 10.0; Win64; x64) AppleWebKit/537.36 (KHTML, like Gecko) Chrome/149.0.0.0 Safari/537.36"
103.56.163.133 - - [19/Aug/2026:02:13:44 +0300] "POST /wp-login.php HTTP/2.0" 200 3644 "-" "Mozilla/5.0 (Windows NT 10.0; Win64; x64) AppleWebKit/537.36 (KHTML, like Gecko) Chrome/149.0.0.0 Safari/537.36"
82.148.16.210 - - [19/Aug/2026:02:14:19 +0300] "POST /wp-cron.php?doing_wp_cron=1787094859.2019059658050537109375 HTTP/1.1" 200 31 "-" "WordPress/6.9.1; https://fita.staroobrad.ru"
66.249.66.37 - - [19/Aug/2026:02:14:19 +0300] "GET /shop/angel/direction075043589.shtml HTTP/1.1" 404 3998 "-" "Mozilla/5.0 (compatible; Googlebot/2.1; +http://www.google.com/bot.html)"
82.148.16.210 - - [19/Aug/2026:02:15:56 +0300] "POST /wp-cron.php?doing_wp_cron=1787094955.9444589614868164062500 HTTP/1.1" 200 31 "-" "WordPress/6.9.1; https://fita.staroobrad.ru"
162.214.79.109 - - [19/Aug/2026:02:15:56 +0300] "GET /wp-login.php HTTP/2.0" 200 3483 "-" "Mozilla/5.0 (Windows NT 10.0; Win64; x64) AppleWebKit/537.36 (KHTML, like Gecko) Chrome/149.0.0.0 Safari/537.36"
162.214.79.109 - - [19/Aug/2026:02:15:56 +0300] "POST /wp-login.php HTTP/2.0" 200 3644 "-" "Mozilla/5.0 (Windows NT 10.0; Win64; x64) AppleWebKit/537.36 (KHTML, like Gecko) Chrome/149.0.0.0 Safari/537.36"
66.249.78.70 - - [19/Aug/2026:02:16:03 +0300] "GET /96530579 HTTP/1.1" 404 3999 "-" "Mozilla/5.0 (Linux; Android 6.0.1; Nexus 5X Build/MMB29P) AppleWebKit/537.36 (KHTML, like Gecko) Chrome/151.0.7922.137 Mobile Safari/537.36 (compatible; GoogleOther)"
82.148.16.210 - - [19/Aug/2026:02:17:39 +0300] "POST /wp-cron.php?doing_wp_cron=1787095059.2460689544677734375000 HTTP/1.1" 200 31 "-" "WordPress/6.9.1; https://fita.staroobrad.ru"
135.181.3.246 - - [19/Aug/2026:02:17:39 +0300] "GET /?status/074036055 HTTP/1.1" 301 374 "-" "Mozilla/5.0 (compatible; SERankingBacklinksBot/1.0; +https://seranking.com/backlinks-crawler)"
135.181.3.246 - - [19/Aug/2026:02:17:39 +0300] "GET /?status%2F074036055 HTTP/1.1" 403 296 "-" "Mozilla/5.0 (compatible; SERankingBacklinksBot/1.0; +https://seranking.com/backlinks-crawler)"
82.148.16.210 - - [19/Aug/2026:02:18:00 +0300] "POST /wp-cron.php?doing_wp_cron=1787095080.5261669158935546875000 HTTP/1.1" 200 31 "-" "WordPress/6.9.1; https://fita.staroobrad.ru"
66.249.78.71 - - [19/Aug/2026:02:18:00 +0300] "GET /?retired/015000688 HTTP/1.1" 301 374 "-" "Mozilla/5.0 (compatible; Googlebot/2.1; +http://www.google.com/bot.html)"
66.249.78.70 - - [19/Aug/2026:02:18:01 +0300] "GET /?retired%2F015000688 HTTP/1.1" 404 296 "-" "Mozilla/5.0 (compatible; Googlebot/2.1; +http://www.google.com/bot.html)"
97.74.87.194 - - [19/Aug/2026:02:18:09 +0300] "GET /wp-login.php HTTP/2.0" 200 3483 "-" "Mozilla/5.0 (Windows NT 10.0; Win64; x64) AppleWebKit/537.36 (KHTML, like Gecko) Chrome/149.0.0.0 Safari/537.36"
97.74.87.194 - - [19/Aug/2026:02:18:10 +0300] "POST /wp-login.php HTTP/2.0" 200 3644 "-" "Mozilla/5.0 (Windows NT 10.0; Win64; x64) AppleWebKit/537.36 (KHTML, like Gecko) Chrome/149.0.0.0 Safari/537.36"
66.249.78.70 - - [19/Aug/2026:02:18:10 +0300] "GET /?ongoing/059038626 HTTP/1.1" 301 374 "-" "Mozilla/5.0 (Linux; Android 6.0.1; Nexus 5X Build/MMB29P) AppleWebKit/537.36 (KHTML, like Gecko) Chrome/151.0.7922.137 Mobile Safari/537.36 (compatible; GoogleOther)"
66.249.78.70 - - [19/Aug/2026:02:18:12 +0300] "GET /?ongoing%2F059038626 HTTP/1.1" 404 296 "-" "Mozilla/5.0 (Linux; Android 6.0.1; Nexus 5X Build/MMB29P) AppleWebKit/537.36 (KHTML, like Gecko) Chrome/151.0.7922.137 Mobile Safari/537.36 (compatible; GoogleOther)"
82.148.16.210 - - [19/Aug/2026:02:20:05 +0300] "POST /wp-cron.php?doing_wp_cron=1787095205.5221068859100341796875 HTTP/1.1" 200 31 "-" "WordPress/6.9.1; https://fita.staroobrad.ru"
114.119.128.203 - - [19/Aug/2026:02:20:05 +0300] "GET /shop/decade/flower237029841.shtml HTTP/1.1" 404 3998 "https://fita.staroobrad.ru/?sitemap972.xml" "Mozilla/5.0 (Linux; Android 7.0;) AppleWebKit/537.36 (HTML, like Gecko) Mobile Safari/537.36 (compatible; PetalBot;+https://webmaster.petalsearch.com/site/petalbot)"
47.86.33.52 - - [19/Aug/2026:02:20:48 +0300] "GET /wp-login.php HTTP/2.0" 200 3483 "-" "Mozilla/5.0 (Windows NT 10.0; Win64; x64) AppleWebKit/537.36 (KHTML, like Gecko) Chrome/149.0.0.0 Safari/537.36"
82.148.16.210 - - [19/Aug/2026:02:20:49 +0300] "POST /wp-cron.php?doing_wp_cron=1787095249.3239901065826416015625 HTTP/1.1" 200 31 "-" "WordPress/6.9.1; https://fita.staroobrad.ru"
47.86.33.52 - - [19/Aug/2026:02:20:49 +0300] "POST /wp-login.php HTTP/2.0" 200 3644 "-" "Mozilla/5.0 (Windows NT 10.0; Win64; x64) AppleWebKit/537.36 (KHTML, like Gecko) Chrome/149.0.0.0 Safari/537.36"
82.148.16.210 - - [19/Aug/2026:02:23:41 +0300] "POST /wp-cron.php?doing_wp_cron=1787095420.9439880847930908203125 HTTP/1.1" 200 31 "-" "WordPress/6.9.1; https://fita.staroobrad.ru"
66.249.66.44 - - [19/Aug/2026:02:23:41 +0300] "GET /shop/bar/fire095037179.shtml HTTP/1.1" 404 3997 "-" "Mozilla/5.0 (Linux; Android 6.0.1; Nexus 5X Build/MMB29P) AppleWebKit/537.36 (KHTML, like Gecko) Chrome/151.0.7922.137 Mobile Safari/537.36 (compatible; Googlebot/2.1; +http://www.google.com/bot.html)"
66.249.66.43 - - [19/Aug/2026:02:23:42 +0300] "GET /shop/colonial/absorb006008604.shtml HTTP/1.1" 404 3997 "-" "Mozilla/5.0 (Linux; Android 6.0.1; Nexus 5X Build/MMB29P) AppleWebKit/537.36 (KHTML, like Gecko) Chrome/151.0.7922.137 Mobile Safari/537.36 (compatible; Googlebot/2.1; +http://www.google.com/bot.html)"
66.249.78.70 - - [19/Aug/2026:02:23:43 +0300] "GET /shop/proportion/infrastructure124021840.shtml HTTP/1.1" 404 3997 "-" "Mozilla/5.0 (Linux; Android 6.0.1; Nexus 5X Build/MMB29P) AppleWebKit/537.36 (KHTML, like Gecko) Chrome/151.0.7922.137 Mobile Safari/537.36 (compatible; Googlebot/2.1; +http://www.google.com/bot.html)"
82.148.16.210 - - [19/Aug/2026:02:30:28 +0300] "POST /wp-cron.php?doing_wp_cron=1787095828.7702929973602294921875 HTTP/1.1" 200 31 "-" "WordPress/6.9.1; https://fita.staroobrad.ru"
66.249.66.76 - - [19/Aug/2026:02:30:28 +0300] "GET /?detail/0360115327442 HTTP/1.1" 301 374 "-" "Mozilla/5.0 (Linux; Android 6.0.1; Nexus 5X Build/MMB29P) AppleWebKit/537.36 (KHTML, like Gecko) Chrome/151.0.7922.137 Mobile Safari/537.36 (compatible; GoogleOther)"
66.249.66.35 - - [19/Aug/2026:02:30:34 +0300] "GET /?detail%2F0360115327442 HTTP/1.1" 404 296 "-" "Mozilla/5.0 (Linux; Android 6.0.1; Nexus 5X Build/MMB29P) AppleWebKit/537.36 (KHTML, like Gecko) Chrome/151.0.7922.137 Mobile Safari/537.36 (compatible; GoogleOther)"
82.148.16.210 - - [19/Aug/2026:02:32:13 +0300] "POST /wp-cron.php?doing_wp_cron=1787095933.6966960430145263671875 HTTP/1.1" 200 31 "-" "WordPress/6.9.1; https://fita.staroobrad.ru"
114.119.136.199 - - [19/Aug/2026:02:32:13 +0300] "GET /shop/cup/remote259042373.shtml HTTP/1.1" 404 3998 "https://fita.staroobrad.ru/?sitemap825.xml" "Mozilla/5.0 (Linux; Android 7.0;) AppleWebKit/537.36 (HTML, like Gecko) Mobile Safari/537.36 (compatible; PetalBot;+https://webmaster.petalsearch.com/site/petalbot)"
82.148.16.210 - - [19/Aug/2026:02:38:37 +0300] "POST /wp-cron.php?doing_wp_cron=1787096317.7322320938110351562500 HTTP/1.1" 200 31 "-" "WordPress/6.9.1; https://fita.staroobrad.ru"
66.249.66.74 - - [19/Aug/2026:02:38:37 +0300] "GET /classic/44386511514750.shtm HTTP/1.1" 404 3998 "-" "Mozilla/5.0 (Linux; Android 6.0.1; Nexus 5X Build/MMB29P) AppleWebKit/537.36 (KHTML, like Gecko) Chrome/151.0.7922.137 Mobile Safari/537.36 (compatible; GoogleOther)"
82.148.16.210 - - [19/Aug/2026:02:41:33 +0300] "POST /wp-cron.php?doing_wp_cron=1787096493.7227830886840820312500 HTTP/1.1" 200 31 "-" "WordPress/6.9.1; https://fita.staroobrad.ru"
199.193.138.200 - - [19/Aug/2026:02:41:33 +0300] "GET /wp-login.php HTTP/2.0" 200 3483 "-" "Mozilla/5.0 (Windows NT 10.0; Win64; x64) AppleWebKit/537.36 (KHTML, like Gecko) Chrome/149.0.0.0 Safari/537.36"
199.193.138.200 - - [19/Aug/2026:02:41:34 +0300] "POST /wp-login.php HTTP/2.0" 200 3644 "-" "Mozilla/5.0 (Windows NT 10.0; Win64; x64) AppleWebKit/537.36 (KHTML, like Gecko) Chrome/149.0.0.0 Safari/537.36"
82.148.16.210 - - [19/Aug/2026:02:42:41 +0300] "POST /wp-cron.php?doing_wp_cron=1787096561.5752389430999755859375 HTTP/1.1" 200 31 "-" "WordPress/6.9.1; https://fita.staroobrad.ru"
104.28.208.84 - - [19/Aug/2026:02:42:41 +0300] "GET /wp-login.php HTTP/1.1" 200 3495 "https://fita.staroobrad.ru" "Mozilla/5.0 (Windows NT 10.0; WOW64) AppleWebKit/537.36 (KHTML, like Gecko) Chrome/72.0.3626.121 Safari/537.36"
104.28.208.84 - - [19/Aug/2026:02:42:43 +0300] "POST /wp-login.php HTTP/1.1" 302 374 "https://fita.staroobrad.ru" "Mozilla/5.0 (Windows NT 10.0; WOW64) AppleWebKit/537.36 (KHTML, like Gecko) Chrome/72.0.3626.121 Safari/537.36"
104.28.208.84 - - [19/Aug/2026:02:42:45 +0300] "GET /wp-admin/ HTTP/1.1" 200 60235 "https://fita.staroobrad.ru" "Mozilla/5.0 (Windows NT 10.0; WOW64) AppleWebKit/537.36 (KHTML, like Gecko) Chrome/72.0.3626.121 Safari/537.36"
104.28.208.84 - - [19/Aug/2026:02:42:47 +0300] "GET /wp-admin/ HTTP/1.1" 200 60235 "https://fita.staroobrad.ru" "Mozilla/5.0 (Windows NT 10.0; WOW64) AppleWebKit/537.36 (KHTML, like Gecko) Chrome/72.0.3626.121 Safari/537.36"
82.148.16.210 - - [19/Aug/2026:02:42:49 +0300] "POST /wp-cron.php?doing_wp_cron=1787096569.4710240364074707031250 HTTP/1.1" 200 31 "-" "WordPress/6.9.1; https://fita.staroobrad.ru"
104.28.208.84 - - [19/Aug/2026:02:42:49 +0300] "GET /wp-admin/user-new.php HTTP/1.1" 200 31586 "https://fita.staroobrad.ru" "Mozilla/5.0 (Windows NT 10.0; WOW64) AppleWebKit/537.36 (KHTML, like Gecko) Chrome/72.0.3626.121 Safari/537.36"
104.28.208.84 - - [19/Aug/2026:02:42:51 +0300] "POST /wp-admin/user-new.php HTTP/1.1" 200 31670 "https://fita.staroobrad.ru" "Mozilla/5.0 (Windows NT 10.0; WOW64) AppleWebKit/537.36 (KHTML, like Gecko) Chrome/72.0.3626.121 Safari/537.36"
104.28.208.84 - - [19/Aug/2026:02:42:53 +0300] "GET /wp-admin/plugin-install.php?tab=upload HTTP/1.1" 200 33138 "https://fita.staroobrad.ru" "Mozilla/5.0 (Windows NT 10.0; WOW64) AppleWebKit/537.36 (KHTML, like Gecko) Chrome/72.0.3626.121 Safari/537.36"
104.28.208.84 - - [19/Aug/2026:02:42:56 +0300] "POST /wp-admin/update.php?action=upload-plugin HTTP/1.1" 200 28648 "https://fita.staroobrad.ru" "Mozilla/5.0 (Windows NT 10.0; WOW64) AppleWebKit/537.36 (KHTML, like Gecko) Chrome/72.0.3626.121 Safari/537.36"
104.28.208.84 - - [19/Aug/2026:02:42:57 +0300] "GET /wp-content/plugins/qqugzypzgm/index.php HTTP/1.1" 404 3 "https://fita.staroobrad.ru" "Mozilla/5.0 (Windows NT 10.0; WOW64) AppleWebKit/537.36 (KHTML, like Gecko) Chrome/72.0.3626.121 Safari/537.36"
104.28.208.84 - - [19/Aug/2026:02:42:59 +0300] "POST /wp-admin/update.php?action=upload-plugin HTTP/1.1" 200 28648 "https://fita.staroobrad.ru" "Mozilla/5.0 (Windows NT 10.0; WOW64) AppleWebKit/537.36 (KHTML, like Gecko) Chrome/72.0.3626.121 Safari/537.36"
104.28.208.84 - - [19/Aug/2026:02:43:00 +0300] "GET /wp-content/plugins/qqugzypzgm/index.php HTTP/1.1" 404 3 "https://fita.staroobrad.ru" "Mozilla/5.0 (Windows NT 10.0; WOW64) AppleWebKit/537.36 (KHTML, like Gecko) Chrome/72.0.3626.121 Safari/537.36"
104.28.208.84 - - [19/Aug/2026:02:43:02 +0300] "POST /wp-admin/update.php?action=upload-plugin HTTP/1.1" 200 28647 "https://fita.staroobrad.ru" "Mozilla/5.0 (Windows NT 10.0; WOW64) AppleWebKit/537.36 (KHTML, like Gecko) Chrome/72.0.3626.121 Safari/537.36"
104.28.208.84 - - [19/Aug/2026:02:43:03 +0300] "GET /wp-content/plugins/qqugzypzgm/index.php HTTP/1.1" 404 3 "https://fita.staroobrad.ru" "Mozilla/5.0 (Windows NT 10.0; WOW64) AppleWebKit/537.36 (KHTML, like Gecko) Chrome/72.0.3626.121 Safari/537.36"
104.28.208.84 - - [19/Aug/2026:02:43:06 +0300] "GET /wp-admin/media-new.php HTTP/1.1" 200 31622 "https://fita.staroobrad.ru" "Mozilla/5.0 (Windows NT 10.0; WOW64) AppleWebKit/537.36 (KHTML, like Gecko) Chrome/72.0.3626.121 Safari/537.36"
104.28.208.84 - - [19/Aug/2026:02:43:08 +0300] "POST /wp-admin/async-upload.php HTTP/1.1" 200 373 "https://fita.staroobrad.ru" "Mozilla/5.0 (Windows NT 10.0; WOW64) AppleWebKit/537.36 (KHTML, like Gecko) Chrome/72.0.3626.121 Safari/537.36"
104.28.208.84 - - [19/Aug/2026:02:43:09 +0300] "GET /wp-content/uploads/2026/08/rtsivyst.php HTTP/1.1" 404 3 "https://fita.staroobrad.ru" "Mozilla/5.0 (Windows NT 10.0; WOW64) AppleWebKit/537.36 (KHTML, like Gecko) Chrome/72.0.3626.121 Safari/537.36"
104.28.208.84 - - [19/Aug/2026:02:43:11 +0300] "POST /wp-admin/async-upload.php HTTP/1.1" 200 374 "https://fita.staroobrad.ru" "Mozilla/5.0 (Windows NT 10.0; WOW64) AppleWebKit/537.36 (KHTML, like Gecko) Chrome/72.0.3626.121 Safari/537.36"
104.28.208.84 - - [19/Aug/2026:02:43:12 +0300] "GET /wp-content/uploads/2026/08/rtsivyst.phtml HTTP/1.1" 404 3998 "https://fita.staroobrad.ru" "Mozilla/5.0 (Windows NT 10.0; WOW64) AppleWebKit/537.36 (KHTML, like Gecko) Chrome/72.0.3626.121 Safari/537.36"
104.28.208.84 - - [19/Aug/2026:02:43:13 +0300] "POST /wp-admin/async-upload.php HTTP/1.1" 200 373 "https://fita.staroobrad.ru" "Mozilla/5.0 (Windows NT 10.0; WOW64) AppleWebKit/537.36 (KHTML, like Gecko) Chrome/72.0.3626.121 Safari/537.36"
104.28.208.84 - - [19/Aug/2026:02:43:15 +0300] "GET /wp-content/uploads/2026/08/rtsivyst.phar HTTP/1.1" 404 3998 "https://fita.staroobrad.ru" "Mozilla/5.0 (Windows NT 10.0; WOW64) AppleWebKit/537.36 (KHTML, like Gecko) Chrome/72.0.3626.121 Safari/537.36"
104.28.208.84 - - [19/Aug/2026:02:43:17 +0300] "POST /wp-admin/async-upload.php HTTP/1.1" 200 374 "https://fita.staroobrad.ru" "Mozilla/5.0 (Windows NT 10.0; WOW64) AppleWebKit/537.36 (KHTML, like Gecko) Chrome/72.0.3626.121 Safari/537.36"
104.28.208.84 - - [19/Aug/2026:02:43:18 +0300] "GET /wp-content/uploads/2026/08/rtsivyst.php5 HTTP/1.1" 404 3998 "https://fita.staroobrad.ru" "Mozilla/5.0 (Windows NT 10.0; WOW64) AppleWebKit/537.36 (KHTML, like Gecko) Chrome/72.0.3626.121 Safari/537.36"
104.28.208.84 - - [19/Aug/2026:02:43:19 +0300] "POST /wp-admin/async-upload.php HTTP/1.1" 200 374 "https://fita.staroobrad.ru" "Mozilla/5.0 (Windows NT 10.0; WOW64) AppleWebKit/537.36 (KHTML, like Gecko) Chrome/72.0.3626.121 Safari/537.36"
104.28.208.84 - - [19/Aug/2026:02:43:21 +0300] "GET /wp-content/uploads/2026/08/rtsivyst.php7 HTTP/1.1" 404 3998 "https://fita.staroobrad.ru" "Mozilla/5.0 (Windows NT 10.0; WOW64) AppleWebKit/537.36 (KHTML, like Gecko) Chrome/72.0.3626.121 Safari/537.36"
104.28.208.84 - - [19/Aug/2026:02:43:23 +0300] "GET /wp-admin/plugin-install.php?s=file-manager-advanced&tab=search&type=term HTTP/1.1" 200 44319 "https://fita.staroobrad.ru" "Mozilla/5.0 (Windows NT 10.0; WOW64) AppleWebKit/537.36 (KHTML, like Gecko) Chrome/72.0.3626.121 Safari/537.36"
104.28.208.84 - - [19/Aug/2026:02:43:26 +0300] "POST /wp-admin/update.php?action=install-plugin&plugin=file-manager-advanced&_wpnonce=2998b61b39 HTTP/1.1" 200 28719 "https://fita.staroobrad.ru" "Mozilla/5.0 (Windows NT 10.0; WOW64) AppleWebKit/537.36 (KHTML, like Gecko) Chrome/72.0.3626.121 Safari/537.36"
104.28.208.84 - - [19/Aug/2026:02:43:28 +0300] "GET /wp-admin/plugin-editor.php HTTP/1.1" 200 35337 "https://fita.staroobrad.ru" "Mozilla/5.0 (Windows NT 10.0; WOW64) AppleWebKit/537.36 (KHTML, like Gecko) Chrome/72.0.3626.121 Safari/537.36"
104.28.208.84 - - [19/Aug/2026:02:43:29 +0300] "GET /wp-admin/plugin-editor.php?file=hello.php&plugin=hello.php HTTP/1.1" 200 34564 "https://fita.staroobrad.ru" "Mozilla/5.0 (Windows NT 10.0; WOW64) AppleWebKit/537.36 (KHTML, like Gecko) Chrome/72.0.3626.121 Safari/537.36"
104.28.208.84 - - [19/Aug/2026:02:43:31 +0300] "POST /wp-admin/admin-ajax.php HTTP/1.1" 200 340 "https://fita.staroobrad.ru" "Mozilla/5.0 (Windows NT 10.0; WOW64) AppleWebKit/537.36 (KHTML, like Gecko) Chrome/72.0.3626.121 Safari/537.36"
104.28.208.84 - - [19/Aug/2026:02:43:33 +0300] "POST /wp-admin/plugin-editor.php HTTP/1.1" 200 55657 "https://fita.staroobrad.ru" "Mozilla/5.0 (Windows NT 10.0; WOW64) AppleWebKit/537.36 (KHTML, like Gecko) Chrome/72.0.3626.121 Safari/537.36"
104.28.208.84 - - [19/Aug/2026:02:43:34 +0300] "GET /wp-content/plugins/hello.php HTTP/1.1" 200 31 "https://fita.staroobrad.ru" "Mozilla/5.0 (Windows NT 10.0; WOW64) AppleWebKit/537.36 (KHTML, like Gecko) Chrome/72.0.3626.121 Safari/537.36"
82.148.16.210 - - [19/Aug/2026:02:44:22 +0300] "POST /wp-cron.php?doing_wp_cron=1787096662.0692241191864013671875 HTTP/1.1" 200 31 "-" "WordPress/6.9.1; https://fita.staroobrad.ru"
114.119.145.115 - - [19/Aug/2026:02:44:22 +0300] "GET /shop/council/empire201017563.shtml HTTP/1.1" 404 3998 "https://fita.staroobrad.ru/?sitemap972.xml" "Mozilla/5.0 (Linux; Android 7.0;) AppleWebKit/537.36 (HTML, like Gecko) Mobile Safari/537.36 (compatible; PetalBot;+https://webmaster.petalsearch.com/site/petalbot)"
82.148.16.210 - - [19/Aug/2026:02:46:19 +0300] "POST /wp-cron.php?doing_wp_cron=1787096779.2510950565338134765625 HTTP/1.1" 200 31 "-" "WordPress/6.9.1; https://fita.staroobrad.ru"
104.28.208.84 - - [19/Aug/2026:02:46:19 +0300] "GET /wp-login.php HTTP/1.1" 200 3495 "https://fita.staroobrad.ru" "Mozilla/5.0 (Windows NT 10.0; Win64; x64) AppleWebKit/537.36 (KHTML, like Gecko) Chrome/84.0.4147.105 Safari/537.36"
104.28.208.84 - - [19/Aug/2026:02:46:20 +0300] "POST /wp-login.php HTTP/1.1" 302 374 "https://fita.staroobrad.ru" "Mozilla/5.0 (Windows NT 10.0; Win64; x64) AppleWebKit/537.36 (KHTML, like Gecko) Chrome/84.0.4147.105 Safari/537.36"
104.28.208.84 - - [19/Aug/2026:02:46:23 +0300] "GET /wp-admin/ HTTP/1.1" 200 60240 "https://fita.staroobrad.ru" "Mozilla/5.0 (Windows NT 10.0; Win64; x64) AppleWebKit/537.36 (KHTML, like Gecko) Chrome/84.0.4147.105 Safari/537.36"
104.28.208.84 - - [19/Aug/2026:02:46:24 +0300] "GET /wp-admin/ HTTP/1.1" 200 60240 "https://fita.staroobrad.ru" "Mozilla/5.0 (Windows NT 10.0; Win64; x64) AppleWebKit/537.36 (KHTML, like Gecko) Chrome/84.0.4147.105 Safari/537.36"
104.28.208.84 - - [19/Aug/2026:02:46:26 +0300] "GET /wp-admin/user-new.php HTTP/1.1" 200 31586 "https://fita.staroobrad.ru" "Mozilla/5.0 (Windows NT 10.0; Win64; x64) AppleWebKit/537.36 (KHTML, like Gecko) Chrome/84.0.4147.105 Safari/537.36"
104.28.208.84 - - [19/Aug/2026:02:46:28 +0300] "POST /wp-admin/user-new.php HTTP/1.1" 200 31672 "https://fita.staroobrad.ru" "Mozilla/5.0 (Windows NT 10.0; Win64; x64) AppleWebKit/537.36 (KHTML, like Gecko) Chrome/84.0.4147.105 Safari/537.36"
104.28.208.84 - - [19/Aug/2026:02:46:30 +0300] "GET /wp-admin/plugin-install.php?tab=upload HTTP/1.1" 200 33138 "https://fita.staroobrad.ru" "Mozilla/5.0 (Windows NT 10.0; Win64; x64) AppleWebKit/537.36 (KHTML, like Gecko) Chrome/84.0.4147.105 Safari/537.36"
104.28.208.84 - - [19/Aug/2026:02:46:32 +0300] "POST /wp-admin/update.php?action=upload-plugin HTTP/1.1" 200 28646 "https://fita.staroobrad.ru" "Mozilla/5.0 (Windows NT 10.0; Win64; x64) AppleWebKit/537.36 (KHTML, like Gecko) Chrome/84.0.4147.105 Safari/537.36"
104.28.208.84 - - [19/Aug/2026:02:46:33 +0300] "GET /wp-content/plugins/jehjylfabz/index.php HTTP/1.1" 404 3 "https://fita.staroobrad.ru" "Mozilla/5.0 (Windows NT 10.0; Win64; x64) AppleWebKit/537.36 (KHTML, like Gecko) Chrome/84.0.4147.105 Safari/537.36"
104.28.208.84 - - [19/Aug/2026:02:46:35 +0300] "POST /wp-admin/update.php?action=upload-plugin HTTP/1.1" 200 28646 "https://fita.staroobrad.ru" "Mozilla/5.0 (Windows NT 10.0; Win64; x64) AppleWebKit/537.36 (KHTML, like Gecko) Chrome/84.0.4147.105 Safari/537.36"
104.28.208.84 - - [19/Aug/2026:02:46:36 +0300] "GET /wp-content/plugins/jehjylfabz/index.php HTTP/1.1" 404 3 "https://fita.staroobrad.ru" "Mozilla/5.0 (Windows NT 10.0; Win64; x64) AppleWebKit/537.36 (KHTML, like Gecko) Chrome/84.0.4147.105 Safari/537.36"
104.28.208.84 - - [19/Aug/2026:02:46:38 +0300] "POST /wp-admin/update.php?action=upload-plugin HTTP/1.1" 200 28646 "https://fita.staroobrad.ru" "Mozilla/5.0 (Windows NT 10.0; Win64; x64) AppleWebKit/537.36 (KHTML, like Gecko) Chrome/84.0.4147.105 Safari/537.36"
104.28.208.84 - - [19/Aug/2026:02:46:39 +0300] "GET /wp-content/plugins/jehjylfabz/index.php HTTP/1.1" 404 3 "https://fita.staroobrad.ru" "Mozilla/5.0 (Windows NT 10.0; Win64; x64) AppleWebKit/537.36 (KHTML, like Gecko) Chrome/84.0.4147.105 Safari/537.36"
104.28.208.84 - - [19/Aug/2026:02:46:41 +0300] "GET /wp-admin/media-new.php HTTP/1.1" 200 31622 "https://fita.staroobrad.ru" "Mozilla/5.0 (Windows NT 10.0; Win64; x64) AppleWebKit/537.36 (KHTML, like Gecko) Chrome/84.0.4147.105 Safari/537.36"
104.28.208.84 - - [19/Aug/2026:02:46:43 +0300] "POST /wp-admin/async-upload.php HTTP/1.1" 200 371 "https://fita.staroobrad.ru" "Mozilla/5.0 (Windows NT 10.0; Win64; x64) AppleWebKit/537.36 (KHTML, like Gecko) Chrome/84.0.4147.105 Safari/537.36"
104.28.208.84 - - [19/Aug/2026:02:46:44 +0300] "GET /wp-content/uploads/2026/08/ktnifgnf.php HTTP/1.1" 404 3 "https://fita.staroobrad.ru" "Mozilla/5.0 (Windows NT 10.0; Win64; x64) AppleWebKit/537.36 (KHTML, like Gecko) Chrome/84.0.4147.105 Safari/537.36"
104.28.208.84 - - [19/Aug/2026:02:46:46 +0300] "POST /wp-admin/async-upload.php HTTP/1.1" 200 370 "https://fita.staroobrad.ru" "Mozilla/5.0 (Windows NT 10.0; Win64; x64) AppleWebKit/537.36 (KHTML, like Gecko) Chrome/84.0.4147.105 Safari/537.36"
104.28.208.84 - - [19/Aug/2026:02:46:47 +0300] "GET /wp-content/uploads/2026/08/ktnifgnf.phtml HTTP/1.1" 404 3998 "https://fita.staroobrad.ru" "Mozilla/5.0 (Windows NT 10.0; Win64; x64) AppleWebKit/537.36 (KHTML, like Gecko) Chrome/84.0.4147.105 Safari/537.36"
82.148.16.210 - - [19/Aug/2026:02:46:49 +0300] "POST /wp-cron.php?doing_wp_cron=1787096809.2178649902343750000000 HTTP/1.1" 200 31 "-" "WordPress/6.9.1; https://fita.staroobrad.ru"
104.28.208.84 - - [19/Aug/2026:02:46:49 +0300] "POST /wp-admin/async-upload.php HTTP/1.1" 200 371 "https://fita.staroobrad.ru" "Mozilla/5.0 (Windows NT 10.0; Win64; x64) AppleWebKit/537.36 (KHTML, like Gecko) Chrome/84.0.4147.105 Safari/537.36"
104.28.208.84 - - [19/Aug/2026:02:46:50 +0300] "GET /wp-content/uploads/2026/08/ktnifgnf.phar HTTP/1.1" 404 3998 "https://fita.staroobrad.ru" "Mozilla/5.0 (Windows NT 10.0; Win64; x64) AppleWebKit/537.36 (KHTML, like Gecko) Chrome/84.0.4147.105 Safari/537.36"
104.28.208.84 - - [19/Aug/2026:02:46:52 +0300] "POST /wp-admin/async-upload.php HTTP/1.1" 200 372 "https://fita.staroobrad.ru" "Mozilla/5.0 (Windows NT 10.0; Win64; x64) AppleWebKit/537.36 (KHTML, like Gecko) Chrome/84.0.4147.105 Safari/537.36"
104.28.208.84 - - [19/Aug/2026:02:46:53 +0300] "GET /wp-content/uploads/2026/08/ktnifgnf.php5 HTTP/1.1" 404 3998 "https://fita.staroobrad.ru" "Mozilla/5.0 (Windows NT 10.0; Win64; x64) AppleWebKit/537.36 (KHTML, like Gecko) Chrome/84.0.4147.105 Safari/537.36"
104.28.208.84 - - [19/Aug/2026:02:46:54 +0300] "POST /wp-admin/async-upload.php HTTP/1.1" 200 372 "https://fita.staroobrad.ru" "Mozilla/5.0 (Windows NT 10.0; Win64; x64) AppleWebKit/537.36 (KHTML, like Gecko) Chrome/84.0.4147.105 Safari/537.36"
104.28.208.84 - - [19/Aug/2026:02:46:56 +0300] "GET /wp-content/uploads/2026/08/ktnifgnf.php7 HTTP/1.1" 404 3998 "https://fita.staroobrad.ru" "Mozilla/5.0 (Windows NT 10.0; Win64; x64) AppleWebKit/537.36 (KHTML, like Gecko) Chrome/84.0.4147.105 Safari/537.36"
104.28.208.84 - - [19/Aug/2026:02:46:58 +0300] "GET /wp-admin/plugin-install.php?s=file-manager-advanced&tab=search&type=term HTTP/1.1" 200 44326 "https://fita.staroobrad.ru" "Mozilla/5.0 (Windows NT 10.0; Win64; x64) AppleWebKit/537.36 (KHTML, like Gecko) Chrome/84.0.4147.105 Safari/537.36"
104.28.208.84 - - [19/Aug/2026:02:47:01 +0300] "POST /wp-admin/update.php?action=install-plugin&plugin=file-manager-advanced&_wpnonce=2ea3015726 HTTP/1.1" 200 28716 "https://fita.staroobrad.ru" "Mozilla/5.0 (Windows NT 10.0; Win64; x64) AppleWebKit/537.36 (KHTML, like Gecko) Chrome/84.0.4147.105 Safari/537.36"
104.28.208.84 - - [19/Aug/2026:02:47:02 +0300] "GET /wp-admin/plugin-editor.php HTTP/1.1" 200 35338 "https://fita.staroobrad.ru" "Mozilla/5.0 (Windows NT 10.0; Win64; x64) AppleWebKit/537.36 (KHTML, like Gecko) Chrome/84.0.4147.105 Safari/537.36"
104.28.208.84 - - [19/Aug/2026:02:47:04 +0300] "GET /wp-admin/plugin-editor.php?file=wp-mail-smtp/wp_mail_smtp.php&plugin=wp-mail-smtp/wp_mail_smtp.php HTTP/1.1" 200 57632 "https://fita.staroobrad.ru" "Mozilla/5.0 (Windows NT 10.0; Win64; x64) AppleWebKit/537.36 (KHTML, like Gecko) Chrome/84.0.4147.105 Safari/537.36"
82.148.16.210 - - [19/Aug/2026:02:47:07 +0300] "GET /wp-admin/plugin-editor.php?plugin=wp-mail-smtp%2Fwp_mail_smtp.php&file=wp-mail-smtp%2Fwp_mail_smtp.php&wp_scrape_key=6f1d8ab4ae84b4bd13b6a9b959be29f7&wp_scrape_nonce=417821831 HTTP/1.1" 200 6799 "-" "WordPress/6.9.1; https://fita.staroobrad.ru"
82.148.16.210 - - [19/Aug/2026:02:47:07 +0300] "GET /?wp_scrape_key=6f1d8ab4ae84b4bd13b6a9b959be29f7&wp_scrape_nonce=417821831 HTTP/1.1" 200 4081 "-" "WordPress/6.9.1; https://fita.staroobrad.ru"
104.28.208.84 - - [19/Aug/2026:02:47:07 +0300] "POST /wp-admin/admin-ajax.php HTTP/1.1" 200 369 "https://fita.staroobrad.ru" "Mozilla/5.0 (Windows NT 10.0; Win64; x64) AppleWebKit/537.36 (KHTML, like Gecko) Chrome/84.0.4147.105 Safari/537.36"
104.28.208.84 - - [19/Aug/2026:02:47:08 +0300] "POST /wp-admin/plugin-editor.php HTTP/1.1" 200 6750 "https://fita.staroobrad.ru" "Mozilla/5.0 (Windows NT 10.0; Win64; x64) AppleWebKit/537.36 (KHTML, like Gecko) Chrome/84.0.4147.105 Safari/537.36"
104.28.208.84 - - [19/Aug/2026:02:47:09 +0300] "GET /wp-content/plugins/wp-mail-smtp/wp_mail_smtp.php HTTP/1.1" 200 2672 "https://fita.staroobrad.ru" "Mozilla/5.0 (Windows NT 10.0; Win64; x64) AppleWebKit/537.36 (KHTML, like Gecko) Chrome/84.0.4147.105 Safari/537.36"
66.249.66.203 - - [19/Aug/2026:02:47:50 +0300] "GET /shop/genuine/ugly235031731.shtml HTTP/1.1" 200 4031 "-" "Mozilla/5.0 (Linux; Android 6.0.1; Nexus 5X Build/MMB29P) AppleWebKit/537.36 (KHTML, like Gecko) Chrome/151.0.7922.137 Mobile Safari/537.36 (compatible; Googlebot/2.1; +http://www.google.com/bot.html)"
103.90.234.13 - - [19/Aug/2026:02:52:40 +0300] "GET /wp-login.php HTTP/2.0" 200 4028 "-" "Mozilla/5.0 (Windows NT 10.0; Win64; x64) AppleWebKit/537.36 (KHTML, like Gecko) Chrome/149.0.0.0 Safari/537.36"
114.119.135.120 - - [19/Aug/2026:02:56:29 +0300] "GET /shop/collective/waste283013427.shtml HTTP/1.1" 200 4035 "https://fita.staroobrad.ru/?sitemap936.xml" "Mozilla/5.0 (Linux; Android 7.0;) AppleWebKit/537.36 (HTML, like Gecko) Mobile Safari/537.36 (compatible; PetalBot;+https://webmaster.petalsearch.com/site/petalbot)"
43.160.241.42 - - [19/Aug/2026:02:56:31 +0300] "GET /wp-login.php HTTP/2.0" 200 4028 "-" "Mozilla/5.0 (Windows NT 10.0; Win64; x64) AppleWebKit/537.36 (KHTML, like Gecko) Chrome/149.0.0.0 Safari/537.36"
162.240.150.172 - - [19/Aug/2026:02:58:32 +0300] "GET /wp-login.php HTTP/2.0" 200 4029 "-" "Mozilla/5.0 (Windows NT 10.0; Win64; x64) AppleWebKit/537.36 (KHTML, like Gecko) Chrome/149.0.0.0 Safari/537.36"
66.249.78.71 - - [19/Aug/2026:03:03:42 +0300] "GET /?trap/086001365 HTTP/1.1" 200 4032 "-" "Mozilla/5.0 (Linux; Android 6.0.1; Nexus 5X Build/MMB29P) AppleWebKit/537.36 (KHTML, like Gecko) Chrome/151.0.7922.137 Mobile Safari/537.36 (compatible; Googlebot/2.1; +http://www.google.com/bot.html)"
66.249.66.203 - - [19/Aug/2026:03:03:48 +0300] "GET /?recall/142003341 HTTP/1.1" 200 4031 "-" "Mozilla/5.0 (compatible; Googlebot/2.1; +http://www.google.com/bot.html)"
66.249.66.74 - - [19/Aug/2026:03:05:00 +0300] "GET /shop/consumer/normal009013119.shtml HTTP/1.1" 200 4032 "-" "Mozilla/5.0 (Linux; Android 6.0.1; Nexus 5X Build/MMB29P) AppleWebKit/537.36 (KHTML, like Gecko) Chrome/151.0.7922.137 Mobile Safari/537.36 (compatible; Googlebot/2.1; +http://www.google.com/bot.html)"
66.249.66.203 - - [19/Aug/2026:03:06:42 +0300] "GET /?invent/046000651 HTTP/1.1" 200 4031 "-" "Mozilla/5.0 (compatible; Googlebot/2.1; +http://www.google.com/bot.html)"
66.249.78.70 - - [19/Aug/2026:03:07:58 +0300] "GET /?goods/154021738 HTTP/1.1" 200 4031 "-" "Mozilla/5.0 (Linux; Android 6.0.1; Nexus 5X Build/MMB29P) AppleWebKit/537.36 (KHTML, like Gecko) Chrome/151.0.7922.137 Mobile Safari/537.36 (compatible; GoogleOther)"
114.119.135.120 - - [19/Aug/2026:03:08:37 +0300] "GET /shop/captain/physician169033365.shtml HTTP/1.1" 200 4035 "https://fita.staroobrad.ru/?sitemap936.xml" "Mozilla/5.0 (Linux; Android 7.0;) AppleWebKit/537.36 (HTML, like Gecko) Mobile Safari/537.36 (compatible; PetalBot;+https://webmaster.petalsearch.com/site/petalbot)"
178.124.129.153 - - [19/Aug/2026:03:13:35 +0300] "GET /wp-login.php HTTP/2.0" 200 4028 "-" "Mozilla/5.0 (Windows NT 10.0; Win64; x64) AppleWebKit/537.36 (KHTML, like Gecko) Chrome/149.0.0.0 Safari/537.36"
94.26.106.162 - - [19/Aug/2026:03:14:50 +0300] "POST /?rest_route=/batch/v1 HTTP/1.1" 301 162 "-" "python-requests/2.34.2"
94.26.106.162 - - [19/Aug/2026:03:14:50 +0300] "GET /?rest_route=/batch/v1 HTTP/1.1" 200 4033 "-" "python-requests/2.34.2"
114.119.145.115 - - [19/Aug/2026:03:20:46 +0300] "GET /shop/camp/third104024236.shtml HTTP/1.1" 200 4033 "https://fita.staroobrad.ru/?sitemap936.xml" "Mozilla/5.0 (Linux; Android 7.0;) AppleWebKit/537.36 (HTML, like Gecko) Mobile Safari/537.36 (compatible; PetalBot;+https://webmaster.petalsearch.com/site/petalbot)"
84.205.178.135 - - [19/Aug/2026:03:21:11 +0300] "GET /wp-login.php HTTP/2.0" 200 4027 "-" "Mozilla/5.0 (Windows NT 10.0; Win64; x64) AppleWebKit/537.36 (KHTML, like Gecko) Chrome/149.0.0.0 Safari/537.36"
202.51.202.242 - - [19/Aug/2026:03:23:58 +0300] "GET /wp-login.php HTTP/2.0" 200 4027 "-" "Mozilla/5.0 (Windows NT 10.0; Win64; x64) AppleWebKit/537.36 (KHTML, like Gecko) Chrome/149.0.0.0 Safari/537.36"
74.7.227.155 - - [19/Aug/2026:03:29:43 +0300] "GET / HTTP/2.0" 200 4021 "https://golosveri.ru" "Mozilla/5.0 AppleWebKit/537.36 (KHTML, like Gecko; compatible; GPTBot/1.4; +https://openai.com/gptbot)"
74.7.227.155 - - [19/Aug/2026:03:29:45 +0300] "GET /?lokasie=/var/www/fita.staroobrad.ru/public/wp-activate.php&loknya=/var/www/fita.staroobrad.ru/public HTTP/2.0" 200 4365 "https://fita.staroobrad.ru/" "Mozilla/5.0 AppleWebKit/537.36 (KHTML, like Gecko; compatible; GPTBot/1.4; +https://openai.com/gptbot)"
74.7.227.155 - - [19/Aug/2026:03:29:48 +0300] "GET /?lokasie=/var/www/fita.staroobrad.ru/public/fita_banner.gif&loknya=/var/www/fita.staroobrad.ru/public HTTP/2.0" 200 1841 "https://fita.staroobrad.ru/" "Mozilla/5.0 AppleWebKit/537.36 (KHTML, like Gecko; compatible; GPTBot/1.4; +https://openai.com/gptbot)"
74.7.227.155 - - [19/Aug/2026:03:29:53 +0300] "GET /?lokasie=/var/www/fita.staroobrad.ru/public/.gitignore&loknya=/var/www/fita.staroobrad.ru/public HTTP/2.0" 200 2063 "https://fita.staroobrad.ru/" "Mozilla/5.0 AppleWebKit/537.36 (KHTML, like Gecko; compatible; GPTBot/1.4; +https://openai.com/gptbot)"
74.7.227.155 - - [19/Aug/2026:03:29:55 +0300] "GET /?lokasie=/var/www/fita.staroobrad.ru/public/wp-login.php&loknya=/var/www/fita.staroobrad.ru/public HTTP/2.0" 200 15084 "https://fita.staroobrad.ru/" "Mozilla/5.0 AppleWebKit/537.36 (KHTML, like Gecko; compatible; GPTBot/1.4; +https://openai.com/gptbot)"
74.7.227.155 - - [19/Aug/2026:03:29:57 +0300] "GET /?lokasie=/var/www/fita.staroobrad.ru/public/wp-load.php&loknya=/var/www/fita.staroobrad.ru/public HTTP/2.0" 200 3444 "https://fita.staroobrad.ru/" "Mozilla/5.0 AppleWebKit/537.36 (KHTML, like Gecko; compatible; GPTBot/1.4; +https://openai.com/gptbot)"
