| Server IP : 82.148.16.210 / Your IP : 216.73.216.19 Web Server : nginx/1.29.5 System : Linux mail.sarafai.ru 6.1.0-43-amd64 #1 SMP PREEMPT_DYNAMIC Debian 6.1.162-1 (2026-02-08) x86_64 User : root ( 0) PHP Version : 7.4.33 Disable Function : pcntl_alarm,pcntl_fork,pcntl_waitpid,pcntl_wait,pcntl_wifexited,pcntl_wifstopped,pcntl_wifsignaled,pcntl_wifcontinued,pcntl_wexitstatus,pcntl_wtermsig,pcntl_wstopsig,pcntl_signal,pcntl_signal_get_handler,pcntl_signal_dispatch,pcntl_get_last_error,pcntl_strerror,pcntl_sigprocmask,pcntl_sigwaitinfo,pcntl_sigtimedwait,pcntl_exec,pcntl_getpriority,pcntl_setpriority,pcntl_async_signals,pcntl_unshare, MySQL : OFF | cURL : ON | WGET : ON | Perl : ON | Python : ON | Sudo : ON | Pkexec : OFF Directory : /var/log/nginx/ |
Upload File : |
89.185.225.24 - - [19/Aug/2026:00:00:42 +0300] "GET /wp-login.php HTTP/2.0" 200 3483 "-" "Mozilla/5.0 (Windows NT 10.0; Win64; x64) AppleWebKit/537.36 (KHTML, like Gecko) Chrome/149.0.0.0 Safari/537.36"
89.185.225.24 - - [19/Aug/2026:00:00:42 +0300] "POST /wp-login.php HTTP/2.0" 200 3644 "-" "Mozilla/5.0 (Windows NT 10.0; Win64; x64) AppleWebKit/537.36 (KHTML, like Gecko) Chrome/149.0.0.0 Safari/537.36"
82.148.16.210 - - [19/Aug/2026:00:02:29 +0300] "POST /wp-cron.php?doing_wp_cron=1787086949.5080680847167968750000 HTTP/1.1" 200 31 "-" "WordPress/6.9.1; https://fita.staroobrad.ru"
66.249.78.70 - - [19/Aug/2026:00:02:29 +0300] "GET /shop/landing/eventually076000264.shtml HTTP/1.1" 404 4001 "-" "Mozilla/5.0 (compatible; Googlebot/2.1; +http://www.google.com/bot.html)"
66.249.78.70 - - [19/Aug/2026:00:02:44 +0300] "GET /shop/possibility/article075042913.shtml HTTP/1.1" 404 4002 "-" "Mozilla/5.0 (compatible; Googlebot/2.1; +http://www.google.com/bot.html)"
91.92.47.82 - - [19/Aug/2026:00:04:00 +0300] "GET / HTTP/1.1" 301 162 "-" "python-httpx/0.28.1"
82.148.16.210 - - [19/Aug/2026:00:04:02 +0300] "POST /wp-cron.php?doing_wp_cron=1787087041.9502460956573486328125 HTTP/1.1" 200 31 "-" "WordPress/6.9.1; https://fita.staroobrad.ru"
91.92.47.82 - - [19/Aug/2026:00:04:02 +0300] "GET / HTTP/1.1" 403 296 "-" "python-httpx/0.28.1"
8.29.155.129 - - [19/Aug/2026:00:04:22 +0300] "GET /wp-login.php HTTP/2.0" 200 3483 "-" "Mozilla/5.0 (Windows NT 10.0; Win64; x64) AppleWebKit/537.36 (KHTML, like Gecko) Chrome/149.0.0.0 Safari/537.36"
8.29.155.129 - - [19/Aug/2026:00:04:23 +0300] "POST /wp-login.php HTTP/2.0" 200 3644 "-" "Mozilla/5.0 (Windows NT 10.0; Win64; x64) AppleWebKit/537.36 (KHTML, like Gecko) Chrome/149.0.0.0 Safari/537.36"
82.148.16.210 - - [19/Aug/2026:00:06:24 +0300] "POST /wp-cron.php?doing_wp_cron=1787087184.4102139472961425781250 HTTP/1.1" 200 31 "-" "WordPress/6.9.1; https://fita.staroobrad.ru"
47.86.33.52 - - [19/Aug/2026:00:06:24 +0300] "GET /wp-login.php HTTP/2.0" 200 3483 "-" "Mozilla/5.0 (Windows NT 10.0; Win64; x64) AppleWebKit/537.36 (KHTML, like Gecko) Chrome/149.0.0.0 Safari/537.36"
47.86.33.52 - - [19/Aug/2026:00:06:25 +0300] "POST /wp-login.php HTTP/2.0" 200 3644 "-" "Mozilla/5.0 (Windows NT 10.0; Win64; x64) AppleWebKit/537.36 (KHTML, like Gecko) Chrome/149.0.0.0 Safari/537.36"
114.119.128.244 - - [19/Aug/2026:00:06:38 +0300] "GET /shop/dynamics/appointment073008727.shtml HTTP/1.1" 404 4001 "https://fita.staroobrad.ru/?sitemap825.xml" "Mozilla/5.0 (Linux; Android 7.0;) AppleWebKit/537.36 (HTML, like Gecko) Mobile Safari/537.36 (compatible; PetalBot;+https://webmaster.petalsearch.com/site/petalbot)"
82.148.16.210 - - [19/Aug/2026:00:10:36 +0300] "POST /wp-cron.php?doing_wp_cron=1787087435.8218729496002197265625 HTTP/1.1" 200 31 "-" "WordPress/6.9.1; https://fita.staroobrad.ru"
66.249.78.70 - - [19/Aug/2026:00:10:36 +0300] "GET /hg/ HTTP/1.1" 404 4002 "-" "Mozilla/5.0 (Linux; Android 6.0.1; Nexus 5X Build/MMB29P) AppleWebKit/537.36 (KHTML, like Gecko) Chrome/151.0.7922.137 Mobile Safari/537.36 (compatible; Googlebot/2.1; +http://www.google.com/bot.html)"
66.249.78.70 - - [19/Aug/2026:00:10:36 +0300] "GET /hg/ HTTP/1.1" 404 4001 "-" "Mozilla/5.0 (compatible; Googlebot/2.1; +http://www.google.com/bot.html)"
82.148.16.210 - - [19/Aug/2026:00:11:20 +0300] "POST /wp-cron.php?doing_wp_cron=1787087480.3109669685363769531250 HTTP/1.1" 200 31 "-" "WordPress/6.9.1; https://fita.staroobrad.ru"
66.249.66.203 - - [19/Aug/2026:00:11:20 +0300] "GET /m12438136404 HTTP/1.1" 404 4003 "-" "Mozilla/5.0 (Linux; Android 6.0.1; Nexus 5X Build/MMB29P) AppleWebKit/537.36 (KHTML, like Gecko) Chrome/151.0.7922.137 Mobile Safari/537.36 (compatible; Googlebot/2.1; +http://www.google.com/bot.html)"
66.249.78.69 - - [19/Aug/2026:00:11:23 +0300] "GET /shop/tropical/listen058000542.shtml HTTP/1.1" 404 4001 "-" "Mozilla/5.0 (compatible; Googlebot/2.1; +http://www.google.com/bot.html)"
82.148.16.210 - - [19/Aug/2026:00:11:57 +0300] "POST /wp-cron.php?doing_wp_cron=1787087517.6190829277038574218750 HTTP/1.1" 200 31 "-" "WordPress/6.9.1; https://fita.staroobrad.ru"
66.249.78.69 - - [19/Aug/2026:00:11:57 +0300] "GET /59535557 HTTP/1.1" 404 4001 "-" "Mozilla/5.0 (Linux; Android 6.0.1; Nexus 5X Build/MMB29P) AppleWebKit/537.36 (KHTML, like Gecko) Chrome/151.0.7922.137 Mobile Safari/537.36 (compatible; Googlebot/2.1; +http://www.google.com/bot.html)"
82.148.16.210 - - [19/Aug/2026:00:14:11 +0300] "POST /wp-cron.php?doing_wp_cron=1787087651.7142729759216308593750 HTTP/1.1" 200 31 "-" "WordPress/6.9.1; https://fita.staroobrad.ru"
66.249.78.70 - - [19/Aug/2026:00:14:11 +0300] "GET /category/428/1 HTTP/1.1" 404 4001 "-" "Mozilla/5.0 (Linux; Android 6.0.1; Nexus 5X Build/MMB29P) AppleWebKit/537.36 (KHTML, like Gecko) Chrome/151.0.7922.137 Mobile Safari/537.36 (compatible; Googlebot/2.1; +http://www.google.com/bot.html)"
82.148.16.210 - - [19/Aug/2026:00:15:06 +0300] "POST /wp-cron.php?doing_wp_cron=1787087706.4029190540313720703125 HTTP/1.1" 200 31 "-" "WordPress/6.9.1; https://fita.staroobrad.ru"
66.249.66.37 - - [19/Aug/2026:00:15:06 +0300] "GET /shopdetail/300/11528541.shtm HTTP/1.1" 404 4002 "-" "Mozilla/5.0 (Linux; Android 6.0.1; Nexus 5X Build/MMB29P) AppleWebKit/537.36 (KHTML, like Gecko) Chrome/151.0.7922.137 Mobile Safari/537.36 (compatible; Googlebot/2.1; +http://www.google.com/bot.html)"
82.148.16.210 - - [19/Aug/2026:00:15:56 +0300] "POST /wp-cron.php?doing_wp_cron=1787087756.1692299842834472656250 HTTP/1.1" 200 31 "-" "WordPress/6.9.1; https://fita.staroobrad.ru"
66.249.78.69 - - [19/Aug/2026:00:15:56 +0300] "GET /shop/pad/inquiry211045441.shtml HTTP/1.1" 404 4001 "-" "Mozilla/5.0 (Linux; Android 6.0.1; Nexus 5X Build/MMB29P) AppleWebKit/537.36 (KHTML, like Gecko) Chrome/151.0.7922.137 Mobile Safari/537.36 (compatible; Googlebot/2.1; +http://www.google.com/bot.html)"
66.249.67.38 - - [19/Aug/2026:00:16:03 +0300] "GET /category/256/1 HTTP/1.1" 404 4002 "-" "Mozilla/5.0 (Linux; Android 6.0.1; Nexus 5X Build/MMB29P) AppleWebKit/537.36 (KHTML, like Gecko) Chrome/151.0.7922.137 Mobile Safari/537.36 (compatible; Googlebot/2.1; +http://www.google.com/bot.html)"
82.148.16.210 - - [19/Aug/2026:00:18:24 +0300] "POST /wp-cron.php?doing_wp_cron=1787087904.5480298995971679687500 HTTP/1.1" 200 31 "-" "WordPress/6.9.1; https://fita.staroobrad.ru"
66.249.66.74 - - [19/Aug/2026:00:18:24 +0300] "GET /shop/transfer/organization284004882.shtml HTTP/1.1" 404 4001 "-" "Mozilla/5.0 (Linux; Android 6.0.1; Nexus 5X Build/MMB29P) AppleWebKit/537.36 (KHTML, like Gecko) Chrome/151.0.7922.137 Mobile Safari/537.36 (compatible; Googlebot/2.1; +http://www.google.com/bot.html)"
114.119.128.244 - - [19/Aug/2026:00:18:46 +0300] "GET /shop/double/intelligence063005659.shtml HTTP/1.1" 404 4001 "https://fita.staroobrad.ru/?sitemap936.xml" "Mozilla/5.0 (Linux; Android 7.0;) AppleWebKit/537.36 (HTML, like Gecko) Mobile Safari/537.36 (compatible; PetalBot;+https://webmaster.petalsearch.com/site/petalbot)"
82.148.16.210 - - [19/Aug/2026:00:25:17 +0300] "POST /wp-cron.php?doing_wp_cron=1787088317.0098938941955566406250 HTTP/1.1" 200 31 "-" "WordPress/6.9.1; https://fita.staroobrad.ru"
66.249.66.203 - - [19/Aug/2026:00:25:17 +0300] "GET /shop/colorful/main039000849.shtml HTTP/1.1" 404 4002 "-" "Mozilla/5.0 (Linux; Android 6.0.1; Nexus 5X Build/MMB29P) AppleWebKit/537.36 (KHTML, like Gecko) Chrome/151.0.7922.137 Mobile Safari/537.36 (compatible; Googlebot/2.1; +http://www.google.com/bot.html)"
66.249.66.35 - - [19/Aug/2026:00:25:17 +0300] "GET /shop/cancer/without273043227.shtml HTTP/1.1" 404 4002 "-" "Mozilla/5.0 (Linux; Android 6.0.1; Nexus 5X Build/MMB29P) AppleWebKit/537.36 (KHTML, like Gecko) Chrome/151.0.7922.137 Mobile Safari/537.36 (compatible; Googlebot/2.1; +http://www.google.com/bot.html)"
82.148.16.210 - - [19/Aug/2026:00:26:35 +0300] "POST /wp-cron.php?doing_wp_cron=1787088395.1286799907684326171875 HTTP/1.1" 200 31 "-" "WordPress/6.9.1; https://fita.staroobrad.ru"
66.249.78.69 - - [19/Aug/2026:00:26:35 +0300] "GET /contents/reform/ HTTP/1.1" 404 4004 "-" "Mozilla/5.0 (compatible; Googlebot/2.1; +http://www.google.com/bot.html)"
66.249.66.203 - - [19/Aug/2026:00:26:35 +0300] "GET /contents/reform/ HTTP/1.1" 404 4004 "-" "Mozilla/5.0 (Linux; Android 6.0.1; Nexus 5X Build/MMB29P) AppleWebKit/537.36 (KHTML, like Gecko) Chrome/151.0.7922.137 Mobile Safari/537.36 (compatible; Googlebot/2.1; +http://www.google.com/bot.html)"
82.148.16.210 - - [19/Aug/2026:00:27:49 +0300] "POST /wp-cron.php?doing_wp_cron=1787088469.7585659027099609375000 HTTP/1.1" 200 31 "-" "WordPress/6.9.1; https://fita.staroobrad.ru"
66.249.78.69 - - [19/Aug/2026:00:27:49 +0300] "GET /shop/benefit/stumble241045283.shtml HTTP/1.1" 404 4002 "-" "Mozilla/5.0 (Linux; Android 6.0.1; Nexus 5X Build/MMB29P) AppleWebKit/537.36 (KHTML, like Gecko) Chrome/151.0.7922.137 Mobile Safari/537.36 (compatible; Googlebot/2.1; +http://www.google.com/bot.html)"
66.249.66.37 - - [19/Aug/2026:00:27:51 +0300] "GET /shop/fear/being090004906.shtml HTTP/1.1" 404 4003 "-" "Mozilla/5.0 (Linux; Android 6.0.1; Nexus 5X Build/MMB29P) AppleWebKit/537.36 (KHTML, like Gecko) Chrome/151.0.7922.137 Mobile Safari/537.36 (compatible; Googlebot/2.1; +http://www.google.com/bot.html)"
66.249.78.70 - - [19/Aug/2026:00:27:51 +0300] "GET /shop/touch/lane033000551.shtml HTTP/1.1" 404 4003 "-" "Mozilla/5.0 (Linux; Android 6.0.1; Nexus 5X Build/MMB29P) AppleWebKit/537.36 (KHTML, like Gecko) Chrome/151.0.7922.137 Mobile Safari/537.36 (compatible; Googlebot/2.1; +http://www.google.com/bot.html)"
82.148.16.210 - - [19/Aug/2026:00:30:53 +0300] "POST /wp-cron.php?doing_wp_cron=1787088653.8406059741973876953125 HTTP/1.1" 200 31 "-" "WordPress/6.9.1; https://fita.staroobrad.ru"
66.249.78.70 - - [19/Aug/2026:00:30:53 +0300] "GET /shop/value/spray131028909.shtml HTTP/1.1" 404 4001 "-" "Mozilla/5.0 (Linux; Android 6.0.1; Nexus 5X Build/MMB29P) AppleWebKit/537.36 (KHTML, like Gecko) Chrome/151.0.7922.137 Mobile Safari/537.36 (compatible; Googlebot/2.1; +http://www.google.com/bot.html)"
114.119.136.199 - - [19/Aug/2026:00:30:54 +0300] "GET /shop/domestic/mutual191030283.shtml HTTP/1.1" 404 4001 "https://fita.staroobrad.ru/?sitemap825.xml" "Mozilla/5.0 (Linux; Android 7.0;) AppleWebKit/537.36 (HTML, like Gecko) Mobile Safari/537.36 (compatible; PetalBot;+https://webmaster.petalsearch.com/site/petalbot)"
66.249.66.74 - - [19/Aug/2026:00:30:55 +0300] "GET /shop/total/rip285006415.shtml HTTP/1.1" 404 4002 "-" "Mozilla/5.0 (Linux; Android 6.0.1; Nexus 5X Build/MMB29P) AppleWebKit/537.36 (KHTML, like Gecko) Chrome/151.0.7922.137 Mobile Safari/537.36 (compatible; Googlebot/2.1; +http://www.google.com/bot.html)"
66.249.78.71 - - [19/Aug/2026:00:30:55 +0300] "GET /shop/physician/stare081000295.shtml HTTP/1.1" 404 4002 "-" "Mozilla/5.0 (Linux; Android 6.0.1; Nexus 5X Build/MMB29P) AppleWebKit/537.36 (KHTML, like Gecko) Chrome/151.0.7922.137 Mobile Safari/537.36 (compatible; Googlebot/2.1; +http://www.google.com/bot.html)"
66.249.66.203 - - [19/Aug/2026:00:31:37 +0300] "GET /shop/commander/sexual008039650.shtml HTTP/1.1" 404 4001 "-" "Mozilla/5.0 (Linux; Android 6.0.1; Nexus 5X Build/MMB29P) AppleWebKit/537.36 (KHTML, like Gecko) Chrome/151.0.7922.137 Mobile Safari/537.36 (compatible; Googlebot/2.1; +http://www.google.com/bot.html)"
82.148.16.210 - - [19/Aug/2026:00:32:14 +0300] "POST /wp-cron.php?doing_wp_cron=1787088734.0664520263671875000000 HTTP/1.1" 200 31 "-" "WordPress/6.9.1; https://fita.staroobrad.ru"
66.249.78.71 - - [19/Aug/2026:00:32:14 +0300] "GET /shop/frustration/commonly050000874.shtml HTTP/1.1" 404 4001 "-" "Mozilla/5.0 (Linux; Android 6.0.1; Nexus 5X Build/MMB29P) AppleWebKit/537.36 (KHTML, like Gecko) Chrome/151.0.7922.137 Mobile Safari/537.36 (compatible; Googlebot/2.1; +http://www.google.com/bot.html)"
66.249.66.204 - - [19/Aug/2026:00:32:19 +0300] "GET /category/76/1 HTTP/1.1" 404 4001 "-" "Mozilla/5.0 (compatible; Googlebot/2.1; +http://www.google.com/bot.html)"
82.148.16.210 - - [19/Aug/2026:00:32:53 +0300] "POST /wp-cron.php?doing_wp_cron=1787088773.4954519271850585937500 HTTP/1.1" 200 31 "-" "WordPress/6.9.1; https://fita.staroobrad.ru"
66.249.78.70 - - [19/Aug/2026:00:32:53 +0300] "GET /m11091739762 HTTP/1.1" 404 4001 "-" "Mozilla/5.0 (compatible; Googlebot/2.1; +http://www.google.com/bot.html)"
66.249.66.202 - - [19/Aug/2026:00:32:54 +0300] "GET /m11091739762 HTTP/1.1" 404 4001 "-" "Mozilla/5.0 (Linux; Android 6.0.1; Nexus 5X Build/MMB29P) AppleWebKit/537.36 (KHTML, like Gecko) Chrome/151.0.7922.137 Mobile Safari/537.36 (compatible; Googlebot/2.1; +http://www.google.com/bot.html)"
66.249.78.69 - - [19/Aug/2026:00:33:18 +0300] "GET /category/91_2821/1 HTTP/1.1" 404 4002 "-" "Mozilla/5.0 (Linux; Android 6.0.1; Nexus 5X Build/MMB29P) AppleWebKit/537.36 (KHTML, like Gecko) Chrome/151.0.7922.137 Mobile Safari/537.36 (compatible; Googlebot/2.1; +http://www.google.com/bot.html)"
82.148.16.210 - - [19/Aug/2026:00:33:56 +0300] "POST /wp-cron.php?doing_wp_cron=1787088836.2357330322265625000000 HTTP/1.1" 200 31 "-" "WordPress/6.9.1; https://fita.staroobrad.ru"
66.249.78.69 - - [19/Aug/2026:00:33:56 +0300] "GET /shop/mall/patent052000638.shtml HTTP/1.1" 404 4000 "-" "Mozilla/5.0 (Linux; Android 6.0.1; Nexus 5X Build/MMB29P) AppleWebKit/537.36 (KHTML, like Gecko) Chrome/151.0.7922.137 Mobile Safari/537.36 (compatible; Googlebot/2.1; +http://www.google.com/bot.html)"
82.148.16.210 - - [19/Aug/2026:00:35:30 +0300] "POST /wp-cron.php?doing_wp_cron=1787088930.7863729000091552734375 HTTP/1.1" 200 31 "-" "WordPress/6.9.1; https://fita.staroobrad.ru"
216.194.122.158 - - [19/Aug/2026:00:35:30 +0300] "GET /wp-login.php HTTP/2.0" 200 3483 "-" "Mozilla/5.0 (Windows NT 10.0; Win64; x64) AppleWebKit/537.36 (KHTML, like Gecko) Chrome/149.0.0.0 Safari/537.36"
216.194.122.158 - - [19/Aug/2026:00:35:31 +0300] "POST /wp-login.php HTTP/2.0" 200 3644 "-" "Mozilla/5.0 (Windows NT 10.0; Win64; x64) AppleWebKit/537.36 (KHTML, like Gecko) Chrome/149.0.0.0 Safari/537.36"
66.249.66.37 - - [19/Aug/2026:00:35:47 +0300] "GET /9156493 HTTP/1.1" 404 4001 "-" "Mozilla/5.0 (Linux; Android 6.0.1; Nexus 5X Build/MMB29P) AppleWebKit/537.36 (KHTML, like Gecko) Chrome/151.0.7922.137 Mobile Safari/537.36 (compatible; Googlebot/2.1; +http://www.google.com/bot.html)"
66.249.66.204 - - [19/Aug/2026:00:35:48 +0300] "GET /9156493 HTTP/1.1" 404 4001 "-" "Mozilla/5.0 (compatible; Googlebot/2.1; +http://www.google.com/bot.html)"
82.148.16.210 - - [19/Aug/2026:00:35:51 +0300] "POST /wp-cron.php?doing_wp_cron=1787088951.6535289287567138671875 HTTP/1.1" 200 31 "-" "WordPress/6.9.1; https://fita.staroobrad.ru"
66.249.78.69 - - [19/Aug/2026:00:35:51 +0300] "GET /shop/right/hay125025571.shtml HTTP/1.1" 404 4002 "-" "Mozilla/5.0 (Linux; Android 6.0.1; Nexus 5X Build/MMB29P) AppleWebKit/537.36 (KHTML, like Gecko) Chrome/151.0.7922.137 Mobile Safari/537.36 (compatible; Googlebot/2.1; +http://www.google.com/bot.html)"
82.148.16.210 - - [19/Aug/2026:00:36:57 +0300] "POST /wp-cron.php?doing_wp_cron=1787089017.0491790771484375000000 HTTP/1.1" 200 31 "-" "WordPress/6.9.1; https://fita.staroobrad.ru"
66.249.66.75 - - [19/Aug/2026:00:36:57 +0300] "GET /shop/aesthetic/breeze220003984.shtml HTTP/1.1" 404 4001 "-" "Mozilla/5.0 (Linux; Android 6.0.1; Nexus 5X Build/MMB29P) AppleWebKit/537.36 (KHTML, like Gecko) Chrome/151.0.7922.137 Mobile Safari/537.36 (compatible; Googlebot/2.1; +http://www.google.com/bot.html)"
66.249.66.75 - - [19/Aug/2026:00:36:57 +0300] "GET /shop/travel/verbal219001549.shtml HTTP/1.1" 404 4001 "-" "Mozilla/5.0 (Linux; Android 6.0.1; Nexus 5X Build/MMB29P) AppleWebKit/537.36 (KHTML, like Gecko) Chrome/151.0.7922.137 Mobile Safari/537.36 (compatible; Googlebot/2.1; +http://www.google.com/bot.html)"
66.249.78.69 - - [19/Aug/2026:00:36:57 +0300] "GET /shop/mainstream/French002000484.shtml HTTP/1.1" 404 4001 "-" "Mozilla/5.0 (Linux; Android 6.0.1; Nexus 5X Build/MMB29P) AppleWebKit/537.36 (KHTML, like Gecko) Chrome/151.0.7922.137 Mobile Safari/537.36 (compatible; Googlebot/2.1; +http://www.google.com/bot.html)"
82.148.16.210 - - [19/Aug/2026:00:38:44 +0300] "POST /wp-cron.php?doing_wp_cron=1787089124.6134018898010253906250 HTTP/1.1" 200 31 "-" "WordPress/6.9.1; https://fita.staroobrad.ru"
66.249.78.70 - - [19/Aug/2026:00:38:44 +0300] "GET /shop/product/kill038000932.shtml HTTP/1.1" 404 4003 "-" "Mozilla/5.0 (Linux; Android 6.0.1; Nexus 5X Build/MMB29P) AppleWebKit/537.36 (KHTML, like Gecko) Chrome/151.0.7922.137 Mobile Safari/537.36 (compatible; Googlebot/2.1; +http://www.google.com/bot.html)"
66.249.66.203 - - [19/Aug/2026:00:38:44 +0300] "GET /shop/product/kill038000932.shtml HTTP/1.1" 404 4003 "-" "Mozilla/5.0 (compatible; Googlebot/2.1; +http://www.google.com/bot.html)"
82.148.16.210 - - [19/Aug/2026:00:39:01 +0300] "POST /wp-cron.php?doing_wp_cron=1787089141.2126228809356689453125 HTTP/1.1" 200 31 "-" "WordPress/6.9.1; https://fita.staroobrad.ru"
66.249.66.36 - - [19/Aug/2026:00:39:01 +0300] "GET /shop/minimize/hers015005641.shtml HTTP/1.1" 404 4001 "-" "Mozilla/5.0 (compatible; Googlebot/2.1; +http://www.google.com/bot.html)"
66.249.66.166 - - [19/Aug/2026:00:39:21 +0300] "GET /shop/overcome/patch084000350.shtml HTTP/1.1" 404 4001 "-" "Mozilla/5.0 (Linux; Android 6.0.1; Nexus 5X Build/MMB29P) AppleWebKit/537.36 (KHTML, like Gecko) Chrome/151.0.7922.137 Mobile Safari/537.36 (compatible; Googlebot/2.1; +http://www.google.com/bot.html)"
66.249.66.203 - - [19/Aug/2026:00:39:21 +0300] "GET /shop/overcome/patch084000350.shtml HTTP/1.1" 404 4001 "-" "Mozilla/5.0 (compatible; Googlebot/2.1; +http://www.google.com/bot.html)"
82.148.16.210 - - [19/Aug/2026:00:40:03 +0300] "POST /wp-cron.php?doing_wp_cron=1787089203.7288289070129394531250 HTTP/1.1" 200 31 "-" "WordPress/6.9.1; https://fita.staroobrad.ru"
194.116.184.179 - - [19/Aug/2026:00:40:03 +0300] "GET /wp-login.php HTTP/2.0" 200 3483 "-" "Mozilla/5.0 (Windows NT 10.0; Win64; x64) AppleWebKit/537.36 (KHTML, like Gecko) Chrome/149.0.0.0 Safari/537.36"
194.116.184.179 - - [19/Aug/2026:00:40:04 +0300] "POST /wp-login.php HTTP/2.0" 200 3644 "-" "Mozilla/5.0 (Windows NT 10.0; Win64; x64) AppleWebKit/537.36 (KHTML, like Gecko) Chrome/149.0.0.0 Safari/537.36"
82.148.16.210 - - [19/Aug/2026:00:42:20 +0300] "POST /wp-cron.php?doing_wp_cron=1787089340.1347119808197021484375 HTTP/1.1" 200 31 "-" "WordPress/6.9.1; https://fita.staroobrad.ru"
47.86.33.52 - - [19/Aug/2026:00:42:20 +0300] "GET /wp-login.php HTTP/2.0" 200 3483 "-" "Mozilla/5.0 (Windows NT 10.0; Win64; x64) AppleWebKit/537.36 (KHTML, like Gecko) Chrome/149.0.0.0 Safari/537.36"
47.86.33.52 - - [19/Aug/2026:00:42:20 +0300] "POST /wp-login.php HTTP/2.0" 200 3644 "-" "Mozilla/5.0 (Windows NT 10.0; Win64; x64) AppleWebKit/537.36 (KHTML, like Gecko) Chrome/149.0.0.0 Safari/537.36"
66.249.66.74 - - [19/Aug/2026:00:42:36 +0300] "GET /shop/outline/trace189024707.shtml HTTP/1.1" 404 4001 "-" "Mozilla/5.0 (Linux; Android 6.0.1; Nexus 5X Build/MMB29P) AppleWebKit/537.36 (KHTML, like Gecko) Chrome/151.0.7922.137 Mobile Safari/537.36 (compatible; Googlebot/2.1; +http://www.google.com/bot.html)"
66.249.66.204 - - [19/Aug/2026:00:42:39 +0300] "GET /shop/adjust/everybody013015055.shtml HTTP/1.1" 404 4001 "-" "Mozilla/5.0 (Linux; Android 6.0.1; Nexus 5X Build/MMB29P) AppleWebKit/537.36 (KHTML, like Gecko) Chrome/151.0.7922.137 Mobile Safari/537.36 (compatible; Googlebot/2.1; +http://www.google.com/bot.html)"
66.249.78.71 - - [19/Aug/2026:00:42:40 +0300] "GET /shop/career/intense248030256.shtml HTTP/1.1" 404 4001 "-" "Mozilla/5.0 (Linux; Android 6.0.1; Nexus 5X Build/MMB29P) AppleWebKit/537.36 (KHTML, like Gecko) Chrome/151.0.7922.137 Mobile Safari/537.36 (compatible; Googlebot/2.1; +http://www.google.com/bot.html)"
66.249.66.35 - - [19/Aug/2026:00:42:40 +0300] "GET /shop/visible/executive112000796.shtml HTTP/1.1" 404 4001 "-" "Mozilla/5.0 (Linux; Android 6.0.1; Nexus 5X Build/MMB29P) AppleWebKit/537.36 (KHTML, like Gecko) Chrome/151.0.7922.137 Mobile Safari/537.36 (compatible; Googlebot/2.1; +http://www.google.com/bot.html)"
82.148.16.210 - - [19/Aug/2026:00:43:02 +0300] "POST /wp-cron.php?doing_wp_cron=1787089382.5874290466308593750000 HTTP/1.1" 200 31 "-" "WordPress/6.9.1; https://fita.staroobrad.ru"
114.119.154.65 - - [19/Aug/2026:00:43:02 +0300] "GET /shop/discussion/sodium216045910.shtml HTTP/1.1" 404 4001 "https://fita.staroobrad.ru/?sitemap936.xml" "Mozilla/5.0 (Linux; Android 7.0;) AppleWebKit/537.36 (HTML, like Gecko) Mobile Safari/537.36 (compatible; PetalBot;+https://webmaster.petalsearch.com/site/petalbot)"
82.148.16.210 - - [19/Aug/2026:00:44:39 +0300] "POST /wp-cron.php?doing_wp_cron=1787089478.9655721187591552734375 HTTP/1.1" 200 31 "-" "WordPress/6.9.1; https://fita.staroobrad.ru"
192.250.229.214 - - [19/Aug/2026:00:44:39 +0300] "GET /wp-login.php HTTP/2.0" 200 3483 "-" "Mozilla/5.0 (Windows NT 10.0; Win64; x64) AppleWebKit/537.36 (KHTML, like Gecko) Chrome/149.0.0.0 Safari/537.36"
192.250.229.214 - - [19/Aug/2026:00:44:39 +0300] "POST /wp-login.php HTTP/2.0" 200 3644 "-" "Mozilla/5.0 (Windows NT 10.0; Win64; x64) AppleWebKit/537.36 (KHTML, like Gecko) Chrome/149.0.0.0 Safari/537.36"
82.148.16.210 - - [19/Aug/2026:00:46:51 +0300] "POST /wp-cron.php?doing_wp_cron=1787089611.5908288955688476562500 HTTP/1.1" 200 31 "-" "WordPress/6.9.1; https://fita.staroobrad.ru"
66.249.78.69 - - [19/Aug/2026:00:46:51 +0300] "GET /?unprecedented/111011854 HTTP/1.1" 301 374 "-" "Mozilla/5.0 (Linux; Android 6.0.1; Nexus 5X Build/MMB29P) AppleWebKit/537.36 (KHTML, like Gecko) Chrome/151.0.7922.137 Mobile Safari/537.36 (compatible; GoogleOther)"
66.249.66.75 - - [19/Aug/2026:00:46:54 +0300] "GET /?unprecedented%2F111011854 HTTP/1.1" 404 296 "-" "Mozilla/5.0 (Linux; Android 6.0.1; Nexus 5X Build/MMB29P) AppleWebKit/537.36 (KHTML, like Gecko) Chrome/151.0.7922.137 Mobile Safari/537.36 (compatible; GoogleOther)"
66.249.78.70 - - [19/Aug/2026:00:47:11 +0300] "GET /category/260/1 HTTP/1.1" 404 4001 "-" "Mozilla/5.0 (Linux; Android 6.0.1; Nexus 5X Build/MMB29P) AppleWebKit/537.36 (KHTML, like Gecko) Chrome/151.0.7922.137 Mobile Safari/537.36 (compatible; Googlebot/2.1; +http://www.google.com/bot.html)"
82.148.16.210 - - [19/Aug/2026:00:48:12 +0300] "POST /wp-cron.php?doing_wp_cron=1787089692.2223229408264160156250 HTTP/1.1" 200 31 "-" "WordPress/6.9.1; https://fita.staroobrad.ru"
66.249.78.71 - - [19/Aug/2026:00:48:12 +0300] "GET /shop/benefit/latter018025146.shtml HTTP/1.1" 404 4001 "-" "Mozilla/5.0 (compatible; Googlebot/2.1; +http://www.google.com/bot.html)"
82.148.16.210 - - [19/Aug/2026:00:49:37 +0300] "POST /wp-cron.php?doing_wp_cron=1787089777.8036429882049560546875 HTTP/1.1" 200 31 "-" "WordPress/6.9.1; https://fita.staroobrad.ru"
66.249.66.203 - - [19/Aug/2026:00:49:37 +0300] "GET /shop/suburb/do213002947.shtml HTTP/1.1" 404 4001 "-" "Mozilla/5.0 (compatible; Googlebot/2.1; +http://www.google.com/bot.html)"
82.148.16.210 - - [19/Aug/2026:00:50:44 +0300] "POST /wp-cron.php?doing_wp_cron=1787089844.2719130516052246093750 HTTP/1.1" 200 31 "-" "WordPress/6.9.1; https://fita.staroobrad.ru"
66.249.78.69 - - [19/Aug/2026:00:50:44 +0300] "GET /shop/give/jar076001486.shtml HTTP/1.1" 404 4002 "-" "Mozilla/5.0 (compatible; Googlebot/2.1; +http://www.google.com/bot.html)"
82.148.16.210 - - [19/Aug/2026:00:51:17 +0300] "POST /wp-cron.php?doing_wp_cron=1787089877.3423271179199218750000 HTTP/1.1" 200 31 "-" "WordPress/6.9.1; https://fita.staroobrad.ru"
66.249.66.74 - - [19/Aug/2026:00:51:17 +0300] "GET /shop/lock/administer176040294.shtml HTTP/1.1" 404 4000 "-" "Mozilla/5.0 (Linux; Android 6.0.1; Nexus 5X Build/MMB29P) AppleWebKit/537.36 (KHTML, like Gecko) Chrome/151.0.7922.137 Mobile Safari/537.36 (compatible; Googlebot/2.1; +http://www.google.com/bot.html)"
66.249.66.36 - - [19/Aug/2026:00:51:35 +0300] "GET /shop/neck/lost270018976.shtml HTTP/1.1" 404 4001 "-" "Mozilla/5.0 (Linux; Android 6.0.1; Nexus 5X Build/MMB29P) AppleWebKit/537.36 (KHTML, like Gecko) Chrome/151.0.7922.137 Mobile Safari/537.36 (compatible; Googlebot/2.1; +http://www.google.com/bot.html)"
82.148.16.210 - - [19/Aug/2026:00:53:50 +0300] "POST /wp-cron.php?doing_wp_cron=1787090030.8631219863891601562500 HTTP/1.1" 200 31 "-" "WordPress/6.9.1; https://fita.staroobrad.ru"
66.249.78.70 - - [19/Aug/2026:00:53:50 +0300] "GET /?absorb/022000109 HTTP/1.1" 301 374 "-" "Mozilla/5.0 (Linux; Android 6.0.1; Nexus 5X Build/MMB29P) AppleWebKit/537.36 (KHTML, like Gecko) Chrome/151.0.7922.137 Mobile Safari/537.36 (compatible; Googlebot/2.1; +http://www.google.com/bot.html)"
66.249.66.72 - - [19/Aug/2026:00:53:51 +0300] "GET /?absorb%2F022000109 HTTP/1.1" 404 296 "-" "Mozilla/5.0 (Linux; Android 6.0.1; Nexus 5X Build/MMB29P) AppleWebKit/537.36 (KHTML, like Gecko) Chrome/151.0.7922.137 Mobile Safari/537.36 (compatible; Googlebot/2.1; +http://www.google.com/bot.html)"
82.148.16.210 - - [19/Aug/2026:00:55:10 +0300] "POST /wp-cron.php?doing_wp_cron=1787090110.4941699504852294921875 HTTP/1.1" 200 31 "-" "WordPress/6.9.1; https://fita.staroobrad.ru"
114.119.136.199 - - [19/Aug/2026:00:55:10 +0300] "GET /shop/demonstrate/educate264000766.shtml HTTP/1.1" 404 4000 "https://fita.staroobrad.ru/?sitemap936.xml" "Mozilla/5.0 (Linux; Android 7.0;) AppleWebKit/537.36 (HTML, like Gecko) Mobile Safari/537.36 (compatible; PetalBot;+https://webmaster.petalsearch.com/site/petalbot)"
66.249.66.74 - - [19/Aug/2026:00:55:26 +0300] "GET /?goods/256008958 HTTP/1.1" 301 374 "-" "Mozilla/5.0 (Linux; Android 6.0.1; Nexus 5X Build/MMB29P) AppleWebKit/537.36 (KHTML, like Gecko) Chrome/151.0.7922.137 Mobile Safari/537.36 (compatible; GoogleOther)"
66.249.66.75 - - [19/Aug/2026:00:55:29 +0300] "GET /?goods%2F256008958 HTTP/1.1" 404 296 "-" "Mozilla/5.0 (Linux; Android 6.0.1; Nexus 5X Build/MMB29P) AppleWebKit/537.36 (KHTML, like Gecko) Chrome/151.0.7922.137 Mobile Safari/537.36 (compatible; GoogleOther)"
82.148.16.210 - - [19/Aug/2026:00:56:08 +0300] "POST /wp-cron.php?doing_wp_cron=1787090168.5451540946960449218750 HTTP/1.1" 200 31 "-" "WordPress/6.9.1; https://fita.staroobrad.ru"
66.249.66.202 - - [19/Aug/2026:00:56:08 +0300] "GET /category/77/1 HTTP/1.1" 404 4000 "-" "Mozilla/5.0 (Linux; Android 6.0.1; Nexus 5X Build/MMB29P) AppleWebKit/537.36 (KHTML, like Gecko) Chrome/151.0.7922.137 Mobile Safari/537.36 (compatible; Googlebot/2.1; +http://www.google.com/bot.html)"
82.148.16.210 - - [19/Aug/2026:00:57:14 +0300] "POST /wp-cron.php?doing_wp_cron=1787090234.8791708946228027343750 HTTP/1.1" 200 31 "-" "WordPress/6.9.1; https://fita.staroobrad.ru"
66.249.66.204 - - [19/Aug/2026:00:57:14 +0300] "GET /shop/clothing/decline033000911.shtml HTTP/1.1" 404 4001 "-" "Mozilla/5.0 (Linux; Android 6.0.1; Nexus 5X Build/MMB29P) AppleWebKit/537.36 (KHTML, like Gecko) Chrome/151.0.7922.137 Mobile Safari/537.36 (compatible; Googlebot/2.1; +http://www.google.com/bot.html)"
66.249.66.204 - - [19/Aug/2026:00:57:15 +0300] "GET /shop/clothing/decline033000911.shtml HTTP/1.1" 404 4001 "-" "Mozilla/5.0 (compatible; Googlebot/2.1; +http://www.google.com/bot.html)"
82.148.16.210 - - [19/Aug/2026:00:57:55 +0300] "POST /wp-cron.php?doing_wp_cron=1787090275.0735580921173095703125 HTTP/1.1" 200 31 "-" "WordPress/6.9.1; https://fita.staroobrad.ru"
66.249.66.11 - - [19/Aug/2026:00:57:55 +0300] "GET /shop/curriculum/perception131030459.shtml HTTP/1.1" 404 4002 "-" "Mozilla/5.0 (Linux; Android 6.0.1; Nexus 5X Build/MMB29P) AppleWebKit/537.36 (KHTML, like Gecko) Chrome/151.0.7922.137 Mobile Safari/537.36 (compatible; Googlebot/2.1; +http://www.google.com/bot.html)"
66.249.66.97 - - [19/Aug/2026:00:57:55 +0300] "GET /?detail/11502517862098 HTTP/1.1" 301 374 "-" "Mozilla/5.0 (Linux; Android 6.0.1; Nexus 5X Build/MMB29P) AppleWebKit/537.36 (KHTML, like Gecko) Chrome/151.0.7922.137 Mobile Safari/537.36 (compatible; Googlebot/2.1; +http://www.google.com/bot.html)"
66.249.66.38 - - [19/Aug/2026:00:57:56 +0300] "GET /?detail%2F11502517862098 HTTP/1.1" 404 296 "-" "Mozilla/5.0 (Linux; Android 6.0.1; Nexus 5X Build/MMB29P) AppleWebKit/537.36 (KHTML, like Gecko) Chrome/151.0.7922.137 Mobile Safari/537.36 (compatible; Googlebot/2.1; +http://www.google.com/bot.html)"
74.248.18.37 - - [19/Aug/2026:00:58:09 +0300] "GET / HTTP/1.1" 403 296 "-" "Mozilla/5.0 (Windows NT 10.0; Win64; x64) AppleWebKit/537.36 (KHTML, like Gecko) Chrome/120.0.0.0 Safari/537.36"
82.148.16.210 - - [19/Aug/2026:01:00:52 +0300] "POST /wp-cron.php?doing_wp_cron=1787090452.5881600379943847656250 HTTP/1.1" 200 31 "-" "WordPress/6.9.1; https://fita.staroobrad.ru"
66.249.66.37 - - [19/Aug/2026:01:00:52 +0300] "GET /shop/wagon/data249041109.shtml HTTP/1.1" 404 4001 "-" "Mozilla/5.0 (Linux; Android 6.0.1; Nexus 5X Build/MMB29P) AppleWebKit/537.36 (KHTML, like Gecko) Chrome/151.0.7922.137 Mobile Safari/537.36 (compatible; Googlebot/2.1; +http://www.google.com/bot.html)"
66.249.66.203 - - [19/Aug/2026:01:00:53 +0300] "GET /shop/wagon/data249041109.shtml HTTP/1.1" 404 4002 "-" "Mozilla/5.0 (compatible; Googlebot/2.1; +http://www.google.com/bot.html)"
66.249.66.202 - - [19/Aug/2026:01:00:58 +0300] "GET /shop/explicit/reverse040000212.shtml HTTP/1.1" 404 4002 "-" "Mozilla/5.0 (compatible; Googlebot/2.1; +http://www.google.com/bot.html)"
66.249.78.69 - - [19/Aug/2026:01:01:16 +0300] "GET /shop/explicit/reverse040000212.shtml HTTP/1.1" 404 4003 "-" "Mozilla/5.0 (Linux; Android 6.0.1; Nexus 5X Build/MMB29P) AppleWebKit/537.36 (KHTML, like Gecko) Chrome/151.0.7922.137 Mobile Safari/537.36 (compatible; Googlebot/2.1; +http://www.google.com/bot.html)"
82.148.16.210 - - [19/Aug/2026:01:04:00 +0300] "POST /wp-cron.php?doing_wp_cron=1787090640.3589739799499511718750 HTTP/1.1" 200 31 "-" "WordPress/6.9.1; https://fita.staroobrad.ru"
66.249.66.36 - - [19/Aug/2026:01:04:00 +0300] "GET /?brake/088019741 HTTP/1.1" 301 374 "-" "Mozilla/5.0 (Linux; Android 6.0.1; Nexus 5X Build/MMB29P) AppleWebKit/537.36 (KHTML, like Gecko) Chrome/151.0.7922.137 Mobile Safari/537.36 (compatible; GoogleOther)"
66.249.66.37 - - [19/Aug/2026:01:04:04 +0300] "GET /?brake%2F088019741 HTTP/1.1" 404 296 "-" "Mozilla/5.0 (Linux; Android 6.0.1; Nexus 5X Build/MMB29P) AppleWebKit/537.36 (KHTML, like Gecko) Chrome/151.0.7922.137 Mobile Safari/537.36 (compatible; GoogleOther)"
82.148.16.210 - - [19/Aug/2026:01:07:51 +0300] "POST /wp-cron.php?doing_wp_cron=1787090871.2635419368743896484375 HTTP/1.1" 200 31 "-" "WordPress/6.9.1; https://fita.staroobrad.ru"
66.249.66.75 - - [19/Aug/2026:01:07:51 +0300] "GET /shop/intend/conservation070000586.shtml HTTP/1.1" 404 4000 "-" "Mozilla/5.0 (compatible; Googlebot/2.1; +http://www.google.com/bot.html)"
66.249.78.69 - - [19/Aug/2026:01:08:17 +0300] "GET /71645806 HTTP/1.1" 404 4001 "-" "Mozilla/5.0 (Linux; Android 6.0.1; Nexus 5X Build/MMB29P) AppleWebKit/537.36 (KHTML, like Gecko) Chrome/151.0.7922.137 Mobile Safari/537.36 (compatible; GoogleOther)"
66.249.78.70 - - [19/Aug/2026:01:08:37 +0300] "GET /shop/guess/news012012410.shtml HTTP/1.1" 404 4001 "-" "Mozilla/5.0 (Linux; Android 6.0.1; Nexus 5X Build/MMB29P) AppleWebKit/537.36 (KHTML, like Gecko) Chrome/151.0.7922.137 Mobile Safari/537.36 (compatible; Googlebot/2.1; +http://www.google.com/bot.html)"
66.249.78.71 - - [19/Aug/2026:01:08:38 +0300] "GET /shop/assure/accusation055010397.shtml HTTP/1.1" 404 4001 "-" "Mozilla/5.0 (Linux; Android 6.0.1; Nexus 5X Build/MMB29P) AppleWebKit/537.36 (KHTML, like Gecko) Chrome/151.0.7922.137 Mobile Safari/537.36 (compatible; Googlebot/2.1; +http://www.google.com/bot.html)"
82.148.16.210 - - [19/Aug/2026:01:09:40 +0300] "POST /wp-cron.php?doing_wp_cron=1787090980.6471810340881347656250 HTTP/1.1" 200 31 "-" "WordPress/6.9.1; https://fita.staroobrad.ru"
66.249.66.202 - - [19/Aug/2026:01:09:40 +0300] "GET /shop/input/dictate010000688.shtml HTTP/1.1" 404 4001 "-" "Mozilla/5.0 (Linux; Android 6.0.1; Nexus 5X Build/MMB29P) AppleWebKit/537.36 (KHTML, like Gecko) Chrome/151.0.7922.137 Mobile Safari/537.36 (compatible; Googlebot/2.1; +http://www.google.com/bot.html)"
66.249.66.203 - - [19/Aug/2026:01:09:41 +0300] "GET /shop/donate/illness148012248.shtml HTTP/1.1" 404 4001 "-" "Mozilla/5.0 (Linux; Android 6.0.1; Nexus 5X Build/MMB29P) AppleWebKit/537.36 (KHTML, like Gecko) Chrome/151.0.7922.137 Mobile Safari/537.36 (compatible; Googlebot/2.1; +http://www.google.com/bot.html)"
66.249.66.204 - - [19/Aug/2026:01:09:41 +0300] "GET /shop/where/award294034726.shtml HTTP/1.1" 404 4001 "-" "Mozilla/5.0 (Linux; Android 6.0.1; Nexus 5X Build/MMB29P) AppleWebKit/537.36 (KHTML, like Gecko) Chrome/151.0.7922.137 Mobile Safari/537.36 (compatible; Googlebot/2.1; +http://www.google.com/bot.html)"
82.148.16.210 - - [19/Aug/2026:01:10:11 +0300] "POST /wp-cron.php?doing_wp_cron=1787091011.6035270690917968750000 HTTP/1.1" 200 31 "-" "WordPress/6.9.1; https://fita.staroobrad.ru"
20.75.217.69 - - [19/Aug/2026:01:10:11 +0300] "GET /wp-login.php HTTP/2.0" 200 3483 "-" "Mozilla/5.0 (Windows NT 10.0; Win64; x64) AppleWebKit/537.36 (KHTML, like Gecko) Chrome/149.0.0.0 Safari/537.36"
20.75.217.69 - - [19/Aug/2026:01:10:11 +0300] "POST /wp-login.php HTTP/2.0" 200 3644 "-" "Mozilla/5.0 (Windows NT 10.0; Win64; x64) AppleWebKit/537.36 (KHTML, like Gecko) Chrome/149.0.0.0 Safari/537.36"
82.148.16.210 - - [19/Aug/2026:01:13:13 +0300] "POST /wp-cron.php?doing_wp_cron=1787091193.3694939613342285156250 HTTP/1.1" 200 31 "-" "WordPress/6.9.1; https://fita.staroobrad.ru"
135.181.3.246 - - [19/Aug/2026:01:13:13 +0300] "GET /?statue/217003438 HTTP/1.1" 301 374 "-" "Mozilla/5.0 (compatible; SERankingBacklinksBot/1.0; +https://seranking.com/backlinks-crawler)"
135.181.3.246 - - [19/Aug/2026:01:13:13 +0300] "GET /?statue%2F217003438 HTTP/1.1" 403 296 "-" "Mozilla/5.0 (compatible; SERankingBacklinksBot/1.0; +https://seranking.com/backlinks-crawler)"
82.148.16.210 - - [19/Aug/2026:01:15:09 +0300] "POST /wp-cron.php?doing_wp_cron=1787091309.4344949722290039062500 HTTP/1.1" 200 31 "-" "WordPress/6.9.1; https://fita.staroobrad.ru"
66.249.78.69 - - [19/Aug/2026:01:15:09 +0300] "GET /m84398309123 HTTP/1.1" 404 4001 "-" "Mozilla/5.0 (compatible; Googlebot/2.1; +http://www.google.com/bot.html)"
82.148.16.210 - - [19/Aug/2026:01:16:21 +0300] "POST /wp-cron.php?doing_wp_cron=1787091381.1179060935974121093750 HTTP/1.1" 200 31 "-" "WordPress/6.9.1; https://fita.staroobrad.ru"
43.160.241.42 - - [19/Aug/2026:01:16:21 +0300] "GET /wp-login.php HTTP/2.0" 200 3483 "-" "Mozilla/5.0 (Windows NT 10.0; Win64; x64) AppleWebKit/537.36 (KHTML, like Gecko) Chrome/149.0.0.0 Safari/537.36"
43.160.241.42 - - [19/Aug/2026:01:16:21 +0300] "POST /wp-login.php HTTP/2.0" 200 3644 "-" "Mozilla/5.0 (Windows NT 10.0; Win64; x64) AppleWebKit/537.36 (KHTML, like Gecko) Chrome/149.0.0.0 Safari/537.36"
82.148.16.210 - - [19/Aug/2026:01:18:08 +0300] "POST /wp-cron.php?doing_wp_cron=1787091488.5850570201873779296875 HTTP/1.1" 200 31 "-" "WordPress/6.9.1; https://fita.staroobrad.ru"
50.6.169.131 - - [19/Aug/2026:01:18:08 +0300] "GET /wp-login.php HTTP/2.0" 200 3483 "-" "Mozilla/5.0 (Windows NT 10.0; Win64; x64) AppleWebKit/537.36 (KHTML, like Gecko) Chrome/149.0.0.0 Safari/537.36"
50.6.169.131 - - [19/Aug/2026:01:18:08 +0300] "POST /wp-login.php HTTP/2.0" 200 3644 "-" "Mozilla/5.0 (Windows NT 10.0; Win64; x64) AppleWebKit/537.36 (KHTML, like Gecko) Chrome/149.0.0.0 Safari/537.36"
82.148.16.210 - - [19/Aug/2026:01:19:26 +0300] "POST /wp-cron.php?doing_wp_cron=1787091565.9895589351654052734375 HTTP/1.1" 200 31 "-" "WordPress/6.9.1; https://fita.staroobrad.ru"
66.249.66.202 - - [19/Aug/2026:01:19:26 +0300] "GET /shop/evidence/slope025000291.shtml HTTP/1.1" 404 4001 "-" "Mozilla/5.0 (Linux; Android 6.0.1; Nexus 5X Build/MMB29P) AppleWebKit/537.36 (KHTML, like Gecko) Chrome/151.0.7922.137 Mobile Safari/537.36 (compatible; Googlebot/2.1; +http://www.google.com/bot.html)"
82.148.16.210 - - [19/Aug/2026:01:20:13 +0300] "POST /wp-cron.php?doing_wp_cron=1787091613.9503440856933593750000 HTTP/1.1" 200 31 "-" "WordPress/6.9.1; https://fita.staroobrad.ru"
66.249.92.202 - - [19/Aug/2026:01:20:13 +0300] "GET /shopdetail/364/115229841.shtm HTTP/1.1" 404 4001 "-" "Mozilla/5.0 (X11; Linux x86_64) AppleWebKit/537.36 (KHTML, like Gecko) Chrome/151.0.7922.108 Safari/537.36"
66.249.78.69 - - [19/Aug/2026:01:20:17 +0300] "GET /shop/flood/donation150012018.shtml HTTP/1.1" 404 4001 "-" "Mozilla/5.0 (compatible; Googlebot/2.1; +http://www.google.com/bot.html)"
66.249.66.35 - - [19/Aug/2026:01:20:17 +0300] "GET /shop/flood/donation150012018.shtml HTTP/1.1" 404 4001 "-" "Mozilla/5.0 (Linux; Android 6.0.1; Nexus 5X Build/MMB29P) AppleWebKit/537.36 (KHTML, like Gecko) Chrome/151.0.7922.137 Mobile Safari/537.36 (compatible; Googlebot/2.1; +http://www.google.com/bot.html)"
82.148.16.210 - - [19/Aug/2026:01:20:54 +0300] "POST /wp-cron.php?doing_wp_cron=1787091654.6592640876770019531250 HTTP/1.1" 200 31 "-" "WordPress/6.9.1; https://fita.staroobrad.ru"
66.249.78.70 - - [19/Aug/2026:01:20:54 +0300] "GET /shop/often/conversion055000719.shtml HTTP/1.1" 404 4001 "-" "Mozilla/5.0 (compatible; Googlebot/2.1; +http://www.google.com/bot.html)"
66.249.92.96 - - [19/Aug/2026:01:20:56 +0300] "GET /shopdetail/364/115229841.shtm HTTP/1.1" 404 4001 "-" "Mozilla/5.0 (X11; Linux x86_64) AppleWebKit/537.36 (KHTML, like Gecko) Chrome/151.0.7922.108 Safari/537.36"
66.249.66.74 - - [19/Aug/2026:01:21:08 +0300] "GET /?initially/284029431 HTTP/1.1" 301 374 "-" "Mozilla/5.0 (Linux; Android 6.0.1; Nexus 5X Build/MMB29P) AppleWebKit/537.36 (KHTML, like Gecko) Chrome/151.0.7922.137 Mobile Safari/537.36 (compatible; GoogleOther)"
66.249.66.74 - - [19/Aug/2026:01:21:11 +0300] "GET /?initially%2F284029431 HTTP/1.1" 404 296 "-" "Mozilla/5.0 (Linux; Android 6.0.1; Nexus 5X Build/MMB29P) AppleWebKit/537.36 (KHTML, like Gecko) Chrome/151.0.7922.137 Mobile Safari/537.36 (compatible; GoogleOther)"
82.148.16.210 - - [19/Aug/2026:01:22:03 +0300] "POST /wp-cron.php?doing_wp_cron=1787091723.7616209983825683593750 HTTP/1.1" 200 31 "-" "WordPress/6.9.1; https://fita.staroobrad.ru"
84.247.146.84 - - [19/Aug/2026:01:22:04 +0300] "POST /?rest_route=/batch/v1 HTTP/1.1" 207 1849 "-" "Mozilla/5.0 (Windows NT 10.0; Win64; x64) AppleWebKit/537.36 (KHTML, like Gecko) Chrome/131.0.0.0 Safari/537.36"
84.247.146.84 - - [19/Aug/2026:01:22:05 +0300] "POST /?rest_route=/batch/v1 HTTP/1.1" 207 10467 "-" "Mozilla/5.0 (Windows NT 10.0; Win64; x64) AppleWebKit/537.36 (KHTML, like Gecko) Chrome/131.0.0.0 Safari/537.36"
84.247.146.84 - - [19/Aug/2026:01:22:07 +0300] "POST /?rest_route=/batch/v1 HTTP/1.1" 207 28863 "-" "Mozilla/5.0 (Windows NT 10.0; Win64; x64) AppleWebKit/537.36 (KHTML, like Gecko) Chrome/131.0.0.0 Safari/537.36"
84.247.146.84 - - [19/Aug/2026:01:22:09 +0300] "POST /?rest_route=/batch/v1 HTTP/1.1" 207 32941 "-" "Mozilla/5.0 (Windows NT 10.0; Win64; x64) AppleWebKit/537.36 (KHTML, like Gecko) Chrome/131.0.0.0 Safari/537.36"
84.247.146.84 - - [19/Aug/2026:01:22:10 +0300] "POST /?rest_route=/batch/v1 HTTP/1.1" 207 10171 "-" "Mozilla/5.0 (Windows NT 10.0; Win64; x64) AppleWebKit/537.36 (KHTML, like Gecko) Chrome/131.0.0.0 Safari/537.36"
84.247.146.84 - - [19/Aug/2026:01:22:12 +0300] "POST /?rest_route=/batch/v1 HTTP/1.1" 207 10164 "-" "Mozilla/5.0 (Windows NT 10.0; Win64; x64) AppleWebKit/537.36 (KHTML, like Gecko) Chrome/131.0.0.0 Safari/537.36"
84.247.146.84 - - [19/Aug/2026:01:22:14 +0300] "POST /?rest_route=/batch/v1 HTTP/1.1" 207 10180 "-" "Mozilla/5.0 (Windows NT 10.0; Win64; x64) AppleWebKit/537.36 (KHTML, like Gecko) Chrome/131.0.0.0 Safari/537.36"
20.89.83.228 - - [19/Aug/2026:01:22:14 +0300] "GET /wp-login.php HTTP/2.0" 200 3483 "-" "Mozilla/5.0 (Windows NT 10.0; Win64; x64) AppleWebKit/537.36 (KHTML, like Gecko) Chrome/149.0.0.0 Safari/537.36"
20.89.83.228 - - [19/Aug/2026:01:22:15 +0300] "POST /wp-login.php HTTP/2.0" 200 3644 "-" "Mozilla/5.0 (Windows NT 10.0; Win64; x64) AppleWebKit/537.36 (KHTML, like Gecko) Chrome/149.0.0.0 Safari/537.36"
84.247.146.84 - - [19/Aug/2026:01:22:16 +0300] "POST /?rest_route=/batch/v1 HTTP/1.1" 207 10164 "-" "Mozilla/5.0 (Windows NT 10.0; Win64; x64) AppleWebKit/537.36 (KHTML, like Gecko) Chrome/131.0.0.0 Safari/537.36"
84.247.146.84 - - [19/Aug/2026:01:22:17 +0300] "POST /?rest_route=/batch/v1 HTTP/1.1" 207 10181 "-" "Mozilla/5.0 (Windows NT 10.0; Win64; x64) AppleWebKit/537.36 (KHTML, like Gecko) Chrome/131.0.0.0 Safari/537.36"
84.247.146.84 - - [19/Aug/2026:01:22:18 +0300] "GET /?rest_route=/wp/v2/posts&per_page=1&_fields=link HTTP/1.1" 200 422 "-" "Mozilla/5.0 (Windows NT 10.0; Win64; x64) AppleWebKit/537.36 (KHTML, like Gecko) Chrome/131.0.0.0 Safari/537.36"
84.247.146.84 - - [19/Aug/2026:01:22:19 +0300] "GET /?rest_route=/wp/v2/pages&per_page=1&_fields=link HTTP/1.1" 200 460 "-" "Mozilla/5.0 (Windows NT 10.0; Win64; x64) AppleWebKit/537.36 (KHTML, like Gecko) Chrome/131.0.0.0 Safari/537.36"
82.148.16.210 - - [19/Aug/2026:01:22:21 +0300] "GET /?p=1 HTTP/1.1" 404 4001 "-" "WordPress/6.9.1; https://fita.staroobrad.ru"
82.148.16.210 - - [19/Aug/2026:01:22:21 +0300] "GET /?p=1 HTTP/1.1" 404 4001 "-" "WordPress/6.9.1; https://fita.staroobrad.ru"
82.148.16.210 - - [19/Aug/2026:01:22:21 +0300] "GET /?p=1 HTTP/1.1" 404 4001 "-" "WordPress/6.9.1; https://fita.staroobrad.ru"
84.247.146.84 - - [19/Aug/2026:01:22:21 +0300] "POST /?rest_route=/batch/v1 HTTP/1.1" 207 11359 "-" "Mozilla/5.0 (Windows NT 10.0; Win64; x64) AppleWebKit/537.36 (KHTML, like Gecko) Chrome/131.0.0.0 Safari/537.36"
84.247.146.84 - - [19/Aug/2026:01:22:23 +0300] "POST /?rest_route=/batch/v1 HTTP/1.1" 207 10329 "-" "Mozilla/5.0 (Windows NT 10.0; Win64; x64) AppleWebKit/537.36 (KHTML, like Gecko) Chrome/131.0.0.0 Safari/537.36"
66.249.66.204 - - [19/Aug/2026:01:22:24 +0300] "GET /m21077354027 HTTP/1.1" 404 3999 "-" "Mozilla/5.0 (compatible; Googlebot/2.1; +http://www.google.com/bot.html)"
84.247.146.84 - - [19/Aug/2026:01:22:25 +0300] "POST /?rest_route=/batch/v1 HTTP/1.1" 207 10329 "-" "Mozilla/5.0 (Windows NT 10.0; Win64; x64) AppleWebKit/537.36 (KHTML, like Gecko) Chrome/131.0.0.0 Safari/537.36"
84.247.146.84 - - [19/Aug/2026:01:22:26 +0300] "POST /?rest_route=/batch/v1 HTTP/1.1" 207 10329 "-" "Mozilla/5.0 (Windows NT 10.0; Win64; x64) AppleWebKit/537.36 (KHTML, like Gecko) Chrome/131.0.0.0 Safari/537.36"
82.148.16.210 - - [19/Aug/2026:01:22:28 +0300] "GET /?p=1 HTTP/1.1" 404 4001 "-" "WordPress/6.9.1; https://fita.staroobrad.ru"
84.247.146.84 - - [19/Aug/2026:01:22:28 +0300] "POST /?rest_route=/batch/v1 HTTP/1.1" 207 30457 "-" "Mozilla/5.0 (Windows NT 10.0; Win64; x64) AppleWebKit/537.36 (KHTML, like Gecko) Chrome/131.0.0.0 Safari/537.36"
82.148.16.210 - - [19/Aug/2026:01:22:30 +0300] "GET /?p=1 HTTP/1.1" 404 4005 "-" "WordPress/6.9.1; https://fita.staroobrad.ru"
84.247.146.84 - - [19/Aug/2026:01:22:31 +0300] "POST /?rest_route=/batch/v1 HTTP/1.1" 207 30463 "-" "Mozilla/5.0 (Windows NT 10.0; Win64; x64) AppleWebKit/537.36 (KHTML, like Gecko) Chrome/131.0.0.0 Safari/537.36"
84.247.146.84 - - [19/Aug/2026:01:22:33 +0300] "POST /?rest_route=/batch/v1 HTTP/1.1" 207 30975 "-" "Mozilla/5.0 (Windows NT 10.0; Win64; x64) AppleWebKit/537.36 (KHTML, like Gecko) Chrome/131.0.0.0 Safari/537.36"
84.247.146.84 - admin9s1d7c81 [19/Aug/2026:01:22:35 +0300] "GET /wp-json/wp/v2/users/me HTTP/1.1" 401 537 "-" "Mozilla/5.0 (Windows NT 10.0; Win64; x64) AppleWebKit/537.36 (KHTML, like Gecko) Chrome/131.0.0.0 Safari/537.36"
84.247.146.84 - - [19/Aug/2026:01:22:37 +0300] "POST /xmlrpc.php HTTP/1.1" 200 815 "-" "Mozilla/5.0 (Windows NT 10.0; Win64; x64) AppleWebKit/537.36 (KHTML, like Gecko) Chrome/131.0.0.0 Safari/537.36"
84.247.146.84 - - [19/Aug/2026:01:22:38 +0300] "POST /wp-login.php HTTP/1.1" 200 12285 "-" "Mozilla/5.0 (Windows NT 10.0; Win64; x64) AppleWebKit/537.36 (KHTML, like Gecko) Chrome/131.0.0.0 Safari/537.36"
82.148.16.210 - - [19/Aug/2026:01:22:40 +0300] "GET /?p=1 HTTP/1.1" 404 4002 "-" "WordPress/6.9.1; https://fita.staroobrad.ru"
84.247.146.84 - - [19/Aug/2026:01:22:40 +0300] "POST /?rest_route=/batch/v1 HTTP/1.1" 207 30457 "-" "Mozilla/5.0 (Windows NT 10.0; Win64; x64) AppleWebKit/537.36 (KHTML, like Gecko) Chrome/131.0.0.0 Safari/537.36"
82.148.16.210 - - [19/Aug/2026:01:22:42 +0300] "GET /?p=1 HTTP/1.1" 404 4002 "-" "WordPress/6.9.1; https://fita.staroobrad.ru"
84.247.146.84 - - [19/Aug/2026:01:22:42 +0300] "POST /?rest_route=/batch/v1 HTTP/1.1" 207 30463 "-" "Mozilla/5.0 (Windows NT 10.0; Win64; x64) AppleWebKit/537.36 (KHTML, like Gecko) Chrome/131.0.0.0 Safari/537.36"
84.247.146.84 - - [19/Aug/2026:01:22:44 +0300] "POST /?rest_route=/batch/v1 HTTP/1.1" 207 30975 "-" "Mozilla/5.0 (Windows NT 10.0; Win64; x64) AppleWebKit/537.36 (KHTML, like Gecko) Chrome/131.0.0.0 Safari/537.36"
84.247.146.84 - admin9s9dbf93 [19/Aug/2026:01:22:46 +0300] "GET /wp-json/wp/v2/users/me HTTP/1.1" 401 537 "-" "Mozilla/5.0 (Windows NT 10.0; Win64; x64) AppleWebKit/537.36 (KHTML, like Gecko) Chrome/131.0.0.0 Safari/537.36"
84.247.146.84 - - [19/Aug/2026:01:22:48 +0300] "POST /xmlrpc.php HTTP/1.1" 200 815 "-" "Mozilla/5.0 (Windows NT 10.0; Win64; x64) AppleWebKit/537.36 (KHTML, like Gecko) Chrome/131.0.0.0 Safari/537.36"
82.148.16.210 - - [19/Aug/2026:01:22:49 +0300] "POST /wp-cron.php?doing_wp_cron=1787091769.9644451141357421875000 HTTP/1.1" 200 31 "-" "WordPress/6.9.1; https://fita.staroobrad.ru"
84.247.146.84 - - [19/Aug/2026:01:22:50 +0300] "POST /wp-login.php HTTP/1.1" 200 12285 "-" "Mozilla/5.0 (Windows NT 10.0; Win64; x64) AppleWebKit/537.36 (KHTML, like Gecko) Chrome/131.0.0.0 Safari/537.36"
66.249.66.38 - - [19/Aug/2026:01:22:57 +0300] "GET /shop/wound/headache006006992.shtml HTTP/1.1" 404 4000 "-" "Mozilla/5.0 (compatible; Googlebot/2.1; +http://www.google.com/bot.html)"
66.249.66.202 - - [19/Aug/2026:01:22:58 +0300] "GET /shop/wound/headache006006992.shtml HTTP/1.1" 404 4000 "-" "Mozilla/5.0 (Linux; Android 6.0.1; Nexus 5X Build/MMB29P) AppleWebKit/537.36 (KHTML, like Gecko) Chrome/151.0.7922.137 Mobile Safari/537.36 (compatible; Googlebot/2.1; +http://www.google.com/bot.html)"
82.148.16.210 - - [19/Aug/2026:01:24:13 +0300] "POST /wp-cron.php?doing_wp_cron=1787091853.0203170776367187500000 HTTP/1.1" 200 31 "-" "WordPress/6.9.1; https://fita.staroobrad.ru"
18.117.16.4 - - [19/Aug/2026:01:24:13 +0300] "GET /wp-login.php HTTP/2.0" 200 3483 "-" "Mozilla/5.0 (Windows NT 10.0; Win64; x64) AppleWebKit/537.36 (KHTML, like Gecko) Chrome/149.0.0.0 Safari/537.36"
18.117.16.4 - - [19/Aug/2026:01:24:13 +0300] "POST /wp-login.php HTTP/2.0" 200 3644 "-" "Mozilla/5.0 (Windows NT 10.0; Win64; x64) AppleWebKit/537.36 (KHTML, like Gecko) Chrome/149.0.0.0 Safari/537.36"
82.148.16.210 - - [19/Aug/2026:01:25:27 +0300] "POST /wp-cron.php?doing_wp_cron=1787091927.6199829578399658203125 HTTP/1.1" 200 31 "-" "WordPress/6.9.1; https://fita.staroobrad.ru"
66.249.66.204 - - [19/Aug/2026:01:25:27 +0300] "GET /shop/safety/filter281027741.shtml HTTP/1.1" 404 4000 "-" "Mozilla/5.0 (Linux; Android 6.0.1; Nexus 5X Build/MMB29P) AppleWebKit/537.36 (KHTML, like Gecko) Chrome/151.0.7922.137 Mobile Safari/537.36 (compatible; Googlebot/2.1; +http://www.google.com/bot.html)"
66.249.66.202 - - [19/Aug/2026:01:25:28 +0300] "GET /shop/skull/involvement031049683.shtml HTTP/1.1" 404 4000 "-" "Mozilla/5.0 (Linux; Android 6.0.1; Nexus 5X Build/MMB29P) AppleWebKit/537.36 (KHTML, like Gecko) Chrome/151.0.7922.137 Mobile Safari/537.36 (compatible; Googlebot/2.1; +http://www.google.com/bot.html)"
82.148.16.210 - - [19/Aug/2026:01:26:08 +0300] "POST /wp-cron.php?doing_wp_cron=1787091968.3991169929504394531250 HTTP/1.1" 200 31 "-" "WordPress/6.9.1; https://fita.staroobrad.ru"
162.214.205.212 - - [19/Aug/2026:01:26:08 +0300] "GET /wp-login.php HTTP/2.0" 200 3483 "-" "Mozilla/5.0 (Windows NT 10.0; Win64; x64) AppleWebKit/537.36 (KHTML, like Gecko) Chrome/149.0.0.0 Safari/537.36"
162.214.205.212 - - [19/Aug/2026:01:26:08 +0300] "POST /wp-login.php HTTP/2.0" 200 3644 "-" "Mozilla/5.0 (Windows NT 10.0; Win64; x64) AppleWebKit/537.36 (KHTML, like Gecko) Chrome/149.0.0.0 Safari/537.36"
82.148.16.210 - - [19/Aug/2026:01:28:30 +0300] "POST /wp-cron.php?doing_wp_cron=1787092110.5673151016235351562500 HTTP/1.1" 200 31 "-" "WordPress/6.9.1; https://fita.staroobrad.ru"
66.249.66.76 - - [19/Aug/2026:01:28:30 +0300] "GET /m43049533750 HTTP/1.1" 404 4004 "-" "Mozilla/5.0 (Linux; Android 6.0.1; Nexus 5X Build/MMB29P) AppleWebKit/537.36 (KHTML, like Gecko) Chrome/151.0.7922.137 Mobile Safari/537.36 (compatible; Googlebot/2.1; +http://www.google.com/bot.html)"
82.148.16.210 - - [19/Aug/2026:01:29:31 +0300] "POST /wp-cron.php?doing_wp_cron=1787092171.7016739845275878906250 HTTP/1.1" 200 31 "-" "WordPress/6.9.1; https://fita.staroobrad.ru"
66.249.78.70 - - [19/Aug/2026:01:29:31 +0300] "GET /shop/matter/concrete099000535.shtml HTTP/1.1" 404 4000 "-" "Mozilla/5.0 (Linux; Android 6.0.1; Nexus 5X Build/MMB29P) AppleWebKit/537.36 (KHTML, like Gecko) Chrome/151.0.7922.137 Mobile Safari/537.36 (compatible; Googlebot/2.1; +http://www.google.com/bot.html)"
66.249.78.71 - - [19/Aug/2026:01:29:33 +0300] "GET /shop/extended/terms097000785.shtml HTTP/1.1" 404 4000 "-" "Mozilla/5.0 (Linux; Android 6.0.1; Nexus 5X Build/MMB29P) AppleWebKit/537.36 (KHTML, like Gecko) Chrome/151.0.7922.137 Mobile Safari/537.36 (compatible; Googlebot/2.1; +http://www.google.com/bot.html)"
