74.7.227.155 - - [19/Aug/2026:04:16:03 +0300] "GET /?lokasie=/proc/489/net/snmp6&loknya=/proc/489/net HTTP/2.0" 200 2525 "https://fita.staroobrad.ru/?loknya=/proc/489/net" "Mozilla/5.0 AppleWebKit/537.36 (KHTML, like Gecko; compatible; GPTBot/1.4; +https://openai.com/gptbot)"
74.7.227.155 - - [19/Aug/2026:04:16:04 +0300] "GET /?lokasie=/proc/278/net/icmp6&loknya=/proc/278/net HTTP/2.0" 200 1892 "https://fita.staroobrad.ru/?loknya=/proc/278/net" "Mozilla/5.0 AppleWebKit/537.36 (KHTML, like Gecko; compatible; GPTBot/1.4; +https://openai.com/gptbot)"
74.7.227.155 - - [19/Aug/2026:04:16:04 +0300] "GET /?lokasie=/proc/278/net/snmp6&loknya=/proc/278/net HTTP/2.0" 200 2520 "https://fita.staroobrad.ru/?loknya=/proc/278/net" "Mozilla/5.0 AppleWebKit/537.36 (KHTML, like Gecko; compatible; GPTBot/1.4; +https://openai.com/gptbot)"
74.7.227.155 - - [19/Aug/2026:04:16:05 +0300] "GET /?lokasie=/proc/489/net/sockstat&loknya=/proc/489/net HTTP/2.0" 200 1898 "https://fita.staroobrad.ru/?loknya=/proc/489/net" "Mozilla/5.0 AppleWebKit/537.36 (KHTML, like Gecko; compatible; GPTBot/1.4; +https://openai.com/gptbot)"
135.181.3.246 - - [19/Aug/2026:04:16:05 +0300] "GET /?strike/234017131 HTTP/1.1" 200 4033 "-" "Mozilla/5.0 (compatible; SERankingBacklinksBot/1.0; +https://seranking.com/backlinks-crawler)"
74.7.227.155 - - [19/Aug/2026:04:16:05 +0300] "GET /?lokasie=/proc/278/net/wireless&loknya=/proc/278/net HTTP/2.0" 200 1915 "https://fita.staroobrad.ru/?loknya=/proc/278/net" "Mozilla/5.0 AppleWebKit/537.36 (KHTML, like Gecko; compatible; GPTBot/1.4; +https://openai.com/gptbot)"
74.7.227.155 - - [19/Aug/2026:04:16:06 +0300] "GET /?lokasie=/proc/278/net/sockstat&loknya=/proc/278/net HTTP/2.0" 200 1898 "https://fita.staroobrad.ru/?loknya=/proc/278/net" "Mozilla/5.0 AppleWebKit/537.36 (KHTML, like Gecko; compatible; GPTBot/1.4; +https://openai.com/gptbot)"
74.7.227.155 - - [19/Aug/2026:04:16:06 +0300] "GET /?lokasie=/proc/489/net/wireless&loknya=/proc/489/net HTTP/2.0" 200 1917 "https://fita.staroobrad.ru/?loknya=/proc/489/net" "Mozilla/5.0 AppleWebKit/537.36 (KHTML, like Gecko; compatible; GPTBot/1.4; +https://openai.com/gptbot)"
74.7.227.155 - - [19/Aug/2026:04:16:07 +0300] "GET /?lokasie=/proc/278/net/ptype&loknya=/proc/278/net HTTP/2.0" 200 1858 "https://fita.staroobrad.ru/?loknya=/proc/278/net" "Mozilla/5.0 AppleWebKit/537.36 (KHTML, like Gecko; compatible; GPTBot/1.4; +https://openai.com/gptbot)"
74.7.227.155 - - [19/Aug/2026:04:16:07 +0300] "GET /?lokasie=/proc/489/net/ptype&loknya=/proc/489/net HTTP/2.0" 200 1860 "https://fita.staroobrad.ru/?loknya=/proc/489/net" "Mozilla/5.0 AppleWebKit/537.36 (KHTML, like Gecko; compatible; GPTBot/1.4; +https://openai.com/gptbot)"
74.7.227.155 - - [19/Aug/2026:04:16:08 +0300] "GET /?lokasie=/proc/278/net/raw&loknya=/proc/278/net HTTP/2.0" 200 1886 "https://fita.staroobrad.ru/?loknya=/proc/278/net" "Mozilla/5.0 AppleWebKit/537.36 (KHTML, like Gecko; compatible; GPTBot/1.4; +https://openai.com/gptbot)"
135.181.3.246 - - [19/Aug/2026:04:16:08 +0300] "GET /?string/029039704 HTTP/1.1" 200 4033 "-" "Mozilla/5.0 (compatible; SERankingBacklinksBot/1.0; +https://seranking.com/backlinks-crawler)"
74.7.227.155 - - [19/Aug/2026:04:16:08 +0300] "GET /?lokasie=/proc/489/net/raw&loknya=/proc/489/net HTTP/2.0" 200 1888 "https://fita.staroobrad.ru/?loknya=/proc/489/net" "Mozilla/5.0 AppleWebKit/537.36 (KHTML, like Gecko; compatible; GPTBot/1.4; +https://openai.com/gptbot)"
74.7.227.155 - - [19/Aug/2026:04:16:09 +0300] "GET /?lokasie=/proc/278/net/anycast6&loknya=/proc/278/net HTTP/2.0" 200 1817 "https://fita.staroobrad.ru/?loknya=/proc/278/net" "Mozilla/5.0 AppleWebKit/537.36 (KHTML, like Gecko; compatible; GPTBot/1.4; +https://openai.com/gptbot)"
74.7.227.155 - - [19/Aug/2026:04:16:10 +0300] "GET /?lokasie=/proc/489/net/anycast6&loknya=/proc/489/net HTTP/2.0" 200 1820 "https://fita.staroobrad.ru/?loknya=/proc/489/net" "Mozilla/5.0 AppleWebKit/537.36 (KHTML, like Gecko; compatible; GPTBot/1.4; +https://openai.com/gptbot)"
74.7.227.155 - - [19/Aug/2026:04:16:10 +0300] "GET /?lokasie=/proc/278/net/igmp6&loknya=/proc/278/net HTTP/2.0" 200 1880 "https://fita.staroobrad.ru/?loknya=/proc/278/net" "Mozilla/5.0 AppleWebKit/537.36 (KHTML, like Gecko; compatible; GPTBot/1.4; +https://openai.com/gptbot)"
74.7.227.155 - - [19/Aug/2026:04:16:11 +0300] "GET /?lokasie=/proc/489/net/igmp6&loknya=/proc/489/net HTTP/2.0" 200 1881 "https://fita.staroobrad.ru/?loknya=/proc/489/net" "Mozilla/5.0 AppleWebKit/537.36 (KHTML, like Gecko; compatible; GPTBot/1.4; +https://openai.com/gptbot)"
74.7.227.155 - - [19/Aug/2026:04:16:11 +0300] "GET /?lokasie=/proc/489/net/sockstat6&loknya=/proc/489/net HTTP/2.0" 200 1866 "https://fita.staroobrad.ru/?loknya=/proc/489/net" "Mozilla/5.0 AppleWebKit/537.36 (KHTML, like Gecko; compatible; GPTBot/1.4; +https://openai.com/gptbot)"
135.181.3.246 - - [19/Aug/2026:04:16:11 +0300] "GET /?string/067018506 HTTP/1.1" 200 4033 "-" "Mozilla/5.0 (compatible; SERankingBacklinksBot/1.0; +https://seranking.com/backlinks-crawler)"
74.7.227.155 - - [19/Aug/2026:04:16:12 +0300] "GET /?lokasie=/proc/278/net/sockstat6&loknya=/proc/278/net HTTP/2.0" 200 1865 "https://fita.staroobrad.ru/?loknya=/proc/278/net" "Mozilla/5.0 AppleWebKit/537.36 (KHTML, like Gecko; compatible; GPTBot/1.4; +https://openai.com/gptbot)"
74.7.227.155 - - [19/Aug/2026:04:16:12 +0300] "GET /?lokasie=/proc/489/net/udplite&loknya=/proc/489/net HTTP/2.0" 200 1893 "https://fita.staroobrad.ru/?loknya=/proc/489/net" "Mozilla/5.0 AppleWebKit/537.36 (KHTML, like Gecko; compatible; GPTBot/1.4; +https://openai.com/gptbot)"
74.7.227.155 - - [19/Aug/2026:04:16:13 +0300] "GET /?lokasie=/proc/278/net/udplite&loknya=/proc/278/net HTTP/2.0" 200 1891 "https://fita.staroobrad.ru/?loknya=/proc/278/net" "Mozilla/5.0 AppleWebKit/537.36 (KHTML, like Gecko; compatible; GPTBot/1.4; +https://openai.com/gptbot)"
74.7.227.155 - - [19/Aug/2026:04:16:13 +0300] "GET /?lokasie=/proc/489/net/arp&loknya=/proc/489/net HTTP/2.0" 200 1948 "https://fita.staroobrad.ru/?loknya=/proc/489/net" "Mozilla/5.0 AppleWebKit/537.36 (KHTML, like Gecko; compatible; GPTBot/1.4; +https://openai.com/gptbot)"
74.7.227.155 - - [19/Aug/2026:04:16:14 +0300] "GET /?lokasie=/proc/278/net/arp&loknya=/proc/278/net HTTP/2.0" 200 1946 "https://fita.staroobrad.ru/?loknya=/proc/278/net" "Mozilla/5.0 AppleWebKit/537.36 (KHTML, like Gecko; compatible; GPTBot/1.4; +https://openai.com/gptbot)"
74.7.227.155 - - [19/Aug/2026:04:16:14 +0300] "GET /?lokasie=/proc/278/net/tcp&loknya=/proc/278/net HTTP/2.0" 200 5994 "https://fita.staroobrad.ru/?loknya=/proc/278/net" "Mozilla/5.0 AppleWebKit/537.36 (KHTML, like Gecko; compatible; GPTBot/1.4; +https://openai.com/gptbot)"
135.181.3.246 - - [19/Aug/2026:04:16:15 +0300] "GET /?stroke/015043442 HTTP/1.1" 200 4033 "-" "Mozilla/5.0 (compatible; SERankingBacklinksBot/1.0; +https://seranking.com/backlinks-crawler)"
74.7.227.155 - - [19/Aug/2026:04:16:15 +0300] "GET /?lokasie=/proc/489/net/tcp&loknya=/proc/489/net HTTP/2.0" 200 6041 "https://fita.staroobrad.ru/?loknya=/proc/489/net" "Mozilla/5.0 AppleWebKit/537.36 (KHTML, like Gecko; compatible; GPTBot/1.4; +https://openai.com/gptbot)"
74.7.227.155 - - [19/Aug/2026:04:16:15 +0300] "GET /?lokasie=/proc/489/net/fib_triestat&loknya=/proc/489/net HTTP/2.0" 200 2051 "https://fita.staroobrad.ru/?loknya=/proc/489/net" "Mozilla/5.0 AppleWebKit/537.36 (KHTML, like Gecko; compatible; GPTBot/1.4; +https://openai.com/gptbot)"
74.7.227.155 - - [19/Aug/2026:04:16:16 +0300] "GET /?lokasie=/proc/278/net/fib_triestat&loknya=/proc/278/net HTTP/2.0" 200 2050 "https://fita.staroobrad.ru/?loknya=/proc/278/net" "Mozilla/5.0 AppleWebKit/537.36 (KHTML, like Gecko; compatible; GPTBot/1.4; +https://openai.com/gptbot)"
74.7.227.155 - - [19/Aug/2026:04:16:16 +0300] "GET /?lokasie=/proc/278/net/ip_tables_matches&loknya=/proc/278/net HTTP/2.0" 200 1822 "https://fita.staroobrad.ru/?loknya=/proc/278/net" "Mozilla/5.0 AppleWebKit/537.36 (KHTML, like Gecko; compatible; GPTBot/1.4; +https://openai.com/gptbot)"
74.7.227.155 - - [19/Aug/2026:04:16:17 +0300] "GET /?lokasie=/proc/489/net/ip_tables_matches&loknya=/proc/489/net HTTP/2.0" 200 1825 "https://fita.staroobrad.ru/?loknya=/proc/489/net" "Mozilla/5.0 AppleWebKit/537.36 (KHTML, like Gecko; compatible; GPTBot/1.4; +https://openai.com/gptbot)"
74.7.227.155 - - [19/Aug/2026:04:16:17 +0300] "GET /?lokasie=/proc/278/net/mcfilter&loknya=/proc/278/net HTTP/2.0" 200 1845 "https://fita.staroobrad.ru/?loknya=/proc/278/net" "Mozilla/5.0 AppleWebKit/537.36 (KHTML, like Gecko; compatible; GPTBot/1.4; +https://openai.com/gptbot)"
135.181.3.246 - - [19/Aug/2026:04:16:18 +0300] "GET /?strong/030004589 HTTP/1.1" 200 4033 "-" "Mozilla/5.0 (compatible; SERankingBacklinksBot/1.0; +https://seranking.com/backlinks-crawler)"
74.7.227.155 - - [19/Aug/2026:04:16:18 +0300] "GET /?lokasie=/proc/489/net/mcfilter&loknya=/proc/489/net HTTP/2.0" 200 1848 "https://fita.staroobrad.ru/?loknya=/proc/489/net" "Mozilla/5.0 AppleWebKit/537.36 (KHTML, like Gecko; compatible; GPTBot/1.4; +https://openai.com/gptbot)"
74.7.227.155 - - [19/Aug/2026:04:16:18 +0300] "GET /?lokasie=/proc/489/net/udplite6&loknya=/proc/489/net HTTP/2.0" 200 1895 "https://fita.staroobrad.ru/?loknya=/proc/489/net" "Mozilla/5.0 AppleWebKit/537.36 (KHTML, like Gecko; compatible; GPTBot/1.4; +https://openai.com/gptbot)"
74.7.227.155 - - [19/Aug/2026:04:16:19 +0300] "GET /?lokasie=/proc/278/net/udplite6&loknya=/proc/278/net HTTP/2.0" 200 1893 "https://fita.staroobrad.ru/?loknya=/proc/278/net" "Mozilla/5.0 AppleWebKit/537.36 (KHTML, like Gecko; compatible; GPTBot/1.4; +https://openai.com/gptbot)"
74.7.227.155 - - [19/Aug/2026:04:16:20 +0300] "GET /?lokasie=/proc/278/net/mcfilter6&loknya=/proc/278/net HTTP/2.0" 200 1863 "https://fita.staroobrad.ru/?loknya=/proc/278/net" "Mozilla/5.0 AppleWebKit/537.36 (KHTML, like Gecko; compatible; GPTBot/1.4; +https://openai.com/gptbot)"
74.7.227.155 - - [19/Aug/2026:04:16:20 +0300] "GET /?lokasie=/proc/489/net/rt_acct&loknya=/proc/489/net HTTP/2.0" 200 1860 "https://fita.staroobrad.ru/?loknya=/proc/489/net" "Mozilla/5.0 AppleWebKit/537.36 (KHTML, like Gecko; compatible; GPTBot/1.4; +https://openai.com/gptbot)"
74.7.227.155 - - [19/Aug/2026:04:16:21 +0300] "GET /?lokasie=/proc/278/net/rt_acct&loknya=/proc/278/net HTTP/2.0" 200 1859 "https://fita.staroobrad.ru/?loknya=/proc/278/net" "Mozilla/5.0 AppleWebKit/537.36 (KHTML, like Gecko; compatible; GPTBot/1.4; +https://openai.com/gptbot)"
135.181.3.246 - - [19/Aug/2026:04:16:21 +0300] "GET /?strong/077038980 HTTP/1.1" 200 4033 "-" "Mozilla/5.0 (compatible; SERankingBacklinksBot/1.0; +https://seranking.com/backlinks-crawler)"
74.7.227.155 - - [19/Aug/2026:04:16:21 +0300] "GET /?lokasie=/proc/489/net/packet&loknya=/proc/489/net HTTP/2.0" 200 1857 "https://fita.staroobrad.ru/?loknya=/proc/489/net" "Mozilla/5.0 AppleWebKit/537.36 (KHTML, like Gecko; compatible; GPTBot/1.4; +https://openai.com/gptbot)"
74.7.227.155 - - [19/Aug/2026:04:16:22 +0300] "GET /?lokasie=/proc/278/net/packet&loknya=/proc/278/net HTTP/2.0" 200 1855 "https://fita.staroobrad.ru/?loknya=/proc/278/net" "Mozilla/5.0 AppleWebKit/537.36 (KHTML, like Gecko; compatible; GPTBot/1.4; +https://openai.com/gptbot)"
74.7.227.155 - - [19/Aug/2026:04:16:22 +0300] "GET /?lokasie=/proc/278/net/snmp&loknya=/proc/278/net HTTP/2.0" 200 2473 "https://fita.staroobrad.ru/?loknya=/proc/278/net" "Mozilla/5.0 AppleWebKit/537.36 (KHTML, like Gecko; compatible; GPTBot/1.4; +https://openai.com/gptbot)"
74.7.227.155 - - [19/Aug/2026:04:16:23 +0300] "GET /?lokasie=/proc/489/net/icmp&loknya=/proc/489/net HTTP/2.0" 200 1891 "https://fita.staroobrad.ru/?loknya=/proc/489/net" "Mozilla/5.0 AppleWebKit/537.36 (KHTML, like Gecko; compatible; GPTBot/1.4; +https://openai.com/gptbot)"
74.7.227.155 - - [19/Aug/2026:04:16:23 +0300] "GET /?lokasie=/proc/278/net/icmp&loknya=/proc/278/net HTTP/2.0" 200 1889 "https://fita.staroobrad.ru/?loknya=/proc/278/net" "Mozilla/5.0 AppleWebKit/537.36 (KHTML, like Gecko; compatible; GPTBot/1.4; +https://openai.com/gptbot)"
74.7.227.155 - - [19/Aug/2026:04:16:24 +0300] "GET /?lokasie=/proc/489/net/snmp&loknya=/proc/489/net HTTP/2.0" 200 2473 "https://fita.staroobrad.ru/?loknya=/proc/489/net" "Mozilla/5.0 AppleWebKit/537.36 (KHTML, like Gecko; compatible; GPTBot/1.4; +https://openai.com/gptbot)"
135.181.3.246 - - [19/Aug/2026:04:16:24 +0300] "GET /?strong/227043352 HTTP/1.1" 200 4033 "-" "Mozilla/5.0 (compatible; SERankingBacklinksBot/1.0; +https://seranking.com/backlinks-crawler)"
74.7.227.155 - - [19/Aug/2026:04:16:24 +0300] "GET /?lokasie=/proc/489/net/rt6_stats&loknya=/proc/489/net HTTP/2.0" 200 1834 "https://fita.staroobrad.ru/?loknya=/proc/489/net" "Mozilla/5.0 AppleWebKit/537.36 (KHTML, like Gecko; compatible; GPTBot/1.4; +https://openai.com/gptbot)"
74.7.227.155 - - [19/Aug/2026:04:16:25 +0300] "GET /?lokasie=/proc/278/net/rt6_stats&loknya=/proc/278/net HTTP/2.0" 200 1832 "https://fita.staroobrad.ru/?loknya=/proc/278/net" "Mozilla/5.0 AppleWebKit/537.36 (KHTML, like Gecko; compatible; GPTBot/1.4; +https://openai.com/gptbot)"
74.7.227.155 - - [19/Aug/2026:04:16:25 +0300] "GET /?lokasie=/proc/278/net/tcp6&loknya=/proc/278/net HTTP/2.0" 200 2322 "https://fita.staroobrad.ru/?loknya=/proc/278/net" "Mozilla/5.0 AppleWebKit/537.36 (KHTML, like Gecko; compatible; GPTBot/1.4; +https://openai.com/gptbot)"
74.7.227.155 - - [19/Aug/2026:04:16:26 +0300] "GET /?lokasie=/proc/489/net/tcp6&loknya=/proc/489/net HTTP/2.0" 200 2322 "https://fita.staroobrad.ru/?loknya=/proc/489/net" "Mozilla/5.0 AppleWebKit/537.36 (KHTML, like Gecko; compatible; GPTBot/1.4; +https://openai.com/gptbot)"
74.7.227.155 - - [19/Aug/2026:04:16:26 +0300] "GET /?lokasie=/proc/489/net/tls_stat&loknya=/proc/489/net HTTP/2.0" 200 1910 "https://fita.staroobrad.ru/?loknya=/proc/489/net" "Mozilla/5.0 AppleWebKit/537.36 (KHTML, like Gecko; compatible; GPTBot/1.4; +https://openai.com/gptbot)"
74.7.227.155 - - [19/Aug/2026:04:16:27 +0300] "GET /?lokasie=/proc/278/net/tls_stat&loknya=/proc/278/net HTTP/2.0" 200 1909 "https://fita.staroobrad.ru/?loknya=/proc/278/net" "Mozilla/5.0 AppleWebKit/537.36 (KHTML, like Gecko; compatible; GPTBot/1.4; +https://openai.com/gptbot)"
135.181.3.246 - - [19/Aug/2026:04:16:27 +0300] "GET /?strong/240029751 HTTP/1.1" 200 4033 "-" "Mozilla/5.0 (compatible; SERankingBacklinksBot/1.0; +https://seranking.com/backlinks-crawler)"
74.7.227.155 - - [19/Aug/2026:04:16:27 +0300] "GET /?lokasie=/proc/489/net/rt_cache&loknya=/proc/489/net HTTP/2.0" 200 1906 "https://fita.staroobrad.ru/?loknya=/proc/489/net" "Mozilla/5.0 AppleWebKit/537.36 (KHTML, like Gecko; compatible; GPTBot/1.4; +https://openai.com/gptbot)"
74.7.227.155 - - [19/Aug/2026:04:16:28 +0300] "GET /?lokasie=/proc/278/net/rt_cache&loknya=/proc/278/net HTTP/2.0" 200 1904 "https://fita.staroobrad.ru/?loknya=/proc/278/net" "Mozilla/5.0 AppleWebKit/537.36 (KHTML, like Gecko; compatible; GPTBot/1.4; +https://openai.com/gptbot)"
74.7.227.155 - - [19/Aug/2026:04:16:28 +0300] "GET /?lokasie=/proc/278/net/ip_tables_names&loknya=/proc/278/net HTTP/2.0" 200 1820 "https://fita.staroobrad.ru/?loknya=/proc/278/net" "Mozilla/5.0 AppleWebKit/537.36 (KHTML, like Gecko; compatible; GPTBot/1.4; +https://openai.com/gptbot)"
74.7.227.155 - - [19/Aug/2026:04:16:29 +0300] "GET /?lokasie=/proc/489/net/ip_tables_names&loknya=/proc/489/net HTTP/2.0" 200 1823 "https://fita.staroobrad.ru/?loknya=/proc/489/net" "Mozilla/5.0 AppleWebKit/537.36 (KHTML, like Gecko; compatible; GPTBot/1.4; +https://openai.com/gptbot)"
74.7.227.155 - - [19/Aug/2026:04:16:29 +0300] "GET /?lokasie=/proc/489/net/fib_trie&loknya=/proc/489/net HTTP/2.0" 200 1999 "https://fita.staroobrad.ru/?loknya=/proc/489/net" "Mozilla/5.0 AppleWebKit/537.36 (KHTML, like Gecko; compatible; GPTBot/1.4; +https://openai.com/gptbot)"
74.7.227.155 - - [19/Aug/2026:04:16:30 +0300] "GET /?lokasie=/proc/278/net/fib_trie&loknya=/proc/278/net HTTP/2.0" 200 1994 "https://fita.staroobrad.ru/?loknya=/proc/278/net" "Mozilla/5.0 AppleWebKit/537.36 (KHTML, like Gecko; compatible; GPTBot/1.4; +https://openai.com/gptbot)"
135.181.3.246 - - [19/Aug/2026:04:16:30 +0300] "GET /?strong/262007751 HTTP/1.1" 200 4033 "-" "Mozilla/5.0 (compatible; SERankingBacklinksBot/1.0; +https://seranking.com/backlinks-crawler)"
74.7.227.155 - - [19/Aug/2026:04:16:30 +0300] "GET /?lokasie=/proc/489/net/psched&loknya=/proc/489/net HTTP/2.0" 200 1838 "https://fita.staroobrad.ru/?loknya=/proc/489/net" "Mozilla/5.0 AppleWebKit/537.36 (KHTML, like Gecko; compatible; GPTBot/1.4; +https://openai.com/gptbot)"
74.7.227.155 - - [19/Aug/2026:04:16:31 +0300] "GET /?lokasie=/proc/278/net/psched&loknya=/proc/278/net HTTP/2.0" 200 1837 "https://fita.staroobrad.ru/?loknya=/proc/278/net" "Mozilla/5.0 AppleWebKit/537.36 (KHTML, like Gecko; compatible; GPTBot/1.4; +https://openai.com/gptbot)"
74.7.227.155 - - [19/Aug/2026:04:16:31 +0300] "GET /?lokasie=/proc/489/net/ip_tables_targets&loknya=/proc/489/net HTTP/2.0" 200 1820 "https://fita.staroobrad.ru/?loknya=/proc/489/net" "Mozilla/5.0 AppleWebKit/537.36 (KHTML, like Gecko; compatible; GPTBot/1.4; +https://openai.com/gptbot)"
74.7.227.155 - - [19/Aug/2026:04:16:32 +0300] "GET /?lokasie=/proc/278/net/ip_tables_targets&loknya=/proc/278/net HTTP/2.0" 200 1818 "https://fita.staroobrad.ru/?loknya=/proc/278/net" "Mozilla/5.0 AppleWebKit/537.36 (KHTML, like Gecko; compatible; GPTBot/1.4; +https://openai.com/gptbot)"
74.7.227.155 - - [19/Aug/2026:04:16:33 +0300] "GET /?lokasie=/proc/278/net/unix&loknya=/proc/278/net HTTP/2.0" 200 5089 "https://fita.staroobrad.ru/?loknya=/proc/278/net" "Mozilla/5.0 AppleWebKit/537.36 (KHTML, like Gecko; compatible; GPTBot/1.4; +https://openai.com/gptbot)"
74.7.227.155 - - [19/Aug/2026:04:16:33 +0300] "GET /?lokasie=/proc/278/net/igmp&loknya=/proc/278/net HTTP/2.0" 200 1901 "https://fita.staroobrad.ru/?loknya=/proc/278/net" "Mozilla/5.0 AppleWebKit/537.36 (KHTML, like Gecko; compatible; GPTBot/1.4; +https://openai.com/gptbot)"
135.181.3.246 - - [19/Aug/2026:04:16:33 +0300] "GET /?studio/019024322 HTTP/1.1" 200 4033 "-" "Mozilla/5.0 (compatible; SERankingBacklinksBot/1.0; +https://seranking.com/backlinks-crawler)"
74.7.227.155 - - [19/Aug/2026:04:16:34 +0300] "GET /?lokasie=/proc/489/net/igmp&loknya=/proc/489/net HTTP/2.0" 200 1903 "https://fita.staroobrad.ru/?loknya=/proc/489/net" "Mozilla/5.0 AppleWebKit/537.36 (KHTML, like Gecko; compatible; GPTBot/1.4; +https://openai.com/gptbot)"
74.7.227.155 - - [19/Aug/2026:04:16:34 +0300] "GET /?lokasie=/proc/489/net/unix&loknya=/proc/489/net HTTP/2.0" 200 5093 "https://fita.staroobrad.ru/?loknya=/proc/489/net" "Mozilla/5.0 AppleWebKit/537.36 (KHTML, like Gecko; compatible; GPTBot/1.4; +https://openai.com/gptbot)"
74.7.227.155 - - [19/Aug/2026:04:16:35 +0300] "GET /?lokasie=/proc/278/net/raw6&loknya=/proc/278/net HTTP/2.0" 200 1891 "https://fita.staroobrad.ru/?loknya=/proc/278/net" "Mozilla/5.0 AppleWebKit/537.36 (KHTML, like Gecko; compatible; GPTBot/1.4; +https://openai.com/gptbot)"
74.7.227.155 - - [19/Aug/2026:04:16:35 +0300] "GET /?lokasie=/proc/489/net/raw6&loknya=/proc/489/net HTTP/2.0" 200 1893 "https://fita.staroobrad.ru/?loknya=/proc/489/net" "Mozilla/5.0 AppleWebKit/537.36 (KHTML, like Gecko; compatible; GPTBot/1.4; +https://openai.com/gptbot)"
74.7.227.155 - - [19/Aug/2026:04:16:36 +0300] "GET /?lokasie=/proc/489/net/udp6&loknya=/proc/489/net HTTP/2.0" 200 1943 "https://fita.staroobrad.ru/?loknya=/proc/489/net" "Mozilla/5.0 AppleWebKit/537.36 (KHTML, like Gecko; compatible; GPTBot/1.4; +https://openai.com/gptbot)"
74.7.227.155 - - [19/Aug/2026:04:16:36 +0300] "GET /?lokasie=/proc/278/net/udp6&loknya=/proc/278/net HTTP/2.0" 200 1941 "https://fita.staroobrad.ru/?loknya=/proc/278/net" "Mozilla/5.0 AppleWebKit/537.36 (KHTML, like Gecko; compatible; GPTBot/1.4; +https://openai.com/gptbot)"
135.181.3.246 - - [19/Aug/2026:04:16:36 +0300] "GET /?stupid/099015922 HTTP/1.1" 200 4033 "-" "Mozilla/5.0 (compatible; SERankingBacklinksBot/1.0; +https://seranking.com/backlinks-crawler)"
74.7.227.155 - - [19/Aug/2026:04:16:37 +0300] "GET /?lokasie=/proc/489/net/if_inet6&loknya=/proc/489/net HTTP/2.0" 200 1865 "https://fita.staroobrad.ru/?loknya=/proc/489/net" "Mozilla/5.0 AppleWebKit/537.36 (KHTML, like Gecko; compatible; GPTBot/1.4; +https://openai.com/gptbot)"
74.7.227.155 - - [19/Aug/2026:04:16:37 +0300] "GET /?lokasie=/proc/278/net/if_inet6&loknya=/proc/278/net HTTP/2.0" 200 1864 "https://fita.staroobrad.ru/?loknya=/proc/278/net" "Mozilla/5.0 AppleWebKit/537.36 (KHTML, like Gecko; compatible; GPTBot/1.4; +https://openai.com/gptbot)"
74.7.227.155 - - [19/Aug/2026:04:16:38 +0300] "GET /?lokasie=/proc/278/net/ip6_mr_vif&loknya=/proc/278/net HTTP/2.0" 200 1853 "https://fita.staroobrad.ru/?loknya=/proc/278/net" "Mozilla/5.0 AppleWebKit/537.36 (KHTML, like Gecko; compatible; GPTBot/1.4; +https://openai.com/gptbot)"
74.7.227.155 - - [19/Aug/2026:04:16:38 +0300] "GET /?lokasie=/proc/489/net/ip6_mr_vif&loknya=/proc/489/net HTTP/2.0" 200 1854 "https://fita.staroobrad.ru/?loknya=/proc/489/net" "Mozilla/5.0 AppleWebKit/537.36 (KHTML, like Gecko; compatible; GPTBot/1.4; +https://openai.com/gptbot)"
74.7.227.155 - - [19/Aug/2026:04:16:39 +0300] "GET /?lokasie=/proc/278/net/udp&loknya=/proc/278/net HTTP/2.0" 200 1889 "https://fita.staroobrad.ru/?loknya=/proc/278/net" "Mozilla/5.0 AppleWebKit/537.36 (KHTML, like Gecko; compatible; GPTBot/1.4; +https://openai.com/gptbot)"
74.7.227.155 - - [19/Aug/2026:04:16:40 +0300] "GET /?lokasie=/proc/489/net/udp&loknya=/proc/489/net HTTP/2.0" 200 1891 "https://fita.staroobrad.ru/?loknya=/proc/489/net" "Mozilla/5.0 AppleWebKit/537.36 (KHTML, like Gecko; compatible; GPTBot/1.4; +https://openai.com/gptbot)"
135.181.3.246 - - [19/Aug/2026:04:16:40 +0300] "GET /?stupid/122011371 HTTP/1.1" 200 4033 "-" "Mozilla/5.0 (compatible; SERankingBacklinksBot/1.0; +https://seranking.com/backlinks-crawler)"
74.7.227.155 - - [19/Aug/2026:04:16:40 +0300] "GET /?lokasie=/proc/278/net/ip6_flowlabel&loknya=/proc/278/net HTTP/2.0" 200 1857 "https://fita.staroobrad.ru/?loknya=/proc/278/net" "Mozilla/5.0 AppleWebKit/537.36 (KHTML, like Gecko; compatible; GPTBot/1.4; +https://openai.com/gptbot)"
74.7.227.155 - - [19/Aug/2026:04:16:41 +0300] "GET /?lokasie=/proc/489/net/ip6_flowlabel&loknya=/proc/489/net HTTP/2.0" 200 1858 "https://fita.staroobrad.ru/?loknya=/proc/489/net" "Mozilla/5.0 AppleWebKit/537.36 (KHTML, like Gecko; compatible; GPTBot/1.4; +https://openai.com/gptbot)"
74.7.227.155 - - [19/Aug/2026:04:16:41 +0300] "GET /?lokasie=/proc/489/net/ipv6_route&loknya=/proc/489/net HTTP/2.0" 200 1943 "https://fita.staroobrad.ru/?loknya=/proc/489/net" "Mozilla/5.0 AppleWebKit/537.36 (KHTML, like Gecko; compatible; GPTBot/1.4; +https://openai.com/gptbot)"
74.7.227.155 - - [19/Aug/2026:04:16:42 +0300] "GET /?lokasie=/proc/278/net/ipv6_route&loknya=/proc/278/net HTTP/2.0" 200 1939 "https://fita.staroobrad.ru/?loknya=/proc/278/net" "Mozilla/5.0 AppleWebKit/537.36 (KHTML, like Gecko; compatible; GPTBot/1.4; +https://openai.com/gptbot)"
74.7.227.155 - - [19/Aug/2026:04:16:42 +0300] "GET /?lokasie=/proc/278/net/ip_mr_vif&loknya=/proc/278/net HTTP/2.0" 200 1863 "https://fita.staroobrad.ru/?loknya=/proc/278/net" "Mozilla/5.0 AppleWebKit/537.36 (KHTML, like Gecko; compatible; GPTBot/1.4; +https://openai.com/gptbot)"
74.7.227.155 - - [19/Aug/2026:04:16:43 +0300] "GET /?lokasie=/proc/489/net/ip_mr_vif&loknya=/proc/489/net HTTP/2.0" 200 1864 "https://fita.staroobrad.ru/?loknya=/proc/489/net" "Mozilla/5.0 AppleWebKit/537.36 (KHTML, like Gecko; compatible; GPTBot/1.4; +https://openai.com/gptbot)"
135.181.3.246 - - [19/Aug/2026:04:16:43 +0300] "GET /?submit/110013995 HTTP/1.1" 200 4033 "-" "Mozilla/5.0 (compatible; SERankingBacklinksBot/1.0; +https://seranking.com/backlinks-crawler)"
74.7.227.155 - - [19/Aug/2026:04:16:43 +0300] "GET /?lokasie=/proc/278/net/ip_mr_cache&loknya=/proc/278/net HTTP/2.0" 200 1857 "https://fita.staroobrad.ru/?loknya=/proc/278/net" "Mozilla/5.0 AppleWebKit/537.36 (KHTML, like Gecko; compatible; GPTBot/1.4; +https://openai.com/gptbot)"
74.7.227.155 - - [19/Aug/2026:04:16:44 +0300] "GET /?lokasie=/proc/517/net/ip_mr_cache&loknya=/proc/517/net HTTP/2.0" 200 1857 "https://fita.staroobrad.ru/?loknya=/proc/517/net" "Mozilla/5.0 AppleWebKit/537.36 (KHTML, like Gecko; compatible; GPTBot/1.4; +https://openai.com/gptbot)"
74.7.227.155 - - [19/Aug/2026:04:16:44 +0300] "GET /?lokasie=/proc/512/net/ip_mr_cache&loknya=/proc/512/net HTTP/2.0" 200 1857 "https://fita.staroobrad.ru/?loknya=/proc/512/net" "Mozilla/5.0 AppleWebKit/537.36 (KHTML, like Gecko; compatible; GPTBot/1.4; +https://openai.com/gptbot)"
74.7.227.155 - - [19/Aug/2026:04:16:45 +0300] "GET /?lokasie=/proc/491/net/ip_mr_cache&loknya=/proc/491/net HTTP/2.0" 200 1857 "https://fita.staroobrad.ru/?loknya=/proc/491/net" "Mozilla/5.0 AppleWebKit/537.36 (KHTML, like Gecko; compatible; GPTBot/1.4; +https://openai.com/gptbot)"
74.7.227.155 - - [19/Aug/2026:04:16:45 +0300] "GET /?lokasie=/proc/647/net/ip_mr_cache&loknya=/proc/647/net HTTP/2.0" 200 1857 "https://fita.staroobrad.ru/?loknya=/proc/647/net" "Mozilla/5.0 AppleWebKit/537.36 (KHTML, like Gecko; compatible; GPTBot/1.4; +https://openai.com/gptbot)"
74.7.227.155 - - [19/Aug/2026:04:16:46 +0300] "GET /?lokasie=/proc/489/net/ip_mr_cache&loknya=/proc/489/net HTTP/2.0" 200 1857 "https://fita.staroobrad.ru/?loknya=/proc/489/net" "Mozilla/5.0 AppleWebKit/537.36 (KHTML, like Gecko; compatible; GPTBot/1.4; +https://openai.com/gptbot)"
135.181.3.246 - - [19/Aug/2026:04:16:46 +0300] "GET /?submit/154029737 HTTP/1.1" 200 4033 "-" "Mozilla/5.0 (compatible; SERankingBacklinksBot/1.0; +https://seranking.com/backlinks-crawler)"
74.7.227.155 - - [19/Aug/2026:04:16:46 +0300] "GET /?lokasie=/proc/705/net/ip_mr_cache&loknya=/proc/705/net HTTP/2.0" 200 1857 "https://fita.staroobrad.ru/?loknya=/proc/705/net" "Mozilla/5.0 AppleWebKit/537.36 (KHTML, like Gecko; compatible; GPTBot/1.4; +https://openai.com/gptbot)"
74.7.227.155 - - [19/Aug/2026:04:16:47 +0300] "GET /?lokasie=/proc/709/net/ip_mr_cache&loknya=/proc/709/net HTTP/2.0" 200 1857 "https://fita.staroobrad.ru/?loknya=/proc/709/net" "Mozilla/5.0 AppleWebKit/537.36 (KHTML, like Gecko; compatible; GPTBot/1.4; +https://openai.com/gptbot)"
74.7.227.155 - - [19/Aug/2026:04:16:47 +0300] "GET /?lokasie=/proc/647/net/ip6_mr_vif&loknya=/proc/647/net HTTP/2.0" 200 1852 "https://fita.staroobrad.ru/?loknya=/proc/647/net" "Mozilla/5.0 AppleWebKit/537.36 (KHTML, like Gecko; compatible; GPTBot/1.4; +https://openai.com/gptbot)"
74.7.227.155 - - [19/Aug/2026:04:16:48 +0300] "GET /?lokasie=/proc/708/net/ip6_mr_cache&loknya=/proc/708/net HTTP/2.0" 200 1859 "https://fita.staroobrad.ru/?loknya=/proc/708/net" "Mozilla/5.0 AppleWebKit/537.36 (KHTML, like Gecko; compatible; GPTBot/1.4; +https://openai.com/gptbot)"
74.7.227.155 - - [19/Aug/2026:04:16:49 +0300] "GET /?lokasie=/proc/489/net/ip6_mr_cache&loknya=/proc/489/net HTTP/2.0" 200 1861 "https://fita.staroobrad.ru/?loknya=/proc/489/net" "Mozilla/5.0 AppleWebKit/537.36 (KHTML, like Gecko; compatible; GPTBot/1.4; +https://openai.com/gptbot)"
74.7.227.155 - - [19/Aug/2026:04:16:49 +0300] "GET /?lokasie=/proc/278/net/ip6_mr_cache&loknya=/proc/278/net HTTP/2.0" 200 1860 "https://fita.staroobrad.ru/?loknya=/proc/278/net" "Mozilla/5.0 AppleWebKit/537.36 (KHTML, like Gecko; compatible; GPTBot/1.4; +https://openai.com/gptbot)"
135.181.3.246 - - [19/Aug/2026:04:16:49 +0300] "GET /?submit/166017417 HTTP/1.1" 200 4033 "-" "Mozilla/5.0 (compatible; SERankingBacklinksBot/1.0; +https://seranking.com/backlinks-crawler)"
74.7.227.155 - - [19/Aug/2026:04:16:50 +0300] "GET /?lokasie=/proc/512/net/ip6_mr_cache&loknya=/proc/512/net HTTP/2.0" 200 1859 "https://fita.staroobrad.ru/?loknya=/proc/512/net" "Mozilla/5.0 AppleWebKit/537.36 (KHTML, like Gecko; compatible; GPTBot/1.4; +https://openai.com/gptbot)"
74.7.227.155 - - [19/Aug/2026:04:16:50 +0300] "GET /?lokasie=/proc/705/net/ip6_mr_cache&loknya=/proc/705/net HTTP/2.0" 200 1859 "https://fita.staroobrad.ru/?loknya=/proc/705/net" "Mozilla/5.0 AppleWebKit/537.36 (KHTML, like Gecko; compatible; GPTBot/1.4; +https://openai.com/gptbot)"
74.7.227.155 - - [19/Aug/2026:04:16:51 +0300] "GET /?lokasie=/proc/491/net/ip6_mr_cache&loknya=/proc/491/net HTTP/2.0" 200 1861 "https://fita.staroobrad.ru/?loknya=/proc/491/net" "Mozilla/5.0 AppleWebKit/537.36 (KHTML, like Gecko; compatible; GPTBot/1.4; +https://openai.com/gptbot)"
74.7.227.155 - - [19/Aug/2026:04:16:51 +0300] "GET /?lokasie=/proc/517/net/ip6_mr_cache&loknya=/proc/517/net HTTP/2.0" 200 1859 "https://fita.staroobrad.ru/?loknya=/proc/517/net" "Mozilla/5.0 AppleWebKit/537.36 (KHTML, like Gecko; compatible; GPTBot/1.4; +https://openai.com/gptbot)"
74.7.227.155 - - [19/Aug/2026:04:16:52 +0300] "GET /?lokasie=/proc/709/net/ip6_mr_cache&loknya=/proc/709/net HTTP/2.0" 200 1860 "https://fita.staroobrad.ru/?loknya=/proc/709/net" "Mozilla/5.0 AppleWebKit/537.36 (KHTML, like Gecko; compatible; GPTBot/1.4; +https://openai.com/gptbot)"
74.7.227.155 - - [19/Aug/2026:04:16:52 +0300] "GET /?lokasie=/proc/157/net/ip6_mr_cache&loknya=/proc/157/net HTTP/2.0" 200 1859 "https://fita.staroobrad.ru/?loknya=/proc/157/net" "Mozilla/5.0 AppleWebKit/537.36 (KHTML, like Gecko; compatible; GPTBot/1.4; +https://openai.com/gptbot)"
135.181.3.246 - - [19/Aug/2026:04:16:52 +0300] "GET /?subtle/063030920 HTTP/1.1" 200 4033 "-" "Mozilla/5.0 (compatible; SERankingBacklinksBot/1.0; +https://seranking.com/backlinks-crawler)"
74.7.227.155 - - [19/Aug/2026:04:16:53 +0300] "GET /?lokasie=/proc/491/net/unix&loknya=/proc/491/net HTTP/2.0" 200 5095 "https://fita.staroobrad.ru/?loknya=/proc/491/net" "Mozilla/5.0 AppleWebKit/537.36 (KHTML, like Gecko; compatible; GPTBot/1.4; +https://openai.com/gptbot)"
74.7.227.155 - - [19/Aug/2026:04:16:53 +0300] "GET /?lokasie=/proc/512/net/xfrm_stat&loknya=/proc/512/net HTTP/2.0" 200 2008 "https://fita.staroobrad.ru/?loknya=/proc/512/net" "Mozilla/5.0 AppleWebKit/537.36 (KHTML, like Gecko; compatible; GPTBot/1.4; +https://openai.com/gptbot)"
74.7.227.155 - - [19/Aug/2026:04:16:54 +0300] "GET /?lokasie=/proc/489/net/xfrm_stat&loknya=/proc/489/net HTTP/2.0" 200 2009 "https://fita.staroobrad.ru/?loknya=/proc/489/net" "Mozilla/5.0 AppleWebKit/537.36 (KHTML, like Gecko; compatible; GPTBot/1.4; +https://openai.com/gptbot)"
74.7.227.155 - - [19/Aug/2026:04:16:54 +0300] "GET /?lokasie=/proc/489/net/dev_mcast&loknya=/proc/489/net HTTP/2.0" 200 1861 "https://fita.staroobrad.ru/?loknya=/proc/489/net" "Mozilla/5.0 AppleWebKit/537.36 (KHTML, like Gecko; compatible; GPTBot/1.4; +https://openai.com/gptbot)"
74.7.227.155 - - [19/Aug/2026:04:16:55 +0300] "GET /?lokasie=/proc/708/net/xfrm_stat&loknya=/proc/708/net HTTP/2.0" 200 2008 "https://fita.staroobrad.ru/?loknya=/proc/708/net" "Mozilla/5.0 AppleWebKit/537.36 (KHTML, like Gecko; compatible; GPTBot/1.4; +https://openai.com/gptbot)"
135.181.3.246 - - [19/Aug/2026:04:16:55 +0300] "GET /?suburb/076032485 HTTP/1.1" 200 4033 "-" "Mozilla/5.0 (compatible; SERankingBacklinksBot/1.0; +https://seranking.com/backlinks-crawler)"
74.7.227.155 - - [19/Aug/2026:04:16:55 +0300] "GET /?lokasie=/proc/157/net/xfrm_stat&loknya=/proc/157/net HTTP/2.0" 200 2008 "https://fita.staroobrad.ru/?loknya=/proc/157/net" "Mozilla/5.0 AppleWebKit/537.36 (KHTML, like Gecko; compatible; GPTBot/1.4; +https://openai.com/gptbot)"
74.7.227.155 - - [19/Aug/2026:04:16:56 +0300] "GET /?lokasie=/proc/705/net/dev_mcast&loknya=/proc/705/net HTTP/2.0" 200 1860 "https://fita.staroobrad.ru/?loknya=/proc/705/net" "Mozilla/5.0 AppleWebKit/537.36 (KHTML, like Gecko; compatible; GPTBot/1.4; +https://openai.com/gptbot)"
74.7.227.155 - - [19/Aug/2026:04:16:57 +0300] "GET /?lokasie=/proc/709/net/dev_mcast&loknya=/proc/709/net HTTP/2.0" 200 1861 "https://fita.staroobrad.ru/?loknya=/proc/709/net" "Mozilla/5.0 AppleWebKit/537.36 (KHTML, like Gecko; compatible; GPTBot/1.4; +https://openai.com/gptbot)"
74.7.227.155 - - [19/Aug/2026:04:16:57 +0300] "GET /?lokasie=/proc/491/net/xfrm_stat&loknya=/proc/491/net HTTP/2.0" 200 2009 "https://fita.staroobrad.ru/?loknya=/proc/491/net" "Mozilla/5.0 AppleWebKit/537.36 (KHTML, like Gecko; compatible; GPTBot/1.4; +https://openai.com/gptbot)"
74.7.227.155 - - [19/Aug/2026:04:16:58 +0300] "GET /?lokasie=/proc/705/net/xfrm_stat&loknya=/proc/705/net HTTP/2.0" 200 2008 "https://fita.staroobrad.ru/?loknya=/proc/705/net" "Mozilla/5.0 AppleWebKit/537.36 (KHTML, like Gecko; compatible; GPTBot/1.4; +https://openai.com/gptbot)"
74.7.227.155 - - [19/Aug/2026:04:16:58 +0300] "GET /?lokasie=/proc/278/net/dev_mcast&loknya=/proc/278/net HTTP/2.0" 200 1860 "https://fita.staroobrad.ru/?loknya=/proc/278/net" "Mozilla/5.0 AppleWebKit/537.36 (KHTML, like Gecko; compatible; GPTBot/1.4; +https://openai.com/gptbot)"
135.181.3.246 - - [19/Aug/2026:04:16:59 +0300] "GET /?suburb/277046206 HTTP/1.1" 200 4033 "-" "Mozilla/5.0 (compatible; SERankingBacklinksBot/1.0; +https://seranking.com/backlinks-crawler)"
74.7.227.155 - - [19/Aug/2026:04:16:59 +0300] "GET /?lokasie=/proc/647/net/xfrm_stat&loknya=/proc/647/net HTTP/2.0" 200 2008 "https://fita.staroobrad.ru/?loknya=/proc/647/net" "Mozilla/5.0 AppleWebKit/537.36 (KHTML, like Gecko; compatible; GPTBot/1.4; +https://openai.com/gptbot)"
74.7.227.155 - - [19/Aug/2026:04:16:59 +0300] "GET /?lokasie=/proc/512/net/dev_mcast&loknya=/proc/512/net HTTP/2.0" 200 1859 "https://fita.staroobrad.ru/?loknya=/proc/512/net" "Mozilla/5.0 AppleWebKit/537.36 (KHTML, like Gecko; compatible; GPTBot/1.4; +https://openai.com/gptbot)"
74.7.227.155 - - [19/Aug/2026:04:17:00 +0300] "GET /?lokasie=/proc/517/net/dev_mcast&loknya=/proc/517/net HTTP/2.0" 200 1859 "https://fita.staroobrad.ru/?loknya=/proc/517/net" "Mozilla/5.0 AppleWebKit/537.36 (KHTML, like Gecko; compatible; GPTBot/1.4; +https://openai.com/gptbot)"
74.7.227.155 - - [19/Aug/2026:04:17:00 +0300] "GET /?lokasie=/proc/278/net/xfrm_stat&loknya=/proc/278/net HTTP/2.0" 200 2008 "https://fita.staroobrad.ru/?loknya=/proc/278/net" "Mozilla/5.0 AppleWebKit/537.36 (KHTML, like Gecko; compatible; GPTBot/1.4; +https://openai.com/gptbot)"
74.7.227.155 - - [19/Aug/2026:04:17:01 +0300] "GET /?lokasie=/proc/491/net/dev_mcast&loknya=/proc/491/net HTTP/2.0" 200 1861 "https://fita.staroobrad.ru/?loknya=/proc/491/net" "Mozilla/5.0 AppleWebKit/537.36 (KHTML, like Gecko; compatible; GPTBot/1.4; +https://openai.com/gptbot)"
74.7.227.155 - - [19/Aug/2026:04:17:01 +0300] "GET /?lokasie=/proc/517/net/xfrm_stat&loknya=/proc/517/net HTTP/2.0" 200 2008 "https://fita.staroobrad.ru/?loknya=/proc/517/net" "Mozilla/5.0 AppleWebKit/537.36 (KHTML, like Gecko; compatible; GPTBot/1.4; +https://openai.com/gptbot)"
135.181.3.246 - - [19/Aug/2026:04:17:02 +0300] "GET /?summer/061038984 HTTP/1.1" 200 4033 "-" "Mozilla/5.0 (compatible; SERankingBacklinksBot/1.0; +https://seranking.com/backlinks-crawler)"
74.7.227.155 - - [19/Aug/2026:04:17:02 +0300] "GET /?lokasie=/proc/708/net/dev_mcast&loknya=/proc/708/net HTTP/2.0" 200 1860 "https://fita.staroobrad.ru/?loknya=/proc/708/net" "Mozilla/5.0 AppleWebKit/537.36 (KHTML, like Gecko; compatible; GPTBot/1.4; +https://openai.com/gptbot)"
74.7.227.155 - - [19/Aug/2026:04:17:02 +0300] "GET /?lokasie=/proc/157/net/dev_mcast&loknya=/proc/157/net HTTP/2.0" 200 1859 "https://fita.staroobrad.ru/?loknya=/proc/157/net" "Mozilla/5.0 AppleWebKit/537.36 (KHTML, like Gecko; compatible; GPTBot/1.4; +https://openai.com/gptbot)"
74.7.227.155 - - [19/Aug/2026:04:17:03 +0300] "GET /?lokasie=/proc/647/net/dev_mcast&loknya=/proc/647/net HTTP/2.0" 200 1858 "https://fita.staroobrad.ru/?loknya=/proc/647/net" "Mozilla/5.0 AppleWebKit/537.36 (KHTML, like Gecko; compatible; GPTBot/1.4; +https://openai.com/gptbot)"
74.7.227.155 - - [19/Aug/2026:04:17:03 +0300] "GET /?lokasie=/proc/709/net/xfrm_stat&loknya=/proc/709/net HTTP/2.0" 200 2008 "https://fita.staroobrad.ru/?loknya=/proc/709/net" "Mozilla/5.0 AppleWebKit/537.36 (KHTML, like Gecko; compatible; GPTBot/1.4; +https://openai.com/gptbot)"
74.7.227.155 - - [19/Aug/2026:04:17:04 +0300] "GET /?lokasie=/proc/491/net/udp6&loknya=/proc/491/net HTTP/2.0" 200 1942 "https://fita.staroobrad.ru/?loknya=/proc/491/net" "Mozilla/5.0 AppleWebKit/537.36 (KHTML, like Gecko; compatible; GPTBot/1.4; +https://openai.com/gptbot)"
74.7.227.155 - - [19/Aug/2026:04:17:04 +0300] "GET /?lokasie=/proc/647/net/ip6_mr_cache&loknya=/proc/647/net HTTP/2.0" 200 1859 "https://fita.staroobrad.ru/?loknya=/proc/647/net" "Mozilla/5.0 AppleWebKit/537.36 (KHTML, like Gecko; compatible; GPTBot/1.4; +https://openai.com/gptbot)"
74.7.227.155 - - [19/Aug/2026:04:17:05 +0300] "GET /?lokasie=/proc/491/environ&loknya=/proc/491 HTTP/2.0" 200 1811 "https://fita.staroobrad.ru/?loknya=/proc/491" "Mozilla/5.0 AppleWebKit/537.36 (KHTML, like Gecko; compatible; GPTBot/1.4; +https://openai.com/gptbot)"
135.181.3.246 - - [19/Aug/2026:04:17:05 +0300] "GET /?summer/076044139 HTTP/1.1" 200 4033 "-" "Mozilla/5.0 (compatible; SERankingBacklinksBot/1.0; +https://seranking.com/backlinks-crawler)"
74.7.227.155 - - [19/Aug/2026:04:17:05 +0300] "GET /?lokasie=/proc/157/cgroup&loknya=/proc/157 HTTP/2.0" 200 1814 "https://fita.staroobrad.ru/?loknya=/proc/157" "Mozilla/5.0 AppleWebKit/537.36 (KHTML, like Gecko; compatible; GPTBot/1.4; +https://openai.com/gptbot)"
74.7.227.155 - - [19/Aug/2026:04:17:06 +0300] "GET /?lokasie=/proc/705/pagemap&loknya=/proc/705 HTTP/2.0" 200 1809 "https://fita.staroobrad.ru/?loknya=/proc/705" "Mozilla/5.0 AppleWebKit/537.36 (KHTML, like Gecko; compatible; GPTBot/1.4; +https://openai.com/gptbot)"
74.7.227.155 - - [19/Aug/2026:04:17:07 +0300] "GET /?lokasie=/proc/278/environ&loknya=/proc/278 HTTP/2.0" 200 1809 "https://fita.staroobrad.ru/?loknya=/proc/278" "Mozilla/5.0 AppleWebKit/537.36 (KHTML, like Gecko; compatible; GPTBot/1.4; +https://openai.com/gptbot)"
74.7.227.155 - - [19/Aug/2026:04:17:07 +0300] "GET /?lokasie=/proc/157/environ&loknya=/proc/157 HTTP/2.0" 200 1810 "https://fita.staroobrad.ru/?loknya=/proc/157" "Mozilla/5.0 AppleWebKit/537.36 (KHTML, like Gecko; compatible; GPTBot/1.4; +https://openai.com/gptbot)"
74.7.227.155 - - [19/Aug/2026:04:17:08 +0300] "GET /?lokasie=/proc/517/pagemap&loknya=/proc/517 HTTP/2.0" 200 1810 "https://fita.staroobrad.ru/?loknya=/proc/517" "Mozilla/5.0 AppleWebKit/537.36 (KHTML, like Gecko; compatible; GPTBot/1.4; +https://openai.com/gptbot)"
135.181.3.246 - - [19/Aug/2026:04:17:08 +0300] "GET /?summer/147009472 HTTP/1.1" 200 4033 "-" "Mozilla/5.0 (compatible; SERankingBacklinksBot/1.0; +https://seranking.com/backlinks-crawler)"
74.7.227.155 - - [19/Aug/2026:04:17:08 +0300] "GET /?lokasie=/proc/489/cgroup&loknya=/proc/489 HTTP/2.0" 200 1830 "https://fita.staroobrad.ru/?loknya=/proc/489" "Mozilla/5.0 AppleWebKit/537.36 (KHTML, like Gecko; compatible; GPTBot/1.4; +https://openai.com/gptbot)"
74.7.227.155 - - [19/Aug/2026:04:17:09 +0300] "GET /?lokasie=/proc/489/environ&loknya=/proc/489 HTTP/2.0" 200 1811 "https://fita.staroobrad.ru/?loknya=/proc/489" "Mozilla/5.0 AppleWebKit/537.36 (KHTML, like Gecko; compatible; GPTBot/1.4; +https://openai.com/gptbot)"
74.7.227.155 - - [19/Aug/2026:04:17:09 +0300] "GET /?lokasie=/proc/709/syscall&loknya=/proc/709 HTTP/2.0" 200 1810 "https://fita.staroobrad.ru/?loknya=/proc/709" "Mozilla/5.0 AppleWebKit/537.36 (KHTML, like Gecko; compatible; GPTBot/1.4; +https://openai.com/gptbot)"
74.7.227.155 - - [19/Aug/2026:04:17:10 +0300] "GET /?lokasie=/proc/517/syscall&loknya=/proc/517 HTTP/2.0" 200 1811 "https://fita.staroobrad.ru/?loknya=/proc/517" "Mozilla/5.0 AppleWebKit/537.36 (KHTML, like Gecko; compatible; GPTBot/1.4; +https://openai.com/gptbot)"
74.7.227.155 - - [19/Aug/2026:04:17:10 +0300] "GET /?lokasie=/proc/512/pagemap&loknya=/proc/512 HTTP/2.0" 200 1810 "https://fita.staroobrad.ru/?loknya=/proc/512" "Mozilla/5.0 AppleWebKit/537.36 (KHTML, like Gecko; compatible; GPTBot/1.4; +https://openai.com/gptbot)"
74.7.227.155 - - [19/Aug/2026:04:17:11 +0300] "GET /?lokasie=/proc/708/pagemap&loknya=/proc/708 HTTP/2.0" 200 1809 "https://fita.staroobrad.ru/?loknya=/proc/708" "Mozilla/5.0 AppleWebKit/537.36 (KHTML, like Gecko; compatible; GPTBot/1.4; +https://openai.com/gptbot)"
135.181.3.246 - - [19/Aug/2026:04:17:11 +0300] "GET /?summer/162006087 HTTP/1.1" 200 4033 "-" "Mozilla/5.0 (compatible; SERankingBacklinksBot/1.0; +https://seranking.com/backlinks-crawler)"
74.7.227.155 - - [19/Aug/2026:04:17:11 +0300] "GET /?lokasie=/proc/489/syscall&loknya=/proc/489 HTTP/2.0" 200 1812 "https://fita.staroobrad.ru/?loknya=/proc/489" "Mozilla/5.0 AppleWebKit/537.36 (KHTML, like Gecko; compatible; GPTBot/1.4; +https://openai.com/gptbot)"
74.7.227.155 - - [19/Aug/2026:04:17:12 +0300] "GET /?lokasie=/proc/278/syscall&loknya=/proc/278 HTTP/2.0" 200 1810 "https://fita.staroobrad.ru/?loknya=/proc/278" "Mozilla/5.0 AppleWebKit/537.36 (KHTML, like Gecko; compatible; GPTBot/1.4; +https://openai.com/gptbot)"
74.7.227.155 - - [19/Aug/2026:04:17:12 +0300] "GET /?lokasie=/proc/517/environ&loknya=/proc/517 HTTP/2.0" 200 1810 "https://fita.staroobrad.ru/?loknya=/proc/517" "Mozilla/5.0 AppleWebKit/537.36 (KHTML, like Gecko; compatible; GPTBot/1.4; +https://openai.com/gptbot)"
74.7.227.155 - - [19/Aug/2026:04:17:13 +0300] "GET /?lokasie=/proc/278/cgroup&loknya=/proc/278 HTTP/2.0" 200 1835 "https://fita.staroobrad.ru/?loknya=/proc/278" "Mozilla/5.0 AppleWebKit/537.36 (KHTML, like Gecko; compatible; GPTBot/1.4; +https://openai.com/gptbot)"
74.7.227.155 - - [19/Aug/2026:04:17:13 +0300] "GET /?lokasie=/proc/647/cgroup&loknya=/proc/647 HTTP/2.0" 200 1840 "https://fita.staroobrad.ru/?loknya=/proc/647" "Mozilla/5.0 AppleWebKit/537.36 (KHTML, like Gecko; compatible; GPTBot/1.4; +https://openai.com/gptbot)"
74.7.227.155 - - [19/Aug/2026:04:17:14 +0300] "GET /?lokasie=/proc/705/syscall&loknya=/proc/705 HTTP/2.0" 200 1809 "https://fita.staroobrad.ru/?loknya=/proc/705" "Mozilla/5.0 AppleWebKit/537.36 (KHTML, like Gecko; compatible; GPTBot/1.4; +https://openai.com/gptbot)"
135.181.3.246 - - [19/Aug/2026:04:17:14 +0300] "GET /?summer/218040019 HTTP/1.1" 200 4033 "-" "Mozilla/5.0 (compatible; SERankingBacklinksBot/1.0; +https://seranking.com/backlinks-crawler)"
74.7.227.155 - - [19/Aug/2026:04:17:14 +0300] "GET /?lokasie=/proc/489/pagemap&loknya=/proc/489 HTTP/2.0" 200 1811 "https://fita.staroobrad.ru/?loknya=/proc/489" "Mozilla/5.0 AppleWebKit/537.36 (KHTML, like Gecko; compatible; GPTBot/1.4; +https://openai.com/gptbot)"
74.7.227.155 - - [19/Aug/2026:04:17:15 +0300] "GET /?lokasie=/proc/709/pagemap&loknya=/proc/709 HTTP/2.0" 200 1810 "https://fita.staroobrad.ru/?loknya=/proc/709" "Mozilla/5.0 AppleWebKit/537.36 (KHTML, like Gecko; compatible; GPTBot/1.4; +https://openai.com/gptbot)"
74.7.227.155 - - [19/Aug/2026:04:17:15 +0300] "GET /?lokasie=/proc/708/environ&loknya=/proc/708 HTTP/2.0" 200 1809 "https://fita.staroobrad.ru/?loknya=/proc/708" "Mozilla/5.0 AppleWebKit/537.36 (KHTML, like Gecko; compatible; GPTBot/1.4; +https://openai.com/gptbot)"
74.7.227.155 - - [19/Aug/2026:04:17:16 +0300] "GET /?lokasie=/proc/491/syscall&loknya=/proc/491 HTTP/2.0" 200 1812 "https://fita.staroobrad.ru/?loknya=/proc/491" "Mozilla/5.0 AppleWebKit/537.36 (KHTML, like Gecko; compatible; GPTBot/1.4; +https://openai.com/gptbot)"
74.7.227.155 - - [19/Aug/2026:04:17:16 +0300] "GET /?lokasie=/proc/705/environ&loknya=/proc/705 HTTP/2.0" 200 1808 "https://fita.staroobrad.ru/?loknya=/proc/705" "Mozilla/5.0 AppleWebKit/537.36 (KHTML, like Gecko; compatible; GPTBot/1.4; +https://openai.com/gptbot)"
74.7.227.155 - - [19/Aug/2026:04:17:17 +0300] "GET /?lokasie=/proc/705/cgroup&loknya=/proc/705 HTTP/2.0" 200 1846 "https://fita.staroobrad.ru/?loknya=/proc/705" "Mozilla/5.0 AppleWebKit/537.36 (KHTML, like Gecko; compatible; GPTBot/1.4; +https://openai.com/gptbot)"
135.181.3.246 - - [19/Aug/2026:04:17:18 +0300] "GET /?summer/251037618 HTTP/1.1" 200 4033 "-" "Mozilla/5.0 (compatible; SERankingBacklinksBot/1.0; +https://seranking.com/backlinks-crawler)"
74.7.227.155 - - [19/Aug/2026:04:17:18 +0300] "GET /?lokasie=/proc/491/pagemap&loknya=/proc/491 HTTP/2.0" 200 1811 "https://fita.staroobrad.ru/?loknya=/proc/491" "Mozilla/5.0 AppleWebKit/537.36 (KHTML, like Gecko; compatible; GPTBot/1.4; +https://openai.com/gptbot)"
74.7.227.155 - - [19/Aug/2026:04:17:18 +0300] "GET /?lokasie=/proc/278/pagemap&loknya=/proc/278 HTTP/2.0" 200 1809 "https://fita.staroobrad.ru/?loknya=/proc/278" "Mozilla/5.0 AppleWebKit/537.36 (KHTML, like Gecko; compatible; GPTBot/1.4; +https://openai.com/gptbot)"
74.7.227.155 - - [19/Aug/2026:04:17:19 +0300] "GET /?lokasie=/proc/512/cgroup&loknya=/proc/512 HTTP/2.0" 200 1839 "https://fita.staroobrad.ru/?loknya=/proc/512" "Mozilla/5.0 AppleWebKit/537.36 (KHTML, like Gecko; compatible; GPTBot/1.4; +https://openai.com/gptbot)"
74.7.227.155 - - [19/Aug/2026:04:17:19 +0300] "GET /?lokasie=/proc/512/syscall&loknya=/proc/512 HTTP/2.0" 200 1811 "https://fita.staroobrad.ru/?loknya=/proc/512" "Mozilla/5.0 AppleWebKit/537.36 (KHTML, like Gecko; compatible; GPTBot/1.4; +https://openai.com/gptbot)"
74.7.227.155 - - [19/Aug/2026:04:17:20 +0300] "GET /?lokasie=/proc/647/environ&loknya=/proc/647 HTTP/2.0" 200 1810 "https://fita.staroobrad.ru/?loknya=/proc/647" "Mozilla/5.0 AppleWebKit/537.36 (KHTML, like Gecko; compatible; GPTBot/1.4; +https://openai.com/gptbot)"
74.7.227.155 - - [19/Aug/2026:04:17:20 +0300] "GET /?lokasie=/proc/647/syscall&loknya=/proc/647 HTTP/2.0" 200 1811 "https://fita.staroobrad.ru/?loknya=/proc/647" "Mozilla/5.0 AppleWebKit/537.36 (KHTML, like Gecko; compatible; GPTBot/1.4; +https://openai.com/gptbot)"
135.181.3.246 - - [19/Aug/2026:04:17:21 +0300] "GET /?summit/049012252 HTTP/1.1" 200 4033 "-" "Mozilla/5.0 (compatible; SERankingBacklinksBot/1.0; +https://seranking.com/backlinks-crawler)"
74.7.227.155 - - [19/Aug/2026:04:17:21 +0300] "GET /?lokasie=/proc/491/cgroup&loknya=/proc/491 HTTP/2.0" 200 1832 "https://fita.staroobrad.ru/?loknya=/proc/491" "Mozilla/5.0 AppleWebKit/537.36 (KHTML, like Gecko; compatible; GPTBot/1.4; +https://openai.com/gptbot)"
74.7.227.155 - - [19/Aug/2026:04:17:21 +0300] "GET /?lokasie=/proc/708/cgroup&loknya=/proc/708 HTTP/2.0" 200 1846 "https://fita.staroobrad.ru/?loknya=/proc/708" "Mozilla/5.0 AppleWebKit/537.36 (KHTML, like Gecko; compatible; GPTBot/1.4; +https://openai.com/gptbot)"
74.7.227.155 - - [19/Aug/2026:04:17:22 +0300] "GET /?lokasie=/proc/647/pagemap&loknya=/proc/647 HTTP/2.0" 200 1810 "https://fita.staroobrad.ru/?loknya=/proc/647" "Mozilla/5.0 AppleWebKit/537.36 (KHTML, like Gecko; compatible; GPTBot/1.4; +https://openai.com/gptbot)"
74.7.227.155 - - [19/Aug/2026:04:17:22 +0300] "GET /?lokasie=/proc/157/pagemap&loknya=/proc/157 HTTP/2.0" 200 1810 "https://fita.staroobrad.ru/?loknya=/proc/157" "Mozilla/5.0 AppleWebKit/537.36 (KHTML, like Gecko; compatible; GPTBot/1.4; +https://openai.com/gptbot)"
74.7.227.155 - - [19/Aug/2026:04:17:23 +0300] "GET /?lokasie=/proc/517/cgroup&loknya=/proc/517 HTTP/2.0" 200 1836 "https://fita.staroobrad.ru/?loknya=/proc/517" "Mozilla/5.0 AppleWebKit/537.36 (KHTML, like Gecko; compatible; GPTBot/1.4; +https://openai.com/gptbot)"
74.7.227.155 - - [19/Aug/2026:04:17:23 +0300] "GET /?lokasie=/proc/709/cgroup&loknya=/proc/709 HTTP/2.0" 200 1846 "https://fita.staroobrad.ru/?loknya=/proc/709" "Mozilla/5.0 AppleWebKit/537.36 (KHTML, like Gecko; compatible; GPTBot/1.4; +https://openai.com/gptbot)"
74.7.227.155 - - [19/Aug/2026:04:17:24 +0300] "GET /?lokasie=/proc/709/environ&loknya=/proc/709 HTTP/2.0" 200 1810 "https://fita.staroobrad.ru/?loknya=/proc/709" "Mozilla/5.0 AppleWebKit/537.36 (KHTML, like Gecko; compatible; GPTBot/1.4; +https://openai.com/gptbot)"
135.181.3.246 - - [19/Aug/2026:04:17:24 +0300] "GET /?summit/224044611 HTTP/1.1" 200 4033 "-" "Mozilla/5.0 (compatible; SERankingBacklinksBot/1.0; +https://seranking.com/backlinks-crawler)"
74.7.227.155 - - [19/Aug/2026:04:17:24 +0300] "GET /?lokasie=/proc/157/syscall&loknya=/proc/157 HTTP/2.0" 200 1811 "https://fita.staroobrad.ru/?loknya=/proc/157" "Mozilla/5.0 AppleWebKit/537.36 (KHTML, like Gecko; compatible; GPTBot/1.4; +https://openai.com/gptbot)"
74.7.227.155 - - [19/Aug/2026:04:17:25 +0300] "GET /?lokasie=/proc/708/syscall&loknya=/proc/708 HTTP/2.0" 200 1810 "https://fita.staroobrad.ru/?loknya=/proc/708" "Mozilla/5.0 AppleWebKit/537.36 (KHTML, like Gecko; compatible; GPTBot/1.4; +https://openai.com/gptbot)"
74.7.227.155 - - [19/Aug/2026:04:17:25 +0300] "GET /?lokasie=/proc/705/mem&loknya=/proc/705 HTTP/2.0" 200 1806 "https://fita.staroobrad.ru/?loknya=/proc/705" "Mozilla/5.0 AppleWebKit/537.36 (KHTML, like Gecko; compatible; GPTBot/1.4; +https://openai.com/gptbot)"
74.7.227.155 - - [19/Aug/2026:04:17:26 +0300] "GET /?lokasie=/proc/708/mem&loknya=/proc/708 HTTP/2.0" 200 1806 "https://fita.staroobrad.ru/?loknya=/proc/708" "Mozilla/5.0 AppleWebKit/537.36 (KHTML, like Gecko; compatible; GPTBot/1.4; +https://openai.com/gptbot)"
74.7.227.155 - - [19/Aug/2026:04:17:27 +0300] "GET /?lokasie=/proc/491/mem&loknya=/proc/491 HTTP/2.0" 200 1808 "https://fita.staroobrad.ru/?loknya=/proc/491" "Mozilla/5.0 AppleWebKit/537.36 (KHTML, like Gecko; compatible; GPTBot/1.4; +https://openai.com/gptbot)"
135.181.3.246 - - [19/Aug/2026:04:17:27 +0300] "GET /?supply/033031688 HTTP/1.1" 200 4033 "-" "Mozilla/5.0 (compatible; SERankingBacklinksBot/1.0; +https://seranking.com/backlinks-crawler)"
74.7.227.155 - - [19/Aug/2026:04:17:27 +0300] "GET /?lokasie=/proc/517/mem&loknya=/proc/517 HTTP/2.0" 200 1807 "https://fita.staroobrad.ru/?loknya=/proc/517" "Mozilla/5.0 AppleWebKit/537.36 (KHTML, like Gecko; compatible; GPTBot/1.4; +https://openai.com/gptbot)"
74.7.227.155 - - [19/Aug/2026:04:17:28 +0300] "GET /?lokasie=/proc/709/mem&loknya=/proc/709 HTTP/2.0" 200 1807 "https://fita.staroobrad.ru/?loknya=/proc/709" "Mozilla/5.0 AppleWebKit/537.36 (KHTML, like Gecko; compatible; GPTBot/1.4; +https://openai.com/gptbot)"
74.7.227.155 - - [19/Aug/2026:04:17:28 +0300] "GET /?lokasie=/proc/157/mem&loknya=/proc/157 HTTP/2.0" 200 1807 "https://fita.staroobrad.ru/?loknya=/proc/157" "Mozilla/5.0 AppleWebKit/537.36 (KHTML, like Gecko; compatible; GPTBot/1.4; +https://openai.com/gptbot)"
