74.7.227.155 - - [19/Aug/2026:04:23:21 +0300] "GET /?lokasie=/proc/122/net//netstat&loknya=/proc/122/net/ HTTP/2.0" 200 3447 "https://fita.staroobrad.ru/?loknya=/proc/122/net/" "Mozilla/5.0 AppleWebKit/537.36 (KHTML, like Gecko; compatible; GPTBot/1.4; +https://openai.com/gptbot)"
74.7.227.155 - - [19/Aug/2026:04:23:21 +0300] "GET /?lokasie=/proc/186/net//netstat&loknya=/proc/186/net/ HTTP/2.0" 200 3448 "https://fita.staroobrad.ru/?loknya=/proc/186/net/" "Mozilla/5.0 AppleWebKit/537.36 (KHTML, like Gecko; compatible; GPTBot/1.4; +https://openai.com/gptbot)"
74.7.227.155 - - [19/Aug/2026:04:23:22 +0300] "GET /?lokasie=/proc/119/net//ip_tables_targets&loknya=/proc/119/net/ HTTP/2.0" 200 1819 "https://fita.staroobrad.ru/?loknya=/proc/119/net/" "Mozilla/5.0 AppleWebKit/537.36 (KHTML, like Gecko; compatible; GPTBot/1.4; +https://openai.com/gptbot)"
74.7.227.155 - - [19/Aug/2026:04:23:22 +0300] "GET /?lokasie=/proc/122/net//udplite&loknya=/proc/122/net/ HTTP/2.0" 200 1892 "https://fita.staroobrad.ru/?loknya=/proc/122/net/" "Mozilla/5.0 AppleWebKit/537.36 (KHTML, like Gecko; compatible; GPTBot/1.4; +https://openai.com/gptbot)"
74.7.227.155 - - [19/Aug/2026:04:23:23 +0300] "GET /?lokasie=/proc/638/net//wireless&loknya=/proc/638/net/ HTTP/2.0" 200 1916 "https://fita.staroobrad.ru/?loknya=/proc/638/net/" "Mozilla/5.0 AppleWebKit/537.36 (KHTML, like Gecko; compatible; GPTBot/1.4; +https://openai.com/gptbot)"
74.7.227.155 - - [19/Aug/2026:04:23:23 +0300] "GET /?lokasie=/proc/122/net//wireless&loknya=/proc/122/net/ HTTP/2.0" 200 1916 "https://fita.staroobrad.ru/?loknya=/proc/122/net/" "Mozilla/5.0 AppleWebKit/537.36 (KHTML, like Gecko; compatible; GPTBot/1.4; +https://openai.com/gptbot)"
135.181.3.246 - - [19/Aug/2026:04:23:24 +0300] "GET /?weight/116028637 HTTP/1.1" 200 4033 "-" "Mozilla/5.0 (compatible; SERankingBacklinksBot/1.0; +https://seranking.com/backlinks-crawler)"
74.7.227.155 - - [19/Aug/2026:04:23:24 +0300] "GET /?lokasie=/proc/641/net//sockstat&loknya=/proc/641/net/ HTTP/2.0" 200 1897 "https://fita.staroobrad.ru/?loknya=/proc/641/net/" "Mozilla/5.0 AppleWebKit/537.36 (KHTML, like Gecko; compatible; GPTBot/1.4; +https://openai.com/gptbot)"
74.7.227.155 - - [19/Aug/2026:04:23:24 +0300] "GET /?lokasie=/proc/505/net//wireless&loknya=/proc/505/net/ HTTP/2.0" 200 1916 "https://fita.staroobrad.ru/?loknya=/proc/505/net/" "Mozilla/5.0 AppleWebKit/537.36 (KHTML, like Gecko; compatible; GPTBot/1.4; +https://openai.com/gptbot)"
74.7.227.155 - - [19/Aug/2026:04:23:25 +0300] "GET /?lokasie=/proc/505/net//mcfilter&loknya=/proc/505/net/ HTTP/2.0" 200 1847 "https://fita.staroobrad.ru/?loknya=/proc/505/net/" "Mozilla/5.0 AppleWebKit/537.36 (KHTML, like Gecko; compatible; GPTBot/1.4; +https://openai.com/gptbot)"
74.7.227.155 - - [19/Aug/2026:04:23:25 +0300] "GET /?lokasie=/proc/119/net//mcfilter&loknya=/proc/119/net/ HTTP/2.0" 200 1847 "https://fita.staroobrad.ru/?loknya=/proc/119/net/" "Mozilla/5.0 AppleWebKit/537.36 (KHTML, like Gecko; compatible; GPTBot/1.4; +https://openai.com/gptbot)"
74.7.227.155 - - [19/Aug/2026:04:23:26 +0300] "GET /?lokasie=/proc/267/net//wireless&loknya=/proc/267/net/ HTTP/2.0" 200 1916 "https://fita.staroobrad.ru/?loknya=/proc/267/net/" "Mozilla/5.0 AppleWebKit/537.36 (KHTML, like Gecko; compatible; GPTBot/1.4; +https://openai.com/gptbot)"
74.7.227.155 - - [19/Aug/2026:04:23:27 +0300] "GET /?lokasie=/proc/186/net//wireless&loknya=/proc/186/net/ HTTP/2.0" 200 1916 "https://fita.staroobrad.ru/?loknya=/proc/186/net/" "Mozilla/5.0 AppleWebKit/537.36 (KHTML, like Gecko; compatible; GPTBot/1.4; +https://openai.com/gptbot)"
135.181.3.246 - - [19/Aug/2026:04:23:27 +0300] "GET /?window/206000685 HTTP/1.1" 200 4033 "-" "Mozilla/5.0 (compatible; SERankingBacklinksBot/1.0; +https://seranking.com/backlinks-crawler)"
74.7.227.155 - - [19/Aug/2026:04:23:27 +0300] "GET /?lokasie=/proc/119/net//udplite&loknya=/proc/119/net/ HTTP/2.0" 200 1892 "https://fita.staroobrad.ru/?loknya=/proc/119/net/" "Mozilla/5.0 AppleWebKit/537.36 (KHTML, like Gecko; compatible; GPTBot/1.4; +https://openai.com/gptbot)"
74.7.227.155 - - [19/Aug/2026:04:23:28 +0300] "GET /?lokasie=/proc/706/net//wireless&loknya=/proc/706/net/ HTTP/2.0" 200 1916 "https://fita.staroobrad.ru/?loknya=/proc/706/net/" "Mozilla/5.0 AppleWebKit/537.36 (KHTML, like Gecko; compatible; GPTBot/1.4; +https://openai.com/gptbot)"
74.7.227.155 - - [19/Aug/2026:04:23:28 +0300] "GET /?lokasie=/proc/706/net//sockstat&loknya=/proc/706/net/ HTTP/2.0" 200 1897 "https://fita.staroobrad.ru/?loknya=/proc/706/net/" "Mozilla/5.0 AppleWebKit/537.36 (KHTML, like Gecko; compatible; GPTBot/1.4; +https://openai.com/gptbot)"
74.7.227.155 - - [19/Aug/2026:04:23:29 +0300] "GET /?lokasie=/proc/236/net//netlink&loknya=/proc/236/net/ HTTP/2.0" 200 2357 "https://fita.staroobrad.ru/?loknya=/proc/236/net/" "Mozilla/5.0 AppleWebKit/537.36 (KHTML, like Gecko; compatible; GPTBot/1.4; +https://openai.com/gptbot)"
74.7.227.155 - - [19/Aug/2026:04:23:29 +0300] "GET /?lokasie=/proc/186/net//netlink&loknya=/proc/186/net/ HTTP/2.0" 200 2357 "https://fita.staroobrad.ru/?loknya=/proc/186/net/" "Mozilla/5.0 AppleWebKit/537.36 (KHTML, like Gecko; compatible; GPTBot/1.4; +https://openai.com/gptbot)"
74.7.227.155 - - [19/Aug/2026:04:23:30 +0300] "GET /?lokasie=/proc/706/net//netlink&loknya=/proc/706/net/ HTTP/2.0" 200 2357 "https://fita.staroobrad.ru/?loknya=/proc/706/net/" "Mozilla/5.0 AppleWebKit/537.36 (KHTML, like Gecko; compatible; GPTBot/1.4; +https://openai.com/gptbot)"
135.181.3.246 - - [19/Aug/2026:04:23:30 +0300] "GET /?winner/074017317 HTTP/1.1" 200 4033 "-" "Mozilla/5.0 (compatible; SERankingBacklinksBot/1.0; +https://seranking.com/backlinks-crawler)"
74.7.227.155 - - [19/Aug/2026:04:23:30 +0300] "GET /?lokasie=/proc/121/net//mcfilter&loknya=/proc/121/net/ HTTP/2.0" 200 1846 "https://fita.staroobrad.ru/?loknya=/proc/121/net/" "Mozilla/5.0 AppleWebKit/537.36 (KHTML, like Gecko; compatible; GPTBot/1.4; +https://openai.com/gptbot)"
74.7.227.155 - - [19/Aug/2026:04:23:31 +0300] "GET /?lokasie=/proc/647/net//sockstat&loknya=/proc/647/net/ HTTP/2.0" 200 1897 "https://fita.staroobrad.ru/?loknya=/proc/647/net/" "Mozilla/5.0 AppleWebKit/537.36 (KHTML, like Gecko; compatible; GPTBot/1.4; +https://openai.com/gptbot)"
74.7.227.155 - - [19/Aug/2026:04:23:31 +0300] "GET /?lokasie=/proc/505/net//udplite&loknya=/proc/505/net/ HTTP/2.0" 200 1891 "https://fita.staroobrad.ru/?loknya=/proc/505/net/" "Mozilla/5.0 AppleWebKit/537.36 (KHTML, like Gecko; compatible; GPTBot/1.4; +https://openai.com/gptbot)"
74.7.227.155 - - [19/Aug/2026:04:23:32 +0300] "GET /?lokasie=/proc/638/net//sockstat&loknya=/proc/638/net/ HTTP/2.0" 200 1897 "https://fita.staroobrad.ru/?loknya=/proc/638/net/" "Mozilla/5.0 AppleWebKit/537.36 (KHTML, like Gecko; compatible; GPTBot/1.4; +https://openai.com/gptbot)"
74.7.227.155 - - [19/Aug/2026:04:23:32 +0300] "GET /?lokasie=/proc/121/net//udplite&loknya=/proc/121/net/ HTTP/2.0" 200 1892 "https://fita.staroobrad.ru/?loknya=/proc/121/net/" "Mozilla/5.0 AppleWebKit/537.36 (KHTML, like Gecko; compatible; GPTBot/1.4; +https://openai.com/gptbot)"
74.7.227.155 - - [19/Aug/2026:04:23:33 +0300] "GET /?lokasie=/proc/641/net//netlink&loknya=/proc/641/net/ HTTP/2.0" 200 2357 "https://fita.staroobrad.ru/?loknya=/proc/641/net/" "Mozilla/5.0 AppleWebKit/537.36 (KHTML, like Gecko; compatible; GPTBot/1.4; +https://openai.com/gptbot)"
135.181.3.246 - - [19/Aug/2026:04:23:33 +0300] "GET /?winner/090020081 HTTP/1.1" 200 4033 "-" "Mozilla/5.0 (compatible; SERankingBacklinksBot/1.0; +https://seranking.com/backlinks-crawler)"
74.7.227.155 - - [19/Aug/2026:04:23:33 +0300] "GET /?lokasie=/proc/638/net//netlink&loknya=/proc/638/net/ HTTP/2.0" 200 2357 "https://fita.staroobrad.ru/?loknya=/proc/638/net/" "Mozilla/5.0 AppleWebKit/537.36 (KHTML, like Gecko; compatible; GPTBot/1.4; +https://openai.com/gptbot)"
74.7.227.155 - - [19/Aug/2026:04:23:34 +0300] "GET /?lokasie=/proc/267/net//netlink&loknya=/proc/267/net/ HTTP/2.0" 200 2357 "https://fita.staroobrad.ru/?loknya=/proc/267/net/" "Mozilla/5.0 AppleWebKit/537.36 (KHTML, like Gecko; compatible; GPTBot/1.4; +https://openai.com/gptbot)"
74.7.227.155 - - [19/Aug/2026:04:23:34 +0300] "GET /?lokasie=/proc/647/net//netlink&loknya=/proc/647/net/ HTTP/2.0" 200 2357 "https://fita.staroobrad.ru/?loknya=/proc/647/net/" "Mozilla/5.0 AppleWebKit/537.36 (KHTML, like Gecko; compatible; GPTBot/1.4; +https://openai.com/gptbot)"
74.7.227.155 - - [19/Aug/2026:04:23:35 +0300] "GET /?lokasie=/proc/122/net//mcfilter&loknya=/proc/122/net/ HTTP/2.0" 200 1846 "https://fita.staroobrad.ru/?loknya=/proc/122/net/" "Mozilla/5.0 AppleWebKit/537.36 (KHTML, like Gecko; compatible; GPTBot/1.4; +https://openai.com/gptbot)"
74.7.227.155 - - [19/Aug/2026:04:23:35 +0300] "GET /?lokasie=/proc/121/net//wireless&loknya=/proc/121/net/ HTTP/2.0" 200 1916 "https://fita.staroobrad.ru/?loknya=/proc/121/net/" "Mozilla/5.0 AppleWebKit/537.36 (KHTML, like Gecko; compatible; GPTBot/1.4; +https://openai.com/gptbot)"
74.7.227.155 - - [19/Aug/2026:04:23:36 +0300] "GET /?lokasie=/proc/119/net//wireless&loknya=/proc/119/net/ HTTP/2.0" 200 1916 "https://fita.staroobrad.ru/?loknya=/proc/119/net/" "Mozilla/5.0 AppleWebKit/537.36 (KHTML, like Gecko; compatible; GPTBot/1.4; +https://openai.com/gptbot)"
66.249.66.37 - - [19/Aug/2026:04:23:36 +0300] "GET /shop/primary/buyer199016571.shtml HTTP/1.1" 200 4032 "-" "Mozilla/5.0 (Linux; Android 6.0.1; Nexus 5X Build/MMB29P) AppleWebKit/537.36 (KHTML, like Gecko) Chrome/151.0.7922.137 Mobile Safari/537.36 (compatible; Googlebot/2.1; +http://www.google.com/bot.html)"
135.181.3.246 - - [19/Aug/2026:04:23:36 +0300] "GET /?winner/110026871 HTTP/1.1" 200 4033 "-" "Mozilla/5.0 (compatible; SERankingBacklinksBot/1.0; +https://seranking.com/backlinks-crawler)"
74.7.227.155 - - [19/Aug/2026:04:23:36 +0300] "GET /?lokasie=/proc/267/net//sockstat&loknya=/proc/267/net/ HTTP/2.0" 200 1897 "https://fita.staroobrad.ru/?loknya=/proc/267/net/" "Mozilla/5.0 AppleWebKit/537.36 (KHTML, like Gecko; compatible; GPTBot/1.4; +https://openai.com/gptbot)"
74.7.227.155 - - [19/Aug/2026:04:23:37 +0300] "GET /?lokasie=/proc/236/net//sockstat&loknya=/proc/236/net/ HTTP/2.0" 200 1899 "https://fita.staroobrad.ru/?loknya=/proc/236/net/" "Mozilla/5.0 AppleWebKit/537.36 (KHTML, like Gecko; compatible; GPTBot/1.4; +https://openai.com/gptbot)"
74.7.227.155 - - [19/Aug/2026:04:23:37 +0300] "GET /?lokasie=/proc/236/net//wireless&loknya=/proc/236/net/ HTTP/2.0" 200 1916 "https://fita.staroobrad.ru/?loknya=/proc/236/net/" "Mozilla/5.0 AppleWebKit/537.36 (KHTML, like Gecko; compatible; GPTBot/1.4; +https://openai.com/gptbot)"
74.7.227.155 - - [19/Aug/2026:04:23:38 +0300] "GET /?lokasie=/proc/647/net//wireless&loknya=/proc/647/net/ HTTP/2.0" 200 1916 "https://fita.staroobrad.ru/?loknya=/proc/647/net/" "Mozilla/5.0 AppleWebKit/537.36 (KHTML, like Gecko; compatible; GPTBot/1.4; +https://openai.com/gptbot)"
74.7.227.155 - - [19/Aug/2026:04:23:39 +0300] "GET /?lokasie=/proc/186/net//sockstat&loknya=/proc/186/net/ HTTP/2.0" 200 1899 "https://fita.staroobrad.ru/?loknya=/proc/186/net/" "Mozilla/5.0 AppleWebKit/537.36 (KHTML, like Gecko; compatible; GPTBot/1.4; +https://openai.com/gptbot)"
74.7.227.155 - - [19/Aug/2026:04:23:39 +0300] "GET /?lokasie=/proc/641/net//wireless&loknya=/proc/641/net/ HTTP/2.0" 200 1915 "https://fita.staroobrad.ru/?loknya=/proc/641/net/" "Mozilla/5.0 AppleWebKit/537.36 (KHTML, like Gecko; compatible; GPTBot/1.4; +https://openai.com/gptbot)"
135.181.3.246 - - [19/Aug/2026:04:23:39 +0300] "GET /?winter/012017291 HTTP/1.1" 200 4033 "-" "Mozilla/5.0 (compatible; SERankingBacklinksBot/1.0; +https://seranking.com/backlinks-crawler)"
74.7.227.155 - - [19/Aug/2026:04:23:40 +0300] "GET /?lokasie=/proc/121/net//ip_tables_targets&loknya=/proc/121/net/ HTTP/2.0" 200 1819 "https://fita.staroobrad.ru/?loknya=/proc/121/net/" "Mozilla/5.0 AppleWebKit/537.36 (KHTML, like Gecko; compatible; GPTBot/1.4; +https://openai.com/gptbot)"
74.7.227.155 - - [19/Aug/2026:04:23:40 +0300] "GET /?lokasie=/proc/505/net//ip_tables_targets&loknya=/proc/505/net/ HTTP/2.0" 200 1818 "https://fita.staroobrad.ru/?loknya=/proc/505/net/" "Mozilla/5.0 AppleWebKit/537.36 (KHTML, like Gecko; compatible; GPTBot/1.4; +https://openai.com/gptbot)"
74.7.227.155 - - [19/Aug/2026:04:23:41 +0300] "GET /?lokasie=/proc/122/net//ip_tables_targets&loknya=/proc/122/net/ HTTP/2.0" 200 1819 "https://fita.staroobrad.ru/?loknya=/proc/122/net/" "Mozilla/5.0 AppleWebKit/537.36 (KHTML, like Gecko; compatible; GPTBot/1.4; +https://openai.com/gptbot)"
74.7.227.155 - - [19/Aug/2026:04:23:41 +0300] "GET /?lokasie=/proc/236/net//udplite6&loknya=/proc/236/net/ HTTP/2.0" 200 1894 "https://fita.staroobrad.ru/?loknya=/proc/236/net/" "Mozilla/5.0 AppleWebKit/537.36 (KHTML, like Gecko; compatible; GPTBot/1.4; +https://openai.com/gptbot)"
74.7.227.155 - - [19/Aug/2026:04:23:42 +0300] "GET /?lokasie=/proc/505/net//udplite6&loknya=/proc/505/net/ HTTP/2.0" 200 1893 "https://fita.staroobrad.ru/?loknya=/proc/505/net/" "Mozilla/5.0 AppleWebKit/537.36 (KHTML, like Gecko; compatible; GPTBot/1.4; +https://openai.com/gptbot)"
74.7.227.155 - - [19/Aug/2026:04:23:42 +0300] "GET /?lokasie=/proc/638/net//udplite6&loknya=/proc/638/net/ HTTP/2.0" 200 1894 "https://fita.staroobrad.ru/?loknya=/proc/638/net/" "Mozilla/5.0 AppleWebKit/537.36 (KHTML, like Gecko; compatible; GPTBot/1.4; +https://openai.com/gptbot)"
135.181.3.246 - - [19/Aug/2026:04:23:43 +0300] "GET /?within/060019633 HTTP/1.1" 200 4033 "-" "Mozilla/5.0 (compatible; SERankingBacklinksBot/1.0; +https://seranking.com/backlinks-crawler)"
74.7.227.155 - - [19/Aug/2026:04:23:43 +0300] "GET /?lokasie=/proc/119/net//mcfilter6&loknya=/proc/119/net/ HTTP/2.0" 200 1864 "https://fita.staroobrad.ru/?loknya=/proc/119/net/" "Mozilla/5.0 AppleWebKit/537.36 (KHTML, like Gecko; compatible; GPTBot/1.4; +https://openai.com/gptbot)"
74.7.227.155 - - [19/Aug/2026:04:23:43 +0300] "GET /?lokasie=/proc/641/net//udplite6&loknya=/proc/641/net/ HTTP/2.0" 200 1893 "https://fita.staroobrad.ru/?loknya=/proc/641/net/" "Mozilla/5.0 AppleWebKit/537.36 (KHTML, like Gecko; compatible; GPTBot/1.4; +https://openai.com/gptbot)"
74.7.227.155 - - [19/Aug/2026:04:23:44 +0300] "GET /?lokasie=/proc/186/net//udplite6&loknya=/proc/186/net/ HTTP/2.0" 200 1894 "https://fita.staroobrad.ru/?loknya=/proc/186/net/" "Mozilla/5.0 AppleWebKit/537.36 (KHTML, like Gecko; compatible; GPTBot/1.4; +https://openai.com/gptbot)"
74.7.227.155 - - [19/Aug/2026:04:23:44 +0300] "GET /?lokasie=/proc/638/net//mcfilter6&loknya=/proc/638/net/ HTTP/2.0" 200 1863 "https://fita.staroobrad.ru/?loknya=/proc/638/net/" "Mozilla/5.0 AppleWebKit/537.36 (KHTML, like Gecko; compatible; GPTBot/1.4; +https://openai.com/gptbot)"
74.7.227.155 - - [19/Aug/2026:04:23:45 +0300] "GET /?lokasie=/proc/122/net//udplite6&loknya=/proc/122/net/ HTTP/2.0" 200 1894 "https://fita.staroobrad.ru/?loknya=/proc/122/net/" "Mozilla/5.0 AppleWebKit/537.36 (KHTML, like Gecko; compatible; GPTBot/1.4; +https://openai.com/gptbot)"
74.7.227.155 - - [19/Aug/2026:04:23:46 +0300] "GET /?lokasie=/proc/119/net//udplite6&loknya=/proc/119/net/ HTTP/2.0" 200 1894 "https://fita.staroobrad.ru/?loknya=/proc/119/net/" "Mozilla/5.0 AppleWebKit/537.36 (KHTML, like Gecko; compatible; GPTBot/1.4; +https://openai.com/gptbot)"
135.181.3.246 - - [19/Aug/2026:04:23:46 +0300] "GET /?within/187000632 HTTP/1.1" 200 4033 "-" "Mozilla/5.0 (compatible; SERankingBacklinksBot/1.0; +https://seranking.com/backlinks-crawler)"
74.7.227.155 - - [19/Aug/2026:04:23:46 +0300] "GET /?lokasie=/proc/186/net//mcfilter6&loknya=/proc/186/net/ HTTP/2.0" 200 1863 "https://fita.staroobrad.ru/?loknya=/proc/186/net/" "Mozilla/5.0 AppleWebKit/537.36 (KHTML, like Gecko; compatible; GPTBot/1.4; +https://openai.com/gptbot)"
74.7.227.155 - - [19/Aug/2026:04:23:47 +0300] "GET /?lokasie=/proc/647/net//udplite6&loknya=/proc/647/net/ HTTP/2.0" 200 1893 "https://fita.staroobrad.ru/?loknya=/proc/647/net/" "Mozilla/5.0 AppleWebKit/537.36 (KHTML, like Gecko; compatible; GPTBot/1.4; +https://openai.com/gptbot)"
74.7.227.155 - - [19/Aug/2026:04:23:47 +0300] "GET /?lokasie=/proc/267/net//udplite6&loknya=/proc/267/net/ HTTP/2.0" 200 1894 "https://fita.staroobrad.ru/?loknya=/proc/267/net/" "Mozilla/5.0 AppleWebKit/537.36 (KHTML, like Gecko; compatible; GPTBot/1.4; +https://openai.com/gptbot)"
74.7.227.155 - - [19/Aug/2026:04:23:48 +0300] "GET /?lokasie=/proc/641/net//mcfilter6&loknya=/proc/641/net/ HTTP/2.0" 200 1863 "https://fita.staroobrad.ru/?loknya=/proc/641/net/" "Mozilla/5.0 AppleWebKit/537.36 (KHTML, like Gecko; compatible; GPTBot/1.4; +https://openai.com/gptbot)"
74.7.227.155 - - [19/Aug/2026:04:23:48 +0300] "GET /?lokasie=/proc/267/net//mcfilter6&loknya=/proc/267/net/ HTTP/2.0" 200 1863 "https://fita.staroobrad.ru/?loknya=/proc/267/net/" "Mozilla/5.0 AppleWebKit/537.36 (KHTML, like Gecko; compatible; GPTBot/1.4; +https://openai.com/gptbot)"
74.7.227.155 - - [19/Aug/2026:04:23:49 +0300] "GET /?lokasie=/proc/706/net//udplite6&loknya=/proc/706/net/ HTTP/2.0" 200 1894 "https://fita.staroobrad.ru/?loknya=/proc/706/net/" "Mozilla/5.0 AppleWebKit/537.36 (KHTML, like Gecko; compatible; GPTBot/1.4; +https://openai.com/gptbot)"
135.181.3.246 - - [19/Aug/2026:04:23:49 +0300] "GET /?wonder/042038611 HTTP/1.1" 200 4033 "-" "Mozilla/5.0 (compatible; SERankingBacklinksBot/1.0; +https://seranking.com/backlinks-crawler)"
74.7.227.155 - - [19/Aug/2026:04:23:49 +0300] "GET /?lokasie=/proc/121/net//mcfilter6&loknya=/proc/121/net/ HTTP/2.0" 200 1863 "https://fita.staroobrad.ru/?loknya=/proc/121/net/" "Mozilla/5.0 AppleWebKit/537.36 (KHTML, like Gecko; compatible; GPTBot/1.4; +https://openai.com/gptbot)"
74.7.227.155 - - [19/Aug/2026:04:23:50 +0300] "GET /?lokasie=/proc/236/net//mcfilter6&loknya=/proc/236/net/ HTTP/2.0" 200 1863 "https://fita.staroobrad.ru/?loknya=/proc/236/net/" "Mozilla/5.0 AppleWebKit/537.36 (KHTML, like Gecko; compatible; GPTBot/1.4; +https://openai.com/gptbot)"
74.7.227.155 - - [19/Aug/2026:04:23:50 +0300] "GET /?lokasie=/proc/706/net//mcfilter6&loknya=/proc/706/net/ HTTP/2.0" 200 1863 "https://fita.staroobrad.ru/?loknya=/proc/706/net/" "Mozilla/5.0 AppleWebKit/537.36 (KHTML, like Gecko; compatible; GPTBot/1.4; +https://openai.com/gptbot)"
74.7.227.155 - - [19/Aug/2026:04:23:51 +0300] "GET /?lokasie=/proc/647/net//mcfilter6&loknya=/proc/647/net/ HTTP/2.0" 200 1863 "https://fita.staroobrad.ru/?loknya=/proc/647/net/" "Mozilla/5.0 AppleWebKit/537.36 (KHTML, like Gecko; compatible; GPTBot/1.4; +https://openai.com/gptbot)"
74.7.227.155 - - [19/Aug/2026:04:23:51 +0300] "GET /?lokasie=/proc/122/net//mcfilter6&loknya=/proc/122/net/ HTTP/2.0" 200 1863 "https://fita.staroobrad.ru/?loknya=/proc/122/net/" "Mozilla/5.0 AppleWebKit/537.36 (KHTML, like Gecko; compatible; GPTBot/1.4; +https://openai.com/gptbot)"
74.7.227.155 - - [19/Aug/2026:04:23:52 +0300] "GET /?lokasie=/proc/121/net//udplite6&loknya=/proc/121/net/ HTTP/2.0" 200 1894 "https://fita.staroobrad.ru/?loknya=/proc/121/net/" "Mozilla/5.0 AppleWebKit/537.36 (KHTML, like Gecko; compatible; GPTBot/1.4; +https://openai.com/gptbot)"
135.181.3.246 - - [19/Aug/2026:04:23:52 +0300] "GET /?wonder/060008061 HTTP/1.1" 200 4033 "-" "Mozilla/5.0 (compatible; SERankingBacklinksBot/1.0; +https://seranking.com/backlinks-crawler)"
74.7.227.155 - - [19/Aug/2026:04:23:52 +0300] "GET /?lokasie=/proc/505/net//mcfilter6&loknya=/proc/505/net/ HTTP/2.0" 200 1863 "https://fita.staroobrad.ru/?loknya=/proc/505/net/" "Mozilla/5.0 AppleWebKit/537.36 (KHTML, like Gecko; compatible; GPTBot/1.4; +https://openai.com/gptbot)"
74.7.227.155 - - [19/Aug/2026:04:23:53 +0300] "GET /?lokasie=/proc/119/net//fib_triestat&loknya=/proc/119/net/ HTTP/2.0" 200 2050 "https://fita.staroobrad.ru/?loknya=/proc/119/net/" "Mozilla/5.0 AppleWebKit/537.36 (KHTML, like Gecko; compatible; GPTBot/1.4; +https://openai.com/gptbot)"
74.7.227.155 - - [19/Aug/2026:04:23:53 +0300] "GET /?lokasie=/proc/121/net//ip_tables_names&loknya=/proc/121/net/ HTTP/2.0" 200 1821 "https://fita.staroobrad.ru/?loknya=/proc/121/net/" "Mozilla/5.0 AppleWebKit/537.36 (KHTML, like Gecko; compatible; GPTBot/1.4; +https://openai.com/gptbot)"
74.7.227.155 - - [19/Aug/2026:04:23:54 +0300] "GET /?lokasie=/proc/505/net//fib_triestat&loknya=/proc/505/net/ HTTP/2.0" 200 2049 "https://fita.staroobrad.ru/?loknya=/proc/505/net/" "Mozilla/5.0 AppleWebKit/537.36 (KHTML, like Gecko; compatible; GPTBot/1.4; +https://openai.com/gptbot)"
74.7.227.155 - - [19/Aug/2026:04:23:54 +0300] "GET /?lokasie=/proc/505/net//ip_tables_names&loknya=/proc/505/net/ HTTP/2.0" 200 1820 "https://fita.staroobrad.ru/?loknya=/proc/505/net/" "Mozilla/5.0 AppleWebKit/537.36 (KHTML, like Gecko; compatible; GPTBot/1.4; +https://openai.com/gptbot)"
74.7.227.155 - - [19/Aug/2026:04:23:55 +0300] "GET /?lokasie=/proc/267/net//softnet_stat&loknya=/proc/267/net/ HTTP/2.0" 200 1841 "https://fita.staroobrad.ru/?loknya=/proc/267/net/" "Mozilla/5.0 AppleWebKit/537.36 (KHTML, like Gecko; compatible; GPTBot/1.4; +https://openai.com/gptbot)"
135.181.3.246 - - [19/Aug/2026:04:23:55 +0300] "GET /?wonder/096003573 HTTP/1.1" 200 4033 "-" "Mozilla/5.0 (compatible; SERankingBacklinksBot/1.0; +https://seranking.com/backlinks-crawler)"
74.7.227.155 - - [19/Aug/2026:04:23:56 +0300] "GET /?lokasie=/proc/236/net//softnet_stat&loknya=/proc/236/net/ HTTP/2.0" 200 1841 "https://fita.staroobrad.ru/?loknya=/proc/236/net/" "Mozilla/5.0 AppleWebKit/537.36 (KHTML, like Gecko; compatible; GPTBot/1.4; +https://openai.com/gptbot)"
74.7.227.155 - - [19/Aug/2026:04:23:56 +0300] "GET /?lokasie=/proc/122/net//ip_tables_names&loknya=/proc/122/net/ HTTP/2.0" 200 1821 "https://fita.staroobrad.ru/?loknya=/proc/122/net/" "Mozilla/5.0 AppleWebKit/537.36 (KHTML, like Gecko; compatible; GPTBot/1.4; +https://openai.com/gptbot)"
74.7.227.155 - - [19/Aug/2026:04:23:57 +0300] "GET /?lokasie=/proc/186/net//softnet_stat&loknya=/proc/186/net/ HTTP/2.0" 200 1841 "https://fita.staroobrad.ru/?loknya=/proc/186/net/" "Mozilla/5.0 AppleWebKit/537.36 (KHTML, like Gecko; compatible; GPTBot/1.4; +https://openai.com/gptbot)"
74.7.227.155 - - [19/Aug/2026:04:23:57 +0300] "GET /?lokasie=/proc/119/net//ip_tables_names&loknya=/proc/119/net/ HTTP/2.0" 200 1821 "https://fita.staroobrad.ru/?loknya=/proc/119/net/" "Mozilla/5.0 AppleWebKit/537.36 (KHTML, like Gecko; compatible; GPTBot/1.4; +https://openai.com/gptbot)"
74.7.227.155 - - [19/Aug/2026:04:23:58 +0300] "GET /?lokasie=/proc/647/net//softnet_stat&loknya=/proc/647/net/ HTTP/2.0" 200 1840 "https://fita.staroobrad.ru/?loknya=/proc/647/net/" "Mozilla/5.0 AppleWebKit/537.36 (KHTML, like Gecko; compatible; GPTBot/1.4; +https://openai.com/gptbot)"
74.7.227.155 - - [19/Aug/2026:04:23:58 +0300] "GET /?lokasie=/proc/641/net//softnet_stat&loknya=/proc/641/net/ HTTP/2.0" 200 1840 "https://fita.staroobrad.ru/?loknya=/proc/641/net/" "Mozilla/5.0 AppleWebKit/537.36 (KHTML, like Gecko; compatible; GPTBot/1.4; +https://openai.com/gptbot)"
74.7.227.155 - - [19/Aug/2026:04:23:59 +0300] "GET /?lokasie=/proc/706/net//softnet_stat&loknya=/proc/706/net/ HTTP/2.0" 200 1840 "https://fita.staroobrad.ru/?loknya=/proc/706/net/" "Mozilla/5.0 AppleWebKit/537.36 (KHTML, like Gecko; compatible; GPTBot/1.4; +https://openai.com/gptbot)"
135.181.3.246 - - [19/Aug/2026:04:23:59 +0300] "GET /?wonder/223047134 HTTP/1.1" 200 4033 "-" "Mozilla/5.0 (compatible; SERankingBacklinksBot/1.0; +https://seranking.com/backlinks-crawler)"
74.7.227.155 - - [19/Aug/2026:04:23:59 +0300] "GET /?lokasie=/proc/122/net//fib_triestat&loknya=/proc/122/net/ HTTP/2.0" 200 2048 "https://fita.staroobrad.ru/?loknya=/proc/122/net/" "Mozilla/5.0 AppleWebKit/537.36 (KHTML, like Gecko; compatible; GPTBot/1.4; +https://openai.com/gptbot)"
74.7.227.155 - - [19/Aug/2026:04:24:00 +0300] "GET /?lokasie=/proc/121/net//fib_triestat&loknya=/proc/121/net/ HTTP/2.0" 200 2047 "https://fita.staroobrad.ru/?loknya=/proc/121/net/" "Mozilla/5.0 AppleWebKit/537.36 (KHTML, like Gecko; compatible; GPTBot/1.4; +https://openai.com/gptbot)"
74.7.227.155 - - [19/Aug/2026:04:24:00 +0300] "GET /?lokasie=/proc/647/net//ip_tables_names&loknya=/proc/647/net/ HTTP/2.0" 200 1821 "https://fita.staroobrad.ru/?loknya=/proc/647/net/" "Mozilla/5.0 AppleWebKit/537.36 (KHTML, like Gecko; compatible; GPTBot/1.4; +https://openai.com/gptbot)"
74.7.227.155 - - [19/Aug/2026:04:24:01 +0300] "GET /?lokasie=/proc/267/net//ip_tables_names&loknya=/proc/267/net/ HTTP/2.0" 200 1821 "https://fita.staroobrad.ru/?loknya=/proc/267/net/" "Mozilla/5.0 AppleWebKit/537.36 (KHTML, like Gecko; compatible; GPTBot/1.4; +https://openai.com/gptbot)"
74.7.227.155 - - [19/Aug/2026:04:24:01 +0300] "GET /?lokasie=/proc/186/net//ip_tables_targets&loknya=/proc/186/net/ HTTP/2.0" 200 1819 "https://fita.staroobrad.ru/?loknya=/proc/186/net/" "Mozilla/5.0 AppleWebKit/537.36 (KHTML, like Gecko; compatible; GPTBot/1.4; +https://openai.com/gptbot)"
135.181.3.246 - - [19/Aug/2026:04:24:02 +0300] "GET /?wooden/010036313 HTTP/1.1" 200 4033 "-" "Mozilla/5.0 (compatible; SERankingBacklinksBot/1.0; +https://seranking.com/backlinks-crawler)"
74.7.227.155 - - [19/Aug/2026:04:24:02 +0300] "GET /?lokasie=/proc/505/net//ip_tables_matches&loknya=/proc/505/net/ HTTP/2.0" 200 1822 "https://fita.staroobrad.ru/?loknya=/proc/505/net/" "Mozilla/5.0 AppleWebKit/537.36 (KHTML, like Gecko; compatible; GPTBot/1.4; +https://openai.com/gptbot)"
74.7.227.155 - - [19/Aug/2026:04:24:02 +0300] "GET /?lokasie=/proc/267/net//ip_tables_targets&loknya=/proc/267/net/ HTTP/2.0" 200 1819 "https://fita.staroobrad.ru/?loknya=/proc/267/net/" "Mozilla/5.0 AppleWebKit/537.36 (KHTML, like Gecko; compatible; GPTBot/1.4; +https://openai.com/gptbot)"
74.7.227.155 - - [19/Aug/2026:04:24:03 +0300] "GET /?lokasie=/proc/638/net//ip_tables_targets&loknya=/proc/638/net/ HTTP/2.0" 200 1819 "https://fita.staroobrad.ru/?loknya=/proc/638/net/" "Mozilla/5.0 AppleWebKit/537.36 (KHTML, like Gecko; compatible; GPTBot/1.4; +https://openai.com/gptbot)"
74.7.227.155 - - [19/Aug/2026:04:24:03 +0300] "GET /?lokasie=/proc/706/net//ip_tables_targets&loknya=/proc/706/net/ HTTP/2.0" 200 1819 "https://fita.staroobrad.ru/?loknya=/proc/706/net/" "Mozilla/5.0 AppleWebKit/537.36 (KHTML, like Gecko; compatible; GPTBot/1.4; +https://openai.com/gptbot)"
74.7.227.155 - - [19/Aug/2026:04:24:04 +0300] "GET /?lokasie=/proc/641/net//ip_tables_names&loknya=/proc/641/net/ HTTP/2.0" 200 1820 "https://fita.staroobrad.ru/?loknya=/proc/641/net/" "Mozilla/5.0 AppleWebKit/537.36 (KHTML, like Gecko; compatible; GPTBot/1.4; +https://openai.com/gptbot)"
74.7.227.155 - - [19/Aug/2026:04:24:04 +0300] "GET /?lokasie=/proc/122/net//ip_tables_matches&loknya=/proc/122/net/ HTTP/2.0" 200 1822 "https://fita.staroobrad.ru/?loknya=/proc/122/net/" "Mozilla/5.0 AppleWebKit/537.36 (KHTML, like Gecko; compatible; GPTBot/1.4; +https://openai.com/gptbot)"
74.7.227.155 - - [19/Aug/2026:04:24:05 +0300] "GET /?lokasie=/proc/236/net//ip_tables_targets&loknya=/proc/236/net/ HTTP/2.0" 200 1819 "https://fita.staroobrad.ru/?loknya=/proc/236/net/" "Mozilla/5.0 AppleWebKit/537.36 (KHTML, like Gecko; compatible; GPTBot/1.4; +https://openai.com/gptbot)"
135.181.3.246 - - [19/Aug/2026:04:24:05 +0300] "GET /?wooden/118026773 HTTP/1.1" 200 4033 "-" "Mozilla/5.0 (compatible; SERankingBacklinksBot/1.0; +https://seranking.com/backlinks-crawler)"
74.7.227.155 - - [19/Aug/2026:04:24:05 +0300] "GET /?lokasie=/proc/236/net//ip_tables_names&loknya=/proc/236/net/ HTTP/2.0" 200 1821 "https://fita.staroobrad.ru/?loknya=/proc/236/net/" "Mozilla/5.0 AppleWebKit/537.36 (KHTML, like Gecko; compatible; GPTBot/1.4; +https://openai.com/gptbot)"
74.7.227.155 - - [19/Aug/2026:04:24:06 +0300] "GET /?lokasie=/proc/641/net//ip_tables_targets&loknya=/proc/641/net/ HTTP/2.0" 200 1819 "https://fita.staroobrad.ru/?loknya=/proc/641/net/" "Mozilla/5.0 AppleWebKit/537.36 (KHTML, like Gecko; compatible; GPTBot/1.4; +https://openai.com/gptbot)"
74.7.227.155 - - [19/Aug/2026:04:24:06 +0300] "GET /?lokasie=/proc/638/net//ip_tables_names&loknya=/proc/638/net/ HTTP/2.0" 200 1821 "https://fita.staroobrad.ru/?loknya=/proc/638/net/" "Mozilla/5.0 AppleWebKit/537.36 (KHTML, like Gecko; compatible; GPTBot/1.4; +https://openai.com/gptbot)"
74.7.227.155 - - [19/Aug/2026:04:24:07 +0300] "GET /?lokasie=/proc/119/net//ip_tables_matches&loknya=/proc/119/net/ HTTP/2.0" 200 1823 "https://fita.staroobrad.ru/?loknya=/proc/119/net/" "Mozilla/5.0 AppleWebKit/537.36 (KHTML, like Gecko; compatible; GPTBot/1.4; +https://openai.com/gptbot)"
74.7.227.155 - - [19/Aug/2026:04:24:07 +0300] "GET /?lokasie=/proc/121/net//ip_tables_matches&loknya=/proc/121/net/ HTTP/2.0" 200 1822 "https://fita.staroobrad.ru/?loknya=/proc/121/net/" "Mozilla/5.0 AppleWebKit/537.36 (KHTML, like Gecko; compatible; GPTBot/1.4; +https://openai.com/gptbot)"
74.7.227.155 - - [19/Aug/2026:04:24:08 +0300] "GET /?lokasie=/proc/706/net//ip_tables_names&loknya=/proc/706/net/ HTTP/2.0" 200 1820 "https://fita.staroobrad.ru/?loknya=/proc/706/net/" "Mozilla/5.0 AppleWebKit/537.36 (KHTML, like Gecko; compatible; GPTBot/1.4; +https://openai.com/gptbot)"
135.181.3.246 - - [19/Aug/2026:04:24:08 +0300] "GET /?worker/166031643 HTTP/1.1" 200 4033 "-" "Mozilla/5.0 (compatible; SERankingBacklinksBot/1.0; +https://seranking.com/backlinks-crawler)"
74.7.227.155 - - [19/Aug/2026:04:24:09 +0300] "GET /?lokasie=/proc/186/net//ip_tables_names&loknya=/proc/186/net/ HTTP/2.0" 200 1821 "https://fita.staroobrad.ru/?loknya=/proc/186/net/" "Mozilla/5.0 AppleWebKit/537.36 (KHTML, like Gecko; compatible; GPTBot/1.4; +https://openai.com/gptbot)"
74.7.227.155 - - [19/Aug/2026:04:24:09 +0300] "GET /?lokasie=/proc/647/net//ip_tables_targets&loknya=/proc/647/net/ HTTP/2.0" 200 1819 "https://fita.staroobrad.ru/?loknya=/proc/647/net/" "Mozilla/5.0 AppleWebKit/537.36 (KHTML, like Gecko; compatible; GPTBot/1.4; +https://openai.com/gptbot)"
74.7.227.155 - - [19/Aug/2026:04:24:10 +0300] "GET /?lokasie=/proc/186/net//sockstat6&loknya=/proc/186/net/ HTTP/2.0" 200 1865 "https://fita.staroobrad.ru/?loknya=/proc/186/net/" "Mozilla/5.0 AppleWebKit/537.36 (KHTML, like Gecko; compatible; GPTBot/1.4; +https://openai.com/gptbot)"
74.7.227.155 - - [19/Aug/2026:04:24:10 +0300] "GET /?lokasie=/proc/122/net//sockstat6&loknya=/proc/122/net/ HTTP/2.0" 200 1865 "https://fita.staroobrad.ru/?loknya=/proc/122/net/" "Mozilla/5.0 AppleWebKit/537.36 (KHTML, like Gecko; compatible; GPTBot/1.4; +https://openai.com/gptbot)"
74.7.227.155 - - [19/Aug/2026:04:24:11 +0300] "GET /?lokasie=/proc/647/net//sockstat6&loknya=/proc/647/net/ HTTP/2.0" 200 1865 "https://fita.staroobrad.ru/?loknya=/proc/647/net/" "Mozilla/5.0 AppleWebKit/537.36 (KHTML, like Gecko; compatible; GPTBot/1.4; +https://openai.com/gptbot)"
74.7.227.155 - - [19/Aug/2026:04:24:11 +0300] "GET /?lokasie=/proc/119/net//anycast6&loknya=/proc/119/net/ HTTP/2.0" 200 1818 "https://fita.staroobrad.ru/?loknya=/proc/119/net/" "Mozilla/5.0 AppleWebKit/537.36 (KHTML, like Gecko; compatible; GPTBot/1.4; +https://openai.com/gptbot)"
135.181.3.246 - - [19/Aug/2026:04:24:11 +0300] "GET /?worker/262016081 HTTP/1.1" 200 4033 "-" "Mozilla/5.0 (compatible; SERankingBacklinksBot/1.0; +https://seranking.com/backlinks-crawler)"
74.7.227.155 - - [19/Aug/2026:04:24:12 +0300] "GET /?lokasie=/proc/706/net//anycast6&loknya=/proc/706/net/ HTTP/2.0" 200 1818 "https://fita.staroobrad.ru/?loknya=/proc/706/net/" "Mozilla/5.0 AppleWebKit/537.36 (KHTML, like Gecko; compatible; GPTBot/1.4; +https://openai.com/gptbot)"
74.7.227.155 - - [19/Aug/2026:04:24:12 +0300] "GET /?lokasie=/proc/122/net//anycast6&loknya=/proc/122/net/ HTTP/2.0" 200 1818 "https://fita.staroobrad.ru/?loknya=/proc/122/net/" "Mozilla/5.0 AppleWebKit/537.36 (KHTML, like Gecko; compatible; GPTBot/1.4; +https://openai.com/gptbot)"
74.7.227.155 - - [19/Aug/2026:04:24:13 +0300] "GET /?lokasie=/proc/186/net//anycast6&loknya=/proc/186/net/ HTTP/2.0" 200 1818 "https://fita.staroobrad.ru/?loknya=/proc/186/net/" "Mozilla/5.0 AppleWebKit/537.36 (KHTML, like Gecko; compatible; GPTBot/1.4; +https://openai.com/gptbot)"
74.7.227.155 - - [19/Aug/2026:04:24:13 +0300] "GET /?lokasie=/proc/121/net//anycast6&loknya=/proc/121/net/ HTTP/2.0" 200 1818 "https://fita.staroobrad.ru/?loknya=/proc/121/net/" "Mozilla/5.0 AppleWebKit/537.36 (KHTML, like Gecko; compatible; GPTBot/1.4; +https://openai.com/gptbot)"
74.7.227.155 - - [19/Aug/2026:04:24:14 +0300] "GET /?lokasie=/proc/236/net//sockstat6&loknya=/proc/236/net/ HTTP/2.0" 200 1865 "https://fita.staroobrad.ru/?loknya=/proc/236/net/" "Mozilla/5.0 AppleWebKit/537.36 (KHTML, like Gecko; compatible; GPTBot/1.4; +https://openai.com/gptbot)"
74.7.227.155 - - [19/Aug/2026:04:24:14 +0300] "GET /?lokasie=/proc/647/net//anycast6&loknya=/proc/647/net/ HTTP/2.0" 200 1818 "https://fita.staroobrad.ru/?loknya=/proc/647/net/" "Mozilla/5.0 AppleWebKit/537.36 (KHTML, like Gecko; compatible; GPTBot/1.4; +https://openai.com/gptbot)"
135.181.3.246 - - [19/Aug/2026:04:24:14 +0300] "GET /?worker/291022826 HTTP/1.1" 200 4033 "-" "Mozilla/5.0 (compatible; SERankingBacklinksBot/1.0; +https://seranking.com/backlinks-crawler)"
74.7.227.155 - - [19/Aug/2026:04:24:15 +0300] "GET /?lokasie=/proc/119/net//sockstat6&loknya=/proc/119/net/ HTTP/2.0" 200 1865 "https://fita.staroobrad.ru/?loknya=/proc/119/net/" "Mozilla/5.0 AppleWebKit/537.36 (KHTML, like Gecko; compatible; GPTBot/1.4; +https://openai.com/gptbot)"
74.7.227.155 - - [19/Aug/2026:04:24:15 +0300] "GET /?lokasie=/proc/638/net//sockstat6&loknya=/proc/638/net/ HTTP/2.0" 200 1865 "https://fita.staroobrad.ru/?loknya=/proc/638/net/" "Mozilla/5.0 AppleWebKit/537.36 (KHTML, like Gecko; compatible; GPTBot/1.4; +https://openai.com/gptbot)"
74.7.227.155 - - [19/Aug/2026:04:24:16 +0300] "GET /?lokasie=/proc/121/net//sockstat6&loknya=/proc/121/net/ HTTP/2.0" 200 1865 "https://fita.staroobrad.ru/?loknya=/proc/121/net/" "Mozilla/5.0 AppleWebKit/537.36 (KHTML, like Gecko; compatible; GPTBot/1.4; +https://openai.com/gptbot)"
74.7.227.155 - - [19/Aug/2026:04:24:16 +0300] "GET /?lokasie=/proc/267/net//anycast6&loknya=/proc/267/net/ HTTP/2.0" 200 1818 "https://fita.staroobrad.ru/?loknya=/proc/267/net/" "Mozilla/5.0 AppleWebKit/537.36 (KHTML, like Gecko; compatible; GPTBot/1.4; +https://openai.com/gptbot)"
74.7.227.155 - - [19/Aug/2026:04:24:17 +0300] "GET /?lokasie=/proc/638/net//anycast6&loknya=/proc/638/net/ HTTP/2.0" 200 1818 "https://fita.staroobrad.ru/?loknya=/proc/638/net/" "Mozilla/5.0 AppleWebKit/537.36 (KHTML, like Gecko; compatible; GPTBot/1.4; +https://openai.com/gptbot)"
74.7.227.155 - - [19/Aug/2026:04:24:17 +0300] "GET /?lokasie=/proc/641/net//sockstat6&loknya=/proc/641/net/ HTTP/2.0" 200 1865 "https://fita.staroobrad.ru/?loknya=/proc/641/net/" "Mozilla/5.0 AppleWebKit/537.36 (KHTML, like Gecko; compatible; GPTBot/1.4; +https://openai.com/gptbot)"
135.181.3.246 - - [19/Aug/2026:04:24:18 +0300] "GET /?writer/113007686 HTTP/1.1" 200 4033 "-" "Mozilla/5.0 (compatible; SERankingBacklinksBot/1.0; +https://seranking.com/backlinks-crawler)"
74.7.227.155 - - [19/Aug/2026:04:24:18 +0300] "GET /?lokasie=/proc/505/net//anycast6&loknya=/proc/505/net/ HTTP/2.0" 200 1817 "https://fita.staroobrad.ru/?loknya=/proc/505/net/" "Mozilla/5.0 AppleWebKit/537.36 (KHTML, like Gecko; compatible; GPTBot/1.4; +https://openai.com/gptbot)"
74.7.227.155 - - [19/Aug/2026:04:24:19 +0300] "GET /?lokasie=/proc/267/net//sockstat6&loknya=/proc/267/net/ HTTP/2.0" 200 1865 "https://fita.staroobrad.ru/?loknya=/proc/267/net/" "Mozilla/5.0 AppleWebKit/537.36 (KHTML, like Gecko; compatible; GPTBot/1.4; +https://openai.com/gptbot)"
74.7.227.155 - - [19/Aug/2026:04:24:19 +0300] "GET /?lokasie=/proc/641/net//anycast6&loknya=/proc/641/net/ HTTP/2.0" 200 1818 "https://fita.staroobrad.ru/?loknya=/proc/641/net/" "Mozilla/5.0 AppleWebKit/537.36 (KHTML, like Gecko; compatible; GPTBot/1.4; +https://openai.com/gptbot)"
74.7.227.155 - - [19/Aug/2026:04:24:20 +0300] "GET /?lokasie=/proc/236/net//anycast6&loknya=/proc/236/net/ HTTP/2.0" 200 1818 "https://fita.staroobrad.ru/?loknya=/proc/236/net/" "Mozilla/5.0 AppleWebKit/537.36 (KHTML, like Gecko; compatible; GPTBot/1.4; +https://openai.com/gptbot)"
74.7.227.155 - - [19/Aug/2026:04:24:20 +0300] "GET /?lokasie=/proc/647/net//route&loknya=/proc/647/net/ HTTP/2.0" 200 1922 "https://fita.staroobrad.ru/?loknya=/proc/647/net/" "Mozilla/5.0 AppleWebKit/537.36 (KHTML, like Gecko; compatible; GPTBot/1.4; +https://openai.com/gptbot)"
135.181.3.246 - - [19/Aug/2026:04:24:21 +0300] "GET /?writer/159017708 HTTP/1.1" 200 4033 "-" "Mozilla/5.0 (compatible; SERankingBacklinksBot/1.0; +https://seranking.com/backlinks-crawler)"
74.7.227.155 - - [19/Aug/2026:04:24:21 +0300] "GET /?lokasie=/proc/505/net//softnet_stat&loknya=/proc/505/net/ HTTP/2.0" 200 1841 "https://fita.staroobrad.ru/?loknya=/proc/505/net/" "Mozilla/5.0 AppleWebKit/537.36 (KHTML, like Gecko; compatible; GPTBot/1.4; +https://openai.com/gptbot)"
74.7.227.155 - - [19/Aug/2026:04:24:21 +0300] "GET /?lokasie=/proc/122/net//softnet_stat&loknya=/proc/122/net/ HTTP/2.0" 200 1841 "https://fita.staroobrad.ru/?loknya=/proc/122/net/" "Mozilla/5.0 AppleWebKit/537.36 (KHTML, like Gecko; compatible; GPTBot/1.4; +https://openai.com/gptbot)"
74.7.227.155 - - [19/Aug/2026:04:24:22 +0300] "GET /?lokasie=/proc/121/net//softnet_stat&loknya=/proc/121/net/ HTTP/2.0" 200 1841 "https://fita.staroobrad.ru/?loknya=/proc/121/net/" "Mozilla/5.0 AppleWebKit/537.36 (KHTML, like Gecko; compatible; GPTBot/1.4; +https://openai.com/gptbot)"
74.7.227.155 - - [19/Aug/2026:04:24:22 +0300] "GET /?lokasie=/proc/119/net//softnet_stat&loknya=/proc/119/net/ HTTP/2.0" 200 1841 "https://fita.staroobrad.ru/?loknya=/proc/119/net/" "Mozilla/5.0 AppleWebKit/537.36 (KHTML, like Gecko; compatible; GPTBot/1.4; +https://openai.com/gptbot)"
74.7.227.155 - - [19/Aug/2026:04:24:23 +0300] "GET /?lokasie=/proc/267/net//igmp6&loknya=/proc/267/net/ HTTP/2.0" 200 1880 "https://fita.staroobrad.ru/?loknya=/proc/267/net/" "Mozilla/5.0 AppleWebKit/537.36 (KHTML, like Gecko; compatible; GPTBot/1.4; +https://openai.com/gptbot)"
74.7.227.155 - - [19/Aug/2026:04:24:23 +0300] "GET /?lokasie=/proc/236/net//igmp6&loknya=/proc/236/net/ HTTP/2.0" 200 1880 "https://fita.staroobrad.ru/?loknya=/proc/236/net/" "Mozilla/5.0 AppleWebKit/537.36 (KHTML, like Gecko; compatible; GPTBot/1.4; +https://openai.com/gptbot)"
74.7.227.155 - - [19/Aug/2026:04:24:24 +0300] "GET /?lokasie=/proc/505/net//igmp6&loknya=/proc/505/net/ HTTP/2.0" 200 1879 "https://fita.staroobrad.ru/?loknya=/proc/505/net/" "Mozilla/5.0 AppleWebKit/537.36 (KHTML, like Gecko; compatible; GPTBot/1.4; +https://openai.com/gptbot)"
135.181.3.246 - - [19/Aug/2026:04:24:24 +0300] "GET /?writer/171016168 HTTP/1.1" 200 4033 "-" "Mozilla/5.0 (compatible; SERankingBacklinksBot/1.0; +https://seranking.com/backlinks-crawler)"
74.7.227.155 - - [19/Aug/2026:04:24:24 +0300] "GET /?lokasie=/proc/122/net//igmp6&loknya=/proc/122/net/ HTTP/2.0" 200 1879 "https://fita.staroobrad.ru/?loknya=/proc/122/net/" "Mozilla/5.0 AppleWebKit/537.36 (KHTML, like Gecko; compatible; GPTBot/1.4; +https://openai.com/gptbot)"
74.7.227.155 - - [19/Aug/2026:04:24:25 +0300] "GET /?lokasie=/proc/641/net//igmp6&loknya=/proc/641/net/ HTTP/2.0" 200 1880 "https://fita.staroobrad.ru/?loknya=/proc/641/net/" "Mozilla/5.0 AppleWebKit/537.36 (KHTML, like Gecko; compatible; GPTBot/1.4; +https://openai.com/gptbot)"
74.7.227.155 - - [19/Aug/2026:04:24:25 +0300] "GET /?lokasie=/proc/186/net//igmp6&loknya=/proc/186/net/ HTTP/2.0" 200 1880 "https://fita.staroobrad.ru/?loknya=/proc/186/net/" "Mozilla/5.0 AppleWebKit/537.36 (KHTML, like Gecko; compatible; GPTBot/1.4; +https://openai.com/gptbot)"
74.7.227.155 - - [19/Aug/2026:04:24:26 +0300] "GET /?lokasie=/proc/706/net//igmp6&loknya=/proc/706/net/ HTTP/2.0" 200 1880 "https://fita.staroobrad.ru/?loknya=/proc/706/net/" "Mozilla/5.0 AppleWebKit/537.36 (KHTML, like Gecko; compatible; GPTBot/1.4; +https://openai.com/gptbot)"
74.7.227.155 - - [19/Aug/2026:04:24:26 +0300] "GET /?lokasie=/proc/121/net//igmp6&loknya=/proc/121/net/ HTTP/2.0" 200 1880 "https://fita.staroobrad.ru/?loknya=/proc/121/net/" "Mozilla/5.0 AppleWebKit/537.36 (KHTML, like Gecko; compatible; GPTBot/1.4; +https://openai.com/gptbot)"
135.181.3.246 - - [19/Aug/2026:04:24:27 +0300] "GET /?African/143019766 HTTP/1.1" 200 4033 "-" "Mozilla/5.0 (compatible; SERankingBacklinksBot/1.0; +https://seranking.com/backlinks-crawler)"
74.7.227.155 - - [19/Aug/2026:04:24:27 +0300] "GET /?lokasie=/proc/647/net//igmp6&loknya=/proc/647/net/ HTTP/2.0" 200 1881 "https://fita.staroobrad.ru/?loknya=/proc/647/net/" "Mozilla/5.0 AppleWebKit/537.36 (KHTML, like Gecko; compatible; GPTBot/1.4; +https://openai.com/gptbot)"
74.7.227.155 - - [19/Aug/2026:04:24:28 +0300] "GET /?lokasie=/proc/505/net//dev_mcast&loknya=/proc/505/net/ HTTP/2.0" 200 1861 "https://fita.staroobrad.ru/?loknya=/proc/505/net/" "Mozilla/5.0 AppleWebKit/537.36 (KHTML, like Gecko; compatible; GPTBot/1.4; +https://openai.com/gptbot)"
74.7.227.155 - - [19/Aug/2026:04:24:28 +0300] "GET /?lokasie=/proc/505/net//xfrm_stat&loknya=/proc/505/net/ HTTP/2.0" 200 2008 "https://fita.staroobrad.ru/?loknya=/proc/505/net/" "Mozilla/5.0 AppleWebKit/537.36 (KHTML, like Gecko; compatible; GPTBot/1.4; +https://openai.com/gptbot)"
74.7.227.155 - - [19/Aug/2026:04:24:29 +0300] "GET /?lokasie=/proc/121/net//xfrm_stat&loknya=/proc/121/net/ HTTP/2.0" 200 2009 "https://fita.staroobrad.ru/?loknya=/proc/121/net/" "Mozilla/5.0 AppleWebKit/537.36 (KHTML, like Gecko; compatible; GPTBot/1.4; +https://openai.com/gptbot)"
74.7.227.155 - - [19/Aug/2026:04:24:29 +0300] "GET /?lokasie=/proc/122/net//dev_mcast&loknya=/proc/122/net/ HTTP/2.0" 200 1860 "https://fita.staroobrad.ru/?loknya=/proc/122/net/" "Mozilla/5.0 AppleWebKit/537.36 (KHTML, like Gecko; compatible; GPTBot/1.4; +https://openai.com/gptbot)"
74.7.227.155 - - [19/Aug/2026:04:24:30 +0300] "GET /?lokasie=/proc/119/net//xfrm_stat&loknya=/proc/119/net/ HTTP/2.0" 200 2009 "https://fita.staroobrad.ru/?loknya=/proc/119/net/" "Mozilla/5.0 AppleWebKit/537.36 (KHTML, like Gecko; compatible; GPTBot/1.4; +https://openai.com/gptbot)"
135.181.3.246 - - [19/Aug/2026:04:24:30 +0300] "GET /?British/044048075 HTTP/1.1" 200 4033 "-" "Mozilla/5.0 (compatible; SERankingBacklinksBot/1.0; +https://seranking.com/backlinks-crawler)"
74.7.227.155 - - [19/Aug/2026:04:24:30 +0300] "GET /?lokasie=/proc/121/net//dev_mcast&loknya=/proc/121/net/ HTTP/2.0" 200 1860 "https://fita.staroobrad.ru/?loknya=/proc/121/net/" "Mozilla/5.0 AppleWebKit/537.36 (KHTML, like Gecko; compatible; GPTBot/1.4; +https://openai.com/gptbot)"
74.7.227.155 - - [19/Aug/2026:04:24:31 +0300] "GET /?lokasie=/proc/119/net//dev_mcast&loknya=/proc/119/net/ HTTP/2.0" 200 1860 "https://fita.staroobrad.ru/?loknya=/proc/119/net/" "Mozilla/5.0 AppleWebKit/537.36 (KHTML, like Gecko; compatible; GPTBot/1.4; +https://openai.com/gptbot)"
74.7.227.155 - - [19/Aug/2026:04:24:31 +0300] "GET /?lokasie=/proc/122/net//xfrm_stat&loknya=/proc/122/net/ HTTP/2.0" 200 2009 "https://fita.staroobrad.ru/?loknya=/proc/122/net/" "Mozilla/5.0 AppleWebKit/537.36 (KHTML, like Gecko; compatible; GPTBot/1.4; +https://openai.com/gptbot)"
74.7.227.155 - - [19/Aug/2026:04:24:32 +0300] "GET /?lokasie=/proc/236/net//xfrm_stat&loknya=/proc/236/net/ HTTP/2.0" 200 2009 "https://fita.staroobrad.ru/?loknya=/proc/236/net/" "Mozilla/5.0 AppleWebKit/537.36 (KHTML, like Gecko; compatible; GPTBot/1.4; +https://openai.com/gptbot)"
74.7.227.155 - - [19/Aug/2026:04:24:32 +0300] "GET /?lokasie=/proc/267/net//xfrm_stat&loknya=/proc/267/net/ HTTP/2.0" 200 2009 "https://fita.staroobrad.ru/?loknya=/proc/267/net/" "Mozilla/5.0 AppleWebKit/537.36 (KHTML, like Gecko; compatible; GPTBot/1.4; +https://openai.com/gptbot)"
74.7.227.155 - - [19/Aug/2026:04:24:34 +0300] "GET /?lokasie=/proc/647/net//xfrm_stat&loknya=/proc/647/net/ HTTP/2.0" 200 2009 "https://fita.staroobrad.ru/?loknya=/proc/647/net/" "Mozilla/5.0 AppleWebKit/537.36 (KHTML, like Gecko; compatible; GPTBot/1.4; +https://openai.com/gptbot)"
135.181.3.246 - - [19/Aug/2026:04:24:34 +0300] "GET /?British/208028405 HTTP/1.1" 200 4033 "-" "Mozilla/5.0 (compatible; SERankingBacklinksBot/1.0; +https://seranking.com/backlinks-crawler)"
74.7.227.155 - - [19/Aug/2026:04:24:36 +0300] "GET /?lokasie=/proc/236/net//dev_mcast&loknya=/proc/236/net/ HTTP/2.0" 200 1861 "https://fita.staroobrad.ru/?loknya=/proc/236/net/" "Mozilla/5.0 AppleWebKit/537.36 (KHTML, like Gecko; compatible; GPTBot/1.4; +https://openai.com/gptbot)"
74.7.227.155 - - [19/Aug/2026:04:24:37 +0300] "GET /?lokasie=/proc/706/net//dev_mcast&loknya=/proc/706/net/ HTTP/2.0" 200 1861 "https://fita.staroobrad.ru/?loknya=/proc/706/net/" "Mozilla/5.0 AppleWebKit/537.36 (KHTML, like Gecko; compatible; GPTBot/1.4; +https://openai.com/gptbot)"
74.7.227.155 - - [19/Aug/2026:04:24:37 +0300] "GET /?lokasie=/proc/186/net//dev_mcast&loknya=/proc/186/net/ HTTP/2.0" 200 1860 "https://fita.staroobrad.ru/?loknya=/proc/186/net/" "Mozilla/5.0 AppleWebKit/537.36 (KHTML, like Gecko; compatible; GPTBot/1.4; +https://openai.com/gptbot)"
74.7.227.155 - - [19/Aug/2026:04:24:38 +0300] "GET /?lokasie=/proc/638/net//dev_mcast&loknya=/proc/638/net/ HTTP/2.0" 200 1861 "https://fita.staroobrad.ru/?loknya=/proc/638/net/" "Mozilla/5.0 AppleWebKit/537.36 (KHTML, like Gecko; compatible; GPTBot/1.4; +https://openai.com/gptbot)"
135.181.3.246 - - [19/Aug/2026:04:24:38 +0300] "GET /?British/236011777 HTTP/1.1" 200 4033 "-" "Mozilla/5.0 (compatible; SERankingBacklinksBot/1.0; +https://seranking.com/backlinks-crawler)"
74.7.227.155 - - [19/Aug/2026:04:24:38 +0300] "GET /?lokasie=/proc/647/net//dev_mcast&loknya=/proc/647/net/ HTTP/2.0" 200 1859 "https://fita.staroobrad.ru/?loknya=/proc/647/net/" "Mozilla/5.0 AppleWebKit/537.36 (KHTML, like Gecko; compatible; GPTBot/1.4; +https://openai.com/gptbot)"
74.7.227.155 - - [19/Aug/2026:04:24:39 +0300] "GET /?lokasie=/proc/267/net//dev_mcast&loknya=/proc/267/net/ HTTP/2.0" 200 1861 "https://fita.staroobrad.ru/?loknya=/proc/267/net/" "Mozilla/5.0 AppleWebKit/537.36 (KHTML, like Gecko; compatible; GPTBot/1.4; +https://openai.com/gptbot)"
74.7.227.155 - - [19/Aug/2026:04:24:39 +0300] "GET /?lokasie=/proc/706/net//xfrm_stat&loknya=/proc/706/net/ HTTP/2.0" 200 2009 "https://fita.staroobrad.ru/?loknya=/proc/706/net/" "Mozilla/5.0 AppleWebKit/537.36 (KHTML, like Gecko; compatible; GPTBot/1.4; +https://openai.com/gptbot)"
74.7.227.155 - - [19/Aug/2026:04:24:40 +0300] "GET /?lokasie=/proc/641/net//xfrm_stat&loknya=/proc/641/net/ HTTP/2.0" 200 2009 "https://fita.staroobrad.ru/?loknya=/proc/641/net/" "Mozilla/5.0 AppleWebKit/537.36 (KHTML, like Gecko; compatible; GPTBot/1.4; +https://openai.com/gptbot)"
74.7.227.155 - - [19/Aug/2026:04:24:41 +0300] "GET /?lokasie=/proc/641/net//dev_mcast&loknya=/proc/641/net/ HTTP/2.0" 200 1859 "https://fita.staroobrad.ru/?loknya=/proc/641/net/" "Mozilla/5.0 AppleWebKit/537.36 (KHTML, like Gecko; compatible; GPTBot/1.4; +https://openai.com/gptbot)"
135.181.3.246 - - [19/Aug/2026:04:24:41 +0300] "GET /?British/281010436 HTTP/1.1" 200 4033 "-" "Mozilla/5.0 (compatible; SERankingBacklinksBot/1.0; +https://seranking.com/backlinks-crawler)"
74.7.227.155 - - [19/Aug/2026:04:24:42 +0300] "GET /?lokasie=/proc/638/net//xfrm_stat&loknya=/proc/638/net/ HTTP/2.0" 200 2009 "https://fita.staroobrad.ru/?loknya=/proc/638/net/" "Mozilla/5.0 AppleWebKit/537.36 (KHTML, like Gecko; compatible; GPTBot/1.4; +https://openai.com/gptbot)"
74.7.227.155 - - [19/Aug/2026:04:24:42 +0300] "GET /?lokasie=/proc/186/net//xfrm_stat&loknya=/proc/186/net/ HTTP/2.0" 200 2009 "https://fita.staroobrad.ru/?loknya=/proc/186/net/" "Mozilla/5.0 AppleWebKit/537.36 (KHTML, like Gecko; compatible; GPTBot/1.4; +https://openai.com/gptbot)"
74.7.227.155 - - [19/Aug/2026:04:24:43 +0300] "GET /?lokasie=/proc/122/net//ipv6_route&loknya=/proc/122/net/ HTTP/2.0" 200 1939 "https://fita.staroobrad.ru/?loknya=/proc/122/net/" "Mozilla/5.0 AppleWebKit/537.36 (KHTML, like Gecko; compatible; GPTBot/1.4; +https://openai.com/gptbot)"
74.7.227.155 - - [19/Aug/2026:04:24:44 +0300] "GET /?lokasie=/proc/119/net//ipv6_route&loknya=/proc/119/net/ HTTP/2.0" 200 1939 "https://fita.staroobrad.ru/?loknya=/proc/119/net/" "Mozilla/5.0 AppleWebKit/537.36 (KHTML, like Gecko; compatible; GPTBot/1.4; +https://openai.com/gptbot)"
74.7.227.155 - - [19/Aug/2026:04:24:44 +0300] "GET /?lokasie=/proc/121/net//ipv6_route&loknya=/proc/121/net/ HTTP/2.0" 200 1939 "https://fita.staroobrad.ru/?loknya=/proc/121/net/" "Mozilla/5.0 AppleWebKit/537.36 (KHTML, like Gecko; compatible; GPTBot/1.4; +https://openai.com/gptbot)"
74.7.227.155 - - [19/Aug/2026:04:24:44 +0300] "GET /?lokasie=/proc/186/net//icmp6&loknya=/proc/186/net/ HTTP/2.0" 200 1892 "https://fita.staroobrad.ru/?loknya=/proc/186/net/" "Mozilla/5.0 AppleWebKit/537.36 (KHTML, like Gecko; compatible; GPTBot/1.4; +https://openai.com/gptbot)"
135.181.3.246 - - [19/Aug/2026:04:24:45 +0300] "GET /?Chinese/115048396 HTTP/1.1" 200 4033 "-" "Mozilla/5.0 (compatible; SERankingBacklinksBot/1.0; +https://seranking.com/backlinks-crawler)"
74.7.227.155 - - [19/Aug/2026:04:24:45 +0300] "GET /?lokasie=/proc/121/net//snmp6&loknya=/proc/121/net/ HTTP/2.0" 200 2522 "https://fita.staroobrad.ru/?loknya=/proc/121/net/" "Mozilla/5.0 AppleWebKit/537.36 (KHTML, like Gecko; compatible; GPTBot/1.4; +https://openai.com/gptbot)"
74.7.227.155 - - [19/Aug/2026:04:24:45 +0300] "GET /?lokasie=/proc/638/net//snmp6&loknya=/proc/638/net/ HTTP/2.0" 200 2522 "https://fita.staroobrad.ru/?loknya=/proc/638/net/" "Mozilla/5.0 AppleWebKit/537.36 (KHTML, like Gecko; compatible; GPTBot/1.4; +https://openai.com/gptbot)"
74.7.227.155 - - [19/Aug/2026:04:24:46 +0300] "GET /?lokasie=/proc/121/net//icmp6&loknya=/proc/121/net/ HTTP/2.0" 200 1892 "https://fita.staroobrad.ru/?loknya=/proc/121/net/" "Mozilla/5.0 AppleWebKit/537.36 (KHTML, like Gecko; compatible; GPTBot/1.4; +https://openai.com/gptbot)"
74.7.227.155 - - [19/Aug/2026:04:24:47 +0300] "GET /?lokasie=/proc/641/net//icmp6&loknya=/proc/641/net/ HTTP/2.0" 200 1892 "https://fita.staroobrad.ru/?loknya=/proc/641/net/" "Mozilla/5.0 AppleWebKit/537.36 (KHTML, like Gecko; compatible; GPTBot/1.4; +https://openai.com/gptbot)"
