122.50.1.97 - - [18/Aug/2026:13:45:03 +0300] "POST /xmlrpc.php HTTP/1.1" 200 459 "-" "Mozilla/5.0 (Windows NT 10.0; x64) AppleWebKit/537.36 (KHTML, like Gecko) Opera/75.0.0.0 Safari/537.36"
122.50.1.97 - - [18/Aug/2026:13:45:19 +0300] "POST /xmlrpc.php HTTP/1.1" 200 459 "-" "Mozilla/5.0 (Windows NT 10.0; arm64) AppleWebKit/537.36 (KHTML, like Gecko) Edge/86.0.0.0 Safari/537.36"
122.50.1.97 - - [18/Aug/2026:13:45:34 +0300] "POST /xmlrpc.php HTTP/1.1" 200 459 "-" "Mozilla/5.0 (Windows NT 6.3; x64) AppleWebKit/537.36 (KHTML, like Gecko) Edge/81.0.0.0 Safari/537.36"
122.50.1.97 - - [18/Aug/2026:13:45:51 +0300] "POST /xmlrpc.php HTTP/1.1" 200 459 "-" "Mozilla/5.0 (Macintosh; Intel Mac OS X 10_15_7; x64) AppleWebKit/537.36 (KHTML, like Gecko) Chrome/91.0.0.0 Safari/537.36"
122.50.1.97 - - [18/Aug/2026:13:46:05 +0300] "POST /xmlrpc.php HTTP/1.1" 200 459 "-" "Mozilla/5.0 (X11; Ubuntu; Linux x86_64; arm64) AppleWebKit/537.36 (KHTML, like Gecko) Edge/95.0.0.0 Safari/537.36"
122.50.1.97 - - [18/Aug/2026:13:46:19 +0300] "POST /xmlrpc.php HTTP/1.1" 200 459 "-" "Mozilla/5.0 (Macintosh; Intel Mac OS X 10_15_7; arm64) AppleWebKit/537.36 (KHTML, like Gecko) Chrome/80.0.0.0 Safari/537.36"
39.32.5.128 - - [18/Aug/2026:13:46:20 +0300] "POST /xmlrpc.php HTTP/1.1" 200 459 "-" "Jetpack/12.1; WordPress/6.2; http://site51185487.com"
39.32.5.128 - - [18/Aug/2026:13:46:28 +0300] "POST /xmlrpc.php HTTP/1.1" 200 459 "-" "Jetpack by WordPress.com"
122.50.1.97 - - [18/Aug/2026:13:46:33 +0300] "POST /xmlrpc.php HTTP/1.1" 200 459 "-" "Mozilla/5.0 (Windows NT 6.2; x86) AppleWebKit/537.36 (KHTML, like Gecko) Safari/13.0.0.0 Safari/537.36"
39.32.5.128 - - [18/Aug/2026:13:46:39 +0300] "POST /xmlrpc.php HTTP/1.1" 200 459 "-" "Jetpack/12.1; WordPress/6.1; http://site58553990.com"
122.50.1.97 - - [18/Aug/2026:13:46:47 +0300] "POST /xmlrpc.php HTTP/1.1" 200 459 "-" "Mozilla/5.0 (X11; Ubuntu; Linux x86_64; x64) AppleWebKit/537.36 (KHTML, like Gecko) Firefox/77.0.0.0 Safari/537.36"
39.32.5.128 - - [18/Aug/2026:13:46:50 +0300] "POST /xmlrpc.php HTTP/1.1" 200 459 "-" "WordPress.com; https://wordpress.com"
39.32.5.128 - - [18/Aug/2026:13:47:01 +0300] "POST /xmlrpc.php HTTP/1.1" 200 459 "-" "WordPress.com; https://wordpress.com"
122.50.1.97 - - [18/Aug/2026:13:47:01 +0300] "POST /xmlrpc.php HTTP/1.1" 200 459 "-" "Mozilla/5.0 (Windows NT 6.3; arm64) AppleWebKit/537.36 (KHTML, like Gecko) Edge/89.0.0.0 Safari/537.36"
39.32.5.128 - - [18/Aug/2026:13:47:12 +0300] "POST /xmlrpc.php HTTP/1.1" 200 459 "-" "Jetpack by WordPress.com"
122.50.1.97 - - [18/Aug/2026:13:47:15 +0300] "POST /xmlrpc.php HTTP/1.1" 200 459 "-" "Mozilla/5.0 (X11; Ubuntu; Linux x86_64; x64) AppleWebKit/537.36 (KHTML, like Gecko) Edge/84.0.0.0 Safari/537.36"
66.249.66.205 - - [18/Aug/2026:13:47:15 +0300] "GET /ads.txt HTTP/1.1" 404 11133 "-" "Mozilla/5.0 (compatible; Googlebot/2.1; +http://www.google.com/bot.html)"
66.249.76.134 - - [18/Aug/2026:13:47:16 +0300] "GET /robots.txt HTTP/1.1" 301 162 "-" "Mozilla/5.0 (compatible; Googlebot/2.1; +http://www.google.com/bot.html)"
66.249.76.135 - - [18/Aug/2026:13:47:16 +0300] "GET /ads.txt HTTP/1.1" 301 162 "-" "Mozilla/5.0 (compatible; Googlebot/2.1; +http://www.google.com/bot.html)"
39.32.5.128 - - [18/Aug/2026:13:47:23 +0300] "POST /xmlrpc.php HTTP/1.1" 200 459 "-" "WordPress.com; https://wordpress.com"
122.50.1.97 - - [18/Aug/2026:13:47:29 +0300] "POST /xmlrpc.php HTTP/1.1" 200 459 "-" "Mozilla/5.0 (Linux; Android 10; x64) AppleWebKit/537.36 (KHTML, like Gecko) Chrome/111.0.0.0 Safari/537.36"
39.32.5.128 - - [18/Aug/2026:13:47:33 +0300] "POST /xmlrpc.php HTTP/1.1" 200 459 "-" "Jetpack by WordPress.com"
39.32.5.128 - - [18/Aug/2026:13:47:44 +0300] "POST /xmlrpc.php HTTP/1.1" 200 459 "-" "WordPress.com; https://wordpress.com"
122.50.1.97 - - [18/Aug/2026:13:47:44 +0300] "POST /xmlrpc.php HTTP/1.1" 200 459 "-" "Mozilla/5.0 (Macintosh; Intel Mac OS X 10_15_7; arm64) AppleWebKit/537.36 (KHTML, like Gecko) Chrome/110.0.0.0 Safari/537.36"
39.32.5.128 - - [18/Aug/2026:13:47:55 +0300] "POST /xmlrpc.php HTTP/1.1" 200 459 "-" "Jetpack by WordPress.com (Jetpack 12.1; WordPress 6.1)"
122.50.1.97 - - [18/Aug/2026:13:47:58 +0300] "POST /xmlrpc.php HTTP/1.1" 200 459 "-" "Mozilla/5.0 (Linux; Android 10; x86) AppleWebKit/537.36 (KHTML, like Gecko) Edge/80.0.0.0 Safari/537.36"
39.32.5.128 - - [18/Aug/2026:13:48:07 +0300] "POST /xmlrpc.php HTTP/1.1" 200 459 "-" "Jetpack/13.0; WordPress/6.2; http://site47644720.com"
122.50.1.97 - - [18/Aug/2026:13:48:11 +0300] "POST /xmlrpc.php HTTP/1.1" 200 459 "-" "Mozilla/5.0 (Linux; Android 10; x64) AppleWebKit/537.36 (KHTML, like Gecko) Edge/82.0.0.0 Safari/537.36"
39.32.5.128 - - [18/Aug/2026:13:48:18 +0300] "POST /xmlrpc.php HTTP/1.1" 200 459 "-" "WordPress.com; https://wordpress.com"
122.50.1.97 - - [18/Aug/2026:13:48:25 +0300] "POST /xmlrpc.php HTTP/1.1" 200 459 "-" "Mozilla/5.0 (Linux; Android 10; x64) AppleWebKit/537.36 (KHTML, like Gecko) Chrome/99.0.0.0 Safari/537.36"
39.32.5.128 - - [18/Aug/2026:13:48:29 +0300] "POST /xmlrpc.php HTTP/1.1" 200 459 "-" "Jetpack by WordPress.com"
122.50.1.97 - - [18/Aug/2026:13:48:38 +0300] "POST /xmlrpc.php HTTP/1.1" 200 459 "-" "Mozilla/5.0 (Macintosh; Intel Mac OS X 10_15_7; arm64) AppleWebKit/537.36 (KHTML, like Gecko) Firefox/99.0.0.0 Safari/537.36"
39.32.5.128 - - [18/Aug/2026:13:48:39 +0300] "POST /xmlrpc.php HTTP/1.1" 200 459 "-" "Jetpack/12.0; WordPress/6.1; http://site72726836.com"
39.32.5.128 - - [18/Aug/2026:13:48:51 +0300] "POST /xmlrpc.php HTTP/1.1" 200 459 "-" "Jetpack by WordPress.com"
122.50.1.97 - - [18/Aug/2026:13:48:52 +0300] "POST /xmlrpc.php HTTP/1.1" 200 459 "-" "Mozilla/5.0 (Windows NT 10.0; x86) AppleWebKit/537.36 (KHTML, like Gecko) Safari/15.0.0.0 Safari/537.36"
39.32.5.128 - - [18/Aug/2026:13:49:03 +0300] "POST /xmlrpc.php HTTP/1.1" 200 459 "-" "Jetpack by WordPress.com"
122.50.1.97 - - [18/Aug/2026:13:49:06 +0300] "POST /xmlrpc.php HTTP/1.1" 200 459 "-" "Mozilla/5.0 (Windows NT 6.3; x86) AppleWebKit/537.36 (KHTML, like Gecko) Safari/11.0.0.0 Safari/537.36"
39.32.5.128 - - [18/Aug/2026:13:49:13 +0300] "POST /xmlrpc.php HTTP/1.1" 200 459 "-" "Jetpack by WordPress.com"
122.50.1.97 - - [18/Aug/2026:13:49:19 +0300] "POST /xmlrpc.php HTTP/1.1" 200 459 "-" "Mozilla/5.0 (Windows NT 10.0; x86) AppleWebKit/537.36 (KHTML, like Gecko) Opera/72.0.0.0 Safari/537.36"
39.32.5.128 - - [18/Aug/2026:13:49:24 +0300] "POST /xmlrpc.php HTTP/1.1" 200 459 "-" "Jetpack by WordPress.com"
122.50.1.97 - - [18/Aug/2026:13:49:32 +0300] "POST /xmlrpc.php HTTP/1.1" 200 459 "-" "Mozilla/5.0 (Linux; Android 10; arm64) AppleWebKit/537.36 (KHTML, like Gecko) Firefox/93.0.0.0 Safari/537.36"
39.32.5.128 - - [18/Aug/2026:13:49:36 +0300] "POST /xmlrpc.php HTTP/1.1" 200 459 "-" "Jetpack/12.0; WordPress/6.1; http://site28080777.com"
122.50.1.97 - - [18/Aug/2026:13:49:45 +0300] "POST /xmlrpc.php HTTP/1.1" 200 459 "-" "Mozilla/5.0 (Windows NT 6.3; x64) AppleWebKit/537.36 (KHTML, like Gecko) Chrome/94.0.0.0 Safari/537.36"
39.32.5.128 - - [18/Aug/2026:13:49:47 +0300] "POST /xmlrpc.php HTTP/1.1" 200 459 "-" "WordPress.com; https://wordpress.com"
54.152.144.179 - - [18/Aug/2026:13:49:57 +0300] "GET / HTTP/1.1" 301 162 "-" "Mozilla/5.0 (Windows NT 10.0; Win64; x64) AppleWebKit/537.36 (KHTML, like Gecko) Chrome/116.0.0.0 Safari/537.36"
39.32.5.128 - - [18/Aug/2026:13:49:58 +0300] "POST /xmlrpc.php HTTP/1.1" 200 459 "-" "Jetpack/12.5; WordPress/6.1; http://site35729126.com"
54.197.120.5 - - [18/Aug/2026:13:49:58 +0300] "GET / HTTP/1.1" 200 38538 "-" "Mozilla/5.0 (Windows NT 10.0; Win64; x64) AppleWebKit/537.36 (KHTML, like Gecko) Chrome/116.0.0.0 Safari/537.36"
122.50.1.97 - - [18/Aug/2026:13:49:59 +0300] "POST /xmlrpc.php HTTP/1.1" 200 459 "-" "Mozilla/5.0 (Linux; Android 10; arm64) AppleWebKit/537.36 (KHTML, like Gecko) Opera/80.0.0.0 Safari/537.36"
39.32.5.128 - - [18/Aug/2026:13:50:08 +0300] "POST /xmlrpc.php HTTP/1.1" 200 459 "-" "WordPress.com; https://wordpress.com"
122.50.1.97 - - [18/Aug/2026:13:50:11 +0300] "POST /xmlrpc.php HTTP/1.1" 200 459 "-" "Mozilla/5.0 (X11; Ubuntu; Linux x86_64; x86) AppleWebKit/537.36 (KHTML, like Gecko) Firefox/87.0.0.0 Safari/537.36"
45.137.215.217 - - [18/Aug/2026:13:50:15 +0300] "GET /where-am-i/ HTTP/1.0" 200 44269 "https://891rpm.com/where-am-i/#comment-49636" "Mozilla/5.0 (Windows NT 10.0; Win64; x64) AppleWebKit/537.36 (KHTML, like Gecko) Chrome/131.0.0.0 Safari/537.36"
45.137.215.217 - - [18/Aug/2026:13:50:16 +0300] "POST /wp-comments-post.php HTTP/1.0" 302 6 "https://891rpm.com/where-am-i/#comment-49636" "Mozilla/5.0 (Windows NT 10.0; Win64; x64) AppleWebKit/537.36 (KHTML, like Gecko) Chrome/131.0.0.0 Safari/537.36"
45.137.215.217 - - [18/Aug/2026:13:50:16 +0300] "GET /where-am-i/ HTTP/1.0" 200 44269 "https://891rpm.com/where-am-i/#comment-50032" "Mozilla/5.0 (Windows NT 10.0; Win64; x64) AppleWebKit/537.36 (KHTML, like Gecko) Chrome/131.0.0.0 Safari/537.36"
39.32.5.128 - - [18/Aug/2026:13:50:19 +0300] "POST /xmlrpc.php HTTP/1.1" 200 459 "-" "Jetpack by WordPress.com (Jetpack 13.0; WordPress 6.2)"
122.50.1.97 - - [18/Aug/2026:13:50:25 +0300] "POST /xmlrpc.php HTTP/1.1" 200 459 "-" "Mozilla/5.0 (X11; Ubuntu; Linux x86_64; x64) AppleWebKit/537.36 (KHTML, like Gecko) Edge/91.0.0.0 Safari/537.36"
13.219.187.190 - - [18/Aug/2026:13:50:26 +0300] "GET / HTTP/1.1" 301 162 "-" "Mozilla/5.0 (Windows NT 6.1; WOW64) AppleWebKit/537.36 (KHTML, like Gecko) Chrome/46.0.2490.80 Safari/537.36"
54.197.120.5 - - [18/Aug/2026:13:50:27 +0300] "GET / HTTP/1.1" 200 38538 "-" "Mozilla/5.0 (Windows NT 6.1; WOW64) AppleWebKit/537.36 (KHTML, like Gecko) Chrome/46.0.2490.80 Safari/537.36"
39.32.5.128 - - [18/Aug/2026:13:50:30 +0300] "POST /xmlrpc.php HTTP/1.1" 200 459 "-" "Jetpack/13.0; WordPress/6.1; http://site81321239.com"
122.50.1.97 - - [18/Aug/2026:13:50:38 +0300] "POST /xmlrpc.php HTTP/1.1" 200 459 "-" "Mozilla/5.0 (Macintosh; Intel Mac OS X 10_15_7; x86) AppleWebKit/537.36 (KHTML, like Gecko) Chrome/89.0.0.0 Safari/537.36"
39.32.5.128 - - [18/Aug/2026:13:50:41 +0300] "POST /xmlrpc.php HTTP/1.1" 200 459 "-" "Jetpack by WordPress.com (Jetpack 12.0; WordPress 6.1)"
122.180.21.11 - - [18/Aug/2026:13:50:46 +0300] "POST /xmlrpc.php HTTP/1.1" 200 459 "-" "Jetpack/12.1; WordPress/6.3; http://site32077662.com"
122.50.1.97 - - [18/Aug/2026:13:50:51 +0300] "POST /xmlrpc.php HTTP/1.1" 200 459 "-" "Mozilla/5.0 (Macintosh; Intel Mac OS X 10_15_7; x64) AppleWebKit/537.36 (KHTML, like Gecko) Chrome/98.0.0.0 Safari/537.36"
39.32.5.128 - - [18/Aug/2026:13:50:52 +0300] "POST /xmlrpc.php HTTP/1.1" 200 459 "-" "Jetpack by WordPress.com"
122.180.21.11 - - [18/Aug/2026:13:50:56 +0300] "POST /xmlrpc.php HTTP/1.1" 200 459 "-" "WordPress.com; https://wordpress.com"
39.32.5.128 - - [18/Aug/2026:13:51:03 +0300] "POST /xmlrpc.php HTTP/1.1" 200 459 "-" "Jetpack by WordPress.com"
122.50.1.97 - - [18/Aug/2026:13:51:03 +0300] "POST /xmlrpc.php HTTP/1.1" 200 459 "-" "Mozilla/5.0 (X11; Ubuntu; Linux x86_64; x86) AppleWebKit/537.36 (KHTML, like Gecko) Opera/78.0.0.0 Safari/537.36"
122.180.21.11 - - [18/Aug/2026:13:51:07 +0300] "POST /xmlrpc.php HTTP/1.1" 200 459 "-" "Jetpack by WordPress.com (Jetpack 12.0; WordPress 6.1)"
39.32.5.128 - - [18/Aug/2026:13:51:14 +0300] "POST /xmlrpc.php HTTP/1.1" 200 459 "-" "WordPress.com; https://wordpress.com"
122.50.1.97 - - [18/Aug/2026:13:51:15 +0300] "POST /xmlrpc.php HTTP/1.1" 200 459 "-" "Mozilla/5.0 (Macintosh; Intel Mac OS X 10_15_7; arm64) AppleWebKit/537.36 (KHTML, like Gecko) Chrome/83.0.0.0 Safari/537.36"
122.180.21.11 - - [18/Aug/2026:13:51:17 +0300] "POST /xmlrpc.php HTTP/1.1" 200 459 "-" "Jetpack/13.0; WordPress/6.4; http://site57373921.com"
39.32.5.128 - - [18/Aug/2026:13:51:25 +0300] "POST /xmlrpc.php HTTP/1.1" 200 459 "-" "Jetpack/13.0; WordPress/6.1; http://site73125976.com"
122.50.1.97 - - [18/Aug/2026:13:51:28 +0300] "POST /xmlrpc.php HTTP/1.1" 200 459 "-" "Mozilla/5.0 (X11; Ubuntu; Linux x86_64; arm64) AppleWebKit/537.36 (KHTML, like Gecko) Edge/97.0.0.0 Safari/537.36"
122.180.21.11 - - [18/Aug/2026:13:51:28 +0300] "POST /xmlrpc.php HTTP/1.1" 200 459 "-" "Jetpack by WordPress.com"
216.73.216.63 - - [18/Aug/2026:13:51:32 +0300] "GET / HTTP/2.0" 200 38517 "-" "Mozilla/5.0 AppleWebKit/537.36 (KHTML, like Gecko; compatible; ClaudeBot/1.0; +claudebot@anthropic.com)"
39.32.5.128 - - [18/Aug/2026:13:51:35 +0300] "POST /xmlrpc.php HTTP/1.1" 200 459 "-" "Jetpack by WordPress.com"
122.180.21.11 - - [18/Aug/2026:13:51:38 +0300] "POST /xmlrpc.php HTTP/1.1" 200 459 "-" "Jetpack/13.0; WordPress/6.2; http://site87764287.com"
122.50.1.97 - - [18/Aug/2026:13:51:41 +0300] "POST /xmlrpc.php HTTP/1.1" 200 459 "-" "Mozilla/5.0 (Windows NT 10.0; x64) AppleWebKit/537.36 (KHTML, like Gecko) Safari/12.0.0.0 Safari/537.36"
39.32.5.128 - - [18/Aug/2026:13:51:46 +0300] "POST /xmlrpc.php HTTP/1.1" 200 459 "-" "Jetpack by WordPress.com (Jetpack 12.1; WordPress 6.1)"
122.180.21.11 - - [18/Aug/2026:13:51:49 +0300] "POST /xmlrpc.php HTTP/1.1" 200 459 "-" "Jetpack by WordPress.com (Jetpack 12.1; WordPress 6.3)"
122.50.1.97 - - [18/Aug/2026:13:51:53 +0300] "POST /xmlrpc.php HTTP/1.1" 200 459 "-" "Mozilla/5.0 (Linux; Android 10; x86) AppleWebKit/537.36 (KHTML, like Gecko) Safari/14.0.0.0 Safari/537.36"
198.11.177.243 - - [18/Aug/2026:13:51:56 +0300] "GET / HTTP/1.1" 301 162 "-" "Mozilla/5.0 (iPhone; CPU iPhone OS 13_2_3 like Mac OS X) AppleWebKit/605.1.15 (KHTML, like Gecko) Version/13.0.3 Mobile/15E148 Safari/604.1"
39.32.5.128 - - [18/Aug/2026:13:51:57 +0300] "POST /xmlrpc.php HTTP/1.1" 200 459 "-" "WordPress.com; https://wordpress.com"
122.180.21.11 - - [18/Aug/2026:13:52:00 +0300] "POST /xmlrpc.php HTTP/1.1" 200 459 "-" "WordPress.com; https://wordpress.com"
122.50.1.97 - - [18/Aug/2026:13:52:04 +0300] "POST /xmlrpc.php HTTP/1.1" 200 459 "-" "Mozilla/5.0 (Windows NT 6.2; x86) AppleWebKit/537.36 (KHTML, like Gecko) Firefox/72.0.0.0 Safari/537.36"
39.32.5.128 - - [18/Aug/2026:13:52:08 +0300] "POST /xmlrpc.php HTTP/1.1" 200 459 "-" "Jetpack/12.5; WordPress/6.2; http://site17142262.com"
80.66.83.80 - - [18/Aug/2026:13:52:09 +0300] "\x03\x00\x00/*\xE0\x00\x00\x00\x00\x00Cookie: mstshash=Administr" 400 150 "-" "-"
122.180.21.11 - - [18/Aug/2026:13:52:10 +0300] "POST /xmlrpc.php HTTP/1.1" 200 459 "-" "Jetpack/12.1; WordPress/6.2; http://site26916335.com"
122.50.1.97 - - [18/Aug/2026:13:52:17 +0300] "POST /xmlrpc.php HTTP/1.1" 200 459 "-" "Mozilla/5.0 (Windows NT 6.3; x64) AppleWebKit/537.36 (KHTML, like Gecko) Safari/11.0.0.0 Safari/537.36"
39.32.5.128 - - [18/Aug/2026:13:52:19 +0300] "POST /xmlrpc.php HTTP/1.1" 200 459 "-" "Jetpack by WordPress.com (Jetpack 12.1; WordPress 6.2)"
122.180.21.11 - - [18/Aug/2026:13:52:21 +0300] "POST /xmlrpc.php HTTP/1.1" 200 459 "-" "WordPress.com; https://wordpress.com"
122.50.1.97 - - [18/Aug/2026:13:52:29 +0300] "POST /xmlrpc.php HTTP/1.1" 200 459 "-" "Mozilla/5.0 (Windows NT 6.3; x64) AppleWebKit/537.36 (KHTML, like Gecko) Chrome/80.0.0.0 Safari/537.36"
39.32.5.128 - - [18/Aug/2026:13:52:30 +0300] "POST /xmlrpc.php HTTP/1.1" 200 459 "-" "Jetpack/12.5; WordPress/6.2; http://site69163841.com"
122.180.21.11 - - [18/Aug/2026:13:52:32 +0300] "POST /xmlrpc.php HTTP/1.1" 200 459 "-" "Jetpack/13.0; WordPress/6.2; http://site33818568.com"
82.148.16.210 - - [18/Aug/2026:13:52:42 +0300] "POST /wp-cron.php?doing_wp_cron=1787050362.0646820068359375000000 HTTP/1.1" 499 0 "-" "WordPress/6.9.1; https://891rpm.com"
39.32.5.128 - - [18/Aug/2026:13:52:42 +0300] "POST /xmlrpc.php HTTP/1.1" 200 459 "-" "Jetpack by WordPress.com"
122.50.1.97 - - [18/Aug/2026:13:52:42 +0300] "POST /xmlrpc.php HTTP/1.1" 200 459 "-" "Mozilla/5.0 (X11; Ubuntu; Linux x86_64; x86) AppleWebKit/537.36 (KHTML, like Gecko) Firefox/94.0.0.0 Safari/537.36"
122.180.21.11 - - [18/Aug/2026:13:52:42 +0300] "POST /xmlrpc.php HTTP/1.1" 200 459 "-" "WordPress.com; https://wordpress.com"
39.32.5.128 - - [18/Aug/2026:13:52:52 +0300] "POST /xmlrpc.php HTTP/1.1" 200 459 "-" "WordPress.com; https://wordpress.com"
122.180.21.11 - - [18/Aug/2026:13:52:53 +0300] "POST /xmlrpc.php HTTP/1.1" 200 459 "-" "Jetpack by WordPress.com (Jetpack 13.0; WordPress 6.2)"
122.50.1.97 - - [18/Aug/2026:13:52:55 +0300] "POST /xmlrpc.php HTTP/1.1" 200 459 "-" "Mozilla/5.0 (Windows NT 6.3; x86) AppleWebKit/537.36 (KHTML, like Gecko) Edge/90.0.0.0 Safari/537.36"
39.32.5.128 - - [18/Aug/2026:13:53:04 +0300] "POST /xmlrpc.php HTTP/1.1" 200 459 "-" "Jetpack by WordPress.com"
122.180.21.11 - - [18/Aug/2026:13:53:04 +0300] "POST /xmlrpc.php HTTP/1.1" 200 459 "-" "Jetpack by WordPress.com (Jetpack 12.1; WordPress 6.3)"
122.50.1.97 - - [18/Aug/2026:13:53:08 +0300] "POST /xmlrpc.php HTTP/1.1" 200 459 "-" "Mozilla/5.0 (Linux; Android 10; arm64) AppleWebKit/537.36 (KHTML, like Gecko) Edge/90.0.0.0 Safari/537.36"
39.32.5.128 - - [18/Aug/2026:13:53:14 +0300] "POST /xmlrpc.php HTTP/1.1" 200 459 "-" "Jetpack by WordPress.com (Jetpack 12.5; WordPress 6.4)"
122.180.21.11 - - [18/Aug/2026:13:53:14 +0300] "POST /xmlrpc.php HTTP/1.1" 200 459 "-" "Jetpack/12.0; WordPress/6.1; http://site93442639.com"
122.50.1.97 - - [18/Aug/2026:13:53:21 +0300] "POST /xmlrpc.php HTTP/1.1" 200 459 "-" "Mozilla/5.0 (Windows NT 10.0; x86) AppleWebKit/537.36 (KHTML, like Gecko) Chrome/97.0.0.0 Safari/537.36"
122.180.21.11 - - [18/Aug/2026:13:53:25 +0300] "POST /xmlrpc.php HTTP/1.1" 200 459 "-" "Jetpack by WordPress.com"
39.32.5.128 - - [18/Aug/2026:13:53:25 +0300] "POST /xmlrpc.php HTTP/1.1" 200 459 "-" "Jetpack by WordPress.com"
122.50.1.97 - - [18/Aug/2026:13:53:32 +0300] "POST /xmlrpc.php HTTP/1.1" 200 459 "-" "Mozilla/5.0 (Windows NT 6.2; x86) AppleWebKit/537.36 (KHTML, like Gecko) Chrome/82.0.0.0 Safari/537.36"
122.180.21.11 - - [18/Aug/2026:13:53:35 +0300] "POST /xmlrpc.php HTTP/1.1" 200 459 "-" "Jetpack by WordPress.com"
39.32.5.128 - - [18/Aug/2026:13:53:36 +0300] "POST /xmlrpc.php HTTP/1.1" 200 459 "-" "WordPress.com; https://wordpress.com"
122.50.1.97 - - [18/Aug/2026:13:53:45 +0300] "POST /xmlrpc.php HTTP/1.1" 200 459 "-" "Mozilla/5.0 (Windows NT 10.0; arm64) AppleWebKit/537.36 (KHTML, like Gecko) Safari/14.0.0.0 Safari/537.36"
122.180.21.11 - - [18/Aug/2026:13:53:46 +0300] "POST /xmlrpc.php HTTP/1.1" 200 459 "-" "Jetpack/13.0; WordPress/6.2; http://site22966087.com"
39.32.5.128 - - [18/Aug/2026:13:53:47 +0300] "POST /xmlrpc.php HTTP/1.1" 200 459 "-" "Jetpack/13.0; WordPress/6.1; http://site16802167.com"
122.180.21.11 - - [18/Aug/2026:13:53:57 +0300] "POST /xmlrpc.php HTTP/1.1" 200 459 "-" "WordPress.com; https://wordpress.com"
122.50.1.97 - - [18/Aug/2026:13:53:57 +0300] "POST /xmlrpc.php HTTP/1.1" 200 459 "-" "Mozilla/5.0 (Macintosh; Intel Mac OS X 10_15_7; x86) AppleWebKit/537.36 (KHTML, like Gecko) Safari/11.0.0.0 Safari/537.36"
39.32.5.128 - - [18/Aug/2026:13:53:58 +0300] "POST /xmlrpc.php HTTP/1.1" 200 459 "-" "WordPress.com; https://wordpress.com"
122.180.21.11 - - [18/Aug/2026:13:54:07 +0300] "POST /xmlrpc.php HTTP/1.1" 200 459 "-" "Jetpack/12.1; WordPress/6.3; http://site25173805.com"
39.32.5.128 - - [18/Aug/2026:13:54:09 +0300] "POST /xmlrpc.php HTTP/1.1" 200 459 "-" "Jetpack by WordPress.com (Jetpack 12.0; WordPress 6.2)"
122.50.1.97 - - [18/Aug/2026:13:54:11 +0300] "POST /xmlrpc.php HTTP/1.1" 200 459 "-" "Mozilla/5.0 (Linux; Android 10; x86) AppleWebKit/537.36 (KHTML, like Gecko) Opera/80.0.0.0 Safari/537.36"
122.180.21.11 - - [18/Aug/2026:13:54:18 +0300] "POST /xmlrpc.php HTTP/1.1" 200 459 "-" "WordPress.com; https://wordpress.com"
39.32.5.128 - - [18/Aug/2026:13:54:20 +0300] "POST /xmlrpc.php HTTP/1.1" 200 459 "-" "Jetpack/12.5; WordPress/6.3; http://site10812972.com"
122.50.1.97 - - [18/Aug/2026:13:54:24 +0300] "POST /xmlrpc.php HTTP/1.1" 200 459 "-" "Mozilla/5.0 (Windows NT 6.3; x86) AppleWebKit/537.36 (KHTML, like Gecko) Chrome/104.0.0.0 Safari/537.36"
122.180.21.11 - - [18/Aug/2026:13:54:28 +0300] "POST /xmlrpc.php HTTP/1.1" 200 459 "-" "Jetpack by WordPress.com"
39.32.5.128 - - [18/Aug/2026:13:54:31 +0300] "POST /xmlrpc.php HTTP/1.1" 200 459 "-" "Jetpack/12.0; WordPress/6.4; http://site84659361.com"
122.50.1.97 - - [18/Aug/2026:13:54:35 +0300] "POST /xmlrpc.php HTTP/1.1" 200 459 "-" "Mozilla/5.0 (Windows NT 6.2; arm64) AppleWebKit/537.36 (KHTML, like Gecko) Firefox/98.0.0.0 Safari/537.36"
122.180.21.11 - - [18/Aug/2026:13:54:39 +0300] "POST /xmlrpc.php HTTP/1.1" 200 459 "-" "Jetpack by WordPress.com (Jetpack 13.0; WordPress 6.3)"
39.32.5.128 - - [18/Aug/2026:13:54:42 +0300] "POST /xmlrpc.php HTTP/1.1" 200 459 "-" "WordPress.com; https://wordpress.com"
122.50.1.97 - - [18/Aug/2026:13:54:49 +0300] "POST /xmlrpc.php HTTP/1.1" 200 459 "-" "Mozilla/5.0 (Windows NT 6.2; x64) AppleWebKit/537.36 (KHTML, like Gecko) Opera/70.0.0.0 Safari/537.36"
122.180.21.11 - - [18/Aug/2026:13:54:49 +0300] "POST /xmlrpc.php HTTP/1.1" 200 459 "-" "Jetpack/12.0; WordPress/6.4; http://site72999778.com"
39.32.5.128 - - [18/Aug/2026:13:54:53 +0300] "POST /xmlrpc.php HTTP/1.1" 200 459 "-" "Jetpack by WordPress.com"
122.180.21.11 - - [18/Aug/2026:13:55:00 +0300] "POST /xmlrpc.php HTTP/1.1" 200 459 "-" "Jetpack by WordPress.com"
122.50.1.97 - - [18/Aug/2026:13:55:01 +0300] "POST /xmlrpc.php HTTP/1.1" 200 459 "-" "Mozilla/5.0 (Windows NT 10.0; x86) AppleWebKit/537.36 (KHTML, like Gecko) Opera/66.0.0.0 Safari/537.36"
39.32.5.128 - - [18/Aug/2026:13:55:04 +0300] "POST /xmlrpc.php HTTP/1.1" 200 459 "-" "WordPress.com; https://wordpress.com"
122.180.21.11 - - [18/Aug/2026:13:55:10 +0300] "POST /xmlrpc.php HTTP/1.1" 200 459 "-" "WordPress.com; https://wordpress.com"
122.50.1.97 - - [18/Aug/2026:13:55:12 +0300] "POST /xmlrpc.php HTTP/1.1" 200 459 "-" "Mozilla/5.0 (Windows NT 6.3; x86) AppleWebKit/537.36 (KHTML, like Gecko) Firefox/71.0.0.0 Safari/537.36"
39.32.5.128 - - [18/Aug/2026:13:55:15 +0300] "POST /xmlrpc.php HTTP/1.1" 200 459 "-" "WordPress.com; https://wordpress.com"
122.180.21.11 - - [18/Aug/2026:13:55:21 +0300] "POST /xmlrpc.php HTTP/1.1" 200 459 "-" "Jetpack by WordPress.com (Jetpack 12.1; WordPress 6.4)"
39.32.5.128 - - [18/Aug/2026:13:55:25 +0300] "POST /xmlrpc.php HTTP/1.1" 200 459 "-" "Jetpack by WordPress.com (Jetpack 12.5; WordPress 6.2)"
122.50.1.97 - - [18/Aug/2026:13:55:27 +0300] "POST /xmlrpc.php HTTP/1.1" 200 459 "-" "Mozilla/5.0 (Windows NT 10.0; x86) AppleWebKit/537.36 (KHTML, like Gecko) Edge/91.0.0.0 Safari/537.36"
122.180.21.11 - - [18/Aug/2026:13:55:31 +0300] "POST /xmlrpc.php HTTP/1.1" 200 459 "-" "Jetpack by WordPress.com"
39.32.5.128 - - [18/Aug/2026:13:55:36 +0300] "POST /xmlrpc.php HTTP/1.1" 200 459 "-" "Jetpack by WordPress.com (Jetpack 13.0; WordPress 6.3)"
122.50.1.97 - - [18/Aug/2026:13:55:40 +0300] "POST /xmlrpc.php HTTP/1.1" 200 459 "-" "Mozilla/5.0 (Macintosh; Intel Mac OS X 10_15_7; x64) AppleWebKit/537.36 (KHTML, like Gecko) Edge/83.0.0.0 Safari/537.36"
122.180.21.11 - - [18/Aug/2026:13:55:42 +0300] "POST /xmlrpc.php HTTP/1.1" 200 459 "-" "Jetpack by WordPress.com (Jetpack 12.5; WordPress 6.1)"
39.32.5.128 - - [18/Aug/2026:13:55:47 +0300] "POST /xmlrpc.php HTTP/1.1" 200 459 "-" "Jetpack by WordPress.com (Jetpack 13.0; WordPress 6.2)"
122.50.1.97 - - [18/Aug/2026:13:55:52 +0300] "POST /xmlrpc.php HTTP/1.1" 200 459 "-" "Mozilla/5.0 (Windows NT 6.3; x64) AppleWebKit/537.36 (KHTML, like Gecko) Firefox/72.0.0.0 Safari/537.36"
122.180.21.11 - - [18/Aug/2026:13:55:53 +0300] "POST /xmlrpc.php HTTP/1.1" 200 459 "-" "Jetpack by WordPress.com"
51.68.234.131 - - [18/Aug/2026:13:55:59 +0300] "GET /%D0%9E%D0%B3%D1%80%D0%B0%D0%BD%D0%B8%D1%87%D0%B5%D0%BD%D0%B8%D0%B5-%D0%BA%D0%BE%D0%BB%D0%B8%D1%87%D0%B5%D1%81%D1%82%D0%B2%D0%B0-%D1%81%D0%B5%D1%81%D1%81%D0%B8%D0%B9-%D1%81-%D0%BE%D0%B4%D0%BD%D0%BE/feed/ HTTP/1.1" 200 1247 "-" "Mozilla/5.0 (compatible; MJ12bot/v1.4.8; http://mj12bot.com/)"
39.32.5.128 - - [18/Aug/2026:13:55:59 +0300] "POST /xmlrpc.php HTTP/1.1" 200 459 "-" "Jetpack by WordPress.com (Jetpack 12.5; WordPress 6.1)"
51.68.234.131 - - [18/Aug/2026:13:56:02 +0300] "GET /%D1%83%D1%81%D0%BA%D0%BE%D1%80%D0%B5%D0%BD%D0%B8%D0%B5-%D0%B7%D0%B0%D0%BF%D1%83%D1%81%D0%BA%D0%B0-%D0%BF%D1%80%D0%BE%D0%B3%D1%80%D0%B0%D0%BC%D0%BC-%D0%B2-debian/feed/ HTTP/1.1" 200 1147 "-" "Mozilla/5.0 (compatible; MJ12bot/v1.4.8; http://mj12bot.com/)"
122.180.21.11 - - [18/Aug/2026:13:56:03 +0300] "POST /xmlrpc.php HTTP/1.1" 200 459 "-" "Jetpack by WordPress.com"
122.50.1.97 - - [18/Aug/2026:13:56:05 +0300] "POST /xmlrpc.php HTTP/1.1" 200 459 "-" "Mozilla/5.0 (Windows NT 6.2; x86) AppleWebKit/537.36 (KHTML, like Gecko) Edge/93.0.0.0 Safari/537.36"
39.32.5.128 - - [18/Aug/2026:13:56:09 +0300] "POST /xmlrpc.php HTTP/1.1" 200 459 "-" "Jetpack by WordPress.com (Jetpack 12.1; WordPress 6.2)"
51.68.234.131 - - [18/Aug/2026:13:56:13 +0300] "GET /%D1%83%D1%81%D0%BA%D0%BE%D1%80%D0%B5%D0%BD%D0%B8%D0%B5-sh-run-%D0%B2-cisco-ios/ HTTP/1.1" 200 11550 "-" "Mozilla/5.0 (compatible; MJ12bot/v1.4.8; http://mj12bot.com/)"
122.180.21.11 - - [18/Aug/2026:13:56:14 +0300] "POST /xmlrpc.php HTTP/1.1" 200 459 "-" "WordPress.com; https://wordpress.com"
51.68.234.131 - - [18/Aug/2026:13:56:17 +0300] "GET /%D1%83%D1%81%D0%BA%D0%BE%D1%80%D0%B5%D0%BD%D0%B8%D0%B5-sh-run-%D0%B2-cisco-ios/feed/ HTTP/1.1" 200 961 "-" "Mozilla/5.0 (compatible; MJ12bot/v1.4.8; http://mj12bot.com/)"
122.50.1.97 - - [18/Aug/2026:13:56:17 +0300] "POST /xmlrpc.php HTTP/1.1" 200 459 "-" "Mozilla/5.0 (Macintosh; Intel Mac OS X 10_15_7; x86) AppleWebKit/537.36 (KHTML, like Gecko) Firefox/84.0.0.0 Safari/537.36"
51.68.234.131 - - [18/Aug/2026:13:56:20 +0300] "GET /%D1%83%D1%81%D1%82%D0%B0%D0%BD%D0%BE%D0%B2%D0%BA%D0%B0-%D0%B8-%D0%BD%D0%B0%D1%81%D1%82%D1%80%D0%BE%D0%B9%D0%BA%D0%B0-wowza-media-server-2-2-4-%D0%B8-jw-player-%D0%BD%D0%B0-debian/ HTTP/1.1" 200 13028 "-" "Mozilla/5.0 (compatible; MJ12bot/v1.4.8; http://mj12bot.com/)"
39.32.5.128 - - [18/Aug/2026:13:56:20 +0300] "POST /xmlrpc.php HTTP/1.1" 200 459 "-" "Jetpack by WordPress.com"
122.180.21.11 - - [18/Aug/2026:13:56:25 +0300] "POST /xmlrpc.php HTTP/1.1" 200 459 "-" "WordPress.com; https://wordpress.com"
122.50.1.97 - - [18/Aug/2026:13:56:31 +0300] "POST /xmlrpc.php HTTP/1.1" 200 459 "-" "Mozilla/5.0 (Windows NT 6.2; arm64) AppleWebKit/537.36 (KHTML, like Gecko) Opera/75.0.0.0 Safari/537.36"
39.32.5.128 - - [18/Aug/2026:13:56:31 +0300] "POST /xmlrpc.php HTTP/1.1" 200 459 "-" "Jetpack/12.1; WordPress/6.4; http://site41107842.com"
51.68.234.131 - - [18/Aug/2026:13:56:34 +0300] "GET /%D1%83%D1%81%D1%82%D0%B0%D0%BD%D0%BE%D0%B2%D0%BA%D0%B0-%D0%B8-%D0%BD%D0%B0%D1%81%D1%82%D1%80%D0%BE%D0%B9%D0%BA%D0%B0-wowza-media-server-2-2-4-%D0%B8-jw-player-%D0%BD%D0%B0-debian/dia-wirecast-wowza/ HTTP/1.1" 200 11102 "-" "Mozilla/5.0 (compatible; MJ12bot/v1.4.8; http://mj12bot.com/)"
122.180.21.11 - - [18/Aug/2026:13:56:35 +0300] "POST /xmlrpc.php HTTP/1.1" 200 459 "-" "Jetpack by WordPress.com"
17.246.23.194 - - [18/Aug/2026:13:56:36 +0300] "GET /tag/rarutyunyan/ HTTP/2.0" 200 18795 "-" "Mozilla/5.0 (Macintosh; Intel Mac OS X 10_15_7) AppleWebKit/605.1.15 (KHTML, like Gecko) Version/17.4 Safari/605.1.15 (Applebot/0.1; +http://www.apple.com/go/applebot)"
51.68.234.131 - - [18/Aug/2026:13:56:37 +0300] "GET /%D1%83%D1%81%D1%82%D0%B0%D0%BD%D0%BE%D0%B2%D0%BA%D0%B0-%D0%B8-%D0%BD%D0%B0%D1%81%D1%82%D1%80%D0%BE%D0%B9%D0%BA%D0%B0-wowza-media-server-2-2-4-%D0%B8-jw-player-%D0%BD%D0%B0-debian/feed/ HTTP/1.1" 200 1213 "-" "Mozilla/5.0 (compatible; MJ12bot/v1.4.8; http://mj12bot.com/)"
39.32.5.128 - - [18/Aug/2026:13:56:43 +0300] "POST /xmlrpc.php HTTP/1.1" 200 459 "-" "Jetpack by WordPress.com (Jetpack 12.1; WordPress 6.4)"
122.50.1.97 - - [18/Aug/2026:13:56:44 +0300] "POST /xmlrpc.php HTTP/1.1" 200 459 "-" "Mozilla/5.0 (Macintosh; Intel Mac OS X 10_15_7; arm64) AppleWebKit/537.36 (KHTML, like Gecko) Edge/87.0.0.0 Safari/537.36"
122.180.21.11 - - [18/Aug/2026:13:56:46 +0300] "POST /xmlrpc.php HTTP/1.1" 200 459 "-" "Jetpack by WordPress.com"
39.32.5.128 - - [18/Aug/2026:13:56:54 +0300] "POST /xmlrpc.php HTTP/1.1" 200 459 "-" "Jetpack by WordPress.com (Jetpack 12.5; WordPress 6.3)"
122.50.1.97 - - [18/Aug/2026:13:56:55 +0300] "POST /xmlrpc.php HTTP/1.1" 200 459 "-" "Mozilla/5.0 (Windows NT 6.3; x64) AppleWebKit/537.36 (KHTML, like Gecko) Firefox/87.0.0.0 Safari/537.36"
122.180.21.11 - - [18/Aug/2026:13:56:56 +0300] "POST /xmlrpc.php HTTP/1.1" 200 459 "-" "Jetpack/12.1; WordPress/6.1; http://site73804774.com"
39.32.5.128 - - [18/Aug/2026:13:57:05 +0300] "POST /xmlrpc.php HTTP/1.1" 200 459 "-" "Jetpack/13.0; WordPress/6.2; http://site68425947.com"
122.50.1.97 - - [18/Aug/2026:13:57:07 +0300] "POST /xmlrpc.php HTTP/1.1" 200 459 "-" "Mozilla/5.0 (Macintosh; Intel Mac OS X 10_15_7; x64) AppleWebKit/537.36 (KHTML, like Gecko) Safari/10.0.0.0 Safari/537.36"
122.180.21.11 - - [18/Aug/2026:13:57:07 +0300] "POST /xmlrpc.php HTTP/1.1" 200 459 "-" "Jetpack/12.5; WordPress/6.1; http://site34445680.com"
39.32.5.128 - - [18/Aug/2026:13:57:16 +0300] "POST /xmlrpc.php HTTP/1.1" 200 459 "-" "Jetpack by WordPress.com"
122.180.21.11 - - [18/Aug/2026:13:57:18 +0300] "POST /xmlrpc.php HTTP/1.1" 200 459 "-" "WordPress.com; https://wordpress.com"
122.50.1.97 - - [18/Aug/2026:13:57:24 +0300] "POST /xmlrpc.php HTTP/1.1" 200 459 "-" "Mozilla/5.0 (X11; Ubuntu; Linux x86_64; arm64) AppleWebKit/537.36 (KHTML, like Gecko) Opera/67.0.0.0 Safari/537.36"
39.32.5.128 - - [18/Aug/2026:13:57:27 +0300] "POST /xmlrpc.php HTTP/1.1" 200 459 "-" "WordPress.com; https://wordpress.com"
122.180.21.11 - - [18/Aug/2026:13:57:28 +0300] "POST /xmlrpc.php HTTP/1.1" 200 459 "-" "Jetpack/12.1; WordPress/6.2; http://site47195815.com"
122.50.1.97 - - [18/Aug/2026:13:57:38 +0300] "POST /xmlrpc.php HTTP/1.1" 200 459 "-" "Mozilla/5.0 (Windows NT 10.0; x86) AppleWebKit/537.36 (KHTML, like Gecko) Firefox/85.0.0.0 Safari/537.36"
39.32.5.128 - - [18/Aug/2026:13:57:38 +0300] "POST /xmlrpc.php HTTP/1.1" 200 459 "-" "Jetpack by WordPress.com (Jetpack 12.1; WordPress 6.4)"
122.180.21.11 - - [18/Aug/2026:13:57:39 +0300] "POST /xmlrpc.php HTTP/1.1" 200 459 "-" "WordPress.com; https://wordpress.com"
39.32.5.128 - - [18/Aug/2026:13:57:48 +0300] "POST /xmlrpc.php HTTP/1.1" 200 459 "-" "Jetpack/13.0; WordPress/6.1; http://site42560301.com"
122.180.21.11 - - [18/Aug/2026:13:57:49 +0300] "POST /xmlrpc.php HTTP/1.1" 200 459 "-" "Jetpack/12.5; WordPress/6.3; http://site70116016.com"
122.50.1.97 - - [18/Aug/2026:13:57:50 +0300] "POST /xmlrpc.php HTTP/1.1" 200 459 "-" "Mozilla/5.0 (Windows NT 10.0; x86) AppleWebKit/537.36 (KHTML, like Gecko) Firefox/98.0.0.0 Safari/537.36"
39.32.5.128 - - [18/Aug/2026:13:57:59 +0300] "POST /xmlrpc.php HTTP/1.1" 200 459 "-" "Jetpack by WordPress.com"
122.180.21.11 - - [18/Aug/2026:13:58:00 +0300] "POST /xmlrpc.php HTTP/1.1" 200 459 "-" "Jetpack/12.5; WordPress/6.3; http://site55790440.com"
122.50.1.97 - - [18/Aug/2026:13:58:03 +0300] "POST /xmlrpc.php HTTP/1.1" 200 459 "-" "Mozilla/5.0 (Windows NT 10.0; arm64) AppleWebKit/537.36 (KHTML, like Gecko) Edge/85.0.0.0 Safari/537.36"
39.32.5.128 - - [18/Aug/2026:13:58:11 +0300] "POST /xmlrpc.php HTTP/1.1" 200 459 "-" "Jetpack/12.0; WordPress/6.3; http://site10471769.com"
122.180.21.11 - - [18/Aug/2026:13:58:11 +0300] "POST /xmlrpc.php HTTP/1.1" 200 459 "-" "Jetpack by WordPress.com (Jetpack 13.0; WordPress 6.4)"
122.50.1.97 - - [18/Aug/2026:13:58:14 +0300] "POST /xmlrpc.php HTTP/1.1" 200 459 "-" "Mozilla/5.0 (X11; Ubuntu; Linux x86_64; x86) AppleWebKit/537.36 (KHTML, like Gecko) Opera/77.0.0.0 Safari/537.36"
122.180.21.11 - - [18/Aug/2026:13:58:21 +0300] "POST /xmlrpc.php HTTP/1.1" 200 459 "-" "Jetpack by WordPress.com"
39.32.5.128 - - [18/Aug/2026:13:58:21 +0300] "POST /xmlrpc.php HTTP/1.1" 200 459 "-" "Jetpack by WordPress.com (Jetpack 12.0; WordPress 6.1)"
122.50.1.97 - - [18/Aug/2026:13:58:26 +0300] "POST /xmlrpc.php HTTP/1.1" 200 459 "-" "Mozilla/5.0 (Windows NT 6.3; x86) AppleWebKit/537.36 (KHTML, like Gecko) Chrome/96.0.0.0 Safari/537.36"
122.180.21.11 - - [18/Aug/2026:13:58:31 +0300] "POST /xmlrpc.php HTTP/1.1" 200 459 "-" "Jetpack by WordPress.com"
39.32.5.128 - - [18/Aug/2026:13:58:32 +0300] "POST /xmlrpc.php HTTP/1.1" 200 459 "-" "WordPress.com; https://wordpress.com"
122.50.1.97 - - [18/Aug/2026:13:58:37 +0300] "POST /xmlrpc.php HTTP/1.1" 200 459 "-" "Mozilla/5.0 (Windows NT 6.2; x86) AppleWebKit/537.36 (KHTML, like Gecko) Chrome/80.0.0.0 Safari/537.36"
122.180.21.11 - - [18/Aug/2026:13:58:42 +0300] "POST /xmlrpc.php HTTP/1.1" 200 459 "-" "WordPress.com; https://wordpress.com"
39.32.5.128 - - [18/Aug/2026:13:58:43 +0300] "POST /xmlrpc.php HTTP/1.1" 200 459 "-" "WordPress.com; https://wordpress.com"
122.50.1.97 - - [18/Aug/2026:13:58:49 +0300] "POST /xmlrpc.php HTTP/1.1" 200 459 "-" "Mozilla/5.0 (Windows NT 6.2; x86) AppleWebKit/537.36 (KHTML, like Gecko) Safari/12.0.0.0 Safari/537.36"
216.244.66.230 - - [18/Aug/2026:13:58:50 +0300] "GET /robots.txt HTTP/1.1" 301 162 "-" "Mozilla/5.0 (compatible; DotBot/1.2; +https://opensiteexplorer.org/dotbot; help@moz.com)"
122.180.21.11 - - [18/Aug/2026:13:58:52 +0300] "POST /xmlrpc.php HTTP/1.1" 200 459 "-" "Jetpack by WordPress.com (Jetpack 12.5; WordPress 6.2)"
39.32.5.128 - - [18/Aug/2026:13:58:54 +0300] "POST /xmlrpc.php HTTP/1.1" 200 459 "-" "Jetpack/12.1; WordPress/6.2; http://site81229170.com"
122.50.1.97 - - [18/Aug/2026:13:59:01 +0300] "POST /xmlrpc.php HTTP/1.1" 200 459 "-" "Mozilla/5.0 (Linux; Android 10; arm64) AppleWebKit/537.36 (KHTML, like Gecko) Safari/14.0.0.0 Safari/537.36"
122.180.21.11 - - [18/Aug/2026:13:59:03 +0300] "POST /xmlrpc.php HTTP/1.1" 200 459 "-" "Jetpack by WordPress.com (Jetpack 13.0; WordPress 6.1)"
39.32.5.128 - - [18/Aug/2026:13:59:05 +0300] "POST /xmlrpc.php HTTP/1.1" 200 459 "-" "Jetpack by WordPress.com"
122.50.1.97 - - [18/Aug/2026:13:59:12 +0300] "POST /xmlrpc.php HTTP/1.1" 200 459 "-" "Mozilla/5.0 (Macintosh; Intel Mac OS X 10_15_7; x86) AppleWebKit/537.36 (KHTML, like Gecko) Safari/14.0.0.0 Safari/537.36"
122.180.21.11 - - [18/Aug/2026:13:59:13 +0300] "POST /xmlrpc.php HTTP/1.1" 200 459 "-" "Jetpack by WordPress.com (Jetpack 12.5; WordPress 6.1)"
39.32.5.128 - - [18/Aug/2026:13:59:16 +0300] "POST /xmlrpc.php HTTP/1.1" 200 459 "-" "Jetpack by WordPress.com"
122.180.21.11 - - [18/Aug/2026:13:59:24 +0300] "POST /xmlrpc.php HTTP/1.1" 200 459 "-" "Jetpack/12.1; WordPress/6.3; http://site70198248.com"
122.50.1.97 - - [18/Aug/2026:13:59:24 +0300] "POST /xmlrpc.php HTTP/1.1" 200 459 "-" "Mozilla/5.0 (X11; Ubuntu; Linux x86_64; x64) AppleWebKit/537.36 (KHTML, like Gecko) Firefox/85.0.0.0 Safari/537.36"
39.32.5.128 - - [18/Aug/2026:13:59:27 +0300] "POST /xmlrpc.php HTTP/1.1" 200 459 "-" "Jetpack by WordPress.com"
122.180.21.11 - - [18/Aug/2026:13:59:34 +0300] "POST /xmlrpc.php HTTP/1.1" 200 459 "-" "Jetpack by WordPress.com"
122.50.1.97 - - [18/Aug/2026:13:59:36 +0300] "POST /xmlrpc.php HTTP/1.1" 200 459 "-" "Mozilla/5.0 (Macintosh; Intel Mac OS X 10_15_7; x64) AppleWebKit/537.36 (KHTML, like Gecko) Safari/10.0.0.0 Safari/537.36"
39.32.5.128 - - [18/Aug/2026:13:59:38 +0300] "POST /xmlrpc.php HTTP/1.1" 200 459 "-" "WordPress.com; https://wordpress.com"
122.180.21.11 - - [18/Aug/2026:13:59:45 +0300] "POST /xmlrpc.php HTTP/1.1" 200 459 "-" "Jetpack by WordPress.com (Jetpack 12.1; WordPress 6.2)"
39.32.5.128 - - [18/Aug/2026:13:59:49 +0300] "POST /xmlrpc.php HTTP/1.1" 200 459 "-" "Jetpack by WordPress.com (Jetpack 12.5; WordPress 6.2)"
122.50.1.97 - - [18/Aug/2026:13:59:49 +0300] "POST /xmlrpc.php HTTP/1.1" 200 459 "-" "Mozilla/5.0 (Windows NT 6.2; x64) AppleWebKit/537.36 (KHTML, like Gecko) Chrome/96.0.0.0 Safari/537.36"
122.180.21.11 - - [18/Aug/2026:13:59:55 +0300] "POST /xmlrpc.php HTTP/1.1" 200 459 "-" "Jetpack/12.1; WordPress/6.3; http://site24656258.com"
39.32.5.128 - - [18/Aug/2026:14:00:00 +0300] "POST /xmlrpc.php HTTP/1.1" 200 459 "-" "Jetpack/13.0; WordPress/6.1; http://site29740350.com"
122.50.1.97 - - [18/Aug/2026:14:00:05 +0300] "POST /xmlrpc.php HTTP/1.1" 200 459 "-" "Mozilla/5.0 (Linux; Android 10; x86) AppleWebKit/537.36 (KHTML, like Gecko) Firefox/99.0.0.0 Safari/537.36"
122.180.21.11 - - [18/Aug/2026:14:00:06 +0300] "POST /xmlrpc.php HTTP/1.1" 200 459 "-" "WordPress.com; https://wordpress.com"
39.32.5.128 - - [18/Aug/2026:14:00:11 +0300] "POST /xmlrpc.php HTTP/1.1" 200 459 "-" "Jetpack by WordPress.com (Jetpack 13.0; WordPress 6.1)"
122.180.21.11 - - [18/Aug/2026:14:00:16 +0300] "POST /xmlrpc.php HTTP/1.1" 200 459 "-" "WordPress.com; https://wordpress.com"
122.50.1.97 - - [18/Aug/2026:14:00:20 +0300] "POST /xmlrpc.php HTTP/1.1" 200 459 "-" "Mozilla/5.0 (X11; Ubuntu; Linux x86_64; x86) AppleWebKit/537.36 (KHTML, like Gecko) Safari/10.0.0.0 Safari/537.36"
78.109.78.211 - - [18/Aug/2026:14:00:21 +0300] "POST / HTTP/2.0" 200 38503 "-" "Mozilla/5.0 (Windows NT 10.0; Win64; x64) AppleWebKit/537.36 (KHTML, like Gecko) Chrome/60.0.3112.113 Safari/537.36 Assetnote/1.0.0"
78.109.78.211 - - [18/Aug/2026:14:00:22 +0300] "HEAD / HTTP/2.0" 301 0 "-" "Go-http-client/2.0"
39.32.5.128 - - [18/Aug/2026:14:00:22 +0300] "POST /xmlrpc.php HTTP/1.1" 200 459 "-" "Jetpack/12.1; WordPress/6.3; http://site88820692.com"
78.109.78.211 - - [18/Aug/2026:14:00:22 +0300] "POST / HTTP/2.0" 200 38503 "-" "Mozilla/5.0 (Windows NT 10.0; Win64; x64) AppleWebKit/537.36 (KHTML, like Gecko) Chrome/60.0.3112.113 Safari/537.36 Assetnote/1.0.0"
78.109.78.211 - - [18/Aug/2026:14:00:22 +0300] "HEAD / HTTP/2.0" 301 0 "-" "Go-http-client/2.0"
122.180.21.11 - - [18/Aug/2026:14:00:27 +0300] "POST /xmlrpc.php HTTP/1.1" 200 459 "-" "WordPress.com; https://wordpress.com"
122.50.1.97 - - [18/Aug/2026:14:00:32 +0300] "POST /xmlrpc.php HTTP/1.1" 200 459 "-" "Mozilla/5.0 (Windows NT 6.2; x64) AppleWebKit/537.36 (KHTML, like Gecko) Firefox/76.0.0.0 Safari/537.36"
122.50.1.97 - - [18/Aug/2026:14:00:32 +0300] "POST /xmlrpc.php HTTP/1.1" 200 459 "-" "Mozilla/5.0 (Windows NT 10.0; x86) AppleWebKit/537.36 (KHTML, like Gecko) Opera/70.0.0.0 Safari/537.36"
39.32.5.128 - - [18/Aug/2026:14:00:33 +0300] "POST /xmlrpc.php HTTP/1.1" 200 459 "-" "WordPress.com; https://wordpress.com"
122.180.21.11 - - [18/Aug/2026:14:00:37 +0300] "POST /xmlrpc.php HTTP/1.1" 200 459 "-" "Jetpack by WordPress.com (Jetpack 12.5; WordPress 6.2)"
39.32.5.128 - - [18/Aug/2026:14:00:44 +0300] "POST /xmlrpc.php HTTP/1.1" 200 459 "-" "Jetpack/12.0; WordPress/6.2; http://site39246203.com"
122.180.21.11 - - [18/Aug/2026:14:00:48 +0300] "POST /xmlrpc.php HTTP/1.1" 200 459 "-" "WordPress.com; https://wordpress.com"
39.32.5.128 - - [18/Aug/2026:14:00:55 +0300] "POST /xmlrpc.php HTTP/1.1" 200 459 "-" "WordPress.com; https://wordpress.com"
122.180.21.11 - - [18/Aug/2026:14:00:58 +0300] "POST /xmlrpc.php HTTP/1.1" 200 459 "-" "Jetpack by WordPress.com"
39.32.5.128 - - [18/Aug/2026:14:01:06 +0300] "POST /xmlrpc.php HTTP/1.1" 200 459 "-" "WordPress.com; https://wordpress.com"
122.180.21.11 - - [18/Aug/2026:14:01:08 +0300] "POST /xmlrpc.php HTTP/1.1" 200 459 "-" "Jetpack by WordPress.com (Jetpack 13.0; WordPress 6.2)"
39.32.5.128 - - [18/Aug/2026:14:01:16 +0300] "POST /xmlrpc.php HTTP/1.1" 200 459 "-" "WordPress.com; https://wordpress.com"
122.180.21.11 - - [18/Aug/2026:14:01:19 +0300] "POST /xmlrpc.php HTTP/1.1" 200 459 "-" "WordPress.com; https://wordpress.com"
39.32.5.128 - - [18/Aug/2026:14:01:27 +0300] "POST /xmlrpc.php HTTP/1.1" 200 459 "-" "Jetpack by WordPress.com"
122.180.21.11 - - [18/Aug/2026:14:01:29 +0300] "POST /xmlrpc.php HTTP/1.1" 200 459 "-" "Jetpack/12.0; WordPress/6.4; http://site24219914.com"
39.32.5.128 - - [18/Aug/2026:14:01:38 +0300] "POST /xmlrpc.php HTTP/1.1" 200 459 "-" "Jetpack by WordPress.com (Jetpack 12.0; WordPress 6.3)"
122.180.21.11 - - [18/Aug/2026:14:01:40 +0300] "POST /xmlrpc.php HTTP/1.1" 200 459 "-" "Jetpack by WordPress.com (Jetpack 12.1; WordPress 6.4)"
39.32.5.128 - - [18/Aug/2026:14:01:49 +0300] "POST /xmlrpc.php HTTP/1.1" 200 459 "-" "Jetpack by WordPress.com (Jetpack 12.1; WordPress 6.1)"
122.180.21.11 - - [18/Aug/2026:14:01:50 +0300] "POST /xmlrpc.php HTTP/1.1" 200 459 "-" "Jetpack by WordPress.com"
39.32.5.128 - - [18/Aug/2026:14:02:00 +0300] "POST /xmlrpc.php HTTP/1.1" 200 459 "-" "Jetpack by WordPress.com (Jetpack 12.0; WordPress 6.2)"
122.180.21.11 - - [18/Aug/2026:14:02:01 +0300] "POST /xmlrpc.php HTTP/1.1" 200 459 "-" "Jetpack by WordPress.com"
39.32.5.128 - - [18/Aug/2026:14:02:11 +0300] "POST /xmlrpc.php HTTP/1.1" 200 459 "-" "Jetpack/12.1; WordPress/6.4; http://site47250144.com"
122.180.21.11 - - [18/Aug/2026:14:02:11 +0300] "POST /xmlrpc.php HTTP/1.1" 200 459 "-" "Jetpack by WordPress.com (Jetpack 13.0; WordPress 6.1)"
66.249.66.205 - - [18/Aug/2026:14:02:20 +0300] "GET /shop/pg/1SiteUse/ HTTP/1.1" 404 11133 "-" "Mozilla/5.0 (Linux; Android 6.0.1; Nexus 5X Build/MMB29P) AppleWebKit/537.36 (KHTML, like Gecko) Chrome/151.0.7922.137 Mobile Safari/537.36 (compatible; Googlebot/2.1; +http://www.google.com/bot.html)"
39.32.5.128 - - [18/Aug/2026:14:02:22 +0300] "POST /xmlrpc.php HTTP/1.1" 200 459 "-" "Jetpack by WordPress.com (Jetpack 12.5; WordPress 6.3)"
122.180.21.11 - - [18/Aug/2026:14:02:22 +0300] "POST /xmlrpc.php HTTP/1.1" 200 459 "-" "Jetpack/12.1; WordPress/6.1; http://site58114356.com"
122.180.21.11 - - [18/Aug/2026:14:02:33 +0300] "POST /xmlrpc.php HTTP/1.1" 200 459 "-" "Jetpack by WordPress.com (Jetpack 12.1; WordPress 6.3)"
39.32.5.128 - - [18/Aug/2026:14:02:33 +0300] "POST /xmlrpc.php HTTP/1.1" 200 459 "-" "Jetpack/12.5; WordPress/6.1; http://site34568949.com"
122.180.21.11 - - [18/Aug/2026:14:02:43 +0300] "POST /xmlrpc.php HTTP/1.1" 200 459 "-" "WordPress.com; https://wordpress.com"
39.32.5.128 - - [18/Aug/2026:14:02:44 +0300] "POST /xmlrpc.php HTTP/1.1" 200 459 "-" "Jetpack/13.0; WordPress/6.4; http://site10174152.com"
122.180.21.11 - - [18/Aug/2026:14:02:54 +0300] "POST /xmlrpc.php HTTP/1.1" 200 459 "-" "Jetpack/12.0; WordPress/6.4; http://site25067927.com"
39.32.5.128 - - [18/Aug/2026:14:02:54 +0300] "POST /xmlrpc.php HTTP/1.1" 200 459 "-" "WordPress.com; https://wordpress.com"
122.180.21.11 - - [18/Aug/2026:14:03:04 +0300] "POST /xmlrpc.php HTTP/1.1" 200 459 "-" "WordPress.com; https://wordpress.com"
39.32.5.128 - - [18/Aug/2026:14:03:05 +0300] "POST /xmlrpc.php HTTP/1.1" 200 459 "-" "Jetpack/13.0; WordPress/6.4; http://site31985667.com"
122.180.21.11 - - [18/Aug/2026:14:03:14 +0300] "POST /xmlrpc.php HTTP/1.1" 200 459 "-" "Jetpack by WordPress.com"
39.32.5.128 - - [18/Aug/2026:14:03:16 +0300] "POST /xmlrpc.php HTTP/1.1" 200 459 "-" "WordPress.com; https://wordpress.com"
122.180.21.11 - - [18/Aug/2026:14:03:25 +0300] "POST /xmlrpc.php HTTP/1.1" 200 459 "-" "WordPress.com; https://wordpress.com"
39.32.5.128 - - [18/Aug/2026:14:03:27 +0300] "POST /xmlrpc.php HTTP/1.1" 200 459 "-" "Jetpack by WordPress.com"
122.180.21.11 - - [18/Aug/2026:14:03:35 +0300] "POST /xmlrpc.php HTTP/1.1" 200 459 "-" "Jetpack by WordPress.com"
39.32.5.128 - - [18/Aug/2026:14:03:38 +0300] "POST /xmlrpc.php HTTP/1.1" 200 459 "-" "WordPress.com; https://wordpress.com"
122.180.21.11 - - [18/Aug/2026:14:03:46 +0300] "POST /xmlrpc.php HTTP/1.1" 200 459 "-" "WordPress.com; https://wordpress.com"
39.32.5.128 - - [18/Aug/2026:14:03:49 +0300] "POST /xmlrpc.php HTTP/1.1" 200 459 "-" "Jetpack/13.0; WordPress/6.4; http://site18880611.com"
122.180.21.11 - - [18/Aug/2026:14:03:57 +0300] "POST /xmlrpc.php HTTP/1.1" 200 459 "-" "Jetpack by WordPress.com"
39.32.5.128 - - [18/Aug/2026:14:04:00 +0300] "POST /xmlrpc.php HTTP/1.1" 200 459 "-" "Jetpack/12.1; WordPress/6.2; http://site23440217.com"
122.180.21.11 - - [18/Aug/2026:14:04:07 +0300] "POST /xmlrpc.php HTTP/1.1" 200 459 "-" "Jetpack by WordPress.com (Jetpack 12.5; WordPress 6.1)"
39.32.5.128 - - [18/Aug/2026:14:04:11 +0300] "POST /xmlrpc.php HTTP/1.1" 200 459 "-" "WordPress.com; https://wordpress.com"
122.180.21.11 - - [18/Aug/2026:14:04:17 +0300] "POST /xmlrpc.php HTTP/1.1" 200 459 "-" "WordPress.com; https://wordpress.com"
39.32.5.128 - - [18/Aug/2026:14:04:22 +0300] "POST /xmlrpc.php HTTP/1.1" 200 459 "-" "Jetpack by WordPress.com"
122.180.21.11 - - [18/Aug/2026:14:04:28 +0300] "POST /xmlrpc.php HTTP/1.1" 200 459 "-" "Jetpack/13.0; WordPress/6.3; http://site34391688.com"
39.32.5.128 - - [18/Aug/2026:14:04:34 +0300] "POST /xmlrpc.php HTTP/1.1" 200 459 "-" "Jetpack/12.5; WordPress/6.2; http://site26288883.com"
122.180.21.11 - - [18/Aug/2026:14:04:38 +0300] "POST /xmlrpc.php HTTP/1.1" 200 459 "-" "WordPress.com; https://wordpress.com"
144.124.192.90 - - [18/Aug/2026:14:04:39 +0300] "GET /nginx-setup-ssl-reverse-rpoxy-load-balanced-ssl-proxy/openssl-create-csr/ HTTP/2.0" 200 10898 "-" "Mozilla/5.0 (Macintosh; Intel Mac OS X 10_15_7) AppleWebKit/537.36 (KHTML, like Gecko) Chrome/133.0.0.0 Safari/537.36"
39.32.5.128 - - [18/Aug/2026:14:04:44 +0300] "POST /xmlrpc.php HTTP/1.1" 200 459 "-" "Jetpack by WordPress.com"
122.180.21.11 - - [18/Aug/2026:14:04:49 +0300] "POST /xmlrpc.php HTTP/1.1" 200 459 "-" "Jetpack by WordPress.com (Jetpack 12.5; WordPress 6.1)"
45.198.224.26 - - [18/Aug/2026:14:04:49 +0300] "GET / HTTP/1.1" 301 162 "http://82.148.16.210:80/cgi-bin/index2.asp" "Mozilla/5.0 (X11; Linux x86_64) AppleWebKit/537.36 (KHTML, like Gecko) Chrome/126.0.0.0 Safari/537.36"
39.32.5.128 - - [18/Aug/2026:14:04:55 +0300] "POST /xmlrpc.php HTTP/1.1" 200 459 "-" "Jetpack by WordPress.com"
122.180.21.11 - - [18/Aug/2026:14:04:59 +0300] "POST /xmlrpc.php HTTP/1.1" 200 459 "-" "Jetpack/13.0; WordPress/6.2; http://site11688720.com"
39.32.5.128 - - [18/Aug/2026:14:05:06 +0300] "POST /xmlrpc.php HTTP/1.1" 200 459 "-" "Jetpack by WordPress.com"
122.180.21.11 - - [18/Aug/2026:14:05:10 +0300] "POST /xmlrpc.php HTTP/1.1" 200 459 "-" "Jetpack/12.5; WordPress/6.4; http://site98132058.com"
39.32.5.128 - - [18/Aug/2026:14:05:16 +0300] "POST /xmlrpc.php HTTP/1.1" 200 459 "-" "Jetpack by WordPress.com"
122.180.21.11 - - [18/Aug/2026:14:05:20 +0300] "POST /xmlrpc.php HTTP/1.1" 200 459 "-" "WordPress.com; https://wordpress.com"
39.32.5.128 - - [18/Aug/2026:14:05:27 +0300] "POST /xmlrpc.php HTTP/1.1" 200 459 "-" "Jetpack by WordPress.com"
122.180.21.11 - - [18/Aug/2026:14:05:31 +0300] "POST /xmlrpc.php HTTP/1.1" 200 459 "-" "Jetpack by WordPress.com"
39.32.5.128 - - [18/Aug/2026:14:05:38 +0300] "POST /xmlrpc.php HTTP/1.1" 200 459 "-" "Jetpack/12.1; WordPress/6.1; http://site36961595.com"
122.180.21.11 - - [18/Aug/2026:14:05:41 +0300] "POST /xmlrpc.php HTTP/1.1" 200 459 "-" "Jetpack by WordPress.com"
39.32.5.128 - - [18/Aug/2026:14:05:49 +0300] "POST /xmlrpc.php HTTP/1.1" 200 459 "-" "Jetpack by WordPress.com"
122.180.21.11 - - [18/Aug/2026:14:05:52 +0300] "POST /xmlrpc.php HTTP/1.1" 200 459 "-" "Jetpack/13.0; WordPress/6.1; http://site83135055.com"
39.32.5.128 - - [18/Aug/2026:14:06:00 +0300] "POST /xmlrpc.php HTTP/1.1" 200 459 "-" "Jetpack/13.0; WordPress/6.3; http://site41852112.com"
122.180.21.11 - - [18/Aug/2026:14:06:03 +0300] "POST /xmlrpc.php HTTP/1.1" 200 459 "-" "Jetpack by WordPress.com"
39.32.5.128 - - [18/Aug/2026:14:06:11 +0300] "POST /xmlrpc.php HTTP/1.1" 200 459 "-" "WordPress.com; https://wordpress.com"
122.180.21.11 - - [18/Aug/2026:14:06:13 +0300] "POST /xmlrpc.php HTTP/1.1" 200 459 "-" "WordPress.com; https://wordpress.com"
39.32.5.128 - - [18/Aug/2026:14:06:21 +0300] "POST /xmlrpc.php HTTP/1.1" 200 459 "-" "Jetpack by WordPress.com (Jetpack 12.0; WordPress 6.4)"
122.180.21.11 - - [18/Aug/2026:14:06:23 +0300] "POST /xmlrpc.php HTTP/1.1" 200 459 "-" "Jetpack/12.1; WordPress/6.3; http://site54343475.com"
39.32.5.128 - - [18/Aug/2026:14:06:33 +0300] "POST /xmlrpc.php HTTP/1.1" 200 459 "-" "Jetpack/12.5; WordPress/6.3; http://site81252974.com"
122.180.21.11 - - [18/Aug/2026:14:06:34 +0300] "POST /xmlrpc.php HTTP/1.1" 200 459 "-" "Jetpack/12.5; WordPress/6.1; http://site15252693.com"
39.32.5.128 - - [18/Aug/2026:14:06:44 +0300] "POST /xmlrpc.php HTTP/1.1" 200 459 "-" "Jetpack by WordPress.com"
122.180.21.11 - - [18/Aug/2026:14:06:44 +0300] "POST /xmlrpc.php HTTP/1.1" 200 459 "-" "Jetpack/12.5; WordPress/6.1; http://site55238772.com"
39.32.5.128 - - [18/Aug/2026:14:06:54 +0300] "POST /xmlrpc.php HTTP/1.1" 200 459 "-" "Jetpack/12.5; WordPress/6.3; http://site39803421.com"
122.180.21.11 - - [18/Aug/2026:14:06:55 +0300] "POST /xmlrpc.php HTTP/1.1" 200 459 "-" "Jetpack/12.5; WordPress/6.4; http://site89499054.com"
122.180.21.11 - - [18/Aug/2026:14:07:05 +0300] "POST /xmlrpc.php HTTP/1.1" 200 459 "-" "Jetpack by WordPress.com (Jetpack 12.0; WordPress 6.4)"
39.32.5.128 - - [18/Aug/2026:14:07:06 +0300] "POST /xmlrpc.php HTTP/1.1" 200 459 "-" "WordPress.com; https://wordpress.com"
122.180.21.11 - - [18/Aug/2026:14:07:16 +0300] "POST /xmlrpc.php HTTP/1.1" 200 459 "-" "Jetpack by WordPress.com"
39.32.5.128 - - [18/Aug/2026:14:07:16 +0300] "POST /xmlrpc.php HTTP/1.1" 200 459 "-" "Jetpack/12.5; WordPress/6.1; http://site21842532.com"
122.180.21.11 - - [18/Aug/2026:14:07:26 +0300] "POST /xmlrpc.php HTTP/1.1" 200 459 "-" "Jetpack/12.1; WordPress/6.2; http://site44151751.com"
39.32.5.128 - - [18/Aug/2026:14:07:27 +0300] "POST /xmlrpc.php HTTP/1.1" 200 459 "-" "Jetpack/12.0; WordPress/6.1; http://site33461049.com"
122.180.21.11 - - [18/Aug/2026:14:07:37 +0300] "POST /xmlrpc.php HTTP/1.1" 200 459 "-" "WordPress.com; https://wordpress.com"
39.32.5.128 - - [18/Aug/2026:14:07:38 +0300] "POST /xmlrpc.php HTTP/1.1" 200 459 "-" "Jetpack/12.5; WordPress/6.4; http://site64220152.com"
122.180.21.11 - - [18/Aug/2026:14:07:47 +0300] "POST /xmlrpc.php HTTP/1.1" 200 459 "-" "Jetpack by WordPress.com"
216.244.66.230 - - [18/Aug/2026:14:07:48 +0300] "GET /vavada-vavada-kazino-oficialnyy-sayt-registraciya-vhod-2026/ HTTP/1.1" 200 49289 "-" "Mozilla/5.0 (compatible; DotBot/1.2; +https://opensiteexplorer.org/dotbot; help@moz.com)"
39.32.5.128 - - [18/Aug/2026:14:07:49 +0300] "POST /xmlrpc.php HTTP/1.1" 200 459 "-" "Jetpack by WordPress.com"
88.240.137.14 - - [18/Aug/2026:14:07:53 +0300] "GET /ejabberd-xmpp-server HTTP/2.0" 301 6 "https://891rpm.com" "Mozilla/5.0 (Windows NT 10.0; Win64; x64) AppleWebKit/537.36 (KHTML, like Gecko) Chrome/142.0.0.0 Safari/537.36"
31.175.32.37 - - [18/Aug/2026:14:07:56 +0300] "GET /ejabberd-xmpp-server/ HTTP/2.0" 200 13913 "https://891rpm.com/ejabberd-xmpp-server" "Mozilla/5.0 (Windows NT 10.0; Win64; x64) AppleWebKit/537.36 (KHTML, like Gecko) Chrome/142.0.0.0 Safari/537.36"
