146.70.194.236 - - [18/Aug/2026:09:54:49 +0300] "POST //xmlrpc.php HTTP/1.1" 200 457 "-" "Mozilla/5.0 (Windows NT 10.0; Win64; x64) AppleWebKit/537.36 (KHTML, like Gecko) Chrome/78.0.3904.108 Safari/537.36"
146.70.194.236 - - [18/Aug/2026:09:54:50 +0300] "POST //xmlrpc.php HTTP/1.1" 200 457 "-" "Mozilla/5.0 (Windows NT 10.0; Win64; x64) AppleWebKit/537.36 (KHTML, like Gecko) Chrome/78.0.3904.108 Safari/537.36"
146.70.194.236 - - [18/Aug/2026:09:54:50 +0300] "POST //xmlrpc.php HTTP/1.1" 200 457 "-" "Mozilla/5.0 (Windows NT 10.0; Win64; x64) AppleWebKit/537.36 (KHTML, like Gecko) Chrome/78.0.3904.108 Safari/537.36"
146.70.194.236 - - [18/Aug/2026:09:54:50 +0300] "POST //xmlrpc.php HTTP/1.1" 200 457 "-" "Mozilla/5.0 (Windows NT 10.0; Win64; x64) AppleWebKit/537.36 (KHTML, like Gecko) Chrome/78.0.3904.108 Safari/537.36"
146.70.194.236 - - [18/Aug/2026:09:54:50 +0300] "POST //xmlrpc.php HTTP/1.1" 200 457 "-" "Mozilla/5.0 (Windows NT 10.0; Win64; x64) AppleWebKit/537.36 (KHTML, like Gecko) Chrome/78.0.3904.108 Safari/537.36"
146.70.194.236 - - [18/Aug/2026:09:54:51 +0300] "POST //xmlrpc.php HTTP/1.1" 200 457 "-" "Mozilla/5.0 (Windows NT 10.0; Win64; x64) AppleWebKit/537.36 (KHTML, like Gecko) Chrome/78.0.3904.108 Safari/537.36"
146.70.194.236 - - [18/Aug/2026:09:54:51 +0300] "POST //xmlrpc.php HTTP/1.1" 200 457 "-" "Mozilla/5.0 (Windows NT 10.0; Win64; x64) AppleWebKit/537.36 (KHTML, like Gecko) Chrome/78.0.3904.108 Safari/537.36"
146.70.194.236 - - [18/Aug/2026:09:54:51 +0300] "POST //xmlrpc.php HTTP/1.1" 200 457 "-" "Mozilla/5.0 (Windows NT 10.0; Win64; x64) AppleWebKit/537.36 (KHTML, like Gecko) Chrome/78.0.3904.108 Safari/537.36"
146.70.194.236 - - [18/Aug/2026:09:54:51 +0300] "POST //xmlrpc.php HTTP/1.1" 200 457 "-" "Mozilla/5.0 (Windows NT 10.0; Win64; x64) AppleWebKit/537.36 (KHTML, like Gecko) Chrome/78.0.3904.108 Safari/537.36"
103.97.84.165 - - [18/Aug/2026:09:54:52 +0300] "POST /xmlrpc.php HTTP/1.1" 200 459 "-" "Jetpack by WordPress.com (Jetpack 13.0; WordPress 6.1)"
146.70.194.236 - - [18/Aug/2026:09:54:52 +0300] "POST //xmlrpc.php HTTP/1.1" 200 457 "-" "Mozilla/5.0 (Windows NT 10.0; Win64; x64) AppleWebKit/537.36 (KHTML, like Gecko) Chrome/78.0.3904.108 Safari/537.36"
146.70.194.236 - - [18/Aug/2026:09:54:52 +0300] "POST //xmlrpc.php HTTP/1.1" 200 457 "-" "Mozilla/5.0 (Windows NT 10.0; Win64; x64) AppleWebKit/537.36 (KHTML, like Gecko) Chrome/78.0.3904.108 Safari/537.36"
146.70.194.236 - - [18/Aug/2026:09:54:52 +0300] "POST //xmlrpc.php HTTP/1.1" 200 457 "-" "Mozilla/5.0 (Windows NT 10.0; Win64; x64) AppleWebKit/537.36 (KHTML, like Gecko) Chrome/78.0.3904.108 Safari/537.36"
146.70.194.236 - - [18/Aug/2026:09:54:53 +0300] "POST //xmlrpc.php HTTP/1.1" 200 457 "-" "Mozilla/5.0 (Windows NT 10.0; Win64; x64) AppleWebKit/537.36 (KHTML, like Gecko) Chrome/78.0.3904.108 Safari/537.36"
146.70.194.236 - - [18/Aug/2026:09:54:53 +0300] "POST //xmlrpc.php HTTP/1.1" 200 457 "-" "Mozilla/5.0 (Windows NT 10.0; Win64; x64) AppleWebKit/537.36 (KHTML, like Gecko) Chrome/78.0.3904.108 Safari/537.36"
146.70.194.236 - - [18/Aug/2026:09:54:53 +0300] "POST //xmlrpc.php HTTP/1.1" 200 457 "-" "Mozilla/5.0 (Windows NT 10.0; Win64; x64) AppleWebKit/537.36 (KHTML, like Gecko) Chrome/78.0.3904.108 Safari/537.36"
146.70.194.236 - - [18/Aug/2026:09:54:54 +0300] "POST //xmlrpc.php HTTP/1.1" 200 457 "-" "Mozilla/5.0 (Windows NT 10.0; Win64; x64) AppleWebKit/537.36 (KHTML, like Gecko) Chrome/78.0.3904.108 Safari/537.36"
146.70.194.236 - - [18/Aug/2026:09:54:54 +0300] "POST //xmlrpc.php HTTP/1.1" 200 457 "-" "Mozilla/5.0 (Windows NT 10.0; Win64; x64) AppleWebKit/537.36 (KHTML, like Gecko) Chrome/78.0.3904.108 Safari/537.36"
146.70.194.236 - - [18/Aug/2026:09:54:54 +0300] "POST //xmlrpc.php HTTP/1.1" 200 457 "-" "Mozilla/5.0 (Windows NT 10.0; Win64; x64) AppleWebKit/537.36 (KHTML, like Gecko) Chrome/78.0.3904.108 Safari/537.36"
146.70.194.236 - - [18/Aug/2026:09:54:55 +0300] "POST //xmlrpc.php HTTP/1.1" 200 457 "-" "Mozilla/5.0 (Windows NT 10.0; Win64; x64) AppleWebKit/537.36 (KHTML, like Gecko) Chrome/78.0.3904.108 Safari/537.36"
49.15.250.84 - - [18/Aug/2026:09:54:55 +0300] "POST /xmlrpc.php HTTP/1.1" 200 459 "-" "Jetpack by WordPress.com"
159.100.20.200 - - [18/Aug/2026:09:54:58 +0300] "POST /xmlrpc.php HTTP/1.1" 200 271 "-" "Mozilla/5.0 (Windows NT 10.0; Win64; x64) AppleWebKit/537.36"
103.97.84.165 - - [18/Aug/2026:09:55:02 +0300] "POST /xmlrpc.php HTTP/1.1" 200 459 "-" "Jetpack/12.1; WordPress/6.3; http://site41426858.com"
49.15.250.84 - - [18/Aug/2026:09:55:03 +0300] "POST /xmlrpc.php HTTP/1.1" 200 459 "-" "WordPress.com; https://wordpress.com"
103.97.84.165 - - [18/Aug/2026:09:55:13 +0300] "POST /xmlrpc.php HTTP/1.1" 200 459 "-" "Jetpack/12.1; WordPress/6.1; http://site87234919.com"
49.15.250.84 - - [18/Aug/2026:09:55:13 +0300] "POST /xmlrpc.php HTTP/1.1" 200 459 "-" "Jetpack by WordPress.com"
66.240.223.240 - - [18/Aug/2026:09:55:16 +0300] "GET / HTTP/1.1" 301 162 "-" "Mozilla/5.0 zgrab/0.x"
103.97.84.165 - - [18/Aug/2026:09:55:24 +0300] "POST /xmlrpc.php HTTP/1.1" 200 459 "-" "Jetpack by WordPress.com"
49.15.250.84 - - [18/Aug/2026:09:55:26 +0300] "POST /xmlrpc.php HTTP/1.1" 200 459 "-" "Jetpack by WordPress.com (Jetpack 13.0; WordPress 6.1)"
103.97.84.165 - - [18/Aug/2026:09:55:34 +0300] "POST /xmlrpc.php HTTP/1.1" 200 459 "-" "WordPress.com; https://wordpress.com"
49.15.250.84 - - [18/Aug/2026:09:55:38 +0300] "POST /xmlrpc.php HTTP/1.1" 200 459 "-" "Jetpack by WordPress.com"
103.97.84.165 - - [18/Aug/2026:09:55:45 +0300] "POST /xmlrpc.php HTTP/1.1" 200 459 "-" "Jetpack by WordPress.com"
49.15.250.84 - - [18/Aug/2026:09:55:49 +0300] "POST /xmlrpc.php HTTP/1.1" 200 459 "-" "Jetpack by WordPress.com (Jetpack 12.5; WordPress 6.3)"
103.97.84.165 - - [18/Aug/2026:09:55:56 +0300] "POST /xmlrpc.php HTTP/1.1" 200 459 "-" "WordPress.com; https://wordpress.com"
49.15.250.84 - - [18/Aug/2026:09:56:00 +0300] "POST /xmlrpc.php HTTP/1.1" 200 459 "-" "Jetpack by WordPress.com (Jetpack 12.1; WordPress 6.1)"
66.249.76.136 - - [18/Aug/2026:09:56:03 +0300] "GET /shop/single/gay074000649.shtml HTTP/1.1" 404 11133 "-" "Mozilla/5.0 (Linux; Android 6.0.1; Nexus 5X Build/MMB29P) AppleWebKit/537.36 (KHTML, like Gecko) Chrome/151.0.7922.137 Mobile Safari/537.36 (compatible; Googlebot/2.1; +http://www.google.com/bot.html)"
103.97.84.165 - - [18/Aug/2026:09:56:06 +0300] "POST /xmlrpc.php HTTP/1.1" 200 459 "-" "WordPress.com; https://wordpress.com"
103.97.84.165 - - [18/Aug/2026:09:56:17 +0300] "POST /xmlrpc.php HTTP/1.1" 200 459 "-" "Jetpack by WordPress.com"
103.97.84.165 - - [18/Aug/2026:09:56:28 +0300] "POST /xmlrpc.php HTTP/1.1" 200 459 "-" "WordPress.com; https://wordpress.com"
103.97.84.165 - - [18/Aug/2026:09:56:39 +0300] "POST /xmlrpc.php HTTP/1.1" 200 459 "-" "Jetpack/13.0; WordPress/6.1; http://site11738806.com"
103.97.84.165 - - [18/Aug/2026:09:56:49 +0300] "POST /xmlrpc.php HTTP/1.1" 200 459 "-" "WordPress.com; https://wordpress.com"
103.97.84.165 - - [18/Aug/2026:09:57:00 +0300] "POST /xmlrpc.php HTTP/1.1" 200 459 "-" "WordPress.com; https://wordpress.com"
103.97.84.165 - - [18/Aug/2026:09:57:11 +0300] "POST /xmlrpc.php HTTP/1.1" 200 459 "-" "Jetpack/12.5; WordPress/6.2; http://site89152029.com"
103.97.84.165 - - [18/Aug/2026:09:57:21 +0300] "POST /xmlrpc.php HTTP/1.1" 200 459 "-" "Jetpack by WordPress.com (Jetpack 12.0; WordPress 6.3)"
103.97.84.165 - - [18/Aug/2026:09:57:32 +0300] "POST /xmlrpc.php HTTP/1.1" 200 459 "-" "Jetpack by WordPress.com (Jetpack 13.0; WordPress 6.2)"
103.97.84.165 - - [18/Aug/2026:09:57:43 +0300] "POST /xmlrpc.php HTTP/1.1" 200 459 "-" "WordPress.com; https://wordpress.com"
49.15.250.46 - - [18/Aug/2026:09:57:52 +0300] "POST /xmlrpc.php HTTP/1.1" 200 459 "-" "Jetpack by WordPress.com"
103.97.84.165 - - [18/Aug/2026:09:57:53 +0300] "POST /xmlrpc.php HTTP/1.1" 200 459 "-" "WordPress.com; https://wordpress.com"
49.15.250.46 - - [18/Aug/2026:09:57:58 +0300] "POST /xmlrpc.php HTTP/1.1" 200 459 "-" "Jetpack/12.5; WordPress/6.2; http://site26454211.com"
103.97.84.165 - - [18/Aug/2026:09:58:04 +0300] "POST /xmlrpc.php HTTP/1.1" 200 459 "-" "WordPress.com; https://wordpress.com"
49.15.250.46 - - [18/Aug/2026:09:58:08 +0300] "POST /xmlrpc.php HTTP/1.1" 200 459 "-" "Jetpack/12.1; WordPress/6.2; http://site95908813.com"
103.97.84.165 - - [18/Aug/2026:09:58:15 +0300] "POST /xmlrpc.php HTTP/1.1" 200 459 "-" "WordPress.com; https://wordpress.com"
49.15.250.46 - - [18/Aug/2026:09:58:19 +0300] "POST /xmlrpc.php HTTP/1.1" 200 459 "-" "Jetpack by WordPress.com"
103.97.84.165 - - [18/Aug/2026:09:58:26 +0300] "POST /xmlrpc.php HTTP/1.1" 200 459 "-" "Jetpack by WordPress.com"
103.97.84.165 - - [18/Aug/2026:09:58:36 +0300] "POST /xmlrpc.php HTTP/1.1" 200 459 "-" "Jetpack by WordPress.com (Jetpack 12.5; WordPress 6.4)"
49.15.250.46 - - [18/Aug/2026:09:58:45 +0300] "POST /xmlrpc.php HTTP/1.1" 200 459 "-" "Jetpack by WordPress.com (Jetpack 13.0; WordPress 6.3)"
70.40.220.123 - - [18/Aug/2026:09:58:45 +0300] "GET /wp-login.php HTTP/2.0" 200 3353 "-" "Mozilla/5.0 (Windows NT 10.0; Win64; x64) AppleWebKit/537.36 (KHTML, like Gecko) Chrome/151.0.0.0 Safari/537.36"
70.40.220.123 - - [18/Aug/2026:09:58:45 +0300] "POST /wp-login.php HTTP/2.0" 200 3502 "https://891rpm.com/wp-login.php" "Mozilla/5.0 (Windows NT 10.0; Win64; x64) AppleWebKit/537.36 (KHTML, like Gecko) Chrome/151.0.0.0 Safari/537.36"
103.97.84.165 - - [18/Aug/2026:09:58:47 +0300] "POST /xmlrpc.php HTTP/1.1" 200 459 "-" "Jetpack by WordPress.com (Jetpack 13.0; WordPress 6.2)"
94.154.35.236 - - [18/Aug/2026:09:58:48 +0300] "HEAD /public_html.tar HTTP/1.1" 301 0 "-" "Mozilla/5.0 (Windows NT 10.0; Win64; x64) AppleWebKit/537.36 (KHTML, like Gecko) Chrome/101.0.4951.67 Safari/537.36"
94.154.35.236 - - [18/Aug/2026:09:58:49 +0300] "HEAD /public_html.tar HTTP/1.1" 404 0 "-" "Mozilla/5.0 (Windows NT 10.0; Win64; x64) AppleWebKit/537.36 (KHTML, like Gecko) Chrome/101.0.4951.67 Safari/537.36"
49.15.250.46 - - [18/Aug/2026:09:58:50 +0300] "POST /xmlrpc.php HTTP/1.1" 200 459 "-" "WordPress.com; https://wordpress.com"
103.97.84.165 - - [18/Aug/2026:09:58:58 +0300] "POST /xmlrpc.php HTTP/1.1" 200 459 "-" "Jetpack by WordPress.com (Jetpack 13.0; WordPress 6.3)"
49.15.250.46 - - [18/Aug/2026:09:59:01 +0300] "POST /xmlrpc.php HTTP/1.1" 200 459 "-" "Jetpack/12.1; WordPress/6.2; http://site75745449.com"
103.97.84.165 - - [18/Aug/2026:09:59:08 +0300] "POST /xmlrpc.php HTTP/1.1" 200 459 "-" "WordPress.com; https://wordpress.com"
49.15.250.46 - - [18/Aug/2026:09:59:12 +0300] "POST /xmlrpc.php HTTP/1.1" 200 459 "-" "Jetpack by WordPress.com"
103.97.84.165 - - [18/Aug/2026:09:59:19 +0300] "POST /xmlrpc.php HTTP/1.1" 200 459 "-" "Jetpack/12.1; WordPress/6.1; http://site53789932.com"
103.97.84.165 - - [18/Aug/2026:09:59:30 +0300] "POST /xmlrpc.php HTTP/1.1" 200 459 "-" "Jetpack by WordPress.com"
103.97.84.165 - - [18/Aug/2026:09:59:41 +0300] "POST /xmlrpc.php HTTP/1.1" 200 459 "-" "Jetpack by WordPress.com"
49.36.34.158 - - [18/Aug/2026:09:59:47 +0300] "POST /xmlrpc.php HTTP/1.1" 200 459 "-" "WordPress.com; https://wordpress.com"
103.97.84.165 - - [18/Aug/2026:09:59:51 +0300] "POST /xmlrpc.php HTTP/1.1" 200 459 "-" "WordPress.com; https://wordpress.com"
49.36.34.158 - - [18/Aug/2026:09:59:54 +0300] "POST /xmlrpc.php HTTP/1.1" 200 459 "-" "Jetpack/12.1; WordPress/6.3; http://site42235771.com"
103.97.84.165 - - [18/Aug/2026:10:00:02 +0300] "POST /xmlrpc.php HTTP/1.1" 200 459 "-" "Jetpack/13.0; WordPress/6.3; http://site69987023.com"
49.36.34.158 - - [18/Aug/2026:10:00:05 +0300] "POST /xmlrpc.php HTTP/1.1" 200 459 "-" "WordPress.com; https://wordpress.com"
103.97.84.165 - - [18/Aug/2026:10:00:13 +0300] "POST /xmlrpc.php HTTP/1.1" 200 459 "-" "Jetpack/12.0; WordPress/6.1; http://site63355516.com"
49.36.34.158 - - [18/Aug/2026:10:00:15 +0300] "POST /xmlrpc.php HTTP/1.1" 200 459 "-" "WordPress.com; https://wordpress.com"
103.97.84.165 - - [18/Aug/2026:10:00:23 +0300] "POST /xmlrpc.php HTTP/1.1" 200 459 "-" "Jetpack/12.5; WordPress/6.1; http://site61433944.com"
49.36.34.158 - - [18/Aug/2026:10:00:27 +0300] "POST /xmlrpc.php HTTP/1.1" 200 459 "-" "Jetpack by WordPress.com (Jetpack 12.5; WordPress 6.3)"
103.97.84.165 - - [18/Aug/2026:10:00:34 +0300] "POST /xmlrpc.php HTTP/1.1" 200 459 "-" "Jetpack/12.0; WordPress/6.2; http://site39155127.com"
49.36.34.158 - - [18/Aug/2026:10:00:38 +0300] "POST /xmlrpc.php HTTP/1.1" 200 459 "-" "WordPress.com; https://wordpress.com"
68.178.165.65 - - [18/Aug/2026:10:00:40 +0300] "GET /wp-login.php HTTP/2.0" 200 3353 "-" "Mozilla/5.0 (Windows NT 10.0; Win64; x64) AppleWebKit/537.36 (KHTML, like Gecko) Chrome/151.0.0.0 Safari/537.36"
68.178.165.65 - - [18/Aug/2026:10:00:42 +0300] "POST /wp-login.php HTTP/2.0" 200 3502 "https://891rpm.com/wp-login.php" "Mozilla/5.0 (Windows NT 10.0; Win64; x64) AppleWebKit/537.36 (KHTML, like Gecko) Chrome/151.0.0.0 Safari/537.36"
103.97.84.165 - - [18/Aug/2026:10:00:45 +0300] "POST /xmlrpc.php HTTP/1.1" 200 459 "-" "WordPress.com; https://wordpress.com"
49.36.34.158 - - [18/Aug/2026:10:00:46 +0300] "POST /xmlrpc.php HTTP/1.1" 200 459 "-" "WordPress.com; https://wordpress.com"
103.97.84.165 - - [18/Aug/2026:10:00:56 +0300] "POST /xmlrpc.php HTTP/1.1" 200 459 "-" "Jetpack by WordPress.com"
49.36.34.158 - - [18/Aug/2026:10:00:57 +0300] "POST /xmlrpc.php HTTP/1.1" 200 459 "-" "Jetpack/12.0; WordPress/6.1; http://site81794568.com"
103.97.84.165 - - [18/Aug/2026:10:01:07 +0300] "POST /xmlrpc.php HTTP/1.1" 200 459 "-" "WordPress.com; https://wordpress.com"
49.36.34.158 - - [18/Aug/2026:10:01:08 +0300] "POST /xmlrpc.php HTTP/1.1" 200 459 "-" "Jetpack by WordPress.com"
103.97.84.165 - - [18/Aug/2026:10:01:17 +0300] "POST /xmlrpc.php HTTP/1.1" 200 459 "-" "Jetpack/13.0; WordPress/6.1; http://site95819740.com"
49.36.34.158 - - [18/Aug/2026:10:01:18 +0300] "POST /xmlrpc.php HTTP/1.1" 200 459 "-" "Jetpack by WordPress.com (Jetpack 12.5; WordPress 6.4)"
103.97.84.165 - - [18/Aug/2026:10:01:28 +0300] "POST /xmlrpc.php HTTP/1.1" 200 459 "-" "Jetpack/12.1; WordPress/6.1; http://site14490087.com"
49.36.34.158 - - [18/Aug/2026:10:01:29 +0300] "POST /xmlrpc.php HTTP/1.1" 200 459 "-" "Jetpack by WordPress.com"
49.36.34.158 - - [18/Aug/2026:10:01:39 +0300] "POST /xmlrpc.php HTTP/1.1" 200 459 "-" "Jetpack/12.0; WordPress/6.2; http://site89455366.com"
103.97.84.165 - - [18/Aug/2026:10:01:39 +0300] "POST /xmlrpc.php HTTP/1.1" 200 459 "-" "Jetpack by WordPress.com (Jetpack 12.5; WordPress 6.2)"
103.97.84.165 - - [18/Aug/2026:10:01:50 +0300] "POST /xmlrpc.php HTTP/1.1" 200 459 "-" "WordPress.com; https://wordpress.com"
49.36.34.158 - - [18/Aug/2026:10:01:50 +0300] "POST /xmlrpc.php HTTP/1.1" 200 459 "-" "Jetpack/13.0; WordPress/6.1; http://site47755694.com"
49.36.34.158 - - [18/Aug/2026:10:02:00 +0300] "POST /xmlrpc.php HTTP/1.1" 200 459 "-" "Jetpack by WordPress.com (Jetpack 12.0; WordPress 6.2)"
103.97.84.165 - - [18/Aug/2026:10:02:00 +0300] "POST /xmlrpc.php HTTP/1.1" 200 459 "-" "Jetpack by WordPress.com"
49.36.34.158 - - [18/Aug/2026:10:02:11 +0300] "POST /xmlrpc.php HTTP/1.1" 200 459 "-" "Jetpack by WordPress.com (Jetpack 12.5; WordPress 6.4)"
103.97.84.165 - - [18/Aug/2026:10:02:11 +0300] "POST /xmlrpc.php HTTP/1.1" 200 459 "-" "Jetpack/12.5; WordPress/6.1; http://site95930232.com"
49.36.34.158 - - [18/Aug/2026:10:02:21 +0300] "POST /xmlrpc.php HTTP/1.1" 200 459 "-" "Jetpack/12.1; WordPress/6.2; http://site28969854.com"
103.97.84.165 - - [18/Aug/2026:10:02:22 +0300] "POST /xmlrpc.php HTTP/1.1" 200 459 "-" "Jetpack by WordPress.com (Jetpack 12.5; WordPress 6.1)"
49.36.34.158 - - [18/Aug/2026:10:02:31 +0300] "POST /xmlrpc.php HTTP/1.1" 200 459 "-" "WordPress.com; https://wordpress.com"
103.97.84.165 - - [18/Aug/2026:10:02:32 +0300] "POST /xmlrpc.php HTTP/1.1" 200 459 "-" "Jetpack by WordPress.com"
49.36.34.158 - - [18/Aug/2026:10:02:42 +0300] "POST /xmlrpc.php HTTP/1.1" 200 459 "-" "Jetpack/13.0; WordPress/6.3; http://site75315797.com"
103.97.84.165 - - [18/Aug/2026:10:02:43 +0300] "POST /xmlrpc.php HTTP/1.1" 200 459 "-" "Jetpack by WordPress.com"
103.97.84.165 - - [18/Aug/2026:10:02:54 +0300] "POST /xmlrpc.php HTTP/1.1" 200 459 "-" "WordPress.com; https://wordpress.com"
103.97.84.165 - - [18/Aug/2026:10:03:05 +0300] "POST /xmlrpc.php HTTP/1.1" 200 459 "-" "WordPress.com; https://wordpress.com"
49.36.34.158 - - [18/Aug/2026:10:03:11 +0300] "POST /xmlrpc.php HTTP/1.1" 200 459 "-" "Jetpack/12.1; WordPress/6.1; http://site76074802.com"
103.97.84.165 - - [18/Aug/2026:10:03:15 +0300] "POST /xmlrpc.php HTTP/1.1" 200 459 "-" "Jetpack/12.0; WordPress/6.2; http://site23419827.com"
103.97.84.165 - - [18/Aug/2026:10:03:26 +0300] "POST /xmlrpc.php HTTP/1.1" 200 459 "-" "Jetpack/12.5; WordPress/6.2; http://site12307020.com"
103.97.84.165 - - [18/Aug/2026:10:03:37 +0300] "POST /xmlrpc.php HTTP/1.1" 200 459 "-" "Jetpack/12.1; WordPress/6.3; http://site91181036.com"
49.15.250.47 - - [18/Aug/2026:10:03:41 +0300] "POST /xmlrpc.php HTTP/1.1" 200 459 "-" "Jetpack by WordPress.com"
103.97.84.165 - - [18/Aug/2026:10:03:47 +0300] "POST /xmlrpc.php HTTP/1.1" 200 459 "-" "Jetpack by WordPress.com"
103.97.84.165 - - [18/Aug/2026:10:03:58 +0300] "POST /xmlrpc.php HTTP/1.1" 200 459 "-" "WordPress.com; https://wordpress.com"
89.124.92.70 - - [18/Aug/2026:10:04:07 +0300] "GET /privet-mir/ HTTP/1.0" 200 43126 "https://891rpm.com/privet-mir/" "Mozilla/5.0 (Windows NT 10.0; Win64; x64) AppleWebKit/537.36 (KHTML, like Gecko) Chrome/131.0.0.0 Safari/537.36 Avast/131.0.0.0"
89.124.92.70 - - [18/Aug/2026:10:04:07 +0300] "POST /wp-comments-post.php HTTP/1.0" 302 6 "https://891rpm.com/privet-mir/" "Mozilla/5.0 (Windows NT 10.0; Win64; x64) AppleWebKit/537.36 (KHTML, like Gecko) Chrome/131.0.0.0 Safari/537.36 Avast/131.0.0.0"
89.124.92.70 - - [18/Aug/2026:10:04:08 +0300] "GET /privet-mir/ HTTP/1.0" 200 43127 "https://891rpm.com/privet-mir/#comment-50021" "Mozilla/5.0 (Windows NT 10.0; Win64; x64) AppleWebKit/537.36 (KHTML, like Gecko) Chrome/131.0.0.0 Safari/537.36 Avast/131.0.0.0"
103.97.84.165 - - [18/Aug/2026:10:04:08 +0300] "POST /xmlrpc.php HTTP/1.1" 200 459 "-" "Jetpack by WordPress.com"
49.15.250.113 - - [18/Aug/2026:10:04:11 +0300] "POST /xmlrpc.php HTTP/1.1" 200 459 "-" "Jetpack by WordPress.com (Jetpack 12.0; WordPress 6.3)"
103.97.84.165 - - [18/Aug/2026:10:04:20 +0300] "POST /xmlrpc.php HTTP/1.1" 200 459 "-" "Jetpack by WordPress.com (Jetpack 12.5; WordPress 6.1)"
49.15.250.113 - - [18/Aug/2026:10:04:20 +0300] "POST /xmlrpc.php HTTP/1.1" 200 459 "-" "Jetpack by WordPress.com"
103.97.84.165 - - [18/Aug/2026:10:04:30 +0300] "POST /xmlrpc.php HTTP/1.1" 200 459 "-" "Jetpack by WordPress.com"
49.15.250.113 - - [18/Aug/2026:10:04:31 +0300] "POST /xmlrpc.php HTTP/1.1" 200 459 "-" "Jetpack/12.0; WordPress/6.3; http://site13002888.com"
103.97.84.165 - - [18/Aug/2026:10:04:41 +0300] "POST /xmlrpc.php HTTP/1.1" 200 459 "-" "Jetpack by WordPress.com"
49.15.250.113 - - [18/Aug/2026:10:04:41 +0300] "POST /xmlrpc.php HTTP/1.1" 200 459 "-" "WordPress.com; https://wordpress.com"
103.97.84.165 - - [18/Aug/2026:10:04:51 +0300] "POST /xmlrpc.php HTTP/1.1" 200 459 "-" "Jetpack by WordPress.com"
49.15.250.113 - - [18/Aug/2026:10:04:52 +0300] "POST /xmlrpc.php HTTP/1.1" 200 459 "-" "Jetpack by WordPress.com (Jetpack 13.0; WordPress 6.1)"
103.97.84.165 - - [18/Aug/2026:10:05:03 +0300] "POST /xmlrpc.php HTTP/1.1" 200 459 "-" "Jetpack by WordPress.com (Jetpack 13.0; WordPress 6.2)"
49.15.250.113 - - [18/Aug/2026:10:05:05 +0300] "POST /xmlrpc.php HTTP/1.1" 200 459 "-" "Jetpack/13.0; WordPress/6.1; http://site62354575.com"
103.97.84.165 - - [18/Aug/2026:10:05:13 +0300] "POST /xmlrpc.php HTTP/1.1" 200 459 "-" "WordPress.com; https://wordpress.com"
49.15.250.113 - - [18/Aug/2026:10:05:16 +0300] "POST /xmlrpc.php HTTP/1.1" 200 459 "-" "Jetpack by WordPress.com (Jetpack 12.1; WordPress 6.1)"
66.249.76.135 - - [18/Aug/2026:10:05:20 +0300] "GET /shopdetail/sister/035000991 HTTP/1.1" 404 11133 "-" "Mozilla/5.0 (Linux; Android 6.0.1; Nexus 5X Build/MMB29P) AppleWebKit/537.36 (KHTML, like Gecko) Chrome/151.0.7922.137 Mobile Safari/537.36 (compatible; Googlebot/2.1; +http://www.google.com/bot.html)"
42.201.192.83 - - [18/Aug/2026:10:05:23 +0300] "GET / HTTP/1.1" 200 38538 "https://891rpm.com/" "Mozilla/5.0 (Windows NT 10.0; Win64; x64) AppleWebKit/537.36 (KHTML, like Gecko) Chrome/127.0.6533.73 Safari/537.36"
103.97.84.165 - - [18/Aug/2026:10:05:24 +0300] "POST /xmlrpc.php HTTP/1.1" 200 459 "-" "WordPress.com; https://wordpress.com"
103.97.84.165 - - [18/Aug/2026:10:05:34 +0300] "POST /xmlrpc.php HTTP/1.1" 200 459 "-" "Jetpack/12.1; WordPress/6.3; http://site19873034.com"
49.15.250.113 - - [18/Aug/2026:10:05:39 +0300] "POST /xmlrpc.php HTTP/1.1" 200 459 "-" "Jetpack by WordPress.com (Jetpack 12.0; WordPress 6.2)"
103.97.84.165 - - [18/Aug/2026:10:05:45 +0300] "POST /xmlrpc.php HTTP/1.1" 200 459 "-" "Jetpack by WordPress.com (Jetpack 12.0; WordPress 6.2)"
49.15.250.113 - - [18/Aug/2026:10:05:46 +0300] "POST /xmlrpc.php HTTP/1.1" 200 459 "-" "Jetpack by WordPress.com (Jetpack 13.0; WordPress 6.4)"
103.97.84.165 - - [18/Aug/2026:10:05:56 +0300] "POST /xmlrpc.php HTTP/1.1" 200 459 "-" "Jetpack by WordPress.com"
49.15.250.113 - - [18/Aug/2026:10:05:57 +0300] "POST /xmlrpc.php HTTP/1.1" 200 459 "-" "Jetpack/12.0; WordPress/6.2; http://site87080075.com"
103.97.84.165 - - [18/Aug/2026:10:06:07 +0300] "POST /xmlrpc.php HTTP/1.1" 200 459 "-" "Jetpack by WordPress.com"
49.15.250.113 - - [18/Aug/2026:10:06:08 +0300] "POST /xmlrpc.php HTTP/1.1" 200 459 "-" "WordPress.com; https://wordpress.com"
103.97.84.165 - - [18/Aug/2026:10:06:17 +0300] "POST /xmlrpc.php HTTP/1.1" 200 459 "-" "Jetpack by WordPress.com (Jetpack 12.0; WordPress 6.3)"
66.249.66.205 - - [18/Aug/2026:10:06:21 +0300] "GET /shop/universe/birthday063000604.shtml HTTP/1.1" 404 11133 "-" "Mozilla/5.0 (Linux; Android 6.0.1; Nexus 5X Build/MMB29P) AppleWebKit/537.36 (KHTML, like Gecko) Chrome/151.0.7922.137 Mobile Safari/537.36 (compatible; Googlebot/2.1; +http://www.google.com/bot.html)"
103.97.84.165 - - [18/Aug/2026:10:06:28 +0300] "POST /xmlrpc.php HTTP/1.1" 200 459 "-" "Jetpack/12.0; WordPress/6.2; http://site68569516.com"
103.97.84.165 - - [18/Aug/2026:10:06:39 +0300] "POST /xmlrpc.php HTTP/1.1" 200 459 "-" "Jetpack/12.5; WordPress/6.3; http://site35644236.com"
49.15.250.113 - - [18/Aug/2026:10:06:43 +0300] "POST /xmlrpc.php HTTP/1.1" 200 459 "-" "Jetpack by WordPress.com"
103.97.84.165 - - [18/Aug/2026:10:06:50 +0300] "POST /xmlrpc.php HTTP/1.1" 200 459 "-" "Jetpack/12.1; WordPress/6.4; http://site64102978.com"
49.15.250.113 - - [18/Aug/2026:10:06:50 +0300] "POST /xmlrpc.php HTTP/1.1" 200 459 "-" "Jetpack by WordPress.com"
103.97.84.165 - - [18/Aug/2026:10:07:00 +0300] "POST /xmlrpc.php HTTP/1.1" 200 459 "-" "Jetpack by WordPress.com (Jetpack 12.5; WordPress 6.1)"
49.15.250.113 - - [18/Aug/2026:10:07:00 +0300] "POST /xmlrpc.php HTTP/1.1" 200 459 "-" "Jetpack by WordPress.com (Jetpack 12.1; WordPress 6.3)"
49.15.250.113 - - [18/Aug/2026:10:07:11 +0300] "POST /xmlrpc.php HTTP/1.1" 200 459 "-" "WordPress.com; https://wordpress.com"
103.97.84.165 - - [18/Aug/2026:10:07:11 +0300] "POST /xmlrpc.php HTTP/1.1" 200 459 "-" "Jetpack by WordPress.com"
103.97.84.165 - - [18/Aug/2026:10:07:21 +0300] "POST /xmlrpc.php HTTP/1.1" 200 459 "-" "Jetpack by WordPress.com (Jetpack 13.0; WordPress 6.4)"
49.15.250.113 - - [18/Aug/2026:10:07:31 +0300] "POST /xmlrpc.php HTTP/1.1" 408 0 "-" "Jetpack by WordPress.com (Jetpack 12.5; WordPress 6.4)"
103.97.84.165 - - [18/Aug/2026:10:07:32 +0300] "POST /xmlrpc.php HTTP/1.1" 200 459 "-" "WordPress.com; https://wordpress.com"
49.15.250.113 - - [18/Aug/2026:10:07:35 +0300] "POST /xmlrpc.php HTTP/1.1" 200 459 "-" "WordPress.com; https://wordpress.com"
103.97.84.165 - - [18/Aug/2026:10:07:42 +0300] "POST /xmlrpc.php HTTP/1.1" 200 459 "-" "Jetpack/12.1; WordPress/6.1; http://site29171495.com"
49.15.250.113 - - [18/Aug/2026:10:07:43 +0300] "POST /xmlrpc.php HTTP/1.1" 200 459 "-" "Jetpack by WordPress.com (Jetpack 12.5; WordPress 6.2)"
49.15.250.113 - - [18/Aug/2026:10:07:53 +0300] "POST /xmlrpc.php HTTP/1.1" 200 459 "-" "Jetpack by WordPress.com"
103.97.84.165 - - [18/Aug/2026:10:07:53 +0300] "POST /xmlrpc.php HTTP/1.1" 200 459 "-" "Jetpack by WordPress.com"
49.15.250.113 - - [18/Aug/2026:10:08:03 +0300] "POST /xmlrpc.php HTTP/1.1" 200 459 "-" "Jetpack by WordPress.com (Jetpack 12.5; WordPress 6.3)"
103.97.84.165 - - [18/Aug/2026:10:08:04 +0300] "POST /xmlrpc.php HTTP/1.1" 200 459 "-" "WordPress.com; https://wordpress.com"
49.15.250.113 - - [18/Aug/2026:10:08:14 +0300] "POST /xmlrpc.php HTTP/1.1" 200 459 "-" "Jetpack by WordPress.com"
103.97.84.165 - - [18/Aug/2026:10:08:15 +0300] "POST /xmlrpc.php HTTP/1.1" 200 459 "-" "Jetpack by WordPress.com"
103.97.84.165 - - [18/Aug/2026:10:08:25 +0300] "POST /xmlrpc.php HTTP/1.1" 200 459 "-" "Jetpack/13.0; WordPress/6.2; http://site97054792.com"
49.15.250.113 - - [18/Aug/2026:10:08:27 +0300] "POST /xmlrpc.php HTTP/1.1" 200 459 "-" "Jetpack by WordPress.com"
103.97.84.165 - - [18/Aug/2026:10:08:36 +0300] "POST /xmlrpc.php HTTP/1.1" 200 459 "-" "Jetpack by WordPress.com (Jetpack 12.0; WordPress 6.2)"
103.97.84.165 - - [18/Aug/2026:10:08:47 +0300] "POST /xmlrpc.php HTTP/1.1" 200 459 "-" "Jetpack/12.1; WordPress/6.2; http://site63856023.com"
103.97.84.165 - - [18/Aug/2026:10:08:57 +0300] "POST /xmlrpc.php HTTP/1.1" 200 459 "-" "Jetpack by WordPress.com (Jetpack 13.0; WordPress 6.2)"
103.97.84.165 - - [18/Aug/2026:10:09:08 +0300] "POST /xmlrpc.php HTTP/1.1" 200 459 "-" "Jetpack by WordPress.com (Jetpack 12.5; WordPress 6.2)"
103.97.84.165 - - [18/Aug/2026:10:09:19 +0300] "POST /xmlrpc.php HTTP/1.1" 200 459 "-" "Jetpack/12.0; WordPress/6.2; http://site35012094.com"
49.15.250.113 - - [18/Aug/2026:10:09:23 +0300] "POST /xmlrpc.php HTTP/1.1" 200 459 "-" "WordPress.com; https://wordpress.com"
103.97.84.165 - - [18/Aug/2026:10:09:30 +0300] "POST /xmlrpc.php HTTP/1.1" 200 459 "-" "Jetpack/12.1; WordPress/6.4; http://site41701475.com"
49.15.250.113 - - [18/Aug/2026:10:09:32 +0300] "POST /xmlrpc.php HTTP/1.1" 200 459 "-" "Jetpack by WordPress.com"
103.97.84.165 - - [18/Aug/2026:10:09:41 +0300] "POST /xmlrpc.php HTTP/1.1" 200 459 "-" "Jetpack by WordPress.com"
49.15.250.113 - - [18/Aug/2026:10:09:42 +0300] "POST /xmlrpc.php HTTP/1.1" 200 459 "-" "Jetpack/12.1; WordPress/6.3; http://site75779338.com"
49.15.250.113 - - [18/Aug/2026:10:09:49 +0300] "POST /xmlrpc.php HTTP/1.1" 200 459 "-" "Jetpack by WordPress.com"
103.97.84.165 - - [18/Aug/2026:10:09:52 +0300] "POST /xmlrpc.php HTTP/1.1" 200 459 "-" "Jetpack/12.5; WordPress/6.1; http://site40320241.com"
49.15.250.113 - - [18/Aug/2026:10:10:01 +0300] "POST /xmlrpc.php HTTP/1.1" 200 459 "-" "Jetpack by WordPress.com"
103.97.84.165 - - [18/Aug/2026:10:10:03 +0300] "POST /xmlrpc.php HTTP/1.1" 200 459 "-" "WordPress.com; https://wordpress.com"
49.15.250.113 - - [18/Aug/2026:10:10:11 +0300] "POST /xmlrpc.php HTTP/1.1" 200 459 "-" "WordPress.com; https://wordpress.com"
103.97.84.165 - - [18/Aug/2026:10:10:13 +0300] "POST /xmlrpc.php HTTP/1.1" 200 459 "-" "Jetpack/12.5; WordPress/6.4; http://site10270103.com"
49.15.250.113 - - [18/Aug/2026:10:10:21 +0300] "POST /xmlrpc.php HTTP/1.1" 200 459 "-" "Jetpack by WordPress.com (Jetpack 12.1; WordPress 6.4)"
103.97.84.165 - - [18/Aug/2026:10:10:24 +0300] "POST /xmlrpc.php HTTP/1.1" 200 459 "-" "Jetpack by WordPress.com (Jetpack 12.0; WordPress 6.1)"
49.15.250.113 - - [18/Aug/2026:10:10:31 +0300] "POST /xmlrpc.php HTTP/1.1" 200 459 "-" "Jetpack by WordPress.com (Jetpack 13.0; WordPress 6.4)"
103.97.84.165 - - [18/Aug/2026:10:10:35 +0300] "POST /xmlrpc.php HTTP/1.1" 200 459 "-" "Jetpack/12.0; WordPress/6.2; http://site36819690.com"
49.15.250.113 - - [18/Aug/2026:10:10:43 +0300] "POST /xmlrpc.php HTTP/1.1" 200 459 "-" "Jetpack by WordPress.com (Jetpack 12.5; WordPress 6.1)"
103.97.84.165 - - [18/Aug/2026:10:10:45 +0300] "POST /xmlrpc.php HTTP/1.1" 200 459 "-" "WordPress.com; https://wordpress.com"
49.15.250.113 - - [18/Aug/2026:10:10:52 +0300] "POST /xmlrpc.php HTTP/1.1" 200 459 "-" "WordPress.com; https://wordpress.com"
103.97.84.165 - - [18/Aug/2026:10:10:56 +0300] "POST /xmlrpc.php HTTP/1.1" 200 459 "-" "Jetpack by WordPress.com (Jetpack 13.0; WordPress 6.2)"
49.15.250.113 - - [18/Aug/2026:10:11:04 +0300] "POST /xmlrpc.php HTTP/1.1" 200 459 "-" "WordPress.com; https://wordpress.com"
103.97.84.165 - - [18/Aug/2026:10:11:07 +0300] "POST /xmlrpc.php HTTP/1.1" 200 459 "-" "Jetpack/13.0; WordPress/6.4; http://site76319623.com"
49.15.250.113 - - [18/Aug/2026:10:11:13 +0300] "POST /xmlrpc.php HTTP/1.1" 200 459 "-" "WordPress.com; https://wordpress.com"
103.97.84.165 - - [18/Aug/2026:10:11:17 +0300] "POST /xmlrpc.php HTTP/1.1" 200 459 "-" "Jetpack/12.0; WordPress/6.2; http://site80055565.com"
49.15.250.113 - - [18/Aug/2026:10:11:24 +0300] "POST /xmlrpc.php HTTP/1.1" 200 459 "-" "Jetpack/12.1; WordPress/6.3; http://site57310328.com"
64.31.3.126 - - [18/Aug/2026:10:11:27 +0300] "GET / HTTP/1.0" 301 162 "http://891rpm.com/" "Mozilla/5.0 (Windows NT 10.0; Win64; x64) AppleWebKit/537.36 (KHTML, like Gecko) Chrome/130.0.0.0 Safari/537.36"
103.97.84.165 - - [18/Aug/2026:10:11:29 +0300] "POST /xmlrpc.php HTTP/1.1" 200 459 "-" "Jetpack/12.1; WordPress/6.3; http://site17573657.com"
64.31.3.126 - - [18/Aug/2026:10:11:29 +0300] "GET / HTTP/1.0" 200 145561 "https://891rpm.com/" "Mozilla/5.0 (Windows NT 10.0; Win64; x64) AppleWebKit/537.36 (KHTML, like Gecko) Chrome/130.0.0.0 Safari/537.36"
64.31.3.126 - - [18/Aug/2026:10:11:31 +0300] "GET /where-am-i/ HTTP/1.0" 200 44269 "https://891rpm.com/where-am-i/" "Mozilla/5.0 (Windows NT 10.0; Win64; x64) AppleWebKit/537.36 (KHTML, like Gecko) Chrome/130.0.0.0 Safari/537.36"
64.31.3.126 - - [18/Aug/2026:10:11:34 +0300] "POST /wp-comments-post.php HTTP/1.0" 302 6 "https://891rpm.com/where-am-i/" "Mozilla/5.0 (Windows NT 10.0; Win64; x64) AppleWebKit/537.36 (KHTML, like Gecko) Chrome/130.0.0.0 Safari/537.36"
49.15.250.113 - - [18/Aug/2026:10:11:34 +0300] "POST /xmlrpc.php HTTP/1.1" 200 459 "-" "Jetpack by WordPress.com (Jetpack 12.5; WordPress 6.1)"
64.31.3.126 - - [18/Aug/2026:10:11:35 +0300] "GET /where-am-i/ HTTP/1.0" 200 44269 "https://891rpm.com/where-am-i/#comment-50022" "Mozilla/5.0 (Windows NT 10.0; Win64; x64) AppleWebKit/537.36 (KHTML, like Gecko) Chrome/130.0.0.0 Safari/537.36"
103.97.84.165 - - [18/Aug/2026:10:11:39 +0300] "POST /xmlrpc.php HTTP/1.1" 200 459 "-" "Jetpack/12.5; WordPress/6.4; http://site98679726.com"
49.15.250.113 - - [18/Aug/2026:10:11:45 +0300] "POST /xmlrpc.php HTTP/1.1" 200 459 "-" "Jetpack by WordPress.com"
103.97.84.165 - - [18/Aug/2026:10:11:50 +0300] "POST /xmlrpc.php HTTP/1.1" 200 459 "-" "Jetpack by WordPress.com"
49.15.250.113 - - [18/Aug/2026:10:11:56 +0300] "POST /xmlrpc.php HTTP/1.1" 200 459 "-" "Jetpack by WordPress.com"
103.97.84.165 - - [18/Aug/2026:10:12:02 +0300] "POST /xmlrpc.php HTTP/1.1" 200 459 "-" "WordPress.com; https://wordpress.com"
49.15.250.113 - - [18/Aug/2026:10:12:06 +0300] "POST /xmlrpc.php HTTP/1.1" 200 459 "-" "WordPress.com; https://wordpress.com"
103.97.84.165 - - [18/Aug/2026:10:12:12 +0300] "POST /xmlrpc.php HTTP/1.1" 200 459 "-" "Jetpack by WordPress.com (Jetpack 13.0; WordPress 6.4)"
49.15.250.113 - - [18/Aug/2026:10:12:19 +0300] "POST /xmlrpc.php HTTP/1.1" 200 459 "-" "Jetpack by WordPress.com (Jetpack 12.5; WordPress 6.3)"
103.97.84.165 - - [18/Aug/2026:10:12:23 +0300] "POST /xmlrpc.php HTTP/1.1" 200 459 "-" "Jetpack by WordPress.com (Jetpack 12.5; WordPress 6.3)"
103.97.84.165 - - [18/Aug/2026:10:12:33 +0300] "POST /xmlrpc.php HTTP/1.1" 200 459 "-" "Jetpack by WordPress.com"
141.98.143.192 - - [18/Aug/2026:10:12:42 +0300] "GET /tag/gitlab HTTP/2.0" 301 6 "https://891rpm.com" "Mozilla/5.0 (Macintosh; Intel Mac OS X 10_15_7) AppleWebKit/537.36 (KHTML, like Gecko) Chrome/145.0.0.0 Safari/537.36"
103.97.84.165 - - [18/Aug/2026:10:12:44 +0300] "POST /xmlrpc.php HTTP/1.1" 200 459 "-" "Jetpack by WordPress.com (Jetpack 12.5; WordPress 6.3)"
146.120.36.45 - - [18/Aug/2026:10:12:46 +0300] "GET /tag/gitlab/ HTTP/2.0" 200 12535 "https://891rpm.com/tag/gitlab" "Mozilla/5.0 (Macintosh; Intel Mac OS X 10_15_7) AppleWebKit/537.36 (KHTML, like Gecko) Chrome/145.0.0.0 Safari/537.36"
103.97.84.165 - - [18/Aug/2026:10:12:54 +0300] "POST /xmlrpc.php HTTP/1.1" 200 459 "-" "Jetpack by WordPress.com (Jetpack 12.5; WordPress 6.1)"
103.97.84.165 - - [18/Aug/2026:10:13:05 +0300] "POST /xmlrpc.php HTTP/1.1" 200 459 "-" "WordPress.com; https://wordpress.com"
103.97.84.165 - - [18/Aug/2026:10:13:16 +0300] "POST /xmlrpc.php HTTP/1.1" 200 459 "-" "WordPress.com; https://wordpress.com"
66.249.66.205 - - [18/Aug/2026:10:13:26 +0300] "GET /3851843 HTTP/1.1" 404 11133 "-" "Mozilla/5.0 (Linux; Android 6.0.1; Nexus 5X Build/MMB29P) AppleWebKit/537.36 (KHTML, like Gecko) Chrome/151.0.7922.137 Mobile Safari/537.36 (compatible; Googlebot/2.1; +http://www.google.com/bot.html)"
103.97.84.165 - - [18/Aug/2026:10:13:27 +0300] "POST /xmlrpc.php HTTP/1.1" 200 459 "-" "Jetpack by WordPress.com"
103.97.84.165 - - [18/Aug/2026:10:13:37 +0300] "POST /xmlrpc.php HTTP/1.1" 200 459 "-" "Jetpack by WordPress.com (Jetpack 12.0; WordPress 6.3)"
103.97.84.165 - - [18/Aug/2026:10:13:52 +0300] "POST /xmlrpc.php HTTP/1.1" 499 0 "-" "Jetpack by WordPress.com"
103.97.84.165 - - [18/Aug/2026:10:13:59 +0300] "POST /xmlrpc.php HTTP/1.1" 200 459 "-" "Jetpack by WordPress.com"
49.15.250.113 - - [18/Aug/2026:10:14:06 +0300] "POST /xmlrpc.php HTTP/1.1" 200 459 "-" "Jetpack by WordPress.com (Jetpack 12.1; WordPress 6.3)"
103.97.84.165 - - [18/Aug/2026:10:14:09 +0300] "POST /xmlrpc.php HTTP/1.1" 200 459 "-" "Jetpack by WordPress.com (Jetpack 12.0; WordPress 6.2)"
49.15.250.113 - - [18/Aug/2026:10:14:13 +0300] "POST /xmlrpc.php HTTP/1.1" 200 459 "-" "Jetpack/12.0; WordPress/6.4; http://site74729269.com"
103.97.84.165 - - [18/Aug/2026:10:14:20 +0300] "POST /xmlrpc.php HTTP/1.1" 200 459 "-" "Jetpack by WordPress.com"
49.15.250.113 - - [18/Aug/2026:10:14:23 +0300] "POST /xmlrpc.php HTTP/1.1" 200 459 "-" "WordPress.com; https://wordpress.com"
103.97.84.165 - - [18/Aug/2026:10:14:31 +0300] "POST /xmlrpc.php HTTP/1.1" 200 459 "-" "Jetpack/13.0; WordPress/6.4; http://site33658906.com"
103.97.84.165 - - [18/Aug/2026:10:14:41 +0300] "POST /xmlrpc.php HTTP/1.1" 200 459 "-" "Jetpack by WordPress.com (Jetpack 12.1; WordPress 6.2)"
103.97.84.165 - - [18/Aug/2026:10:14:52 +0300] "POST /xmlrpc.php HTTP/1.1" 200 459 "-" "Jetpack/13.0; WordPress/6.4; http://site15924107.com"
103.97.84.165 - - [18/Aug/2026:10:15:03 +0300] "POST /xmlrpc.php HTTP/1.1" 200 459 "-" "Jetpack by WordPress.com"
103.97.84.165 - - [18/Aug/2026:10:15:13 +0300] "POST /xmlrpc.php HTTP/1.1" 200 459 "-" "Jetpack by WordPress.com"
103.97.84.165 - - [18/Aug/2026:10:15:30 +0300] "POST /xmlrpc.php HTTP/1.1" 499 0 "-" "Jetpack/12.5; WordPress/6.4; http://site38307262.com"
103.97.84.165 - - [18/Aug/2026:10:15:36 +0300] "POST /xmlrpc.php HTTP/1.1" 200 459 "-" "Jetpack by WordPress.com (Jetpack 12.5; WordPress 6.4)"
103.97.84.165 - - [18/Aug/2026:10:15:45 +0300] "POST /xmlrpc.php HTTP/1.1" 200 459 "-" "WordPress.com; https://wordpress.com"
103.97.84.165 - - [18/Aug/2026:10:16:02 +0300] "POST /xmlrpc.php HTTP/1.1" 499 0 "-" "Jetpack by WordPress.com"
82.148.16.210 - - [18/Aug/2026:10:16:08 +0300] "POST /wp-cron.php?doing_wp_cron=1787037367.9916069507598876953125 HTTP/1.1" 499 0 "-" "WordPress/6.9.1; https://891rpm.com"
103.97.84.165 - - [18/Aug/2026:10:16:08 +0300] "POST /xmlrpc.php HTTP/1.1" 200 459 "-" "WordPress.com; https://wordpress.com"
1.178.141.221 - - [18/Aug/2026:10:16:16 +0300] "POST /xmlrpc.php HTTP/1.1" 200 459 "-" "Jetpack/12.5; WordPress/6.1; http://site15130145.com"
103.97.84.165 - - [18/Aug/2026:10:16:18 +0300] "POST /xmlrpc.php HTTP/1.1" 200 459 "-" "WordPress.com; https://wordpress.com"
82.148.16.210 - - [18/Aug/2026:10:16:26 +0300] "POST /wp-cron.php?doing_wp_cron=1787037386.8460650444030761718750 HTTP/1.1" 499 0 "-" "WordPress/6.9.1; https://891rpm.com"
1.178.141.221 - - [18/Aug/2026:10:16:26 +0300] "POST /xmlrpc.php HTTP/1.1" 200 459 "-" "Jetpack by WordPress.com"
103.97.84.165 - - [18/Aug/2026:10:16:28 +0300] "POST /xmlrpc.php HTTP/1.1" 200 459 "-" "Jetpack by WordPress.com"
1.178.141.221 - - [18/Aug/2026:10:16:37 +0300] "POST /xmlrpc.php HTTP/1.1" 200 459 "-" "Jetpack/13.0; WordPress/6.2; http://site69681549.com"
103.97.84.165 - - [18/Aug/2026:10:16:39 +0300] "POST /xmlrpc.php HTTP/1.1" 200 459 "-" "Jetpack/12.1; WordPress/6.1; http://site93437052.com"
1.178.141.221 - - [18/Aug/2026:10:16:47 +0300] "POST /xmlrpc.php HTTP/1.1" 200 459 "-" "WordPress.com; https://wordpress.com"
103.97.84.165 - - [18/Aug/2026:10:16:50 +0300] "POST /xmlrpc.php HTTP/1.1" 200 459 "-" "Jetpack/12.5; WordPress/6.2; http://site85005781.com"
1.178.141.221 - - [18/Aug/2026:10:16:58 +0300] "POST /xmlrpc.php HTTP/1.1" 200 459 "-" "WordPress.com; https://wordpress.com"
103.97.84.165 - - [18/Aug/2026:10:17:00 +0300] "POST /xmlrpc.php HTTP/1.1" 200 459 "-" "Jetpack/12.5; WordPress/6.1; http://site26282734.com"
1.178.141.221 - - [18/Aug/2026:10:17:08 +0300] "POST /xmlrpc.php HTTP/1.1" 200 459 "-" "Jetpack by WordPress.com"
103.97.84.165 - - [18/Aug/2026:10:17:11 +0300] "POST /xmlrpc.php HTTP/1.1" 200 459 "-" "Jetpack by WordPress.com"
1.178.141.221 - - [18/Aug/2026:10:17:19 +0300] "POST /xmlrpc.php HTTP/1.1" 200 459 "-" "Jetpack by WordPress.com (Jetpack 12.1; WordPress 6.3)"
103.97.84.165 - - [18/Aug/2026:10:17:22 +0300] "POST /xmlrpc.php HTTP/1.1" 200 459 "-" "WordPress.com; https://wordpress.com"
3.230.69.161 - - [18/Aug/2026:10:17:24 +0300] "GET /tag/ssh-keygen/ HTTP/1.1" 200 14394 "-" "Mozilla/5.0 AppleWebKit/537.36 (KHTML, like Gecko; compatible; Amazonbot/0.1; +https://developer.amazon.com/support/amazonbot) Chrome/119.0.6045.214 Safari/537.36"
1.178.141.221 - - [18/Aug/2026:10:17:29 +0300] "POST /xmlrpc.php HTTP/1.1" 200 459 "-" "Jetpack by WordPress.com (Jetpack 12.5; WordPress 6.2)"
103.97.84.165 - - [18/Aug/2026:10:17:32 +0300] "POST /xmlrpc.php HTTP/1.1" 200 459 "-" "WordPress.com; https://wordpress.com"
1.178.141.221 - - [18/Aug/2026:10:17:40 +0300] "POST /xmlrpc.php HTTP/1.1" 200 459 "-" "Jetpack by WordPress.com (Jetpack 12.0; WordPress 6.4)"
103.97.84.165 - - [18/Aug/2026:10:17:43 +0300] "POST /xmlrpc.php HTTP/1.1" 200 459 "-" "Jetpack/13.0; WordPress/6.3; http://site80637036.com"
52.3.127.170 - - [18/Aug/2026:10:17:44 +0300] "GET /lvs-rhel HTTP/1.1" 404 11133 "-" "Mozilla/5.0 AppleWebKit/537.36 (KHTML, like Gecko; compatible; Amazonbot/0.1; +https://developer.amazon.com/support/amazonbot) Chrome/119.0.6045.214 Safari/537.36"
1.178.141.221 - - [18/Aug/2026:10:17:51 +0300] "POST /xmlrpc.php HTTP/1.1" 200 459 "-" "WordPress.com; https://wordpress.com"
103.97.84.165 - - [18/Aug/2026:10:17:53 +0300] "POST /xmlrpc.php HTTP/1.1" 200 459 "-" "Jetpack/12.5; WordPress/6.2; http://site26887912.com"
1.178.141.221 - - [18/Aug/2026:10:18:01 +0300] "POST /xmlrpc.php HTTP/1.1" 200 459 "-" "Jetpack by WordPress.com"
103.97.84.165 - - [18/Aug/2026:10:18:04 +0300] "POST /xmlrpc.php HTTP/1.1" 200 459 "-" "Jetpack/13.0; WordPress/6.4; http://site32896043.com"
1.178.141.221 - - [18/Aug/2026:10:18:12 +0300] "POST /xmlrpc.php HTTP/1.1" 200 459 "-" "Jetpack/12.5; WordPress/6.4; http://site83388778.com"
103.97.84.165 - - [18/Aug/2026:10:18:14 +0300] "POST /xmlrpc.php HTTP/1.1" 200 459 "-" "Jetpack by WordPress.com (Jetpack 12.5; WordPress 6.2)"
66.249.66.204 - - [18/Aug/2026:10:18:22 +0300] "GET /shopdetail/store/075000987 HTTP/1.1" 404 11133 "-" "Mozilla/5.0 (Linux; Android 6.0.1; Nexus 5X Build/MMB29P) AppleWebKit/537.36 (KHTML, like Gecko) Chrome/151.0.7922.137 Mobile Safari/537.36 (compatible; Googlebot/2.1; +http://www.google.com/bot.html)"
1.178.141.221 - - [18/Aug/2026:10:18:22 +0300] "POST /xmlrpc.php HTTP/1.1" 200 459 "-" "WordPress.com; https://wordpress.com"
103.97.84.165 - - [18/Aug/2026:10:18:25 +0300] "POST /xmlrpc.php HTTP/1.1" 200 459 "-" "WordPress.com; https://wordpress.com"
1.178.141.221 - - [18/Aug/2026:10:18:33 +0300] "POST /xmlrpc.php HTTP/1.1" 200 459 "-" "Jetpack by WordPress.com (Jetpack 12.0; WordPress 6.3)"
103.97.84.165 - - [18/Aug/2026:10:18:36 +0300] "POST /xmlrpc.php HTTP/1.1" 200 459 "-" "Jetpack by WordPress.com"
1.178.141.221 - - [18/Aug/2026:10:18:43 +0300] "POST /xmlrpc.php HTTP/1.1" 200 459 "-" "Jetpack by WordPress.com"
103.97.84.165 - - [18/Aug/2026:10:18:46 +0300] "POST /xmlrpc.php HTTP/1.1" 200 459 "-" "WordPress.com; https://wordpress.com"
1.178.141.221 - - [18/Aug/2026:10:18:54 +0300] "POST /xmlrpc.php HTTP/1.1" 200 459 "-" "Jetpack/12.5; WordPress/6.4; http://site24446250.com"
103.97.84.165 - - [18/Aug/2026:10:18:57 +0300] "POST /xmlrpc.php HTTP/1.1" 200 459 "-" "WordPress.com; https://wordpress.com"
1.178.141.221 - - [18/Aug/2026:10:19:05 +0300] "POST /xmlrpc.php HTTP/1.1" 200 459 "-" "Jetpack/12.1; WordPress/6.2; http://site44601212.com"
103.97.84.165 - - [18/Aug/2026:10:19:08 +0300] "POST /xmlrpc.php HTTP/1.1" 200 459 "-" "WordPress.com; https://wordpress.com"
1.178.141.221 - - [18/Aug/2026:10:19:15 +0300] "POST /xmlrpc.php HTTP/1.1" 200 459 "-" "Jetpack by WordPress.com"
103.97.84.165 - - [18/Aug/2026:10:19:18 +0300] "POST /xmlrpc.php HTTP/1.1" 200 459 "-" "WordPress.com; https://wordpress.com"
1.178.141.221 - - [18/Aug/2026:10:19:25 +0300] "POST /xmlrpc.php HTTP/1.1" 200 459 "-" "Jetpack by WordPress.com"
103.97.84.165 - - [18/Aug/2026:10:19:29 +0300] "POST /xmlrpc.php HTTP/1.1" 200 459 "-" "WordPress.com; https://wordpress.com"
1.178.141.221 - - [18/Aug/2026:10:19:36 +0300] "POST /xmlrpc.php HTTP/1.1" 200 459 "-" "Jetpack/13.0; WordPress/6.1; http://site27870576.com"
103.97.84.165 - - [18/Aug/2026:10:19:40 +0300] "POST /xmlrpc.php HTTP/1.1" 200 459 "-" "WordPress.com; https://wordpress.com"
1.178.141.221 - - [18/Aug/2026:10:19:46 +0300] "POST /xmlrpc.php HTTP/1.1" 200 459 "-" "Jetpack by WordPress.com"
103.97.84.165 - - [18/Aug/2026:10:19:51 +0300] "POST /xmlrpc.php HTTP/1.1" 200 459 "-" "Jetpack by WordPress.com"
1.178.141.221 - - [18/Aug/2026:10:19:57 +0300] "POST /xmlrpc.php HTTP/1.1" 200 459 "-" "Jetpack by WordPress.com"
103.97.84.165 - - [18/Aug/2026:10:20:02 +0300] "POST /xmlrpc.php HTTP/1.1" 200 459 "-" "WordPress.com; https://wordpress.com"
1.178.141.221 - - [18/Aug/2026:10:20:07 +0300] "POST /xmlrpc.php HTTP/1.1" 200 459 "-" "WordPress.com; https://wordpress.com"
103.97.84.165 - - [18/Aug/2026:10:20:12 +0300] "POST /xmlrpc.php HTTP/1.1" 200 459 "-" "Jetpack by WordPress.com (Jetpack 12.5; WordPress 6.2)"
1.178.141.221 - - [18/Aug/2026:10:20:18 +0300] "POST /xmlrpc.php HTTP/1.1" 200 459 "-" "Jetpack/12.1; WordPress/6.4; http://site12444559.com"
103.97.84.165 - - [18/Aug/2026:10:20:23 +0300] "POST /xmlrpc.php HTTP/1.1" 200 459 "-" "Jetpack by WordPress.com"
1.178.141.221 - - [18/Aug/2026:10:20:28 +0300] "POST /xmlrpc.php HTTP/1.1" 200 459 "-" "Jetpack/12.0; WordPress/6.4; http://site86002555.com"
103.97.84.165 - - [18/Aug/2026:10:20:33 +0300] "POST /xmlrpc.php HTTP/1.1" 200 459 "-" "Jetpack/12.1; WordPress/6.2; http://site62136343.com"
1.178.141.221 - - [18/Aug/2026:10:20:39 +0300] "POST /xmlrpc.php HTTP/1.1" 200 459 "-" "WordPress.com; https://wordpress.com"
103.97.84.165 - - [18/Aug/2026:10:20:44 +0300] "POST /xmlrpc.php HTTP/1.1" 200 459 "-" "Jetpack by WordPress.com (Jetpack 13.0; WordPress 6.4)"
1.178.141.221 - - [18/Aug/2026:10:20:49 +0300] "POST /xmlrpc.php HTTP/1.1" 200 459 "-" "WordPress.com; https://wordpress.com"
1.178.141.221 - - [18/Aug/2026:10:21:00 +0300] "POST /xmlrpc.php HTTP/1.1" 200 459 "-" "WordPress.com; https://wordpress.com"
43.130.34.74 - - [18/Aug/2026:10:21:07 +0300] "GET / HTTP/1.1" 301 162 "-" "Mozilla/5.0 (iPhone; CPU iPhone OS 13_2_3 like Mac OS X) AppleWebKit/605.1.15 (KHTML, like Gecko) Version/13.0.3 Mobile/15E148 Safari/604.1"
43.130.34.74 - - [18/Aug/2026:10:21:08 +0300] "GET / HTTP/1.1" 200 38538 "http://891rpm.com" "Mozilla/5.0 (iPhone; CPU iPhone OS 13_2_3 like Mac OS X) AppleWebKit/605.1.15 (KHTML, like Gecko) Version/13.0.3 Mobile/15E148 Safari/604.1"
1.178.141.221 - - [18/Aug/2026:10:21:11 +0300] "POST /xmlrpc.php HTTP/1.1" 200 459 "-" "WordPress.com; https://wordpress.com"
1.178.141.221 - - [18/Aug/2026:10:21:21 +0300] "POST /xmlrpc.php HTTP/1.1" 200 459 "-" "WordPress.com; https://wordpress.com"
45.148.10.150 - - [18/Aug/2026:10:21:25 +0300] "POST /wp-json/batch/v1 HTTP/2.0" 207 1481 "-" "Mozilla/5.0 (Windows NT 10.0; Win64; x64) AppleWebKit/537.36 Chrome/120.0.0.0 Safari/537.36"
45.148.10.150 - - [18/Aug/2026:10:21:25 +0300] "POST /wp-json/batch/v1 HTTP/2.0" 207 3414 "-" "Mozilla/5.0 (Windows NT 10.0; Win64; x64) AppleWebKit/537.36 Chrome/120.0.0.0 Safari/537.36"
45.148.10.150 - - [18/Aug/2026:10:21:25 +0300] "POST /wp-json/batch/v1 HTTP/2.0" 207 1294 "-" "Mozilla/5.0 (Windows NT 10.0; Win64; x64) AppleWebKit/537.36 Chrome/120.0.0.0 Safari/537.36"
45.148.10.150 - - [18/Aug/2026:10:21:25 +0300] "POST /wp-json/batch/v1 HTTP/2.0" 207 1294 "-" "Mozilla/5.0 (Windows NT 10.0; Win64; x64) AppleWebKit/537.36 Chrome/120.0.0.0 Safari/537.36"
45.148.10.150 - - [18/Aug/2026:10:21:26 +0300] "POST /wp-json/batch/v1 HTTP/2.0" 207 1294 "-" "Mozilla/5.0 (Windows NT 10.0; Win64; x64) AppleWebKit/537.36 Chrome/120.0.0.0 Safari/537.36"
45.148.10.150 - - [18/Aug/2026:10:21:26 +0300] "POST /wp-json/batch/v1 HTTP/2.0" 207 1294 "-" "Mozilla/5.0 (Windows NT 10.0; Win64; x64) AppleWebKit/537.36 Chrome/120.0.0.0 Safari/537.36"
45.148.10.150 - - [18/Aug/2026:10:21:26 +0300] "POST /wp-json/batch/v1 HTTP/2.0" 207 1294 "-" "Mozilla/5.0 (Windows NT 10.0; Win64; x64) AppleWebKit/537.36 Chrome/120.0.0.0 Safari/537.36"
45.148.10.150 - - [18/Aug/2026:10:21:26 +0300] "POST /wp-json/batch/v1 HTTP/2.0" 207 1294 "-" "Mozilla/5.0 (Windows NT 10.0; Win64; x64) AppleWebKit/537.36 Chrome/120.0.0.0 Safari/537.36"
45.148.10.150 - - [18/Aug/2026:10:21:27 +0300] "POST /wp-json/batch/v1 HTTP/2.0" 207 1294 "-" "Mozilla/5.0 (Windows NT 10.0; Win64; x64) AppleWebKit/537.36 Chrome/120.0.0.0 Safari/537.36"
45.148.10.150 - - [18/Aug/2026:10:21:27 +0300] "POST /wp-json/batch/v1 HTTP/2.0" 207 1294 "-" "Mozilla/5.0 (Windows NT 10.0; Win64; x64) AppleWebKit/537.36 Chrome/120.0.0.0 Safari/537.36"
45.148.10.150 - - [18/Aug/2026:10:21:27 +0300] "POST /wp-json/batch/v1 HTTP/2.0" 207 1294 "-" "Mozilla/5.0 (Windows NT 10.0; Win64; x64) AppleWebKit/537.36 Chrome/120.0.0.0 Safari/537.36"
45.148.10.150 - - [18/Aug/2026:10:21:27 +0300] "POST /wp-json/batch/v1 HTTP/2.0" 207 1294 "-" "Mozilla/5.0 (Windows NT 10.0; Win64; x64) AppleWebKit/537.36 Chrome/120.0.0.0 Safari/537.36"
45.148.10.150 - - [18/Aug/2026:10:21:28 +0300] "POST /wp-json/batch/v1 HTTP/2.0" 207 1294 "-" "Mozilla/5.0 (Windows NT 10.0; Win64; x64) AppleWebKit/537.36 Chrome/120.0.0.0 Safari/537.36"
45.148.10.150 - - [18/Aug/2026:10:21:28 +0300] "POST /wp-json/batch/v1 HTTP/2.0" 207 1294 "-" "Mozilla/5.0 (Windows NT 10.0; Win64; x64) AppleWebKit/537.36 Chrome/120.0.0.0 Safari/537.36"
45.148.10.150 - - [18/Aug/2026:10:21:28 +0300] "POST /wp-json/batch/v1 HTTP/2.0" 207 1294 "-" "Mozilla/5.0 (Windows NT 10.0; Win64; x64) AppleWebKit/537.36 Chrome/120.0.0.0 Safari/537.36"
45.148.10.150 - - [18/Aug/2026:10:21:28 +0300] "POST /wp-json/batch/v1 HTTP/2.0" 207 1294 "-" "Mozilla/5.0 (Windows NT 10.0; Win64; x64) AppleWebKit/537.36 Chrome/120.0.0.0 Safari/537.36"
45.148.10.150 - - [18/Aug/2026:10:21:29 +0300] "POST /wp-json/batch/v1 HTTP/2.0" 207 1294 "-" "Mozilla/5.0 (Windows NT 10.0; Win64; x64) AppleWebKit/537.36 Chrome/120.0.0.0 Safari/537.36"
45.148.10.150 - - [18/Aug/2026:10:21:29 +0300] "POST /wp-json/batch/v1 HTTP/2.0" 207 1294 "-" "Mozilla/5.0 (Windows NT 10.0; Win64; x64) AppleWebKit/537.36 Chrome/120.0.0.0 Safari/537.36"
45.148.10.150 - - [18/Aug/2026:10:21:29 +0300] "POST /wp-json/batch/v1 HTTP/2.0" 207 1294 "-" "Mozilla/5.0 (Windows NT 10.0; Win64; x64) AppleWebKit/537.36 Chrome/120.0.0.0 Safari/537.36"
45.148.10.150 - - [18/Aug/2026:10:21:29 +0300] "POST /wp-json/batch/v1 HTTP/2.0" 207 1294 "-" "Mozilla/5.0 (Windows NT 10.0; Win64; x64) AppleWebKit/537.36 Chrome/120.0.0.0 Safari/537.36"
45.148.10.150 - - [18/Aug/2026:10:21:30 +0300] "POST /wp-json/batch/v1 HTTP/2.0" 207 1294 "-" "Mozilla/5.0 (Windows NT 10.0; Win64; x64) AppleWebKit/537.36 Chrome/120.0.0.0 Safari/537.36"
45.148.10.150 - - [18/Aug/2026:10:21:30 +0300] "POST /wp-json/batch/v1 HTTP/2.0" 207 1294 "-" "Mozilla/5.0 (Windows NT 10.0; Win64; x64) AppleWebKit/537.36 Chrome/120.0.0.0 Safari/537.36"
45.148.10.150 - - [18/Aug/2026:10:21:30 +0300] "POST /wp-json/batch/v1 HTTP/2.0" 207 1294 "-" "Mozilla/5.0 (Windows NT 10.0; Win64; x64) AppleWebKit/537.36 Chrome/120.0.0.0 Safari/537.36"
45.148.10.150 - - [18/Aug/2026:10:21:30 +0300] "POST /wp-json/batch/v1 HTTP/2.0" 207 1294 "-" "Mozilla/5.0 (Windows NT 10.0; Win64; x64) AppleWebKit/537.36 Chrome/120.0.0.0 Safari/537.36"
45.148.10.150 - - [18/Aug/2026:10:21:30 +0300] "POST /wp-json/batch/v1 HTTP/2.0" 207 1294 "-" "Mozilla/5.0 (Windows NT 10.0; Win64; x64) AppleWebKit/537.36 Chrome/120.0.0.0 Safari/537.36"
45.148.10.150 - - [18/Aug/2026:10:21:31 +0300] "POST /wp-json/batch/v1 HTTP/2.0" 207 1294 "-" "Mozilla/5.0 (Windows NT 10.0; Win64; x64) AppleWebKit/537.36 Chrome/120.0.0.0 Safari/537.36"
45.148.10.150 - - [18/Aug/2026:10:21:31 +0300] "POST /wp-json/batch/v1 HTTP/2.0" 207 1294 "-" "Mozilla/5.0 (Windows NT 10.0; Win64; x64) AppleWebKit/537.36 Chrome/120.0.0.0 Safari/537.36"
45.148.10.150 - - [18/Aug/2026:10:21:31 +0300] "POST /wp-json/batch/v1 HTTP/2.0" 207 1294 "-" "Mozilla/5.0 (Windows NT 10.0; Win64; x64) AppleWebKit/537.36 Chrome/120.0.0.0 Safari/537.36"
1.178.141.221 - - [18/Aug/2026:10:21:32 +0300] "POST /xmlrpc.php HTTP/1.1" 200 459 "-" "WordPress.com; https://wordpress.com"
45.148.10.150 - - [18/Aug/2026:10:21:32 +0300] "POST /wp-json/batch/v1 HTTP/2.0" 207 1294 "-" "Mozilla/5.0 (Windows NT 10.0; Win64; x64) AppleWebKit/537.36 Chrome/120.0.0.0 Safari/537.36"
45.148.10.150 - - [18/Aug/2026:10:21:32 +0300] "POST /wp-json/batch/v1 HTTP/2.0" 207 1294 "-" "Mozilla/5.0 (Windows NT 10.0; Win64; x64) AppleWebKit/537.36 Chrome/120.0.0.0 Safari/537.36"
