1.178.141.221 - - [18/Aug/2026:10:23:27 +0300] "POST /xmlrpc.php HTTP/1.1" 200 459 "-" "Jetpack by WordPress.com (Jetpack 12.0; WordPress 6.1)"
103.149.16.186 - - [18/Aug/2026:10:23:35 +0300] "POST /xmlrpc.php HTTP/1.1" 200 459 "-" "Jetpack by WordPress.com"
1.178.141.221 - - [18/Aug/2026:10:23:38 +0300] "POST /xmlrpc.php HTTP/1.1" 200 459 "-" "Jetpack by WordPress.com"
103.149.16.186 - - [18/Aug/2026:10:23:46 +0300] "POST /xmlrpc.php HTTP/1.1" 200 459 "-" "Jetpack/12.1; WordPress/6.2; http://site66650262.com"
1.178.141.221 - - [18/Aug/2026:10:23:48 +0300] "POST /xmlrpc.php HTTP/1.1" 200 459 "-" "Jetpack by WordPress.com"
103.149.16.186 - - [18/Aug/2026:10:23:56 +0300] "POST /xmlrpc.php HTTP/1.1" 200 459 "-" "Jetpack/12.1; WordPress/6.4; http://site84494894.com"
1.178.141.221 - - [18/Aug/2026:10:23:59 +0300] "POST /xmlrpc.php HTTP/1.1" 200 459 "-" "WordPress.com; https://wordpress.com"
103.149.16.186 - - [18/Aug/2026:10:24:07 +0300] "POST /xmlrpc.php HTTP/1.1" 200 459 "-" "WordPress.com; https://wordpress.com"
1.178.141.221 - - [18/Aug/2026:10:24:09 +0300] "POST /xmlrpc.php HTTP/1.1" 200 459 "-" "Jetpack by WordPress.com (Jetpack 13.0; WordPress 6.2)"
103.149.16.186 - - [18/Aug/2026:10:24:18 +0300] "POST /xmlrpc.php HTTP/1.1" 200 459 "-" "Jetpack by WordPress.com (Jetpack 13.0; WordPress 6.1)"
1.178.141.221 - - [18/Aug/2026:10:24:20 +0300] "POST /xmlrpc.php HTTP/1.1" 200 459 "-" "Jetpack/13.0; WordPress/6.1; http://site69998025.com"
103.149.16.186 - - [18/Aug/2026:10:24:28 +0300] "POST /xmlrpc.php HTTP/1.1" 200 459 "-" "Jetpack/13.0; WordPress/6.1; http://site74983548.com"
1.178.141.221 - - [18/Aug/2026:10:24:30 +0300] "POST /xmlrpc.php HTTP/1.1" 200 459 "-" "Jetpack by WordPress.com"
5.61.209.44 - - [18/Aug/2026:10:24:37 +0300] "GET /SDK/webLanguage HTTP/1.1" 301 162 "-" "Mozilla/5.0 (Windows NT 10.0; Win64; x64) AppleWebKit/537.36 (KHTML, like Gecko) Chrome/90.0.4430.85 Safari/537.36 Edg/90.0.818.46"
103.149.16.186 - - [18/Aug/2026:10:24:39 +0300] "POST /xmlrpc.php HTTP/1.1" 200 459 "-" "Jetpack by WordPress.com (Jetpack 12.1; WordPress 6.1)"
1.178.141.221 - - [18/Aug/2026:10:24:41 +0300] "POST /xmlrpc.php HTTP/1.1" 200 459 "-" "Jetpack/12.1; WordPress/6.4; http://site94414957.com"
103.149.16.186 - - [18/Aug/2026:10:24:50 +0300] "POST /xmlrpc.php HTTP/1.1" 200 459 "-" "Jetpack by WordPress.com (Jetpack 12.0; WordPress 6.3)"
1.178.141.221 - - [18/Aug/2026:10:24:51 +0300] "POST /xmlrpc.php HTTP/1.1" 200 459 "-" "WordPress.com; https://wordpress.com"
103.149.16.186 - - [18/Aug/2026:10:25:00 +0300] "POST /xmlrpc.php HTTP/1.1" 200 459 "-" "WordPress.com; https://wordpress.com"
1.178.141.221 - - [18/Aug/2026:10:25:02 +0300] "POST /xmlrpc.php HTTP/1.1" 200 459 "-" "WordPress.com; https://wordpress.com"
103.149.16.186 - - [18/Aug/2026:10:25:11 +0300] "POST /xmlrpc.php HTTP/1.1" 200 459 "-" "Jetpack by WordPress.com"
1.178.141.221 - - [18/Aug/2026:10:25:12 +0300] "POST /xmlrpc.php HTTP/1.1" 200 459 "-" "Jetpack by WordPress.com"
103.149.16.186 - - [18/Aug/2026:10:25:21 +0300] "POST /xmlrpc.php HTTP/1.1" 200 459 "-" "Jetpack by WordPress.com"
1.178.141.221 - - [18/Aug/2026:10:25:23 +0300] "POST /xmlrpc.php HTTP/1.1" 200 459 "-" "Jetpack/13.0; WordPress/6.4; http://site43857607.com"
103.149.16.186 - - [18/Aug/2026:10:25:32 +0300] "POST /xmlrpc.php HTTP/1.1" 200 459 "-" "Jetpack/12.1; WordPress/6.2; http://site91732221.com"
1.178.141.221 - - [18/Aug/2026:10:25:33 +0300] "POST /xmlrpc.php HTTP/1.1" 200 459 "-" "WordPress.com; https://wordpress.com"
103.149.16.186 - - [18/Aug/2026:10:25:43 +0300] "POST /xmlrpc.php HTTP/1.1" 200 459 "-" "Jetpack/12.5; WordPress/6.1; http://site10972162.com"
1.178.141.221 - - [18/Aug/2026:10:25:44 +0300] "POST /xmlrpc.php HTTP/1.1" 200 459 "-" "Jetpack by WordPress.com"
66.249.66.205 - - [18/Aug/2026:10:25:47 +0300] "GET /shop/poor/group098000955.shtml HTTP/1.1" 404 11133 "-" "Mozilla/5.0 (Linux; Android 6.0.1; Nexus 5X Build/MMB29P) AppleWebKit/537.36 (KHTML, like Gecko) Chrome/151.0.7922.137 Mobile Safari/537.36 (compatible; Googlebot/2.1; +http://www.google.com/bot.html)"
103.149.16.186 - - [18/Aug/2026:10:25:53 +0300] "POST /xmlrpc.php HTTP/1.1" 200 459 "-" "WordPress.com; https://wordpress.com"
1.178.141.221 - - [18/Aug/2026:10:25:54 +0300] "POST /xmlrpc.php HTTP/1.1" 200 459 "-" "Jetpack/12.0; WordPress/6.3; http://site15525901.com"
103.149.16.186 - - [18/Aug/2026:10:26:04 +0300] "POST /xmlrpc.php HTTP/1.1" 200 459 "-" "Jetpack by WordPress.com (Jetpack 12.5; WordPress 6.1)"
1.178.141.221 - - [18/Aug/2026:10:26:05 +0300] "POST /xmlrpc.php HTTP/1.1" 200 459 "-" "Jetpack/12.5; WordPress/6.4; http://site43576940.com"
103.149.16.186 - - [18/Aug/2026:10:26:14 +0300] "POST /xmlrpc.php HTTP/1.1" 200 459 "-" "Jetpack by WordPress.com (Jetpack 13.0; WordPress 6.3)"
1.178.141.221 - - [18/Aug/2026:10:26:16 +0300] "POST /xmlrpc.php HTTP/1.1" 200 459 "-" "WordPress.com; https://wordpress.com"
103.149.16.186 - - [18/Aug/2026:10:26:25 +0300] "POST /xmlrpc.php HTTP/1.1" 200 459 "-" "Jetpack by WordPress.com"
1.178.141.221 - - [18/Aug/2026:10:26:26 +0300] "POST /xmlrpc.php HTTP/1.1" 200 459 "-" "Jetpack/12.5; WordPress/6.3; http://site36761747.com"
103.149.16.186 - - [18/Aug/2026:10:26:35 +0300] "POST /xmlrpc.php HTTP/1.1" 200 459 "-" "Jetpack by WordPress.com (Jetpack 12.0; WordPress 6.4)"
1.178.141.221 - - [18/Aug/2026:10:26:37 +0300] "POST /xmlrpc.php HTTP/1.1" 200 459 "-" "Jetpack by WordPress.com (Jetpack 12.1; WordPress 6.4)"
103.149.16.186 - - [18/Aug/2026:10:26:46 +0300] "POST /xmlrpc.php HTTP/1.1" 200 459 "-" "WordPress.com; https://wordpress.com"
1.178.141.221 - - [18/Aug/2026:10:26:47 +0300] "POST /xmlrpc.php HTTP/1.1" 200 459 "-" "Jetpack/13.0; WordPress/6.2; http://site44921512.com"
103.149.16.186 - - [18/Aug/2026:10:26:57 +0300] "POST /xmlrpc.php HTTP/1.1" 200 459 "-" "Jetpack/12.0; WordPress/6.2; http://site35343135.com"
1.178.141.221 - - [18/Aug/2026:10:26:58 +0300] "POST /xmlrpc.php HTTP/1.1" 200 459 "-" "Jetpack by WordPress.com (Jetpack 12.0; WordPress 6.4)"
103.149.16.186 - - [18/Aug/2026:10:27:07 +0300] "POST /xmlrpc.php HTTP/1.1" 200 459 "-" "Jetpack by WordPress.com (Jetpack 12.0; WordPress 6.2)"
1.178.141.221 - - [18/Aug/2026:10:27:08 +0300] "POST /xmlrpc.php HTTP/1.1" 200 459 "-" "Jetpack by WordPress.com"
103.149.16.186 - - [18/Aug/2026:10:27:18 +0300] "POST /xmlrpc.php HTTP/1.1" 200 459 "-" "Jetpack/12.5; WordPress/6.4; http://site68235319.com"
1.178.141.221 - - [18/Aug/2026:10:27:19 +0300] "POST /xmlrpc.php HTTP/1.1" 200 459 "-" "Jetpack by WordPress.com (Jetpack 12.1; WordPress 6.4)"
89.124.105.236 - - [18/Aug/2026:10:27:24 +0300] "GET /privet-mir/ HTTP/1.0" 200 43126 "https://891rpm.com/privet-mir/" "Mozilla/5.0 (Windows NT 10.0; Win64; x64) AppleWebKit/537.36 (KHTML, like Gecko) Chrome/129.0.0.0 Safari/537.36"
89.124.105.236 - - [18/Aug/2026:10:27:25 +0300] "POST /wp-comments-post.php HTTP/1.0" 302 6 "https://891rpm.com/privet-mir/" "Mozilla/5.0 (Windows NT 10.0; Win64; x64) AppleWebKit/537.36 (KHTML, like Gecko) Chrome/129.0.0.0 Safari/537.36"
89.124.105.236 - - [18/Aug/2026:10:27:26 +0300] "GET /privet-mir/ HTTP/1.0" 200 43127 "https://891rpm.com/privet-mir/#comment-50023" "Mozilla/5.0 (Windows NT 10.0; Win64; x64) AppleWebKit/537.36 (KHTML, like Gecko) Chrome/129.0.0.0 Safari/537.36"
103.149.16.186 - - [18/Aug/2026:10:27:28 +0300] "POST /xmlrpc.php HTTP/1.1" 200 459 "-" "Jetpack by WordPress.com (Jetpack 12.0; WordPress 6.1)"
1.178.141.221 - - [18/Aug/2026:10:27:29 +0300] "POST /xmlrpc.php HTTP/1.1" 200 459 "-" "Jetpack/13.0; WordPress/6.3; http://site54116374.com"
40.124.174.199 - - [18/Aug/2026:10:27:39 +0300] "GET /manager/html HTTP/1.1" 301 162 "-" "Mozilla/5.0 zgrab/0.x"
103.149.16.186 - - [18/Aug/2026:10:27:39 +0300] "POST /xmlrpc.php HTTP/1.1" 200 459 "-" "Jetpack/12.5; WordPress/6.4; http://site71129450.com"
1.178.141.221 - - [18/Aug/2026:10:27:40 +0300] "POST /xmlrpc.php HTTP/1.1" 200 459 "-" "Jetpack by WordPress.com"
103.149.16.186 - - [18/Aug/2026:10:27:50 +0300] "POST /xmlrpc.php HTTP/1.1" 200 459 "-" "Jetpack by WordPress.com"
1.178.141.221 - - [18/Aug/2026:10:27:50 +0300] "POST /xmlrpc.php HTTP/1.1" 200 459 "-" "Jetpack/12.5; WordPress/6.3; http://site85917220.com"
91.151.136.188 - - [18/Aug/2026:10:27:52 +0300] "GET /crypto-currencies HTTP/2.0" 301 6 "https://891rpm.com" "Mozilla/5.0 (Macintosh; Intel Mac OS X 10_15_7) AppleWebKit/537.36 (KHTML, like Gecko) Chrome/145.0.0.0 Safari/537.36"
2.196.141.133 - - [18/Aug/2026:10:27:58 +0300] "GET /crypto-currencies/ HTTP/2.0" 200 11280 "https://891rpm.com/crypto-currencies" "Mozilla/5.0 (Macintosh; Intel Mac OS X 10_15_7) AppleWebKit/537.36 (KHTML, like Gecko) Chrome/145.0.0.0 Safari/537.36"
103.149.16.186 - - [18/Aug/2026:10:28:00 +0300] "POST /xmlrpc.php HTTP/1.1" 200 459 "-" "Jetpack by WordPress.com (Jetpack 12.5; WordPress 6.4)"
1.178.141.221 - - [18/Aug/2026:10:28:01 +0300] "POST /xmlrpc.php HTTP/1.1" 200 459 "-" "Jetpack by WordPress.com"
103.149.16.186 - - [18/Aug/2026:10:28:11 +0300] "POST /xmlrpc.php HTTP/1.1" 200 459 "-" "Jetpack by WordPress.com (Jetpack 13.0; WordPress 6.4)"
1.178.141.221 - - [18/Aug/2026:10:28:11 +0300] "POST /xmlrpc.php HTTP/1.1" 200 459 "-" "WordPress.com; https://wordpress.com"
103.149.16.186 - - [18/Aug/2026:10:28:21 +0300] "POST /xmlrpc.php HTTP/1.1" 200 459 "-" "Jetpack/12.5; WordPress/6.4; http://site69227407.com"
1.178.141.221 - - [18/Aug/2026:10:28:22 +0300] "POST /xmlrpc.php HTTP/1.1" 200 459 "-" "Jetpack by WordPress.com (Jetpack 12.5; WordPress 6.1)"
103.149.16.186 - - [18/Aug/2026:10:28:32 +0300] "POST /xmlrpc.php HTTP/1.1" 200 459 "-" "WordPress.com; https://wordpress.com"
1.178.141.221 - - [18/Aug/2026:10:28:33 +0300] "POST /xmlrpc.php HTTP/1.1" 200 459 "-" "WordPress.com; https://wordpress.com"
103.149.16.186 - - [18/Aug/2026:10:28:43 +0300] "POST /xmlrpc.php HTTP/1.1" 200 459 "-" "WordPress.com; https://wordpress.com"
1.178.141.221 - - [18/Aug/2026:10:28:43 +0300] "POST /xmlrpc.php HTTP/1.1" 200 459 "-" "WordPress.com; https://wordpress.com"
103.149.16.186 - - [18/Aug/2026:10:28:53 +0300] "POST /xmlrpc.php HTTP/1.1" 200 459 "-" "WordPress.com; https://wordpress.com"
1.178.141.221 - - [18/Aug/2026:10:28:53 +0300] "POST /xmlrpc.php HTTP/1.1" 200 459 "-" "Jetpack/13.0; WordPress/6.3; http://site73984330.com"
103.149.16.186 - - [18/Aug/2026:10:29:04 +0300] "POST /xmlrpc.php HTTP/1.1" 200 459 "-" "WordPress.com; https://wordpress.com"
1.178.141.221 - - [18/Aug/2026:10:29:04 +0300] "POST /xmlrpc.php HTTP/1.1" 200 459 "-" "Jetpack by WordPress.com"
103.149.16.186 - - [18/Aug/2026:10:29:14 +0300] "POST /xmlrpc.php HTTP/1.1" 200 459 "-" "Jetpack by WordPress.com (Jetpack 12.1; WordPress 6.1)"
1.178.141.221 - - [18/Aug/2026:10:29:15 +0300] "POST /xmlrpc.php HTTP/1.1" 200 459 "-" "Jetpack/12.1; WordPress/6.3; http://site30480356.com"
203.215.163.196 - - [18/Aug/2026:10:29:22 +0300] "POST /xmlrpc.php HTTP/1.1" 200 459 "-" "Jetpack by WordPress.com"
103.149.16.186 - - [18/Aug/2026:10:29:26 +0300] "POST /xmlrpc.php HTTP/1.1" 200 459 "-" "WordPress.com; https://wordpress.com"
1.178.141.221 - - [18/Aug/2026:10:29:26 +0300] "POST /xmlrpc.php HTTP/1.1" 200 459 "-" "WordPress.com; https://wordpress.com"
203.215.163.196 - - [18/Aug/2026:10:29:32 +0300] "POST /xmlrpc.php HTTP/1.1" 200 459 "-" "Jetpack by WordPress.com"
103.149.16.186 - - [18/Aug/2026:10:29:35 +0300] "POST /xmlrpc.php HTTP/1.1" 200 459 "-" "Jetpack/12.5; WordPress/6.4; http://site99002109.com"
1.178.141.221 - - [18/Aug/2026:10:29:36 +0300] "POST /xmlrpc.php HTTP/1.1" 200 459 "-" "Jetpack by WordPress.com (Jetpack 12.1; WordPress 6.2)"
203.215.163.196 - - [18/Aug/2026:10:29:42 +0300] "POST /xmlrpc.php HTTP/1.1" 200 459 "-" "WordPress.com; https://wordpress.com"
103.149.16.186 - - [18/Aug/2026:10:29:47 +0300] "POST /xmlrpc.php HTTP/1.1" 200 459 "-" "Jetpack by WordPress.com"
1.178.141.221 - - [18/Aug/2026:10:29:47 +0300] "POST /xmlrpc.php HTTP/1.1" 200 459 "-" "Jetpack by WordPress.com"
203.215.163.196 - - [18/Aug/2026:10:29:53 +0300] "POST /xmlrpc.php HTTP/1.1" 200 459 "-" "WordPress.com; https://wordpress.com"
1.178.141.221 - - [18/Aug/2026:10:29:57 +0300] "POST /xmlrpc.php HTTP/1.1" 200 459 "-" "WordPress.com; https://wordpress.com"
103.149.16.186 - - [18/Aug/2026:10:29:57 +0300] "POST /xmlrpc.php HTTP/1.1" 200 459 "-" "Jetpack/13.0; WordPress/6.3; http://site39163764.com"
203.215.163.196 - - [18/Aug/2026:10:30:04 +0300] "POST /xmlrpc.php HTTP/1.1" 200 459 "-" "Jetpack/12.1; WordPress/6.3; http://site39802126.com"
103.149.16.186 - - [18/Aug/2026:10:30:08 +0300] "POST /xmlrpc.php HTTP/1.1" 200 459 "-" "Jetpack by WordPress.com"
1.178.141.221 - - [18/Aug/2026:10:30:08 +0300] "POST /xmlrpc.php HTTP/1.1" 200 459 "-" "Jetpack/12.1; WordPress/6.1; http://site83330393.com"
82.148.16.210 - - [18/Aug/2026:10:30:14 +0300] "POST /wp-cron.php?doing_wp_cron=1787038214.4829349517822265625000 HTTP/1.1" 499 0 "-" "WordPress/6.9.1; https://891rpm.com"
203.215.163.196 - - [18/Aug/2026:10:30:14 +0300] "POST /xmlrpc.php HTTP/1.1" 200 459 "-" "Jetpack/12.0; WordPress/6.1; http://site84120643.com"
1.178.141.221 - - [18/Aug/2026:10:30:18 +0300] "POST /xmlrpc.php HTTP/1.1" 200 459 "-" "Jetpack by WordPress.com"
103.149.16.186 - - [18/Aug/2026:10:30:18 +0300] "POST /xmlrpc.php HTTP/1.1" 200 459 "-" "Jetpack by WordPress.com"
66.249.76.136 - - [18/Aug/2026:10:30:20 +0300] "GET /shop/champion/overlook030000097.shtml HTTP/1.1" 404 11133 "-" "Mozilla/5.0 (Linux; Android 6.0.1; Nexus 5X Build/MMB29P) AppleWebKit/537.36 (KHTML, like Gecko) Chrome/151.0.7922.137 Mobile Safari/537.36 (compatible; Googlebot/2.1; +http://www.google.com/bot.html)"
157.230.186.54 - - [18/Aug/2026:10:30:22 +0300] "POST /wp-json/batch/v1 HTTP/1.1" 207 33 "-" "Mozilla/5.0 (Windows NT 10.0; Win64; x64) AppleWebKit/537.36 (KHTML, like Gecko) Chrome/131.0.0.0 Safari/537.36"
157.230.186.54 - - [18/Aug/2026:10:30:23 +0300] "POST /wp-json/batch/v1 HTTP/1.1" 207 10023 "-" "Mozilla/5.0 (Windows NT 10.0; Win64; x64) AppleWebKit/537.36 (KHTML, like Gecko) Chrome/131.0.0.0 Safari/537.36"
157.230.186.54 - - [18/Aug/2026:10:30:24 +0300] "POST /wp-json/batch/v1 HTTP/1.1" 207 10144 "-" "Mozilla/5.0 (Windows NT 10.0; Win64; x64) AppleWebKit/537.36 (KHTML, like Gecko) Chrome/131.0.0.0 Safari/537.36"
157.230.186.54 - - [18/Aug/2026:10:30:25 +0300] "POST /wp-json/batch/v1 HTTP/1.1" 207 10159 "-" "Mozilla/5.0 (Windows NT 10.0; Win64; x64) AppleWebKit/537.36 (KHTML, like Gecko) Chrome/131.0.0.0 Safari/537.36"
203.215.163.196 - - [18/Aug/2026:10:30:25 +0300] "POST /xmlrpc.php HTTP/1.1" 200 459 "-" "WordPress.com; https://wordpress.com"
157.230.186.54 - - [18/Aug/2026:10:30:25 +0300] "GET /?rest_route=/wp/v2/posts&per_page=1&_fields=link HTTP/1.1" 200 104 "-" "Mozilla/5.0 (Windows NT 10.0; Win64; x64) AppleWebKit/537.36 (KHTML, like Gecko) Chrome/131.0.0.0 Safari/537.36"
157.230.186.54 - - [18/Aug/2026:10:30:26 +0300] "GET / HTTP/1.1" 200 145583 "-" "Mozilla/5.0 (Windows NT 10.0; Win64; x64) AppleWebKit/537.36 (KHTML, like Gecko) Chrome/131.0.0.0 Safari/537.36"
82.148.16.210 - - [18/Aug/2026:10:30:27 +0300] "GET /?p=1 HTTP/1.1" 404 11133 "-" "WordPress/6.9.1; https://891rpm.com"
82.148.16.210 - - [18/Aug/2026:10:30:28 +0300] "GET /?p=1 HTTP/1.1" 404 11133 "-" "WordPress/6.9.1; https://891rpm.com"
1.178.141.221 - - [18/Aug/2026:10:30:30 +0300] "POST /xmlrpc.php HTTP/1.1" 200 459 "-" "Jetpack by WordPress.com"
82.148.16.210 - - [18/Aug/2026:10:30:30 +0300] "GET /?p=1 HTTP/1.1" 404 11133 "-" "WordPress/6.9.1; https://891rpm.com"
103.149.16.186 - - [18/Aug/2026:10:30:30 +0300] "POST /xmlrpc.php HTTP/1.1" 200 459 "-" "WordPress.com; https://wordpress.com"
82.148.16.210 - - [18/Aug/2026:10:30:31 +0300] "GET /?p=1 HTTP/1.1" 404 11133 "-" "WordPress/6.9.1; https://891rpm.com"
157.230.186.54 - - [18/Aug/2026:10:30:32 +0300] "POST /wp-json/batch/v1 HTTP/1.1" 207 10776 "-" "Mozilla/5.0 (Windows NT 10.0; Win64; x64) AppleWebKit/537.36 (KHTML, like Gecko) Chrome/131.0.0.0 Safari/537.36"
157.230.186.54 - - [18/Aug/2026:10:30:33 +0300] "POST /wp-json/batch/v1 HTTP/1.1" 207 10101 "-" "Mozilla/5.0 (Windows NT 10.0; Win64; x64) AppleWebKit/537.36 (KHTML, like Gecko) Chrome/131.0.0.0 Safari/537.36"
157.230.186.54 - - [18/Aug/2026:10:30:34 +0300] "POST /wp-json/batch/v1 HTTP/1.1" 207 10101 "-" "Mozilla/5.0 (Windows NT 10.0; Win64; x64) AppleWebKit/537.36 (KHTML, like Gecko) Chrome/131.0.0.0 Safari/537.36"
157.230.186.54 - - [18/Aug/2026:10:30:35 +0300] "POST /wp-json/batch/v1 HTTP/1.1" 207 10101 "-" "Mozilla/5.0 (Windows NT 10.0; Win64; x64) AppleWebKit/537.36 (KHTML, like Gecko) Chrome/131.0.0.0 Safari/537.36"
157.230.186.54 - - [18/Aug/2026:10:30:36 +0300] "POST /wp-json/batch/v1 HTTP/1.1" 207 10101 "-" "Mozilla/5.0 (Windows NT 10.0; Win64; x64) AppleWebKit/537.36 (KHTML, like Gecko) Chrome/131.0.0.0 Safari/537.36"
203.215.163.196 - - [18/Aug/2026:10:30:36 +0300] "POST /xmlrpc.php HTTP/1.1" 200 459 "-" "WordPress.com; https://wordpress.com"
82.148.16.210 - - [18/Aug/2026:10:30:37 +0300] "GET /?p=1 HTTP/1.1" 404 11133 "-" "WordPress/6.9.1; https://891rpm.com"
157.230.186.54 - - [18/Aug/2026:10:30:37 +0300] "POST /wp-json/batch/v1 HTTP/1.1" 207 16708 "-" "Mozilla/5.0 (Windows NT 10.0; Win64; x64) AppleWebKit/537.36 (KHTML, like Gecko) Chrome/131.0.0.0 Safari/537.36"
157.230.186.54 - - [18/Aug/2026:10:30:38 +0300] "POST /wp-json/batch/v1 HTTP/1.1" 207 10023 "-" "Mozilla/5.0 (Windows NT 10.0; Win64; x64) AppleWebKit/537.36 (KHTML, like Gecko) Chrome/131.0.0.0 Safari/537.36"
157.230.186.54 - - [18/Aug/2026:10:30:39 +0300] "POST /wp-json/batch/v1 HTTP/1.1" 207 10037 "-" "Mozilla/5.0 (Windows NT 10.0; Win64; x64) AppleWebKit/537.36 (KHTML, like Gecko) Chrome/131.0.0.0 Safari/537.36"
1.178.141.221 - - [18/Aug/2026:10:30:39 +0300] "POST /xmlrpc.php HTTP/1.1" 200 459 "-" "Jetpack by WordPress.com (Jetpack 12.1; WordPress 6.1)"
103.149.16.186 - - [18/Aug/2026:10:30:39 +0300] "POST /xmlrpc.php HTTP/1.1" 200 459 "-" "Jetpack by WordPress.com"
157.230.186.54 - - [18/Aug/2026:10:30:39 +0300] "POST /wp-json/batch/v1 HTTP/1.1" 207 10037 "-" "Mozilla/5.0 (Windows NT 10.0; Win64; x64) AppleWebKit/537.36 (KHTML, like Gecko) Chrome/131.0.0.0 Safari/537.36"
157.230.186.54 - - [18/Aug/2026:10:30:40 +0300] "POST /wp-json/batch/v1 HTTP/1.1" 207 10043 "-" "Mozilla/5.0 (Windows NT 10.0; Win64; x64) AppleWebKit/537.36 (KHTML, like Gecko) Chrome/131.0.0.0 Safari/537.36"
157.230.186.54 - - [18/Aug/2026:10:30:41 +0300] "POST /wp-json/batch/v1 HTTP/1.1" 207 10041 "-" "Mozilla/5.0 (Windows NT 10.0; Win64; x64) AppleWebKit/537.36 (KHTML, like Gecko) Chrome/131.0.0.0 Safari/537.36"
157.230.186.54 - - [18/Aug/2026:10:30:41 +0300] "POST /wp-json/batch/v1 HTTP/1.1" 207 10037 "-" "Mozilla/5.0 (Windows NT 10.0; Win64; x64) AppleWebKit/537.36 (KHTML, like Gecko) Chrome/131.0.0.0 Safari/537.36"
157.230.186.54 - - [18/Aug/2026:10:30:42 +0300] "POST /wp-json/batch/v1 HTTP/1.1" 207 10054 "-" "Mozilla/5.0 (Windows NT 10.0; Win64; x64) AppleWebKit/537.36 (KHTML, like Gecko) Chrome/131.0.0.0 Safari/537.36"
157.230.186.54 - - [18/Aug/2026:10:30:43 +0300] "POST /wp-json/batch/v1 HTTP/1.1" 207 10043 "-" "Mozilla/5.0 (Windows NT 10.0; Win64; x64) AppleWebKit/537.36 (KHTML, like Gecko) Chrome/131.0.0.0 Safari/537.36"
157.230.186.54 - - [18/Aug/2026:10:30:43 +0300] "POST /wp-json/batch/v1 HTTP/1.1" 207 10040 "-" "Mozilla/5.0 (Windows NT 10.0; Win64; x64) AppleWebKit/537.36 (KHTML, like Gecko) Chrome/131.0.0.0 Safari/537.36"
157.230.186.54 - - [18/Aug/2026:10:30:44 +0300] "POST /wp-json/batch/v1 HTTP/1.1" 207 10049 "-" "Mozilla/5.0 (Windows NT 10.0; Win64; x64) AppleWebKit/537.36 (KHTML, like Gecko) Chrome/131.0.0.0 Safari/537.36"
157.230.186.54 - - [18/Aug/2026:10:30:45 +0300] "POST /wp-json/batch/v1 HTTP/1.1" 207 10045 "-" "Mozilla/5.0 (Windows NT 10.0; Win64; x64) AppleWebKit/537.36 (KHTML, like Gecko) Chrome/131.0.0.0 Safari/537.36"
157.230.186.54 - - [18/Aug/2026:10:30:46 +0300] "GET /wp-login.php/ HTTP/1.1" 302 16 "-" "Mozilla/5.0 (Windows NT 10.0; Win64; x64) AppleWebKit/537.36 (KHTML, like Gecko) Chrome/120.0.0.0 Safari/537.36"
203.215.163.196 - - [18/Aug/2026:10:30:46 +0300] "POST /xmlrpc.php HTTP/1.1" 200 459 "-" "WordPress.com; https://wordpress.com"
157.230.186.54 - - [18/Aug/2026:10:30:46 +0300] "GET /wp-login.php HTTP/1.1" 200 11848 "-" "Mozilla/5.0 (Windows NT 10.0; Win64; x64) AppleWebKit/537.36 (KHTML, like Gecko) Chrome/120.0.0.0 Safari/537.36"
157.230.186.54 - - [18/Aug/2026:10:30:47 +0300] "POST /wp-login.php/ HTTP/1.1" 302 16 "-" "Mozilla/5.0 (Windows NT 10.0; Win64; x64) AppleWebKit/537.36 (KHTML, like Gecko) Chrome/120.0.0.0 Safari/537.36"
157.230.186.54 - - [18/Aug/2026:10:30:48 +0300] "GET /wp-login.php HTTP/1.1" 200 11848 "-" "Mozilla/5.0 (Windows NT 10.0; Win64; x64) AppleWebKit/537.36 (KHTML, like Gecko) Chrome/120.0.0.0 Safari/537.36"
157.230.186.54 - - [18/Aug/2026:10:30:48 +0300] "GET /wp-admin/ HTTP/1.1" 302 16 "-" "Mozilla/5.0 (Windows NT 10.0; Win64; x64) AppleWebKit/537.36 (KHTML, like Gecko) Chrome/120.0.0.0 Safari/537.36"
157.230.186.54 - - [18/Aug/2026:10:30:49 +0300] "GET /wp-login.php?redirect_to=https%3A%2F%2F891rpm.com%2Fwp-admin%2F&reauth=1 HTTP/1.1" 200 11939 "-" "Mozilla/5.0 (Windows NT 10.0; Win64; x64) AppleWebKit/537.36 (KHTML, like Gecko) Chrome/120.0.0.0 Safari/537.36"
1.178.141.221 - - [18/Aug/2026:10:30:49 +0300] "POST /xmlrpc.php HTTP/1.1" 200 459 "-" "Jetpack by WordPress.com (Jetpack 12.0; WordPress 6.4)"
103.149.16.186 - - [18/Aug/2026:10:30:49 +0300] "POST /xmlrpc.php HTTP/1.1" 200 459 "-" "Jetpack by WordPress.com"
157.230.186.54 - - [18/Aug/2026:10:30:50 +0300] "GET / HTTP/1.1" 200 145583 "-" "Mozilla/5.0 (Windows NT 10.0; Win64; x64) AppleWebKit/537.36 (KHTML, like Gecko) Chrome/120.0.0.0 Safari/537.36"
157.230.186.54 - - [18/Aug/2026:10:30:51 +0300] "GET /wp-login.php/. HTTP/1.1" 301 16 "-" "Mozilla/5.0 (Windows NT 10.0; Win64; x64) AppleWebKit/537.36 (KHTML, like Gecko) Chrome/120.0.0.0 Safari/537.36"
157.230.186.54 - - [18/Aug/2026:10:30:52 +0300] "GET /wp-login.php/ HTTP/1.1" 302 16 "-" "Mozilla/5.0 (Windows NT 10.0; Win64; x64) AppleWebKit/537.36 (KHTML, like Gecko) Chrome/120.0.0.0 Safari/537.36"
157.230.186.54 - - [18/Aug/2026:10:30:52 +0300] "GET /wp-login.php HTTP/1.1" 200 11848 "-" "Mozilla/5.0 (Windows NT 10.0; Win64; x64) AppleWebKit/537.36 (KHTML, like Gecko) Chrome/120.0.0.0 Safari/537.36"
157.230.186.54 - - [18/Aug/2026:10:30:53 +0300] "POST /wp-login.php/. HTTP/1.1" 404 53837 "-" "Mozilla/5.0 (Windows NT 10.0; Win64; x64) AppleWebKit/537.36 (KHTML, like Gecko) Chrome/120.0.0.0 Safari/537.36"
157.230.186.54 - - [18/Aug/2026:10:30:54 +0300] "GET /wp-admin/ HTTP/1.1" 302 16 "-" "Mozilla/5.0 (Windows NT 10.0; Win64; x64) AppleWebKit/537.36 (KHTML, like Gecko) Chrome/120.0.0.0 Safari/537.36"
157.230.186.54 - - [18/Aug/2026:10:30:54 +0300] "GET /wp-login.php?redirect_to=https%3A%2F%2F891rpm.com%2Fwp-admin%2F&reauth=1 HTTP/1.1" 200 11939 "-" "Mozilla/5.0 (Windows NT 10.0; Win64; x64) AppleWebKit/537.36 (KHTML, like Gecko) Chrome/120.0.0.0 Safari/537.36"
157.230.186.54 - - [18/Aug/2026:10:30:55 +0300] "GET / HTTP/1.1" 200 145583 "-" "Mozilla/5.0 (Windows NT 10.0; Win64; x64) AppleWebKit/537.36 (KHTML, like Gecko) Chrome/120.0.0.0 Safari/537.36"
157.230.186.54 - - [18/Aug/2026:10:30:56 +0300] "GET /wp-login.php/index.php HTTP/1.1" 301 16 "-" "Mozilla/5.0 (Windows NT 10.0; Win64; x64) AppleWebKit/537.36 (KHTML, like Gecko) Chrome/120.0.0.0 Safari/537.36"
157.230.186.54 - - [18/Aug/2026:10:30:57 +0300] "GET /wp-login.php/ HTTP/1.1" 302 16 "-" "Mozilla/5.0 (Windows NT 10.0; Win64; x64) AppleWebKit/537.36 (KHTML, like Gecko) Chrome/120.0.0.0 Safari/537.36"
203.215.163.196 - - [18/Aug/2026:10:30:57 +0300] "POST /xmlrpc.php HTTP/1.1" 200 459 "-" "Jetpack by WordPress.com"
157.230.186.54 - - [18/Aug/2026:10:30:58 +0300] "GET /wp-login.php HTTP/1.1" 200 11848 "-" "Mozilla/5.0 (Windows NT 10.0; Win64; x64) AppleWebKit/537.36 (KHTML, like Gecko) Chrome/120.0.0.0 Safari/537.36"
157.230.186.54 - - [18/Aug/2026:10:30:59 +0300] "POST /wp-login.php/index.php HTTP/1.1" 404 53837 "-" "Mozilla/5.0 (Windows NT 10.0; Win64; x64) AppleWebKit/537.36 (KHTML, like Gecko) Chrome/120.0.0.0 Safari/537.36"
157.230.186.54 - - [18/Aug/2026:10:30:59 +0300] "GET /wp-admin/ HTTP/1.1" 302 16 "-" "Mozilla/5.0 (Windows NT 10.0; Win64; x64) AppleWebKit/537.36 (KHTML, like Gecko) Chrome/120.0.0.0 Safari/537.36"
157.230.186.54 - - [18/Aug/2026:10:31:00 +0300] "GET /wp-login.php?redirect_to=https%3A%2F%2F891rpm.com%2Fwp-admin%2F&reauth=1 HTTP/1.1" 200 11939 "-" "Mozilla/5.0 (Windows NT 10.0; Win64; x64) AppleWebKit/537.36 (KHTML, like Gecko) Chrome/120.0.0.0 Safari/537.36"
1.178.141.221 - - [18/Aug/2026:10:31:00 +0300] "POST /xmlrpc.php HTTP/1.1" 200 459 "-" "WordPress.com; https://wordpress.com"
103.149.16.186 - - [18/Aug/2026:10:31:00 +0300] "POST /xmlrpc.php HTTP/1.1" 200 459 "-" "Jetpack by WordPress.com (Jetpack 12.5; WordPress 6.2)"
157.230.186.54 - - [18/Aug/2026:10:31:00 +0300] "GET / HTTP/1.1" 200 145583 "-" "Mozilla/5.0 (Windows NT 10.0; Win64; x64) AppleWebKit/537.36 (KHTML, like Gecko) Chrome/120.0.0.0 Safari/537.36"
157.230.186.54 - - [18/Aug/2026:10:31:01 +0300] "GET /wp-login.php HTTP/1.1" 200 11848 "-" "Mozilla/5.0 (Windows NT 10.0; Win64; x64) AppleWebKit/537.36 (KHTML, like Gecko) Chrome/120.0.0.0 Safari/537.36"
157.230.186.54 - - [18/Aug/2026:10:31:02 +0300] "POST /wp-login.php HTTP/1.1" 200 12384 "-" "Mozilla/5.0 (Windows NT 10.0; Win64; x64) AppleWebKit/537.36 (KHTML, like Gecko) Chrome/120.0.0.0 Safari/537.36"
157.230.186.54 - - [18/Aug/2026:10:31:03 +0300] "GET /wp-admin/ HTTP/1.1" 302 16 "-" "Mozilla/5.0 (Windows NT 10.0; Win64; x64) AppleWebKit/537.36 (KHTML, like Gecko) Chrome/120.0.0.0 Safari/537.36"
157.230.186.54 - - [18/Aug/2026:10:31:03 +0300] "GET /wp-login.php?redirect_to=https%3A%2F%2F891rpm.com%2Fwp-admin%2F&reauth=1 HTTP/1.1" 200 11939 "-" "Mozilla/5.0 (Windows NT 10.0; Win64; x64) AppleWebKit/537.36 (KHTML, like Gecko) Chrome/120.0.0.0 Safari/537.36"
157.230.186.54 - - [18/Aug/2026:10:31:05 +0300] "GET / HTTP/1.1" 200 145583 "-" "Mozilla/5.0 (Windows NT 10.0; Win64; x64) AppleWebKit/537.36 (KHTML, like Gecko) Chrome/120.0.0.0 Safari/537.36"
157.230.186.54 - - [18/Aug/2026:10:31:06 +0300] "GET /yonetimgiris/ HTTP/1.1" 404 53837 "-" "Mozilla/5.0 (Windows NT 10.0; Win64; x64) AppleWebKit/537.36 (KHTML, like Gecko) Chrome/120.0.0.0 Safari/537.36"
157.230.186.54 - - [18/Aug/2026:10:31:07 +0300] "GET /login/ HTTP/1.1" 302 16 "-" "Mozilla/5.0 (Windows NT 10.0; Win64; x64) AppleWebKit/537.36 (KHTML, like Gecko) Chrome/120.0.0.0 Safari/537.36"
203.215.163.196 - - [18/Aug/2026:10:31:08 +0300] "POST /xmlrpc.php HTTP/1.1" 200 459 "-" "Jetpack by WordPress.com (Jetpack 12.1; WordPress 6.2)"
157.230.186.54 - - [18/Aug/2026:10:31:08 +0300] "GET /wp-login.php HTTP/1.1" 200 11848 "-" "Mozilla/5.0 (Windows NT 10.0; Win64; x64) AppleWebKit/537.36 (KHTML, like Gecko) Chrome/120.0.0.0 Safari/537.36"
157.230.186.54 - - [18/Aug/2026:10:31:09 +0300] "POST /login/ HTTP/1.1" 302 16 "-" "Mozilla/5.0 (Windows NT 10.0; Win64; x64) AppleWebKit/537.36 (KHTML, like Gecko) Chrome/120.0.0.0 Safari/537.36"
157.230.186.54 - - [18/Aug/2026:10:31:10 +0300] "GET /wp-login.php HTTP/1.1" 200 11848 "-" "Mozilla/5.0 (Windows NT 10.0; Win64; x64) AppleWebKit/537.36 (KHTML, like Gecko) Chrome/120.0.0.0 Safari/537.36"
157.230.186.54 - - [18/Aug/2026:10:31:10 +0300] "GET /wp-admin/ HTTP/1.1" 302 16 "-" "Mozilla/5.0 (Windows NT 10.0; Win64; x64) AppleWebKit/537.36 (KHTML, like Gecko) Chrome/120.0.0.0 Safari/537.36"
1.178.141.221 - - [18/Aug/2026:10:31:11 +0300] "POST /xmlrpc.php HTTP/1.1" 200 459 "-" "Jetpack by WordPress.com (Jetpack 12.5; WordPress 6.2)"
103.149.16.186 - - [18/Aug/2026:10:31:11 +0300] "POST /xmlrpc.php HTTP/1.1" 200 459 "-" "Jetpack/12.1; WordPress/6.4; http://site65947181.com"
157.230.186.54 - - [18/Aug/2026:10:31:11 +0300] "GET /wp-login.php?redirect_to=https%3A%2F%2F891rpm.com%2Fwp-admin%2F&reauth=1 HTTP/1.1" 200 11939 "-" "Mozilla/5.0 (Windows NT 10.0; Win64; x64) AppleWebKit/537.36 (KHTML, like Gecko) Chrome/120.0.0.0 Safari/537.36"
157.230.186.54 - - [18/Aug/2026:10:31:12 +0300] "GET / HTTP/1.1" 200 145583 "-" "Mozilla/5.0 (Windows NT 10.0; Win64; x64) AppleWebKit/537.36 (KHTML, like Gecko) Chrome/120.0.0.0 Safari/537.36"
157.230.186.54 - - [18/Aug/2026:10:31:14 +0300] "GET /giris/ HTTP/1.1" 404 53837 "-" "Mozilla/5.0 (Windows NT 10.0; Win64; x64) AppleWebKit/537.36 (KHTML, like Gecko) Chrome/120.0.0.0 Safari/537.36"
157.230.186.54 - - [18/Aug/2026:10:31:14 +0300] "GET /giris-yap/ HTTP/1.1" 404 53837 "-" "Mozilla/5.0 (Windows NT 10.0; Win64; x64) AppleWebKit/537.36 (KHTML, like Gecko) Chrome/120.0.0.0 Safari/537.36"
157.230.186.54 - - [18/Aug/2026:10:31:15 +0300] "GET /uye-girisi/ HTTP/1.1" 404 53837 "-" "Mozilla/5.0 (Windows NT 10.0; Win64; x64) AppleWebKit/537.36 (KHTML, like Gecko) Chrome/120.0.0.0 Safari/537.36"
157.230.186.54 - - [18/Aug/2026:10:31:16 +0300] "GET /user-login/ HTTP/1.1" 404 53837 "-" "Mozilla/5.0 (Windows NT 10.0; Win64; x64) AppleWebKit/537.36 (KHTML, like Gecko) Chrome/120.0.0.0 Safari/537.36"
157.230.186.54 - - [18/Aug/2026:10:31:17 +0300] "GET /admin-login/ HTTP/1.1" 404 53837 "-" "Mozilla/5.0 (Windows NT 10.0; Win64; x64) AppleWebKit/537.36 (KHTML, like Gecko) Chrome/120.0.0.0 Safari/537.36"
203.215.163.196 - - [18/Aug/2026:10:31:18 +0300] "POST /xmlrpc.php HTTP/1.1" 200 459 "-" "Jetpack by WordPress.com"
157.230.186.54 - - [18/Aug/2026:10:31:18 +0300] "GET /panel/ HTTP/1.1" 404 53837 "-" "Mozilla/5.0 (Windows NT 10.0; Win64; x64) AppleWebKit/537.36 (KHTML, like Gecko) Chrome/120.0.0.0 Safari/537.36"
157.230.186.54 - - [18/Aug/2026:10:31:19 +0300] "GET /wp-admin/ HTTP/1.1" 302 16 "-" "Mozilla/5.0 (Windows NT 10.0; Win64; x64) AppleWebKit/537.36 (KHTML, like Gecko) Chrome/120.0.0.0 Safari/537.36"
157.230.186.54 - - [18/Aug/2026:10:31:20 +0300] "GET /wp-login.php?redirect_to=https%3A%2F%2F891rpm.com%2Fwp-admin%2F&reauth=1 HTTP/1.1" 200 11939 "-" "Mozilla/5.0 (Windows NT 10.0; Win64; x64) AppleWebKit/537.36 (KHTML, like Gecko) Chrome/120.0.0.0 Safari/537.36"
157.230.186.54 - - [18/Aug/2026:10:31:21 +0300] "POST /wp-admin/ HTTP/1.1" 302 16 "-" "Mozilla/5.0 (Windows NT 10.0; Win64; x64) AppleWebKit/537.36 (KHTML, like Gecko) Chrome/120.0.0.0 Safari/537.36"
1.178.141.221 - - [18/Aug/2026:10:31:21 +0300] "POST /xmlrpc.php HTTP/1.1" 200 459 "-" "Jetpack by WordPress.com (Jetpack 12.1; WordPress 6.4)"
157.230.186.54 - - [18/Aug/2026:10:31:21 +0300] "GET /wp-login.php?redirect_to=https%3A%2F%2F891rpm.com%2Fwp-admin%2F&reauth=1 HTTP/1.1" 200 11939 "-" "Mozilla/5.0 (Windows NT 10.0; Win64; x64) AppleWebKit/537.36 (KHTML, like Gecko) Chrome/120.0.0.0 Safari/537.36"
103.149.16.186 - - [18/Aug/2026:10:31:21 +0300] "POST /xmlrpc.php HTTP/1.1" 200 459 "-" "Jetpack/12.1; WordPress/6.2; http://site35293476.com"
157.230.186.54 - - [18/Aug/2026:10:31:22 +0300] "GET /wp-admin/ HTTP/1.1" 302 16 "-" "Mozilla/5.0 (Windows NT 10.0; Win64; x64) AppleWebKit/537.36 (KHTML, like Gecko) Chrome/120.0.0.0 Safari/537.36"
157.230.186.54 - - [18/Aug/2026:10:31:22 +0300] "GET /wp-login.php?redirect_to=https%3A%2F%2F891rpm.com%2Fwp-admin%2F&reauth=1 HTTP/1.1" 200 11939 "-" "Mozilla/5.0 (Windows NT 10.0; Win64; x64) AppleWebKit/537.36 (KHTML, like Gecko) Chrome/120.0.0.0 Safari/537.36"
157.230.186.54 - - [18/Aug/2026:10:31:23 +0300] "GET / HTTP/1.1" 200 145583 "-" "Mozilla/5.0 (Windows NT 10.0; Win64; x64) AppleWebKit/537.36 (KHTML, like Gecko) Chrome/120.0.0.0 Safari/537.36"
157.230.186.54 - - [18/Aug/2026:10:31:25 +0300] "POST /wp-json/batch/v1 HTTP/1.1" 207 10023 "-" "Mozilla/5.0 (Windows NT 10.0; Win64; x64) AppleWebKit/537.36 (KHTML, like Gecko) Chrome/131.0.0.0 Safari/537.36"
157.230.186.54 - - [18/Aug/2026:10:31:26 +0300] "POST /wp-json/batch/v1 HTTP/1.1" 207 10037 "-" "Mozilla/5.0 (Windows NT 10.0; Win64; x64) AppleWebKit/537.36 (KHTML, like Gecko) Chrome/131.0.0.0 Safari/537.36"
122.232.224.109 - - [18/Aug/2026:10:31:26 +0300] "CONNECT www.baidu.com:443 HTTP/1.1" 405 150 "-" "Go-http-client/1.1"
122.232.224.109 - - [18/Aug/2026:10:31:27 +0300] "CONNECT www.baidu.com:443 HTTP/1.1" 405 150 "-" "Go-http-client/1.1"
157.230.186.54 - - [18/Aug/2026:10:31:27 +0300] "POST /wp-json/batch/v1 HTTP/1.1" 207 10037 "-" "Mozilla/5.0 (Windows NT 10.0; Win64; x64) AppleWebKit/537.36 (KHTML, like Gecko) Chrome/131.0.0.0 Safari/537.36"
157.230.186.54 - - [18/Aug/2026:10:31:27 +0300] "POST /wp-json/batch/v1 HTTP/1.1" 207 10043 "-" "Mozilla/5.0 (Windows NT 10.0; Win64; x64) AppleWebKit/537.36 (KHTML, like Gecko) Chrome/131.0.0.0 Safari/537.36"
157.230.186.54 - - [18/Aug/2026:10:31:28 +0300] "POST /wp-json/batch/v1 HTTP/1.1" 207 10041 "-" "Mozilla/5.0 (Windows NT 10.0; Win64; x64) AppleWebKit/537.36 (KHTML, like Gecko) Chrome/131.0.0.0 Safari/537.36"
203.215.163.196 - - [18/Aug/2026:10:31:28 +0300] "POST /xmlrpc.php HTTP/1.1" 200 459 "-" "WordPress.com; https://wordpress.com"
157.230.186.54 - - [18/Aug/2026:10:31:29 +0300] "POST /wp-json/batch/v1 HTTP/1.1" 207 10037 "-" "Mozilla/5.0 (Windows NT 10.0; Win64; x64) AppleWebKit/537.36 (KHTML, like Gecko) Chrome/131.0.0.0 Safari/537.36"
157.230.186.54 - - [18/Aug/2026:10:31:29 +0300] "POST /wp-json/batch/v1 HTTP/1.1" 207 10054 "-" "Mozilla/5.0 (Windows NT 10.0; Win64; x64) AppleWebKit/537.36 (KHTML, like Gecko) Chrome/131.0.0.0 Safari/537.36"
157.230.186.54 - - [18/Aug/2026:10:31:30 +0300] "POST /wp-json/batch/v1 HTTP/1.1" 207 10043 "-" "Mozilla/5.0 (Windows NT 10.0; Win64; x64) AppleWebKit/537.36 (KHTML, like Gecko) Chrome/131.0.0.0 Safari/537.36"
157.230.186.54 - - [18/Aug/2026:10:31:31 +0300] "POST /wp-json/batch/v1 HTTP/1.1" 207 10040 "-" "Mozilla/5.0 (Windows NT 10.0; Win64; x64) AppleWebKit/537.36 (KHTML, like Gecko) Chrome/131.0.0.0 Safari/537.36"
1.178.141.221 - - [18/Aug/2026:10:31:31 +0300] "POST /xmlrpc.php HTTP/1.1" 200 459 "-" "WordPress.com; https://wordpress.com"
157.230.186.54 - - [18/Aug/2026:10:31:32 +0300] "POST /wp-json/batch/v1 HTTP/1.1" 207 10049 "-" "Mozilla/5.0 (Windows NT 10.0; Win64; x64) AppleWebKit/537.36 (KHTML, like Gecko) Chrome/131.0.0.0 Safari/537.36"
103.149.16.186 - - [18/Aug/2026:10:31:32 +0300] "POST /xmlrpc.php HTTP/1.1" 200 459 "-" "Jetpack by WordPress.com"
157.230.186.54 - - [18/Aug/2026:10:31:32 +0300] "POST /wp-json/batch/v1 HTTP/1.1" 207 10045 "-" "Mozilla/5.0 (Windows NT 10.0; Win64; x64) AppleWebKit/537.36 (KHTML, like Gecko) Chrome/131.0.0.0 Safari/537.36"
157.230.186.54 - - [18/Aug/2026:10:31:33 +0300] "GET /wp-login.php/ HTTP/1.1" 302 16 "-" "Mozilla/5.0 (Windows NT 10.0; Win64; x64) AppleWebKit/537.36 (KHTML, like Gecko) Chrome/120.0.0.0 Safari/537.36"
157.230.186.54 - - [18/Aug/2026:10:31:33 +0300] "GET /wp-login.php HTTP/1.1" 200 11848 "-" "Mozilla/5.0 (Windows NT 10.0; Win64; x64) AppleWebKit/537.36 (KHTML, like Gecko) Chrome/120.0.0.0 Safari/537.36"
157.230.186.54 - - [18/Aug/2026:10:31:34 +0300] "POST /wp-login.php/ HTTP/1.1" 302 16 "-" "Mozilla/5.0 (Windows NT 10.0; Win64; x64) AppleWebKit/537.36 (KHTML, like Gecko) Chrome/120.0.0.0 Safari/537.36"
157.230.186.54 - - [18/Aug/2026:10:31:34 +0300] "GET /wp-login.php HTTP/1.1" 200 11848 "-" "Mozilla/5.0 (Windows NT 10.0; Win64; x64) AppleWebKit/537.36 (KHTML, like Gecko) Chrome/120.0.0.0 Safari/537.36"
157.230.186.54 - - [18/Aug/2026:10:31:35 +0300] "GET /wp-admin/ HTTP/1.1" 302 16 "-" "Mozilla/5.0 (Windows NT 10.0; Win64; x64) AppleWebKit/537.36 (KHTML, like Gecko) Chrome/120.0.0.0 Safari/537.36"
157.230.186.54 - - [18/Aug/2026:10:31:36 +0300] "GET /wp-login.php?redirect_to=https%3A%2F%2F891rpm.com%2Fwp-admin%2F&reauth=1 HTTP/1.1" 200 11939 "-" "Mozilla/5.0 (Windows NT 10.0; Win64; x64) AppleWebKit/537.36 (KHTML, like Gecko) Chrome/120.0.0.0 Safari/537.36"
157.230.186.54 - - [18/Aug/2026:10:31:36 +0300] "GET / HTTP/1.1" 200 145583 "-" "Mozilla/5.0 (Windows NT 10.0; Win64; x64) AppleWebKit/537.36 (KHTML, like Gecko) Chrome/120.0.0.0 Safari/537.36"
157.230.186.54 - - [18/Aug/2026:10:31:37 +0300] "GET /wp-login.php/. HTTP/1.1" 301 16 "-" "Mozilla/5.0 (Windows NT 10.0; Win64; x64) AppleWebKit/537.36 (KHTML, like Gecko) Chrome/120.0.0.0 Safari/537.36"
157.230.186.54 - - [18/Aug/2026:10:31:38 +0300] "GET /wp-login.php/ HTTP/1.1" 302 16 "-" "Mozilla/5.0 (Windows NT 10.0; Win64; x64) AppleWebKit/537.36 (KHTML, like Gecko) Chrome/120.0.0.0 Safari/537.36"
157.230.186.54 - - [18/Aug/2026:10:31:39 +0300] "GET /wp-login.php HTTP/1.1" 200 11848 "-" "Mozilla/5.0 (Windows NT 10.0; Win64; x64) AppleWebKit/537.36 (KHTML, like Gecko) Chrome/120.0.0.0 Safari/537.36"
203.215.163.196 - - [18/Aug/2026:10:31:39 +0300] "POST /xmlrpc.php HTTP/1.1" 200 459 "-" "WordPress.com; https://wordpress.com"
157.230.186.54 - - [18/Aug/2026:10:31:40 +0300] "POST /wp-login.php/. HTTP/1.1" 404 53837 "-" "Mozilla/5.0 (Windows NT 10.0; Win64; x64) AppleWebKit/537.36 (KHTML, like Gecko) Chrome/120.0.0.0 Safari/537.36"
157.230.186.54 - - [18/Aug/2026:10:31:40 +0300] "GET /wp-admin/ HTTP/1.1" 302 16 "-" "Mozilla/5.0 (Windows NT 10.0; Win64; x64) AppleWebKit/537.36 (KHTML, like Gecko) Chrome/120.0.0.0 Safari/537.36"
157.230.186.54 - - [18/Aug/2026:10:31:41 +0300] "GET /wp-login.php?redirect_to=https%3A%2F%2F891rpm.com%2Fwp-admin%2F&reauth=1 HTTP/1.1" 200 11939 "-" "Mozilla/5.0 (Windows NT 10.0; Win64; x64) AppleWebKit/537.36 (KHTML, like Gecko) Chrome/120.0.0.0 Safari/537.36"
157.230.186.54 - - [18/Aug/2026:10:31:41 +0300] "GET / HTTP/1.1" 200 145583 "-" "Mozilla/5.0 (Windows NT 10.0; Win64; x64) AppleWebKit/537.36 (KHTML, like Gecko) Chrome/120.0.0.0 Safari/537.36"
1.178.141.221 - - [18/Aug/2026:10:31:42 +0300] "POST /xmlrpc.php HTTP/1.1" 200 459 "-" "WordPress.com; https://wordpress.com"
157.230.186.54 - - [18/Aug/2026:10:31:42 +0300] "GET /wp-login.php/index.php HTTP/1.1" 301 16 "-" "Mozilla/5.0 (Windows NT 10.0; Win64; x64) AppleWebKit/537.36 (KHTML, like Gecko) Chrome/120.0.0.0 Safari/537.36"
103.149.16.186 - - [18/Aug/2026:10:31:43 +0300] "POST /xmlrpc.php HTTP/1.1" 200 459 "-" "WordPress.com; https://wordpress.com"
157.230.186.54 - - [18/Aug/2026:10:31:43 +0300] "GET /wp-login.php/ HTTP/1.1" 302 16 "-" "Mozilla/5.0 (Windows NT 10.0; Win64; x64) AppleWebKit/537.36 (KHTML, like Gecko) Chrome/120.0.0.0 Safari/537.36"
157.230.186.54 - - [18/Aug/2026:10:31:44 +0300] "GET /wp-login.php HTTP/1.1" 200 11848 "-" "Mozilla/5.0 (Windows NT 10.0; Win64; x64) AppleWebKit/537.36 (KHTML, like Gecko) Chrome/120.0.0.0 Safari/537.36"
157.230.186.54 - - [18/Aug/2026:10:31:45 +0300] "POST /wp-login.php/index.php HTTP/1.1" 404 53837 "-" "Mozilla/5.0 (Windows NT 10.0; Win64; x64) AppleWebKit/537.36 (KHTML, like Gecko) Chrome/120.0.0.0 Safari/537.36"
157.230.186.54 - - [18/Aug/2026:10:31:45 +0300] "GET /wp-admin/ HTTP/1.1" 302 16 "-" "Mozilla/5.0 (Windows NT 10.0; Win64; x64) AppleWebKit/537.36 (KHTML, like Gecko) Chrome/120.0.0.0 Safari/537.36"
157.230.186.54 - - [18/Aug/2026:10:31:46 +0300] "GET /wp-login.php?redirect_to=https%3A%2F%2F891rpm.com%2Fwp-admin%2F&reauth=1 HTTP/1.1" 200 11939 "-" "Mozilla/5.0 (Windows NT 10.0; Win64; x64) AppleWebKit/537.36 (KHTML, like Gecko) Chrome/120.0.0.0 Safari/537.36"
157.230.186.54 - - [18/Aug/2026:10:31:47 +0300] "GET / HTTP/1.1" 200 145583 "-" "Mozilla/5.0 (Windows NT 10.0; Win64; x64) AppleWebKit/537.36 (KHTML, like Gecko) Chrome/120.0.0.0 Safari/537.36"
157.230.186.54 - - [18/Aug/2026:10:31:48 +0300] "GET /wp-login.php HTTP/1.1" 200 11848 "-" "Mozilla/5.0 (Windows NT 10.0; Win64; x64) AppleWebKit/537.36 (KHTML, like Gecko) Chrome/120.0.0.0 Safari/537.36"
157.230.186.54 - - [18/Aug/2026:10:31:48 +0300] "POST /wp-login.php HTTP/1.1" 200 12384 "-" "Mozilla/5.0 (Windows NT 10.0; Win64; x64) AppleWebKit/537.36 (KHTML, like Gecko) Chrome/120.0.0.0 Safari/537.36"
157.230.186.54 - - [18/Aug/2026:10:31:49 +0300] "GET /wp-admin/ HTTP/1.1" 302 16 "-" "Mozilla/5.0 (Windows NT 10.0; Win64; x64) AppleWebKit/537.36 (KHTML, like Gecko) Chrome/120.0.0.0 Safari/537.36"
157.230.186.54 - - [18/Aug/2026:10:31:49 +0300] "GET /wp-login.php?redirect_to=https%3A%2F%2F891rpm.com%2Fwp-admin%2F&reauth=1 HTTP/1.1" 200 11939 "-" "Mozilla/5.0 (Windows NT 10.0; Win64; x64) AppleWebKit/537.36 (KHTML, like Gecko) Chrome/120.0.0.0 Safari/537.36"
203.215.163.196 - - [18/Aug/2026:10:31:50 +0300] "POST /xmlrpc.php HTTP/1.1" 200 459 "-" "Jetpack by WordPress.com"
157.230.186.54 - - [18/Aug/2026:10:31:50 +0300] "GET / HTTP/1.1" 200 145583 "-" "Mozilla/5.0 (Windows NT 10.0; Win64; x64) AppleWebKit/537.36 (KHTML, like Gecko) Chrome/120.0.0.0 Safari/537.36"
157.230.186.54 - - [18/Aug/2026:10:31:51 +0300] "GET /yonetimgiris/ HTTP/1.1" 404 53837 "-" "Mozilla/5.0 (Windows NT 10.0; Win64; x64) AppleWebKit/537.36 (KHTML, like Gecko) Chrome/120.0.0.0 Safari/537.36"
157.230.186.54 - - [18/Aug/2026:10:31:52 +0300] "GET /login/ HTTP/1.1" 302 16 "-" "Mozilla/5.0 (Windows NT 10.0; Win64; x64) AppleWebKit/537.36 (KHTML, like Gecko) Chrome/120.0.0.0 Safari/537.36"
1.178.141.221 - - [18/Aug/2026:10:31:52 +0300] "POST /xmlrpc.php HTTP/1.1" 200 459 "-" "WordPress.com; https://wordpress.com"
157.230.186.54 - - [18/Aug/2026:10:31:52 +0300] "GET /wp-login.php HTTP/1.1" 200 11848 "-" "Mozilla/5.0 (Windows NT 10.0; Win64; x64) AppleWebKit/537.36 (KHTML, like Gecko) Chrome/120.0.0.0 Safari/537.36"
157.230.186.54 - - [18/Aug/2026:10:31:53 +0300] "POST /login/ HTTP/1.1" 302 16 "-" "Mozilla/5.0 (Windows NT 10.0; Win64; x64) AppleWebKit/537.36 (KHTML, like Gecko) Chrome/120.0.0.0 Safari/537.36"
103.149.16.186 - - [18/Aug/2026:10:31:53 +0300] "POST /xmlrpc.php HTTP/1.1" 200 459 "-" "Jetpack by WordPress.com"
157.230.186.54 - - [18/Aug/2026:10:31:53 +0300] "GET /wp-login.php HTTP/1.1" 200 11848 "-" "Mozilla/5.0 (Windows NT 10.0; Win64; x64) AppleWebKit/537.36 (KHTML, like Gecko) Chrome/120.0.0.0 Safari/537.36"
157.230.186.54 - - [18/Aug/2026:10:31:54 +0300] "GET /wp-admin/ HTTP/1.1" 302 16 "-" "Mozilla/5.0 (Windows NT 10.0; Win64; x64) AppleWebKit/537.36 (KHTML, like Gecko) Chrome/120.0.0.0 Safari/537.36"
157.230.186.54 - - [18/Aug/2026:10:31:55 +0300] "GET /wp-login.php?redirect_to=https%3A%2F%2F891rpm.com%2Fwp-admin%2F&reauth=1 HTTP/1.1" 200 11939 "-" "Mozilla/5.0 (Windows NT 10.0; Win64; x64) AppleWebKit/537.36 (KHTML, like Gecko) Chrome/120.0.0.0 Safari/537.36"
157.230.186.54 - - [18/Aug/2026:10:31:55 +0300] "GET / HTTP/1.1" 200 145583 "-" "Mozilla/5.0 (Windows NT 10.0; Win64; x64) AppleWebKit/537.36 (KHTML, like Gecko) Chrome/120.0.0.0 Safari/537.36"
157.230.186.54 - - [18/Aug/2026:10:31:56 +0300] "GET /giris/ HTTP/1.1" 404 53837 "-" "Mozilla/5.0 (Windows NT 10.0; Win64; x64) AppleWebKit/537.36 (KHTML, like Gecko) Chrome/120.0.0.0 Safari/537.36"
157.230.186.54 - - [18/Aug/2026:10:31:57 +0300] "GET /giris-yap/ HTTP/1.1" 404 53837 "-" "Mozilla/5.0 (Windows NT 10.0; Win64; x64) AppleWebKit/537.36 (KHTML, like Gecko) Chrome/120.0.0.0 Safari/537.36"
157.230.186.54 - - [18/Aug/2026:10:31:58 +0300] "GET /uye-girisi/ HTTP/1.1" 404 53837 "-" "Mozilla/5.0 (Windows NT 10.0; Win64; x64) AppleWebKit/537.36 (KHTML, like Gecko) Chrome/120.0.0.0 Safari/537.36"
157.230.186.54 - - [18/Aug/2026:10:31:59 +0300] "GET /user-login/ HTTP/1.1" 404 53837 "-" "Mozilla/5.0 (Windows NT 10.0; Win64; x64) AppleWebKit/537.36 (KHTML, like Gecko) Chrome/120.0.0.0 Safari/537.36"
157.230.186.54 - - [18/Aug/2026:10:32:00 +0300] "GET /admin-login/ HTTP/1.1" 404 53837 "-" "Mozilla/5.0 (Windows NT 10.0; Win64; x64) AppleWebKit/537.36 (KHTML, like Gecko) Chrome/120.0.0.0 Safari/537.36"
203.215.163.196 - - [18/Aug/2026:10:32:00 +0300] "POST /xmlrpc.php HTTP/1.1" 200 459 "-" "Jetpack by WordPress.com (Jetpack 12.1; WordPress 6.2)"
157.230.186.54 - - [18/Aug/2026:10:32:01 +0300] "GET /panel/ HTTP/1.1" 404 53837 "-" "Mozilla/5.0 (Windows NT 10.0; Win64; x64) AppleWebKit/537.36 (KHTML, like Gecko) Chrome/120.0.0.0 Safari/537.36"
157.230.186.54 - - [18/Aug/2026:10:32:02 +0300] "GET /wp-admin/ HTTP/1.1" 302 16 "-" "Mozilla/5.0 (Windows NT 10.0; Win64; x64) AppleWebKit/537.36 (KHTML, like Gecko) Chrome/120.0.0.0 Safari/537.36"
157.230.186.54 - - [18/Aug/2026:10:32:03 +0300] "GET /wp-login.php?redirect_to=https%3A%2F%2F891rpm.com%2Fwp-admin%2F&reauth=1 HTTP/1.1" 200 11939 "-" "Mozilla/5.0 (Windows NT 10.0; Win64; x64) AppleWebKit/537.36 (KHTML, like Gecko) Chrome/120.0.0.0 Safari/537.36"
1.178.141.221 - - [18/Aug/2026:10:32:03 +0300] "POST /xmlrpc.php HTTP/1.1" 200 459 "-" "Jetpack/12.0; WordPress/6.1; http://site39729067.com"
157.230.186.54 - - [18/Aug/2026:10:32:03 +0300] "POST /wp-admin/ HTTP/1.1" 302 16 "-" "Mozilla/5.0 (Windows NT 10.0; Win64; x64) AppleWebKit/537.36 (KHTML, like Gecko) Chrome/120.0.0.0 Safari/537.36"
103.149.16.186 - - [18/Aug/2026:10:32:04 +0300] "POST /xmlrpc.php HTTP/1.1" 200 459 "-" "Jetpack by WordPress.com"
157.230.186.54 - - [18/Aug/2026:10:32:04 +0300] "GET /wp-login.php?redirect_to=https%3A%2F%2F891rpm.com%2Fwp-admin%2F&reauth=1 HTTP/1.1" 200 11939 "-" "Mozilla/5.0 (Windows NT 10.0; Win64; x64) AppleWebKit/537.36 (KHTML, like Gecko) Chrome/120.0.0.0 Safari/537.36"
157.230.186.54 - - [18/Aug/2026:10:32:05 +0300] "GET /wp-admin/ HTTP/1.1" 302 16 "-" "Mozilla/5.0 (Windows NT 10.0; Win64; x64) AppleWebKit/537.36 (KHTML, like Gecko) Chrome/120.0.0.0 Safari/537.36"
157.230.186.54 - - [18/Aug/2026:10:32:05 +0300] "GET /wp-login.php?redirect_to=https%3A%2F%2F891rpm.com%2Fwp-admin%2F&reauth=1 HTTP/1.1" 200 11939 "-" "Mozilla/5.0 (Windows NT 10.0; Win64; x64) AppleWebKit/537.36 (KHTML, like Gecko) Chrome/120.0.0.0 Safari/537.36"
157.230.186.54 - - [18/Aug/2026:10:32:06 +0300] "GET / HTTP/1.1" 200 145583 "-" "Mozilla/5.0 (Windows NT 10.0; Win64; x64) AppleWebKit/537.36 (KHTML, like Gecko) Chrome/120.0.0.0 Safari/537.36"
157.230.186.54 - - [18/Aug/2026:10:32:08 +0300] "POST /wp-json/batch/v1 HTTP/1.1" 207 10023 "-" "Mozilla/5.0 (Windows NT 10.0; Win64; x64) AppleWebKit/537.36 (KHTML, like Gecko) Chrome/131.0.0.0 Safari/537.36"
157.230.186.54 - - [18/Aug/2026:10:32:09 +0300] "POST /wp-json/batch/v1 HTTP/1.1" 207 10041 "-" "Mozilla/5.0 (Windows NT 10.0; Win64; x64) AppleWebKit/537.36 (KHTML, like Gecko) Chrome/131.0.0.0 Safari/537.36"
203.215.163.196 - - [18/Aug/2026:10:32:11 +0300] "POST /xmlrpc.php HTTP/1.1" 200 459 "-" "Jetpack/12.0; WordPress/6.2; http://site81324701.com"
1.178.141.221 - - [18/Aug/2026:10:32:13 +0300] "POST /xmlrpc.php HTTP/1.1" 200 459 "-" "Jetpack by WordPress.com (Jetpack 12.0; WordPress 6.1)"
103.149.16.186 - - [18/Aug/2026:10:32:14 +0300] "POST /xmlrpc.php HTTP/1.1" 200 459 "-" "Jetpack by WordPress.com"
203.215.163.196 - - [18/Aug/2026:10:32:22 +0300] "POST /xmlrpc.php HTTP/1.1" 200 459 "-" "Jetpack/12.0; WordPress/6.1; http://site94649274.com"
1.178.141.221 - - [18/Aug/2026:10:32:24 +0300] "POST /xmlrpc.php HTTP/1.1" 200 459 "-" "Jetpack/12.5; WordPress/6.4; http://site43162728.com"
103.149.16.186 - - [18/Aug/2026:10:32:25 +0300] "POST /xmlrpc.php HTTP/1.1" 200 459 "-" "Jetpack by WordPress.com"
203.215.163.196 - - [18/Aug/2026:10:32:33 +0300] "POST /xmlrpc.php HTTP/1.1" 200 459 "-" "Jetpack by WordPress.com"
1.178.141.221 - - [18/Aug/2026:10:32:35 +0300] "POST /xmlrpc.php HTTP/1.1" 200 459 "-" "WordPress.com; https://wordpress.com"
103.149.16.186 - - [18/Aug/2026:10:32:35 +0300] "POST /xmlrpc.php HTTP/1.1" 200 459 "-" "Jetpack by WordPress.com"
203.215.163.196 - - [18/Aug/2026:10:32:43 +0300] "POST /xmlrpc.php HTTP/1.1" 200 459 "-" "Jetpack by WordPress.com"
1.178.141.221 - - [18/Aug/2026:10:32:45 +0300] "POST /xmlrpc.php HTTP/1.1" 200 459 "-" "WordPress.com; https://wordpress.com"
103.149.16.186 - - [18/Aug/2026:10:32:46 +0300] "POST /xmlrpc.php HTTP/1.1" 200 459 "-" "Jetpack by WordPress.com"
203.215.163.196 - - [18/Aug/2026:10:32:54 +0300] "POST /xmlrpc.php HTTP/1.1" 200 459 "-" "Jetpack/12.5; WordPress/6.2; http://site43144868.com"
1.178.141.221 - - [18/Aug/2026:10:32:55 +0300] "POST /xmlrpc.php HTTP/1.1" 200 459 "-" "Jetpack/13.0; WordPress/6.2; http://site82033435.com"
103.149.16.186 - - [18/Aug/2026:10:32:56 +0300] "POST /xmlrpc.php HTTP/1.1" 200 459 "-" "Jetpack by WordPress.com"
203.215.163.196 - - [18/Aug/2026:10:33:05 +0300] "POST /xmlrpc.php HTTP/1.1" 200 459 "-" "WordPress.com; https://wordpress.com"
1.178.141.221 - - [18/Aug/2026:10:33:06 +0300] "POST /xmlrpc.php HTTP/1.1" 200 459 "-" "WordPress.com; https://wordpress.com"
103.149.16.186 - - [18/Aug/2026:10:33:08 +0300] "POST /xmlrpc.php HTTP/1.1" 200 459 "-" "Jetpack by WordPress.com (Jetpack 13.0; WordPress 6.2)"
144.76.32.238 - - [18/Aug/2026:10:33:13 +0300] "GET /shopdetail/two/229037351 HTTP/1.1" 404 11133 "-" "Mozilla/5.0 (compatible; SERankingBacklinksBot/1.0; +https://seranking.com/backlinks-crawler)"
203.215.163.196 - - [18/Aug/2026:10:33:15 +0300] "POST /xmlrpc.php HTTP/1.1" 200 459 "-" "Jetpack/13.0; WordPress/6.2; http://site48871697.com"
1.178.141.221 - - [18/Aug/2026:10:33:17 +0300] "POST /xmlrpc.php HTTP/1.1" 200 459 "-" "Jetpack/13.0; WordPress/6.1; http://site95755283.com"
103.149.16.186 - - [18/Aug/2026:10:33:18 +0300] "POST /xmlrpc.php HTTP/1.1" 200 459 "-" "WordPress.com; https://wordpress.com"
203.215.163.196 - - [18/Aug/2026:10:33:27 +0300] "POST /xmlrpc.php HTTP/1.1" 200 459 "-" "Jetpack by WordPress.com"
1.178.141.221 - - [18/Aug/2026:10:33:27 +0300] "POST /xmlrpc.php HTTP/1.1" 200 459 "-" "WordPress.com; https://wordpress.com"
103.149.16.186 - - [18/Aug/2026:10:33:28 +0300] "POST /xmlrpc.php HTTP/1.1" 200 459 "-" "Jetpack/13.0; WordPress/6.4; http://site28816849.com"
203.215.163.196 - - [18/Aug/2026:10:33:37 +0300] "POST /xmlrpc.php HTTP/1.1" 200 459 "-" "Jetpack by WordPress.com"
1.178.141.221 - - [18/Aug/2026:10:33:38 +0300] "POST /xmlrpc.php HTTP/1.1" 200 459 "-" "WordPress.com; https://wordpress.com"
103.149.16.186 - - [18/Aug/2026:10:33:39 +0300] "POST /xmlrpc.php HTTP/1.1" 200 459 "-" "WordPress.com; https://wordpress.com"
203.215.163.196 - - [18/Aug/2026:10:33:48 +0300] "POST /xmlrpc.php HTTP/1.1" 200 459 "-" "Jetpack/12.0; WordPress/6.1; http://site79870323.com"
1.178.141.221 - - [18/Aug/2026:10:33:49 +0300] "POST /xmlrpc.php HTTP/1.1" 200 459 "-" "Jetpack by WordPress.com (Jetpack 13.0; WordPress 6.1)"
103.149.16.186 - - [18/Aug/2026:10:33:50 +0300] "POST /xmlrpc.php HTTP/1.1" 200 459 "-" "Jetpack/12.5; WordPress/6.1; http://site52556777.com"
