45.172.66.187 - - [18/Aug/2026:12:33:52 +0300] "POST /xmlrpc.php HTTP/1.1" 200 271 "-" "WordPress/5.0; https://891rpm.com"
223.185.61.113 - - [18/Aug/2026:12:33:52 +0300] "POST /xmlrpc.php HTTP/1.1" 200 459 "-" "Jetpack/12.5; WordPress/6.3; http://site57625716.com"
124.43.5.103 - - [18/Aug/2026:12:33:56 +0300] "POST /xmlrpc.php HTTP/1.1" 200 459 "-" "Jetpack by WordPress.com"
27.97.180.47 - - [18/Aug/2026:12:33:57 +0300] "POST /xmlrpc.php HTTP/1.1" 200 459 "-" "Jetpack by WordPress.com"
103.61.240.106 - - [18/Aug/2026:12:33:58 +0300] "GET / HTTP/1.1" 200 38538 "-" "Mozilla/5.0 (Windows NT 10.0; Win64; x64) AppleWebKit/537.36 (KHTML, like Gecko) Chrome/120.0.0.0 Safari/537.36"
223.185.61.113 - - [18/Aug/2026:12:34:03 +0300] "POST /xmlrpc.php HTTP/1.1" 200 459 "-" "Jetpack by WordPress.com"
187.54.147.117 - - [18/Aug/2026:12:34:05 +0300] "GET /wp-login.php HTTP/1.1" 200 3365 "-" "Mozilla/5.0 (Windows NT 10.0; Win64; x64) AppleWebKit/537.36 (KHTML, like Gecko) Chrome/120.0.0.0 Safari/537.36"
187.54.147.117 - - [18/Aug/2026:12:34:07 +0300] "POST /wp-login.php HTTP/1.1" 200 3514 "https://891rpm.com/wp-login.php" "Mozilla/5.0 (Windows NT 10.0; Win64; x64) AppleWebKit/537.36 (KHTML, like Gecko) Chrome/120.0.0.0 Safari/537.36"
27.97.180.47 - - [18/Aug/2026:12:34:08 +0300] "POST /xmlrpc.php HTTP/1.1" 200 459 "-" "Jetpack by WordPress.com (Jetpack 12.1; WordPress 6.3)"
124.43.5.103 - - [18/Aug/2026:12:34:08 +0300] "POST /xmlrpc.php HTTP/1.1" 200 459 "-" "Jetpack/12.5; WordPress/6.3; http://site24417046.com"
223.185.61.113 - - [18/Aug/2026:12:34:13 +0300] "POST /xmlrpc.php HTTP/1.1" 200 459 "-" "Jetpack by WordPress.com (Jetpack 12.5; WordPress 6.4)"
187.54.147.117 - - [18/Aug/2026:12:34:14 +0300] "POST /wp-login.php HTTP/1.1" 200 3514 "https://891rpm.com/wp-login.php" "Mozilla/5.0 (Windows NT 10.0; Win64; x64) AppleWebKit/537.36 (KHTML, like Gecko) Chrome/120.0.0.0 Safari/537.36"
27.97.180.47 - - [18/Aug/2026:12:34:19 +0300] "POST /xmlrpc.php HTTP/1.1" 200 459 "-" "Jetpack by WordPress.com"
124.43.5.103 - - [18/Aug/2026:12:34:20 +0300] "POST /xmlrpc.php HTTP/1.1" 200 459 "-" "Jetpack/12.1; WordPress/6.1; http://site70857850.com"
187.54.147.117 - - [18/Aug/2026:12:34:23 +0300] "POST /wp-login.php HTTP/1.1" 200 3514 "https://891rpm.com/wp-login.php" "Mozilla/5.0 (Windows NT 10.0; Win64; x64) AppleWebKit/537.36 (KHTML, like Gecko) Chrome/120.0.0.0 Safari/537.36"
223.185.61.113 - - [18/Aug/2026:12:34:24 +0300] "POST /xmlrpc.php HTTP/1.1" 200 459 "-" "Jetpack by WordPress.com (Jetpack 12.5; WordPress 6.4)"
187.54.147.117 - - [18/Aug/2026:12:34:25 +0300] "POST /xmlrpc.php HTTP/1.1" 200 271 "-" "WordPress/5.0; https://891rpm.com"
27.97.180.47 - - [18/Aug/2026:12:34:30 +0300] "POST /xmlrpc.php HTTP/1.1" 200 459 "-" "Jetpack by WordPress.com"
124.43.5.103 - - [18/Aug/2026:12:34:31 +0300] "POST /xmlrpc.php HTTP/1.1" 200 459 "-" "WordPress.com; https://wordpress.com"
223.185.61.113 - - [18/Aug/2026:12:34:34 +0300] "POST /xmlrpc.php HTTP/1.1" 200 459 "-" "Jetpack by WordPress.com"
179.108.156.38 - - [18/Aug/2026:12:34:40 +0300] "GET / HTTP/1.1" 301 162 "-" "Mozilla/5.0 (Windows NT 10.0; Win64; x64) AppleWebKit/537.36 (KHTML, like Gecko) Chrome/120.0.0.0 Safari/537.36"
27.97.180.47 - - [18/Aug/2026:12:34:41 +0300] "POST /xmlrpc.php HTTP/1.1" 200 459 "-" "Jetpack/12.1; WordPress/6.3; http://site69137947.com"
124.43.5.103 - - [18/Aug/2026:12:34:43 +0300] "POST /xmlrpc.php HTTP/1.1" 200 459 "-" "Jetpack by WordPress.com"
1.12.70.96 - - [18/Aug/2026:12:34:44 +0300] "GET / HTTP/1.1" 301 162 "-" "Mozilla/5.0 (iPhone; CPU iPhone OS 13_2_3 like Mac OS X) AppleWebKit/605.1.15 (KHTML, like Gecko) Version/13.0.3 Mobile/15E148 Safari/604.1"
223.185.61.113 - - [18/Aug/2026:12:34:45 +0300] "POST /xmlrpc.php HTTP/1.1" 200 459 "-" "Jetpack by WordPress.com"
217.66.241.208 - - [18/Aug/2026:12:34:45 +0300] "GET / HTTP/1.1" 200 38538 "-" "Mozilla/5.0 (Windows NT 10.0; Win64; x64) AppleWebKit/537.36 (KHTML, like Gecko) Chrome/120.0.0.0 Safari/537.36"
185.231.153.163 - - [18/Aug/2026:12:34:48 +0300] "GET /where-am-i/ HTTP/1.0" 200 44269 "https://891rpm.com/where-am-i/#comment-41960" "Mozilla/5.0 (Windows NT 10.0; Win64; x64) AppleWebKit/537.36 (KHTML, like Gecko) Chrome/129.0.0.0 Safari/537.36"
185.231.153.163 - - [18/Aug/2026:12:34:48 +0300] "POST /wp-comments-post.php HTTP/1.0" 302 6 "https://891rpm.com/where-am-i/#comment-41960" "Mozilla/5.0 (Windows NT 10.0; Win64; x64) AppleWebKit/537.36 (KHTML, like Gecko) Chrome/129.0.0.0 Safari/537.36"
185.231.153.163 - - [18/Aug/2026:12:34:48 +0300] "GET /where-am-i/ HTTP/1.0" 200 44268 "https://891rpm.com/where-am-i/#comment-50027" "Mozilla/5.0 (Windows NT 10.0; Win64; x64) AppleWebKit/537.36 (KHTML, like Gecko) Chrome/129.0.0.0 Safari/537.36"
185.231.153.163 - - [18/Aug/2026:12:34:49 +0300] "GET /where-am-i/ HTTP/1.0" 200 44269 "https://891rpm.com/where-am-i/#comment-41960" "Mozilla/5.0 (Windows NT 10.0; Win64; x64) AppleWebKit/537.36 (KHTML, like Gecko) Chrome/130.0.0.0 Safari/537.36 CCleaner/130.0.0.0"
185.231.153.163 - - [18/Aug/2026:12:34:49 +0300] "POST /wp-comments-post.php HTTP/1.0" 429 2656 "https://891rpm.com/where-am-i/#comment-41960" "Mozilla/5.0 (Windows NT 10.0; Win64; x64) AppleWebKit/537.36 (KHTML, like Gecko) Chrome/130.0.0.0 Safari/537.36 CCleaner/130.0.0.0"
170.247.184.173 - - [18/Aug/2026:12:34:51 +0300] "GET /wp-login.php HTTP/1.1" 200 3365 "-" "Mozilla/5.0 (Windows NT 10.0; Win64; x64) AppleWebKit/537.36 (KHTML, like Gecko) Chrome/120.0.0.0 Safari/537.36"
27.97.180.47 - - [18/Aug/2026:12:34:52 +0300] "POST /xmlrpc.php HTTP/1.1" 200 459 "-" "Jetpack/12.1; WordPress/6.2; http://site56288218.com"
163.181.207.214 - - [18/Aug/2026:12:34:53 +0300] "GET / HTTP/1.1" 200 38538 "-" "Mozilla/5.0 (X11; Linux x86_64) AppleWebKit/537.36 (KHTML, like Gecko) Chrome/124 Safari/537.36"
170.247.184.173 - - [18/Aug/2026:12:34:53 +0300] "POST /wp-login.php HTTP/1.1" 200 3514 "https://891rpm.com/wp-login.php" "Mozilla/5.0 (Windows NT 10.0; Win64; x64) AppleWebKit/537.36 (KHTML, like Gecko) Chrome/120.0.0.0 Safari/537.36"
124.43.5.103 - - [18/Aug/2026:12:34:55 +0300] "POST /xmlrpc.php HTTP/1.1" 200 459 "-" "WordPress.com; https://wordpress.com"
163.181.207.214 - - [18/Aug/2026:12:34:55 +0300] "GET /?sitemapindex.xml HTTP/1.1" 200 38537 "-" "Mozilla/5.0 (X11; Linux x86_64) AppleWebKit/537.36 (KHTML, like Gecko) Chrome/124 Safari/537.36"
223.185.61.113 - - [18/Aug/2026:12:34:56 +0300] "POST /xmlrpc.php HTTP/1.1" 200 459 "-" "Jetpack/12.5; WordPress/6.3; http://site97125577.com"
163.181.207.214 - - [18/Aug/2026:12:34:57 +0300] "GET /.well-known/apple-app-site-association HTTP/1.1" 404 11133 "-" "Mozilla/5.0 (X11; Linux x86_64) AppleWebKit/537.36 (KHTML, like Gecko) Chrome/124 Safari/537.36"
163.181.207.214 - - [18/Aug/2026:12:34:58 +0300] "GET /.well-known/assetlinks.json HTTP/1.1" 404 11133 "-" "Mozilla/5.0 (X11; Linux x86_64) AppleWebKit/537.36 (KHTML, like Gecko) Chrome/124 Safari/537.36"
163.181.207.214 - - [18/Aug/2026:12:34:59 +0300] "GET /ads.txt HTTP/1.1" 404 11133 "-" "Mozilla/5.0 (X11; Linux x86_64) AppleWebKit/537.36 (KHTML, like Gecko) Chrome/124 Safari/537.36"
170.247.184.173 - - [18/Aug/2026:12:35:00 +0300] "POST /wp-login.php HTTP/1.1" 200 3514 "https://891rpm.com/wp-login.php" "Mozilla/5.0 (Windows NT 10.0; Win64; x64) AppleWebKit/537.36 (KHTML, like Gecko) Chrome/120.0.0.0 Safari/537.36"
27.97.180.47 - - [18/Aug/2026:12:35:03 +0300] "POST /xmlrpc.php HTTP/1.1" 200 459 "-" "Jetpack by WordPress.com (Jetpack 12.5; WordPress 6.2)"
223.185.61.113 - - [18/Aug/2026:12:35:06 +0300] "POST /xmlrpc.php HTTP/1.1" 200 459 "-" "WordPress.com; https://wordpress.com"
124.43.5.103 - - [18/Aug/2026:12:35:06 +0300] "POST /xmlrpc.php HTTP/1.1" 200 459 "-" "WordPress.com; https://wordpress.com"
170.247.184.173 - - [18/Aug/2026:12:35:07 +0300] "POST /wp-login.php HTTP/1.1" 200 3514 "https://891rpm.com/wp-login.php" "Mozilla/5.0 (Windows NT 10.0; Win64; x64) AppleWebKit/537.36 (KHTML, like Gecko) Chrome/120.0.0.0 Safari/537.36"
170.247.184.173 - - [18/Aug/2026:12:35:09 +0300] "POST /xmlrpc.php HTTP/1.1" 200 271 "-" "WordPress/5.0; https://891rpm.com"
27.97.180.47 - - [18/Aug/2026:12:35:14 +0300] "POST /xmlrpc.php HTTP/1.1" 200 459 "-" "Jetpack/12.5; WordPress/6.4; http://site58492032.com"
181.209.101.250 - - [18/Aug/2026:12:35:17 +0300] "GET / HTTP/1.1" 200 38538 "-" "Mozilla/5.0 (Windows NT 10.0; Win64; x64) AppleWebKit/537.36 (KHTML, like Gecko) Chrome/120.0.0.0 Safari/537.36"
223.185.61.113 - - [18/Aug/2026:12:35:17 +0300] "POST /xmlrpc.php HTTP/1.1" 200 459 "-" "Jetpack by WordPress.com"
124.43.5.103 - - [18/Aug/2026:12:35:17 +0300] "POST /xmlrpc.php HTTP/1.1" 200 459 "-" "WordPress.com; https://wordpress.com"
27.97.180.47 - - [18/Aug/2026:12:35:25 +0300] "POST /xmlrpc.php HTTP/1.1" 200 459 "-" "Jetpack/12.5; WordPress/6.2; http://site35761898.com"
188.54.42.237 - - [18/Aug/2026:12:35:26 +0300] "GET /wp-login.php HTTP/1.1" 200 3365 "-" "Mozilla/5.0 (Windows NT 10.0; Win64; x64) AppleWebKit/537.36 (KHTML, like Gecko) Chrome/120.0.0.0 Safari/537.36"
188.54.42.237 - - [18/Aug/2026:12:35:28 +0300] "POST /wp-login.php HTTP/1.1" 200 3514 "https://891rpm.com/wp-login.php" "Mozilla/5.0 (Windows NT 10.0; Win64; x64) AppleWebKit/537.36 (KHTML, like Gecko) Chrome/120.0.0.0 Safari/537.36"
223.185.61.113 - - [18/Aug/2026:12:35:28 +0300] "POST /xmlrpc.php HTTP/1.1" 200 459 "-" "Jetpack by WordPress.com (Jetpack 12.5; WordPress 6.4)"
66.249.76.135 - - [18/Aug/2026:12:35:29 +0300] "GET /shopdetail/could/022000650 HTTP/1.1" 404 11133 "-" "Mozilla/5.0 (Linux; Android 6.0.1; Nexus 5X Build/MMB29P) AppleWebKit/537.36 (KHTML, like Gecko) Chrome/151.0.7922.137 Mobile Safari/537.36 (compatible; Googlebot/2.1; +http://www.google.com/bot.html)"
124.43.5.103 - - [18/Aug/2026:12:35:29 +0300] "POST /xmlrpc.php HTTP/1.1" 200 459 "-" "WordPress.com; https://wordpress.com"
54.237.151.14 - - [18/Aug/2026:12:35:29 +0300] "GET / HTTP/1.1" 301 162 "-" "Mozilla/5.0 (Windows NT 10.0; Win64; x64) AppleWebKit/537.36 (KHTML, like Gecko) HeadlessChrome/134.0.0.0 Safari/537.36 Edg/134.0.0.0"
54.237.151.14 - - [18/Aug/2026:12:35:31 +0300] "GET / HTTP/1.1" 200 38538 "-" "Mozilla/5.0 (Windows NT 10.0; Win64; x64) AppleWebKit/537.36 (KHTML, like Gecko) HeadlessChrome/134.0.0.0 Safari/537.36 Edg/134.0.0.0"
188.54.42.237 - - [18/Aug/2026:12:35:35 +0300] "POST /wp-login.php HTTP/1.1" 200 3514 "https://891rpm.com/wp-login.php" "Mozilla/5.0 (Windows NT 10.0; Win64; x64) AppleWebKit/537.36 (KHTML, like Gecko) Chrome/120.0.0.0 Safari/537.36"
27.97.180.47 - - [18/Aug/2026:12:35:35 +0300] "POST /xmlrpc.php HTTP/1.1" 200 459 "-" "WordPress.com; https://wordpress.com"
223.185.61.113 - - [18/Aug/2026:12:35:38 +0300] "POST /xmlrpc.php HTTP/1.1" 200 459 "-" "Jetpack by WordPress.com"
124.43.5.103 - - [18/Aug/2026:12:35:41 +0300] "POST /xmlrpc.php HTTP/1.1" 200 459 "-" "Jetpack by WordPress.com (Jetpack 13.0; WordPress 6.2)"
188.54.42.237 - - [18/Aug/2026:12:35:42 +0300] "POST /wp-login.php HTTP/1.1" 200 3514 "https://891rpm.com/wp-login.php" "Mozilla/5.0 (Windows NT 10.0; Win64; x64) AppleWebKit/537.36 (KHTML, like Gecko) Chrome/120.0.0.0 Safari/537.36"
188.54.42.237 - - [18/Aug/2026:12:35:44 +0300] "POST /xmlrpc.php HTTP/1.1" 200 271 "-" "WordPress/5.0; https://891rpm.com"
27.97.180.47 - - [18/Aug/2026:12:35:46 +0300] "POST /xmlrpc.php HTTP/1.1" 200 459 "-" "Jetpack/12.5; WordPress/6.4; http://site47799952.com"
223.182.99.153 - - [18/Aug/2026:12:35:47 +0300] "POST /xmlrpc.php HTTP/1.1" 200 459 "-" "WordPress.com; https://wordpress.com"
223.185.61.113 - - [18/Aug/2026:12:35:49 +0300] "POST /xmlrpc.php HTTP/1.1" 200 459 "-" "Jetpack by WordPress.com (Jetpack 13.0; WordPress 6.2)"
124.43.5.103 - - [18/Aug/2026:12:35:52 +0300] "POST /xmlrpc.php HTTP/1.1" 200 459 "-" "WordPress.com; https://wordpress.com"
212.15.1.24 - - [18/Aug/2026:12:35:52 +0300] "GET / HTTP/1.1" 200 38538 "-" "Mozilla/5.0 (Windows NT 10.0; Win64; x64) AppleWebKit/537.36 (KHTML, like Gecko) Chrome/120.0.0.0 Safari/537.36"
223.182.99.153 - - [18/Aug/2026:12:35:57 +0300] "POST /xmlrpc.php HTTP/1.1" 200 459 "-" "WordPress.com; https://wordpress.com"
27.97.180.47 - - [18/Aug/2026:12:35:57 +0300] "POST /xmlrpc.php HTTP/1.1" 200 459 "-" "WordPress.com; https://wordpress.com"
103.83.188.163 - - [18/Aug/2026:12:35:58 +0300] "GET /wp-login.php HTTP/1.1" 200 3365 "-" "Mozilla/5.0 (Windows NT 10.0; Win64; x64) AppleWebKit/537.36 (KHTML, like Gecko) Chrome/120.0.0.0 Safari/537.36"
223.185.61.113 - - [18/Aug/2026:12:35:59 +0300] "POST /xmlrpc.php HTTP/1.1" 200 459 "-" "Jetpack by WordPress.com (Jetpack 12.0; WordPress 6.2)"
103.83.188.163 - - [18/Aug/2026:12:35:59 +0300] "POST /wp-login.php HTTP/1.1" 200 3514 "https://891rpm.com/wp-login.php" "Mozilla/5.0 (Windows NT 10.0; Win64; x64) AppleWebKit/537.36 (KHTML, like Gecko) Chrome/120.0.0.0 Safari/537.36"
124.43.5.103 - - [18/Aug/2026:12:36:04 +0300] "POST /xmlrpc.php HTTP/1.1" 200 459 "-" "Jetpack/12.0; WordPress/6.2; http://site55960319.com"
103.83.188.163 - - [18/Aug/2026:12:36:06 +0300] "POST /wp-login.php HTTP/1.1" 200 3514 "https://891rpm.com/wp-login.php" "Mozilla/5.0 (Windows NT 10.0; Win64; x64) AppleWebKit/537.36 (KHTML, like Gecko) Chrome/120.0.0.0 Safari/537.36"
223.182.99.153 - - [18/Aug/2026:12:36:08 +0300] "POST /xmlrpc.php HTTP/1.1" 200 459 "-" "WordPress.com; https://wordpress.com"
27.97.180.47 - - [18/Aug/2026:12:36:08 +0300] "POST /xmlrpc.php HTTP/1.1" 200 459 "-" "Jetpack by WordPress.com"
223.185.61.113 - - [18/Aug/2026:12:36:10 +0300] "POST /xmlrpc.php HTTP/1.1" 200 459 "-" "WordPress.com; https://wordpress.com"
103.83.188.163 - - [18/Aug/2026:12:36:13 +0300] "POST /wp-login.php HTTP/1.1" 200 3514 "https://891rpm.com/wp-login.php" "Mozilla/5.0 (Windows NT 10.0; Win64; x64) AppleWebKit/537.36 (KHTML, like Gecko) Chrome/120.0.0.0 Safari/537.36"
103.83.188.163 - - [18/Aug/2026:12:36:15 +0300] "POST /xmlrpc.php HTTP/1.1" 200 271 "-" "WordPress/5.0; https://891rpm.com"
124.43.5.103 - - [18/Aug/2026:12:36:15 +0300] "POST /xmlrpc.php HTTP/1.1" 200 459 "-" "WordPress.com; https://wordpress.com"
223.182.99.153 - - [18/Aug/2026:12:36:18 +0300] "POST /xmlrpc.php HTTP/1.1" 200 459 "-" "Jetpack by WordPress.com"
27.97.180.47 - - [18/Aug/2026:12:36:19 +0300] "POST /xmlrpc.php HTTP/1.1" 200 459 "-" "Jetpack/13.0; WordPress/6.4; http://site92509293.com"
223.185.61.113 - - [18/Aug/2026:12:36:21 +0300] "POST /xmlrpc.php HTTP/1.1" 200 459 "-" "Jetpack/12.5; WordPress/6.3; http://site72268414.com"
124.43.5.103 - - [18/Aug/2026:12:36:27 +0300] "POST /xmlrpc.php HTTP/1.1" 200 459 "-" "WordPress.com; https://wordpress.com"
223.182.99.153 - - [18/Aug/2026:12:36:29 +0300] "POST /xmlrpc.php HTTP/1.1" 200 459 "-" "WordPress.com; https://wordpress.com"
27.97.180.47 - - [18/Aug/2026:12:36:30 +0300] "POST /xmlrpc.php HTTP/1.1" 200 459 "-" "Jetpack by WordPress.com"
223.185.61.113 - - [18/Aug/2026:12:36:31 +0300] "POST /xmlrpc.php HTTP/1.1" 200 459 "-" "Jetpack by WordPress.com"
124.43.5.103 - - [18/Aug/2026:12:36:38 +0300] "POST /xmlrpc.php HTTP/1.1" 200 459 "-" "Jetpack/12.0; WordPress/6.4; http://site82531949.com"
223.182.99.153 - - [18/Aug/2026:12:36:40 +0300] "POST /xmlrpc.php HTTP/1.1" 200 459 "-" "Jetpack by WordPress.com"
223.185.61.113 - - [18/Aug/2026:12:36:42 +0300] "POST /xmlrpc.php HTTP/1.1" 200 459 "-" "Jetpack by WordPress.com"
27.97.180.47 - - [18/Aug/2026:12:36:49 +0300] "POST /xmlrpc.php HTTP/1.1" 200 459 "-" "Jetpack/13.0; WordPress/6.2; http://site41875186.com"
124.43.5.103 - - [18/Aug/2026:12:36:50 +0300] "POST /xmlrpc.php HTTP/1.1" 200 459 "-" "Jetpack by WordPress.com"
223.182.99.153 - - [18/Aug/2026:12:36:51 +0300] "POST /xmlrpc.php HTTP/1.1" 200 459 "-" "Jetpack by WordPress.com"
39.37.167.99 - - [18/Aug/2026:12:36:51 +0300] "GET / HTTP/1.1" 200 38538 "-" "Mozilla/5.0 (Windows NT 10.0; Win64; x64) AppleWebKit/537.36 (KHTML, like Gecko) Chrome/120.0.0.0 Safari/537.36"
223.185.61.113 - - [18/Aug/2026:12:36:52 +0300] "POST /xmlrpc.php HTTP/1.1" 200 459 "-" "Jetpack by WordPress.com (Jetpack 12.0; WordPress 6.3)"
63.143.93.8 - - [18/Aug/2026:12:36:55 +0300] "GET /wp-login.php HTTP/1.1" 200 3365 "-" "Mozilla/5.0 (Windows NT 10.0; Win64; x64) AppleWebKit/537.36 (KHTML, like Gecko) Chrome/120.0.0.0 Safari/537.36"
63.143.93.8 - - [18/Aug/2026:12:36:57 +0300] "POST /wp-login.php HTTP/1.1" 200 3514 "https://891rpm.com/wp-login.php" "Mozilla/5.0 (Windows NT 10.0; Win64; x64) AppleWebKit/537.36 (KHTML, like Gecko) Chrome/120.0.0.0 Safari/537.36"
223.182.99.153 - - [18/Aug/2026:12:37:02 +0300] "POST /xmlrpc.php HTTP/1.1" 200 459 "-" "Jetpack/12.5; WordPress/6.2; http://site31817750.com"
124.43.5.103 - - [18/Aug/2026:12:37:02 +0300] "POST /xmlrpc.php HTTP/1.1" 200 459 "-" "Jetpack/12.5; WordPress/6.3; http://site94176518.com"
63.143.93.8 - - [18/Aug/2026:12:37:03 +0300] "POST /wp-login.php HTTP/1.1" 200 3514 "https://891rpm.com/wp-login.php" "Mozilla/5.0 (Windows NT 10.0; Win64; x64) AppleWebKit/537.36 (KHTML, like Gecko) Chrome/120.0.0.0 Safari/537.36"
223.185.61.113 - - [18/Aug/2026:12:37:03 +0300] "POST /xmlrpc.php HTTP/1.1" 200 459 "-" "Jetpack/13.0; WordPress/6.2; http://site13336697.com"
27.97.180.47 - - [18/Aug/2026:12:37:04 +0300] "POST /xmlrpc.php HTTP/1.1" 200 459 "-" "WordPress.com; https://wordpress.com"
63.143.93.8 - - [18/Aug/2026:12:37:10 +0300] "POST /wp-login.php HTTP/1.1" 200 3514 "https://891rpm.com/wp-login.php" "Mozilla/5.0 (Windows NT 10.0; Win64; x64) AppleWebKit/537.36 (KHTML, like Gecko) Chrome/120.0.0.0 Safari/537.36"
63.143.93.8 - - [18/Aug/2026:12:37:11 +0300] "POST /xmlrpc.php HTTP/1.1" 200 271 "-" "WordPress/5.0; https://891rpm.com"
223.182.99.153 - - [18/Aug/2026:12:37:12 +0300] "POST /xmlrpc.php HTTP/1.1" 200 459 "-" "WordPress.com; https://wordpress.com"
124.43.5.103 - - [18/Aug/2026:12:37:13 +0300] "POST /xmlrpc.php HTTP/1.1" 200 459 "-" "WordPress.com; https://wordpress.com"
223.185.61.113 - - [18/Aug/2026:12:37:14 +0300] "POST /xmlrpc.php HTTP/1.1" 200 459 "-" "WordPress.com; https://wordpress.com"
27.97.180.47 - - [18/Aug/2026:12:37:15 +0300] "POST /xmlrpc.php HTTP/1.1" 200 459 "-" "Jetpack/12.1; WordPress/6.1; http://site38727727.com"
169.224.65.139 - - [18/Aug/2026:12:37:16 +0300] "GET / HTTP/1.1" 200 38538 "-" "Mozilla/5.0 (Windows NT 10.0; Win64; x64) AppleWebKit/537.36 (KHTML, like Gecko) Chrome/120.0.0.0 Safari/537.36"
223.182.99.153 - - [18/Aug/2026:12:37:23 +0300] "POST /xmlrpc.php HTTP/1.1" 200 459 "-" "Jetpack/12.5; WordPress/6.3; http://site68919770.com"
124.43.5.103 - - [18/Aug/2026:12:37:24 +0300] "POST /xmlrpc.php HTTP/1.1" 200 459 "-" "Jetpack by WordPress.com (Jetpack 13.0; WordPress 6.2)"
223.185.61.113 - - [18/Aug/2026:12:37:25 +0300] "POST /xmlrpc.php HTTP/1.1" 200 459 "-" "WordPress.com; https://wordpress.com"
27.97.180.47 - - [18/Aug/2026:12:37:26 +0300] "POST /xmlrpc.php HTTP/1.1" 200 459 "-" "Jetpack by WordPress.com (Jetpack 12.5; WordPress 6.4)"
223.182.99.153 - - [18/Aug/2026:12:37:33 +0300] "POST /xmlrpc.php HTTP/1.1" 200 459 "-" "WordPress.com; https://wordpress.com"
102.102.169.131 - - [18/Aug/2026:12:37:34 +0300] "POST /wp-login.php HTTP/1.1" 200 3514 "https://891rpm.com/wp-login.php" "Mozilla/5.0 (Windows NT 10.0; Win64; x64) AppleWebKit/537.36 (KHTML, like Gecko) Chrome/120.0.0.0 Safari/537.36"
223.185.61.113 - - [18/Aug/2026:12:37:35 +0300] "POST /xmlrpc.php HTTP/1.1" 200 459 "-" "Jetpack/12.0; WordPress/6.3; http://site92342775.com"
124.43.5.103 - - [18/Aug/2026:12:37:36 +0300] "POST /xmlrpc.php HTTP/1.1" 200 459 "-" "Jetpack by WordPress.com (Jetpack 12.0; WordPress 6.2)"
27.97.180.47 - - [18/Aug/2026:12:37:37 +0300] "POST /xmlrpc.php HTTP/1.1" 200 459 "-" "Jetpack/12.1; WordPress/6.1; http://site21282471.com"
178.20.47.39 - - [18/Aug/2026:12:37:39 +0300] "GET /where-am-i/ HTTP/1.0" 200 44269 "https://891rpm.com/where-am-i/" "Mozilla/5.0 (Windows NT 10.0; Win64; x64) AppleWebKit/537.36 (KHTML, like Gecko) Chrome/130.0.0.0 Safari/537.36"
178.20.47.39 - - [18/Aug/2026:12:37:39 +0300] "POST /wp-comments-post.php HTTP/1.0" 302 6 "https://891rpm.com/where-am-i/" "Mozilla/5.0 (Windows NT 10.0; Win64; x64) AppleWebKit/537.36 (KHTML, like Gecko) Chrome/130.0.0.0 Safari/537.36"
178.20.47.39 - - [18/Aug/2026:12:37:40 +0300] "GET /where-am-i/ HTTP/1.0" 200 44268 "https://891rpm.com/where-am-i/#comment-50028" "Mozilla/5.0 (Windows NT 10.0; Win64; x64) AppleWebKit/537.36 (KHTML, like Gecko) Chrome/130.0.0.0 Safari/537.36"
102.102.169.131 - - [18/Aug/2026:12:37:41 +0300] "POST /wp-login.php HTTP/1.1" 200 3514 "https://891rpm.com/wp-login.php" "Mozilla/5.0 (Windows NT 10.0; Win64; x64) AppleWebKit/537.36 (KHTML, like Gecko) Chrome/120.0.0.0 Safari/537.36"
223.182.99.153 - - [18/Aug/2026:12:37:44 +0300] "POST /xmlrpc.php HTTP/1.1" 200 459 "-" "Jetpack by WordPress.com"
223.185.61.113 - - [18/Aug/2026:12:37:46 +0300] "POST /xmlrpc.php HTTP/1.1" 200 459 "-" "Jetpack by WordPress.com"
124.43.5.103 - - [18/Aug/2026:12:37:48 +0300] "POST /xmlrpc.php HTTP/1.1" 200 459 "-" "WordPress.com; https://wordpress.com"
27.97.180.47 - - [18/Aug/2026:12:37:48 +0300] "POST /xmlrpc.php HTTP/1.1" 200 459 "-" "Jetpack/13.0; WordPress/6.3; http://site36661710.com"
102.102.169.131 - - [18/Aug/2026:12:37:49 +0300] "POST /wp-login.php HTTP/1.1" 200 3514 "https://891rpm.com/wp-login.php" "Mozilla/5.0 (Windows NT 10.0; Win64; x64) AppleWebKit/537.36 (KHTML, like Gecko) Chrome/120.0.0.0 Safari/537.36"
102.102.169.131 - - [18/Aug/2026:12:37:52 +0300] "POST /xmlrpc.php HTTP/1.1" 200 271 "-" "WordPress/5.0; https://891rpm.com"
223.182.99.153 - - [18/Aug/2026:12:37:55 +0300] "POST /xmlrpc.php HTTP/1.1" 200 459 "-" "Jetpack/12.1; WordPress/6.2; http://site42578088.com"
223.185.61.113 - - [18/Aug/2026:12:37:56 +0300] "POST /xmlrpc.php HTTP/1.1" 200 459 "-" "Jetpack/12.5; WordPress/6.3; http://site43836964.com"
124.43.5.103 - - [18/Aug/2026:12:37:58 +0300] "POST /xmlrpc.php HTTP/1.1" 200 459 "-" "Jetpack by WordPress.com"
27.97.180.47 - - [18/Aug/2026:12:38:01 +0300] "POST /xmlrpc.php HTTP/1.1" 200 459 "-" "Jetpack/12.5; WordPress/6.4; http://site65495550.com"
120.28.189.105 - - [18/Aug/2026:12:38:02 +0300] "GET / HTTP/1.1" 200 38538 "-" "Mozilla/5.0 (Windows NT 10.0; Win64; x64) AppleWebKit/537.36 (KHTML, like Gecko) Chrome/120.0.0.0 Safari/537.36"
223.182.99.153 - - [18/Aug/2026:12:38:05 +0300] "POST /xmlrpc.php HTTP/1.1" 200 459 "-" "WordPress.com; https://wordpress.com"
223.185.61.113 - - [18/Aug/2026:12:38:07 +0300] "POST /xmlrpc.php HTTP/1.1" 200 459 "-" "WordPress.com; https://wordpress.com"
124.43.5.103 - - [18/Aug/2026:12:38:09 +0300] "POST /xmlrpc.php HTTP/1.1" 200 459 "-" "Jetpack/12.1; WordPress/6.4; http://site38598101.com"
27.97.180.47 - - [18/Aug/2026:12:38:11 +0300] "POST /xmlrpc.php HTTP/1.1" 200 459 "-" "Jetpack by WordPress.com (Jetpack 13.0; WordPress 6.4)"
39.46.6.27 - - [18/Aug/2026:12:38:12 +0300] "GET /wp-login.php HTTP/1.1" 200 3365 "-" "Mozilla/5.0 (Windows NT 10.0; Win64; x64) AppleWebKit/537.36 (KHTML, like Gecko) Chrome/120.0.0.0 Safari/537.36"
39.46.6.27 - - [18/Aug/2026:12:38:15 +0300] "POST /wp-login.php HTTP/1.1" 200 3514 "https://891rpm.com/wp-login.php" "Mozilla/5.0 (Windows NT 10.0; Win64; x64) AppleWebKit/537.36 (KHTML, like Gecko) Chrome/120.0.0.0 Safari/537.36"
223.182.99.153 - - [18/Aug/2026:12:38:16 +0300] "POST /xmlrpc.php HTTP/1.1" 200 459 "-" "Jetpack by WordPress.com (Jetpack 12.1; WordPress 6.2)"
223.185.61.113 - - [18/Aug/2026:12:38:18 +0300] "POST /xmlrpc.php HTTP/1.1" 200 459 "-" "Jetpack by WordPress.com (Jetpack 12.0; WordPress 6.1)"
124.43.5.103 - - [18/Aug/2026:12:38:19 +0300] "POST /xmlrpc.php HTTP/1.1" 200 459 "-" "WordPress.com; https://wordpress.com"
39.46.6.27 - - [18/Aug/2026:12:38:24 +0300] "POST /wp-login.php HTTP/1.1" 200 3514 "https://891rpm.com/wp-login.php" "Mozilla/5.0 (Windows NT 10.0; Win64; x64) AppleWebKit/537.36 (KHTML, like Gecko) Chrome/120.0.0.0 Safari/537.36"
27.97.180.47 - - [18/Aug/2026:12:38:24 +0300] "POST /xmlrpc.php HTTP/1.1" 200 459 "-" "Jetpack/12.0; WordPress/6.4; http://site54622904.com"
223.182.99.153 - - [18/Aug/2026:12:38:26 +0300] "POST /xmlrpc.php HTTP/1.1" 200 459 "-" "Jetpack by WordPress.com"
223.185.61.113 - - [18/Aug/2026:12:38:28 +0300] "POST /xmlrpc.php HTTP/1.1" 200 459 "-" "Jetpack by WordPress.com"
124.43.5.103 - - [18/Aug/2026:12:38:30 +0300] "POST /xmlrpc.php HTTP/1.1" 200 459 "-" "Jetpack by WordPress.com"
39.46.6.27 - - [18/Aug/2026:12:38:33 +0300] "POST /wp-login.php HTTP/1.1" 200 3514 "https://891rpm.com/wp-login.php" "Mozilla/5.0 (Windows NT 10.0; Win64; x64) AppleWebKit/537.36 (KHTML, like Gecko) Chrome/120.0.0.0 Safari/537.36"
27.97.180.47 - - [18/Aug/2026:12:38:35 +0300] "POST /xmlrpc.php HTTP/1.1" 200 459 "-" "WordPress.com; https://wordpress.com"
39.46.6.27 - - [18/Aug/2026:12:38:36 +0300] "POST /xmlrpc.php HTTP/1.1" 200 271 "-" "WordPress/5.0; https://891rpm.com"
223.182.99.153 - - [18/Aug/2026:12:38:37 +0300] "POST /xmlrpc.php HTTP/1.1" 200 459 "-" "Jetpack by WordPress.com"
223.185.61.113 - - [18/Aug/2026:12:38:39 +0300] "POST /xmlrpc.php HTTP/1.1" 200 459 "-" "Jetpack/12.1; WordPress/6.4; http://site54374580.com"
124.43.5.103 - - [18/Aug/2026:12:38:42 +0300] "POST /xmlrpc.php HTTP/1.1" 200 459 "-" "Jetpack/13.0; WordPress/6.4; http://site14503101.com"
192.140.101.178 - - [18/Aug/2026:12:38:43 +0300] "GET / HTTP/1.1" 200 38538 "-" "Mozilla/5.0 (Windows NT 10.0; Win64; x64) AppleWebKit/537.36 (KHTML, like Gecko) Chrome/120.0.0.0 Safari/537.36"
27.97.180.47 - - [18/Aug/2026:12:38:48 +0300] "POST /xmlrpc.php HTTP/1.1" 200 459 "-" "WordPress.com; https://wordpress.com"
223.182.99.153 - - [18/Aug/2026:12:38:48 +0300] "POST /xmlrpc.php HTTP/1.1" 200 459 "-" "Jetpack/12.5; WordPress/6.3; http://site35258004.com"
223.185.61.113 - - [18/Aug/2026:12:38:50 +0300] "POST /xmlrpc.php HTTP/1.1" 200 459 "-" "WordPress.com; https://wordpress.com"
112.201.177.214 - - [18/Aug/2026:12:38:52 +0300] "GET /wp-login.php HTTP/1.1" 200 3365 "-" "Mozilla/5.0 (Windows NT 10.0; Win64; x64) AppleWebKit/537.36 (KHTML, like Gecko) Chrome/120.0.0.0 Safari/537.36"
124.43.5.103 - - [18/Aug/2026:12:38:54 +0300] "POST /xmlrpc.php HTTP/1.1" 200 459 "-" "Jetpack by WordPress.com"
112.201.177.214 - - [18/Aug/2026:12:38:55 +0300] "POST /wp-login.php HTTP/1.1" 200 3514 "https://891rpm.com/wp-login.php" "Mozilla/5.0 (Windows NT 10.0; Win64; x64) AppleWebKit/537.36 (KHTML, like Gecko) Chrome/120.0.0.0 Safari/537.36"
223.182.99.153 - - [18/Aug/2026:12:38:58 +0300] "POST /xmlrpc.php HTTP/1.1" 200 459 "-" "WordPress.com; https://wordpress.com"
27.97.180.47 - - [18/Aug/2026:12:39:00 +0300] "POST /xmlrpc.php HTTP/1.1" 200 459 "-" "Jetpack/12.1; WordPress/6.1; http://site80466522.com"
223.185.61.113 - - [18/Aug/2026:12:39:01 +0300] "POST /xmlrpc.php HTTP/1.1" 200 459 "-" "Jetpack/13.0; WordPress/6.3; http://site45538103.com"
112.201.177.214 - - [18/Aug/2026:12:39:04 +0300] "POST /wp-login.php HTTP/1.1" 200 3514 "https://891rpm.com/wp-login.php" "Mozilla/5.0 (Windows NT 10.0; Win64; x64) AppleWebKit/537.36 (KHTML, like Gecko) Chrome/120.0.0.0 Safari/537.36"
124.43.5.103 - - [18/Aug/2026:12:39:06 +0300] "POST /xmlrpc.php HTTP/1.1" 200 459 "-" "Jetpack by WordPress.com (Jetpack 13.0; WordPress 6.1)"
5.61.209.44 - - [18/Aug/2026:12:39:08 +0300] "GET /SDK/webLanguage HTTP/1.1" 301 162 "-" "Mozilla/5.0 (Windows NT 10.0; Win64; x64) AppleWebKit/537.36 (KHTML, like Gecko) Chrome/90.0.4430.85 Safari/537.36 Edg/90.0.818.46"
223.182.99.153 - - [18/Aug/2026:12:39:09 +0300] "POST /xmlrpc.php HTTP/1.1" 200 459 "-" "Jetpack by WordPress.com (Jetpack 12.5; WordPress 6.1)"
223.185.61.113 - - [18/Aug/2026:12:39:11 +0300] "POST /xmlrpc.php HTTP/1.1" 200 459 "-" "Jetpack/12.0; WordPress/6.3; http://site60253784.com"
27.97.180.47 - - [18/Aug/2026:12:39:11 +0300] "POST /xmlrpc.php HTTP/1.1" 200 459 "-" "Jetpack/12.5; WordPress/6.3; http://site65447496.com"
112.201.177.214 - - [18/Aug/2026:12:39:15 +0300] "POST /wp-login.php HTTP/1.1" 200 3514 "https://891rpm.com/wp-login.php" "Mozilla/5.0 (Windows NT 10.0; Win64; x64) AppleWebKit/537.36 (KHTML, like Gecko) Chrome/120.0.0.0 Safari/537.36"
124.43.5.103 - - [18/Aug/2026:12:39:17 +0300] "POST /xmlrpc.php HTTP/1.1" 200 459 "-" "WordPress.com; https://wordpress.com"
223.182.99.153 - - [18/Aug/2026:12:39:20 +0300] "POST /xmlrpc.php HTTP/1.1" 200 459 "-" "WordPress.com; https://wordpress.com"
112.201.177.214 - - [18/Aug/2026:12:39:20 +0300] "POST /xmlrpc.php HTTP/1.1" 200 271 "-" "WordPress/5.0; https://891rpm.com"
223.185.61.113 - - [18/Aug/2026:12:39:22 +0300] "POST /xmlrpc.php HTTP/1.1" 200 459 "-" "Jetpack by WordPress.com (Jetpack 13.0; WordPress 6.4)"
27.97.180.47 - - [18/Aug/2026:12:39:22 +0300] "POST /xmlrpc.php HTTP/1.1" 200 459 "-" "Jetpack by WordPress.com (Jetpack 13.0; WordPress 6.3)"
124.43.5.103 - - [18/Aug/2026:12:39:29 +0300] "POST /xmlrpc.php HTTP/1.1" 200 459 "-" "Jetpack by WordPress.com"
223.182.99.153 - - [18/Aug/2026:12:39:30 +0300] "POST /xmlrpc.php HTTP/1.1" 200 459 "-" "WordPress.com; https://wordpress.com"
223.185.61.113 - - [18/Aug/2026:12:39:32 +0300] "POST /xmlrpc.php HTTP/1.1" 200 459 "-" "WordPress.com; https://wordpress.com"
27.97.180.47 - - [18/Aug/2026:12:39:37 +0300] "POST /xmlrpc.php HTTP/1.1" 200 459 "-" "Jetpack by WordPress.com (Jetpack 12.0; WordPress 6.4)"
124.43.5.103 - - [18/Aug/2026:12:39:41 +0300] "POST /xmlrpc.php HTTP/1.1" 200 459 "-" "WordPress.com; https://wordpress.com"
223.182.99.153 - - [18/Aug/2026:12:39:41 +0300] "POST /xmlrpc.php HTTP/1.1" 200 459 "-" "Jetpack by WordPress.com"
177.35.94.249 - - [18/Aug/2026:12:39:42 +0300] "GET / HTTP/1.1" 301 162 "-" "Mozilla/5.0 (Windows NT 10.0; Win64; x64) AppleWebKit/537.36 (KHTML, like Gecko) Chrome/120.0.0.0 Safari/537.36"
223.185.61.113 - - [18/Aug/2026:12:39:43 +0300] "POST /xmlrpc.php HTTP/1.1" 200 459 "-" "WordPress.com; https://wordpress.com"
27.97.180.47 - - [18/Aug/2026:12:39:48 +0300] "POST /xmlrpc.php HTTP/1.1" 200 459 "-" "Jetpack by WordPress.com (Jetpack 12.1; WordPress 6.3)"
223.182.99.153 - - [18/Aug/2026:12:39:52 +0300] "POST /xmlrpc.php HTTP/1.1" 200 459 "-" "Jetpack by WordPress.com (Jetpack 13.0; WordPress 6.4)"
124.43.5.103 - - [18/Aug/2026:12:39:52 +0300] "POST /xmlrpc.php HTTP/1.1" 200 459 "-" "WordPress.com; https://wordpress.com"
223.185.61.113 - - [18/Aug/2026:12:39:53 +0300] "POST /xmlrpc.php HTTP/1.1" 200 459 "-" "Jetpack/12.5; WordPress/6.3; http://site68008986.com"
27.97.180.47 - - [18/Aug/2026:12:40:01 +0300] "POST /xmlrpc.php HTTP/1.1" 200 459 "-" "WordPress.com; https://wordpress.com"
223.182.99.153 - - [18/Aug/2026:12:40:03 +0300] "POST /xmlrpc.php HTTP/1.1" 200 459 "-" "Jetpack/13.0; WordPress/6.4; http://site10439779.com"
124.43.5.103 - - [18/Aug/2026:12:40:04 +0300] "POST /xmlrpc.php HTTP/1.1" 200 459 "-" "Jetpack/12.0; WordPress/6.1; http://site25257032.com"
223.185.61.113 - - [18/Aug/2026:12:40:04 +0300] "POST /xmlrpc.php HTTP/1.1" 200 459 "-" "Jetpack by WordPress.com (Jetpack 13.0; WordPress 6.4)"
27.97.180.47 - - [18/Aug/2026:12:40:12 +0300] "POST /xmlrpc.php HTTP/1.1" 200 459 "-" "Jetpack by WordPress.com (Jetpack 12.5; WordPress 6.1)"
223.182.99.153 - - [18/Aug/2026:12:40:13 +0300] "POST /xmlrpc.php HTTP/1.1" 200 459 "-" "Jetpack by WordPress.com (Jetpack 13.0; WordPress 6.1)"
223.185.61.113 - - [18/Aug/2026:12:40:15 +0300] "POST /xmlrpc.php HTTP/1.1" 200 459 "-" "Jetpack by WordPress.com"
124.43.5.103 - - [18/Aug/2026:12:40:15 +0300] "POST /xmlrpc.php HTTP/1.1" 200 459 "-" "Jetpack by WordPress.com"
223.182.99.153 - - [18/Aug/2026:12:40:24 +0300] "POST /xmlrpc.php HTTP/1.1" 200 459 "-" "Jetpack/12.5; WordPress/6.1; http://site28734389.com"
27.97.180.47 - - [18/Aug/2026:12:40:24 +0300] "POST /xmlrpc.php HTTP/1.1" 200 459 "-" "Jetpack by WordPress.com"
223.185.61.113 - - [18/Aug/2026:12:40:25 +0300] "POST /xmlrpc.php HTTP/1.1" 200 459 "-" "Jetpack by WordPress.com"
124.43.5.103 - - [18/Aug/2026:12:40:27 +0300] "POST /xmlrpc.php HTTP/1.1" 200 459 "-" "Jetpack/12.0; WordPress/6.4; http://site40866348.com"
223.182.99.153 - - [18/Aug/2026:12:40:34 +0300] "POST /xmlrpc.php HTTP/1.1" 200 459 "-" "Jetpack/13.0; WordPress/6.2; http://site20632600.com"
223.185.61.113 - - [18/Aug/2026:12:40:36 +0300] "POST /xmlrpc.php HTTP/1.1" 200 459 "-" "Jetpack by WordPress.com"
27.97.180.47 - - [18/Aug/2026:12:40:37 +0300] "POST /xmlrpc.php HTTP/1.1" 200 459 "-" "Jetpack/12.1; WordPress/6.3; http://site35881178.com"
124.43.5.103 - - [18/Aug/2026:12:40:38 +0300] "POST /xmlrpc.php HTTP/1.1" 200 459 "-" "Jetpack/12.1; WordPress/6.2; http://site46237325.com"
223.182.99.153 - - [18/Aug/2026:12:40:45 +0300] "POST /xmlrpc.php HTTP/1.1" 200 459 "-" "WordPress.com; https://wordpress.com"
45.148.10.75 - - [18/Aug/2026:12:40:46 +0300] "POST /?rest_route=/batch/v1 HTTP/1.1" 207 2939 "-" "Mozilla/5.0 (Windows NT 10.0; Win64; x64) AppleWebKit/537.36 (KHTML, like Gecko) Chrome/126.0.0.0 Safari/537.36"
45.148.10.75 - - [18/Aug/2026:12:40:47 +0300] "POST /?rest_route=/batch/v1 HTTP/1.1" 207 2955 "-" "Mozilla/5.0 (Windows NT 10.0; Win64; x64) AppleWebKit/537.36 (KHTML, like Gecko) Chrome/126.0.0.0 Safari/537.36"
223.185.61.113 - - [18/Aug/2026:12:40:47 +0300] "POST /xmlrpc.php HTTP/1.1" 200 459 "-" "Jetpack/12.0; WordPress/6.3; http://site83627074.com"
45.148.10.75 - - [18/Aug/2026:12:40:47 +0300] "POST /?rest_route=/batch/v1 HTTP/1.1" 207 4019 "-" "Mozilla/5.0 (Windows NT 10.0; Win64; x64) AppleWebKit/537.36 (KHTML, like Gecko) Chrome/126.0.0.0 Safari/537.36"
27.97.180.47 - - [18/Aug/2026:12:40:48 +0300] "POST /xmlrpc.php HTTP/1.1" 200 459 "-" "Jetpack/12.5; WordPress/6.1; http://site28826917.com"
124.43.5.103 - - [18/Aug/2026:12:40:49 +0300] "POST /xmlrpc.php HTTP/1.1" 200 459 "-" "Jetpack/12.0; WordPress/6.4; http://site63969215.com"
78.190.1.108 - - [18/Aug/2026:12:40:50 +0300] "GET /tag/tcpdump HTTP/2.0" 301 6 "https://891rpm.com" "Mozilla/5.0 (Macintosh; Intel Mac OS X 10_15_7) AppleWebKit/537.36 (KHTML, like Gecko) Chrome/145.0.0.0 Safari/537.36"
45.86.16.247 - - [18/Aug/2026:12:40:51 +0300] "POST /xmlrpc.php HTTP/1.1" 200 645 "-" "Python-xmlrpc/3.10"
45.86.16.247 - - [18/Aug/2026:12:40:52 +0300] "GET /wp-login.php HTTP/1.1" 301 162 "-" "Mozilla/5.0 (Macintosh; Intel Mac OS X 10_12_6) AppleWebKit/603.3.8 (KHTML, like Gecko) Version/10.1.2 Safari/603.3.8"
45.86.16.247 - - [18/Aug/2026:12:40:53 +0300] "GET /wp-login.php HTTP/1.1" 200 3365 "-" "Mozilla/5.0 (Macintosh; Intel Mac OS X 10_12_6) AppleWebKit/603.3.8 (KHTML, like Gecko) Version/10.1.2 Safari/603.3.8"
161.0.154.30 - - [18/Aug/2026:12:40:53 +0300] "GET /tag/tcpdump/ HTTP/2.0" 200 22872 "https://891rpm.com/tag/tcpdump" "Mozilla/5.0 (Macintosh; Intel Mac OS X 10_15_7) AppleWebKit/537.36 (KHTML, like Gecko) Chrome/145.0.0.0 Safari/537.36"
45.86.16.247 - - [18/Aug/2026:12:40:53 +0300] "POST /wp-login.php HTTP/1.1" 301 162 "-" "Mozilla/5.0 (Macintosh; Intel Mac OS X 10_12_6) AppleWebKit/603.3.8 (KHTML, like Gecko) Version/10.1.2 Safari/603.3.8"
45.86.16.247 - - [18/Aug/2026:12:40:54 +0300] "GET /wp-login.php HTTP/1.1" 200 3365 "-" "Mozilla/5.0 (Macintosh; Intel Mac OS X 10_12_6) AppleWebKit/603.3.8 (KHTML, like Gecko) Version/10.1.2 Safari/603.3.8"
45.86.16.247 - - [18/Aug/2026:12:40:54 +0300] "GET /wp-admin/post-new.php HTTP/1.1" 301 162 "-" "Mozilla/5.0 (Macintosh; Intel Mac OS X 10_12_6) AppleWebKit/603.3.8 (KHTML, like Gecko) Version/10.1.2 Safari/603.3.8"
45.86.16.247 - - [18/Aug/2026:12:40:55 +0300] "GET /wp-admin/post-new.php HTTP/1.1" 302 16 "-" "Mozilla/5.0 (Macintosh; Intel Mac OS X 10_12_6) AppleWebKit/603.3.8 (KHTML, like Gecko) Version/10.1.2 Safari/603.3.8"
45.86.16.247 - - [18/Aug/2026:12:40:55 +0300] "GET /wp-login.php?redirect_to=https%3A%2F%2F891rpm.com%2Fwp-admin%2Fpost-new.php&reauth=1 HTTP/1.1" 200 3378 "-" "Mozilla/5.0 (Macintosh; Intel Mac OS X 10_12_6) AppleWebKit/603.3.8 (KHTML, like Gecko) Version/10.1.2 Safari/603.3.8"
223.182.99.153 - - [18/Aug/2026:12:40:56 +0300] "POST /xmlrpc.php HTTP/1.1" 200 459 "-" "WordPress.com; https://wordpress.com"
223.185.61.113 - - [18/Aug/2026:12:40:57 +0300] "POST /xmlrpc.php HTTP/1.1" 200 459 "-" "WordPress.com; https://wordpress.com"
27.97.180.47 - - [18/Aug/2026:12:40:59 +0300] "POST /xmlrpc.php HTTP/1.1" 200 459 "-" "Jetpack by WordPress.com"
124.43.5.103 - - [18/Aug/2026:12:41:00 +0300] "POST /xmlrpc.php HTTP/1.1" 200 459 "-" "Jetpack by WordPress.com"
223.182.99.153 - - [18/Aug/2026:12:41:07 +0300] "POST /xmlrpc.php HTTP/1.1" 200 459 "-" "Jetpack by WordPress.com (Jetpack 12.0; WordPress 6.2)"
223.185.61.113 - - [18/Aug/2026:12:41:08 +0300] "POST /xmlrpc.php HTTP/1.1" 200 459 "-" "WordPress.com; https://wordpress.com"
27.97.180.47 - - [18/Aug/2026:12:41:10 +0300] "POST /xmlrpc.php HTTP/1.1" 200 459 "-" "Jetpack/12.1; WordPress/6.4; http://site70501451.com"
45.148.10.75 - - [18/Aug/2026:12:41:12 +0300] "POST /index.php?rest_route=/batch/v1 HTTP/1.1" 207 3478 "-" "Mozilla/5.0 (Macintosh; Intel Mac OS X 10_15_7) AppleWebKit/605.1.15 (KHTML, like Gecko) Version/18.1 Safari/605.1.15"
124.43.5.103 - - [18/Aug/2026:12:41:12 +0300] "POST /xmlrpc.php HTTP/1.1" 200 459 "-" "Jetpack by WordPress.com (Jetpack 13.0; WordPress 6.1)"
45.148.10.75 - - [18/Aug/2026:12:41:12 +0300] "POST /index.php?rest_route=/batch/v1 HTTP/1.1" 207 3667 "-" "Mozilla/5.0 (Macintosh; Intel Mac OS X 10_15_7) AppleWebKit/605.1.15 (KHTML, like Gecko) Version/18.1 Safari/605.1.15"
45.148.10.75 - - [18/Aug/2026:12:41:13 +0300] "POST /index.php?rest_route=/batch/v1 HTTP/1.1" 207 4140 "-" "Mozilla/5.0 (Macintosh; Intel Mac OS X 10_15_7) AppleWebKit/605.1.15 (KHTML, like Gecko) Version/18.1 Safari/605.1.15"
45.148.10.75 - - [18/Aug/2026:12:41:13 +0300] "POST /index.php?rest_route=/batch/v1 HTTP/1.1" 207 3910 "-" "Mozilla/5.0 (Macintosh; Intel Mac OS X 10_15_7) AppleWebKit/605.1.15 (KHTML, like Gecko) Version/18.1 Safari/605.1.15"
45.148.10.75 - - [18/Aug/2026:12:41:14 +0300] "POST /?rest_route=/batch/v1 HTTP/1.1" 207 2935 "-" "Mozilla/5.0 (Windows NT 10.0; Win64; x64) AppleWebKit/537.36 (KHTML, like Gecko) Chrome/126.0.0.0 Safari/537.36"
45.148.10.75 - - [18/Aug/2026:12:41:15 +0300] "POST /?rest_route=/batch/v1 HTTP/1.1" 207 12556 "-" "Mozilla/5.0 (Windows NT 10.0; Win64; x64) AppleWebKit/537.36 (KHTML, like Gecko) Chrome/126.0.0.0 Safari/537.36"
223.182.99.153 - - [18/Aug/2026:12:41:18 +0300] "POST /xmlrpc.php HTTP/1.1" 200 459 "-" "Jetpack by WordPress.com"
223.185.61.113 - - [18/Aug/2026:12:41:19 +0300] "POST /xmlrpc.php HTTP/1.1" 200 459 "-" "Jetpack/12.1; WordPress/6.1; http://site10170302.com"
27.97.180.47 - - [18/Aug/2026:12:41:21 +0300] "POST /xmlrpc.php HTTP/1.1" 200 459 "-" "Jetpack by WordPress.com"
124.43.5.103 - - [18/Aug/2026:12:41:23 +0300] "POST /xmlrpc.php HTTP/1.1" 200 459 "-" "WordPress.com; https://wordpress.com"
223.182.99.153 - - [18/Aug/2026:12:41:28 +0300] "POST /xmlrpc.php HTTP/1.1" 200 459 "-" "WordPress.com; https://wordpress.com"
223.185.61.113 - - [18/Aug/2026:12:41:29 +0300] "POST /xmlrpc.php HTTP/1.1" 200 459 "-" "WordPress.com; https://wordpress.com"
27.97.180.47 - - [18/Aug/2026:12:41:32 +0300] "POST /xmlrpc.php HTTP/1.1" 200 459 "-" "Jetpack/12.0; WordPress/6.1; http://site16901306.com"
124.43.5.103 - - [18/Aug/2026:12:41:35 +0300] "POST /xmlrpc.php HTTP/1.1" 200 459 "-" "WordPress.com; https://wordpress.com"
45.148.10.5 - - [18/Aug/2026:12:41:36 +0300] "GET / HTTP/1.1" 301 162 "-" "Mozilla/5.0 (Linux; Android 9; Redmi Note 7 Build/PKQ1.180904.001) AppleWebKit/537.36 (KHTML, like Gecko) SamsungBrowser/9.4 Chrome/67.0.3396.87 Mobile Safari/537.36"
223.182.99.153 - - [18/Aug/2026:12:41:38 +0300] "POST /xmlrpc.php HTTP/1.1" 200 459 "-" "WordPress.com; https://wordpress.com"
45.148.10.75 - - [18/Aug/2026:12:41:39 +0300] "POST /?rest_route=/batch/v1 HTTP/1.1" 207 2909 "-" "Mozilla/5.0 (Windows NT 10.0; Win64; x64) AppleWebKit/537.36 (KHTML, like Gecko) Chrome/126.0.0.0 Safari/537.36"
223.185.61.113 - - [18/Aug/2026:12:41:40 +0300] "POST /xmlrpc.php HTTP/1.1" 200 459 "-" "WordPress.com; https://wordpress.com"
27.97.180.47 - - [18/Aug/2026:12:41:43 +0300] "POST /xmlrpc.php HTTP/1.1" 200 459 "-" "Jetpack/12.0; WordPress/6.1; http://site54510335.com"
124.43.5.103 - - [18/Aug/2026:12:41:46 +0300] "POST /xmlrpc.php HTTP/1.1" 200 459 "-" "Jetpack by WordPress.com (Jetpack 12.1; WordPress 6.1)"
38.51.210.215 - - [18/Aug/2026:12:41:48 +0300] "GET / HTTP/1.1" 200 38538 "-" "Mozilla/5.0 (Windows NT 10.0; Win64; x64) AppleWebKit/537.36 (KHTML, like Gecko) Chrome/120.0.0.0 Safari/537.36"
223.182.99.153 - - [18/Aug/2026:12:41:49 +0300] "POST /xmlrpc.php HTTP/1.1" 200 459 "-" "WordPress.com; https://wordpress.com"
223.185.61.113 - - [18/Aug/2026:12:41:51 +0300] "POST /xmlrpc.php HTTP/1.1" 200 459 "-" "Jetpack/12.5; WordPress/6.4; http://site29328673.com"
27.97.180.47 - - [18/Aug/2026:12:41:54 +0300] "POST /xmlrpc.php HTTP/1.1" 200 459 "-" "WordPress.com; https://wordpress.com"
223.182.99.153 - - [18/Aug/2026:12:42:00 +0300] "POST /xmlrpc.php HTTP/1.1" 200 459 "-" "Jetpack/12.5; WordPress/6.1; http://site85739878.com"
223.185.61.113 - - [18/Aug/2026:12:42:01 +0300] "POST /xmlrpc.php HTTP/1.1" 200 459 "-" "WordPress.com; https://wordpress.com"
38.44.79.67 - - [18/Aug/2026:12:42:02 +0300] "GET /wp-login.php HTTP/1.1" 200 3365 "-" "Mozilla/5.0 (Windows NT 10.0; Win64; x64) AppleWebKit/537.36 (KHTML, like Gecko) Chrome/120.0.0.0 Safari/537.36"
27.97.180.47 - - [18/Aug/2026:12:42:05 +0300] "POST /xmlrpc.php HTTP/1.1" 200 459 "-" "Jetpack by WordPress.com (Jetpack 12.5; WordPress 6.3)"
38.44.79.67 - - [18/Aug/2026:12:42:07 +0300] "POST /wp-login.php HTTP/1.1" 200 3514 "https://891rpm.com/wp-login.php" "Mozilla/5.0 (Windows NT 10.0; Win64; x64) AppleWebKit/537.36 (KHTML, like Gecko) Chrome/120.0.0.0 Safari/537.36"
223.182.99.153 - - [18/Aug/2026:12:42:10 +0300] "POST /xmlrpc.php HTTP/1.1" 200 459 "-" "WordPress.com; https://wordpress.com"
124.43.5.103 - - [18/Aug/2026:12:42:11 +0300] "POST /xmlrpc.php HTTP/1.1" 200 459 "-" "WordPress.com; https://wordpress.com"
223.185.61.113 - - [18/Aug/2026:12:42:12 +0300] "POST /xmlrpc.php HTTP/1.1" 200 459 "-" "Jetpack/13.0; WordPress/6.3; http://site40597579.com"
38.44.79.67 - - [18/Aug/2026:12:42:16 +0300] "POST /wp-login.php HTTP/1.1" 200 3514 "https://891rpm.com/wp-login.php" "Mozilla/5.0 (Windows NT 10.0; Win64; x64) AppleWebKit/537.36 (KHTML, like Gecko) Chrome/120.0.0.0 Safari/537.36"
27.97.180.47 - - [18/Aug/2026:12:42:16 +0300] "POST /xmlrpc.php HTTP/1.1" 200 459 "-" "WordPress.com; https://wordpress.com"
124.43.5.103 - - [18/Aug/2026:12:42:20 +0300] "POST /xmlrpc.php HTTP/1.1" 200 459 "-" "Jetpack/12.0; WordPress/6.4; http://site11548085.com"
223.182.99.153 - - [18/Aug/2026:12:42:21 +0300] "POST /xmlrpc.php HTTP/1.1" 200 459 "-" "Jetpack/12.1; WordPress/6.4; http://site13973831.com"
223.185.61.113 - - [18/Aug/2026:12:42:23 +0300] "POST /xmlrpc.php HTTP/1.1" 200 459 "-" "Jetpack by WordPress.com"
27.97.180.47 - - [18/Aug/2026:12:42:28 +0300] "POST /xmlrpc.php HTTP/1.1" 200 459 "-" "Jetpack by WordPress.com (Jetpack 12.1; WordPress 6.4)"
223.182.99.153 - - [18/Aug/2026:12:42:31 +0300] "POST /xmlrpc.php HTTP/1.1" 200 459 "-" "WordPress.com; https://wordpress.com"
124.43.5.103 - - [18/Aug/2026:12:42:32 +0300] "POST /xmlrpc.php HTTP/1.1" 200 459 "-" "Jetpack/13.0; WordPress/6.1; http://site15004688.com"
223.185.61.113 - - [18/Aug/2026:12:42:33 +0300] "POST /xmlrpc.php HTTP/1.1" 200 459 "-" "WordPress.com; https://wordpress.com"
223.182.99.153 - - [18/Aug/2026:12:42:42 +0300] "POST /xmlrpc.php HTTP/1.1" 200 459 "-" "Jetpack by WordPress.com"
124.43.5.103 - - [18/Aug/2026:12:42:43 +0300] "POST /xmlrpc.php HTTP/1.1" 200 459 "-" "Jetpack by WordPress.com"
223.185.61.113 - - [18/Aug/2026:12:42:44 +0300] "POST /xmlrpc.php HTTP/1.1" 200 459 "-" "Jetpack by WordPress.com (Jetpack 12.1; WordPress 6.4)"
102.216.87.86 - - [18/Aug/2026:12:42:49 +0300] "POST /xmlrpc.php HTTP/1.1" 200 271 "-" "WordPress/5.0; https://891rpm.com"
223.182.99.153 - - [18/Aug/2026:12:42:53 +0300] "POST /xmlrpc.php HTTP/1.1" 200 459 "-" "Jetpack/12.0; WordPress/6.2; http://site68074438.com"
223.185.61.113 - - [18/Aug/2026:12:42:55 +0300] "POST /xmlrpc.php HTTP/1.1" 200 459 "-" "Jetpack/12.5; WordPress/6.2; http://site40534240.com"
124.43.5.103 - - [18/Aug/2026:12:42:55 +0300] "POST /xmlrpc.php HTTP/1.1" 200 459 "-" "Jetpack by WordPress.com"
84.54.72.138 - - [18/Aug/2026:12:43:02 +0300] "GET / HTTP/1.1" 200 38538 "-" "Mozilla/5.0 (Windows NT 10.0; Win64; x64) AppleWebKit/537.36 (KHTML, like Gecko) Chrome/120.0.0.0 Safari/537.36"
223.182.99.153 - - [18/Aug/2026:12:43:04 +0300] "POST /xmlrpc.php HTTP/1.1" 200 459 "-" "Jetpack by WordPress.com"
27.97.180.47 - - [18/Aug/2026:12:43:05 +0300] "POST /xmlrpc.php HTTP/1.1" 200 459 "-" "Jetpack by WordPress.com"
223.185.61.113 - - [18/Aug/2026:12:43:05 +0300] "POST /xmlrpc.php HTTP/1.1" 200 459 "-" "Jetpack by WordPress.com"
124.43.5.103 - - [18/Aug/2026:12:43:07 +0300] "POST /xmlrpc.php HTTP/1.1" 200 459 "-" "Jetpack/12.0; WordPress/6.4; http://site12528480.com"
103.130.175.16 - - [18/Aug/2026:12:43:12 +0300] "GET /wp-login.php HTTP/1.1" 200 3365 "-" "Mozilla/5.0 (Windows NT 10.0; Win64; x64) AppleWebKit/537.36 (KHTML, like Gecko) Chrome/120.0.0.0 Safari/537.36"
223.182.99.153 - - [18/Aug/2026:12:43:14 +0300] "POST /xmlrpc.php HTTP/1.1" 200 459 "-" "Jetpack by WordPress.com"
103.130.175.16 - - [18/Aug/2026:12:43:16 +0300] "POST /wp-login.php HTTP/1.1" 200 3514 "https://891rpm.com/wp-login.php" "Mozilla/5.0 (Windows NT 10.0; Win64; x64) AppleWebKit/537.36 (KHTML, like Gecko) Chrome/120.0.0.0 Safari/537.36"
223.185.61.113 - - [18/Aug/2026:12:43:16 +0300] "POST /xmlrpc.php HTTP/1.1" 200 459 "-" "Jetpack by WordPress.com (Jetpack 12.5; WordPress 6.1)"
124.43.5.103 - - [18/Aug/2026:12:43:18 +0300] "POST /xmlrpc.php HTTP/1.1" 200 459 "-" "Jetpack by WordPress.com (Jetpack 13.0; WordPress 6.2)"
27.97.180.47 - - [18/Aug/2026:12:43:22 +0300] "POST /xmlrpc.php HTTP/1.1" 200 459 "-" "Jetpack by WordPress.com"
103.130.175.16 - - [18/Aug/2026:12:43:24 +0300] "POST /wp-login.php HTTP/1.1" 200 3514 "https://891rpm.com/wp-login.php" "Mozilla/5.0 (Windows NT 10.0; Win64; x64) AppleWebKit/537.36 (KHTML, like Gecko) Chrome/120.0.0.0 Safari/537.36"
223.182.99.153 - - [18/Aug/2026:12:43:25 +0300] "POST /xmlrpc.php HTTP/1.1" 200 459 "-" "Jetpack by WordPress.com (Jetpack 12.0; WordPress 6.1)"
223.185.61.113 - - [18/Aug/2026:12:43:26 +0300] "POST /xmlrpc.php HTTP/1.1" 200 459 "-" "WordPress.com; https://wordpress.com"
124.43.5.103 - - [18/Aug/2026:12:43:29 +0300] "POST /xmlrpc.php HTTP/1.1" 200 459 "-" "Jetpack by WordPress.com"
103.130.175.16 - - [18/Aug/2026:12:43:32 +0300] "POST /wp-login.php HTTP/1.1" 200 3514 "https://891rpm.com/wp-login.php" "Mozilla/5.0 (Windows NT 10.0; Win64; x64) AppleWebKit/537.36 (KHTML, like Gecko) Chrome/120.0.0.0 Safari/537.36"
27.97.180.47 - - [18/Aug/2026:12:43:32 +0300] "POST /xmlrpc.php HTTP/1.1" 200 459 "-" "Jetpack by WordPress.com"
103.130.175.16 - - [18/Aug/2026:12:43:35 +0300] "POST /xmlrpc.php HTTP/1.1" 200 271 "-" "WordPress/5.0; https://891rpm.com"
223.182.99.153 - - [18/Aug/2026:12:43:35 +0300] "POST /xmlrpc.php HTTP/1.1" 200 459 "-" "Jetpack/12.1; WordPress/6.2; http://site72739154.com"
223.185.61.113 - - [18/Aug/2026:12:43:37 +0300] "POST /xmlrpc.php HTTP/1.1" 200 459 "-" "WordPress.com; https://wordpress.com"
65.108.125.120 - - [18/Aug/2026:12:43:40 +0300] "GET /%D0%A1%D0%B1%D1%80%D0%BE%D1%81-%D0%BF%D0%B0%D1%80%D0%BE%D0%BB%D1%8F-%D0%BD%D0%B0-cisco-2960/ HTTP/1.1" 200 13611 "-" "Mozilla/5.0 (compatible; MJ12bot/v1.4.8; http://mj12bot.com/)"
124.43.5.103 - - [18/Aug/2026:12:43:41 +0300] "POST /xmlrpc.php HTTP/1.1" 200 459 "-" "Jetpack by WordPress.com (Jetpack 12.0; WordPress 6.3)"
49.43.244.88 - - [18/Aug/2026:12:43:41 +0300] "GET /tag/vlan HTTP/2.0" 301 6 "https://891rpm.com" "Mozilla/5.0 (Windows NT 10.0; Win64; x64) AppleWebKit/537.36 (KHTML, like Gecko) Chrome/145.0.0.0 Safari/537.36 Edg/145.0.0.0"
65.108.125.120 - - [18/Aug/2026:12:43:42 +0300] "GET /category/%D0%B1%D0%B5%D0%B7-%D1%80%D1%83%D0%B1%D1%80%D0%B8%D0%BA%D0%B8/page/11/ HTTP/1.1" 200 22662 "-" "Mozilla/5.0 (compatible; MJ12bot/v1.4.8; http://mj12bot.com/)"
27.97.180.47 - - [18/Aug/2026:12:43:43 +0300] "POST /xmlrpc.php HTTP/1.1" 200 459 "-" "Jetpack by WordPress.com"
65.108.125.120 - - [18/Aug/2026:12:43:44 +0300] "GET /category/%D0%B1%D0%B5%D0%B7-%D1%80%D1%83%D0%B1%D1%80%D0%B8%D0%BA%D0%B8/page/12/ HTTP/1.1" 200 22449 "-" "Mozilla/5.0 (compatible; MJ12bot/v1.4.8; http://mj12bot.com/)"
65.108.125.120 - - [18/Aug/2026:12:43:45 +0300] "GET /category/%D0%B1%D0%B5%D0%B7-%D1%80%D1%83%D0%B1%D1%80%D0%B8%D0%BA%D0%B8/page/13/ HTTP/1.1" 200 21790 "-" "Mozilla/5.0 (compatible; MJ12bot/v1.4.8; http://mj12bot.com/)"
103.237.79.94 - - [18/Aug/2026:12:43:46 +0300] "GET / HTTP/1.1" 200 38538 "-" "Mozilla/5.0 (Windows NT 10.0; Win64; x64) AppleWebKit/537.36 (KHTML, like Gecko) Chrome/120.0.0.0 Safari/537.36"
223.182.99.153 - - [18/Aug/2026:12:43:46 +0300] "POST /xmlrpc.php HTTP/1.1" 200 459 "-" "Jetpack by WordPress.com (Jetpack 12.1; WordPress 6.3)"
187.131.86.46 - - [18/Aug/2026:12:43:47 +0300] "GET /tag/vlan/ HTTP/2.0" 200 12706 "https://891rpm.com/tag/vlan" "Mozilla/5.0 (Windows NT 10.0; Win64; x64) AppleWebKit/537.36 (KHTML, like Gecko) Chrome/145.0.0.0 Safari/537.36 Edg/145.0.0.0"
65.108.125.120 - - [18/Aug/2026:12:43:47 +0300] "GET /category/%D0%B1%D0%B5%D0%B7-%D1%80%D1%83%D0%B1%D1%80%D0%B8%D0%BA%D0%B8/page/14/ HTTP/1.1" 200 29428 "-" "Mozilla/5.0 (compatible; MJ12bot/v1.4.8; http://mj12bot.com/)"
223.185.61.113 - - [18/Aug/2026:12:43:47 +0300] "POST /xmlrpc.php HTTP/1.1" 200 459 "-" "Jetpack/12.1; WordPress/6.3; http://site35281439.com"
65.108.125.120 - - [18/Aug/2026:12:43:49 +0300] "GET /category/%D0%B1%D0%B5%D0%B7-%D1%80%D1%83%D0%B1%D1%80%D0%B8%D0%BA%D0%B8/page/15/ HTTP/1.1" 200 41661 "-" "Mozilla/5.0 (compatible; MJ12bot/v1.4.8; http://mj12bot.com/)"
65.108.125.120 - - [18/Aug/2026:12:43:51 +0300] "GET /category/%D0%B1%D0%B5%D0%B7-%D1%80%D1%83%D0%B1%D1%80%D0%B8%D0%BA%D0%B8/page/2/ HTTP/1.1" 200 39694 "-" "Mozilla/5.0 (compatible; MJ12bot/v1.4.8; http://mj12bot.com/)"
124.43.5.103 - - [18/Aug/2026:12:43:52 +0300] "POST /xmlrpc.php HTTP/1.1" 200 459 "-" "Jetpack by WordPress.com"
