217.182.195.233 - - [18/Aug/2026:06:55:02 +0300] "GET /tag/%D1%81%D0%BE%D0%B7%D0%B4%D0%B0%D0%BD%D0%B8%D0%B5-%D1%81%D0%B0%D0%B9%D1%82%D0%B0/ HTTP/1.1" 200 13460 "-" "Mozilla/5.0 (compatible; MJ12bot/v1.4.8; http://mj12bot.com/)"
217.182.195.233 - - [18/Aug/2026:06:55:04 +0300] "GET /url-%D1%84%D0%B8%D0%BB%D1%8C%D1%82%D1%80%D0%B0%D1%86%D0%B8%D1%8F-%D0%B2-cisco-asa/ HTTP/1.1" 200 13419 "-" "Mozilla/5.0 (compatible; MJ12bot/v1.4.8; http://mj12bot.com/)"
217.182.195.233 - - [18/Aug/2026:06:55:06 +0300] "GET /url-%D1%84%D0%B8%D0%BB%D1%8C%D1%82%D1%80%D0%B0%D1%86%D0%B8%D1%8F-%D0%B2-cisco-asa/feed/ HTTP/1.1" 200 966 "-" "Mozilla/5.0 (compatible; MJ12bot/v1.4.8; http://mj12bot.com/)"
217.182.195.233 - - [18/Aug/2026:06:55:08 +0300] "GET /vlan-trunking-%D0%BD%D0%B0-cisco-asa/ HTTP/1.1" 200 11417 "-" "Mozilla/5.0 (compatible; MJ12bot/v1.4.8; http://mj12bot.com/)"
217.182.195.233 - - [18/Aug/2026:06:55:09 +0300] "GET /vlan-trunking-%D0%BD%D0%B0-cisco-asa/feed/ HTTP/1.1" 200 867 "-" "Mozilla/5.0 (compatible; MJ12bot/v1.4.8; http://mj12bot.com/)"
217.182.195.233 - - [18/Aug/2026:06:55:11 +0300] "GET /wget-%D0%BB%D1%83%D1%87%D1%88%D0%B8%D0%B5-%D0%BF%D1%80%D0%B0%D0%BA%D1%82%D0%B8%D0%BA%D0%B8-%D0%B8%D1%81%D0%BF%D0%BE%D0%BB%D1%8C%D0%B7%D0%BE%D0%B2%D0%B0%D0%BD%D0%B8%D1%8F/feed/ HTTP/1.1" 200 1167 "-" "Mozilla/5.0 (compatible; MJ12bot/v1.4.8; http://mj12bot.com/)"
217.182.195.233 - - [18/Aug/2026:06:55:13 +0300] "GET /windows-subversiontortoisesvn-%D1%81%D1%80%D0%B0%D0%B2%D0%BD%D0%B5%D0%BD%D0%B8%D0%B5-%D0%B8-%D1%8D%D0%BA%D1%81%D0%BF%D0%BE%D1%80%D1%82-%D0%B8%D0%B7%D0%BC%D0%B5%D0%BD%D0%B5%D0%BD%D0%B8%D0%B9-%D0%BC/ HTTP/1.1" 200 12749 "-" "Mozilla/5.0 (compatible; MJ12bot/v1.4.8; http://mj12bot.com/)"
217.182.195.233 - - [18/Aug/2026:06:55:14 +0300] "GET /%D0%A3%D0%B2%D0%B5%D0%BB%D0%B8%D1%87%D0%B8%D0%B2%D0%B0%D0%B5%D0%BC-%D1%80%D0%B0%D0%B7%D0%BC%D0%B5%D1%80-conntrack-%D1%82%D0%B0%D0%B1%D0%BB%D0%B8%D1%86%D1%8B-%D0%B2-centos-linux/ HTTP/1.1" 200 12400 "-" "Mozilla/5.0 (compatible; MJ12bot/v1.4.8; http://mj12bot.com/)"
217.182.195.233 - - [18/Aug/2026:06:55:16 +0300] "GET /%D0%B0%D0%B2%D1%82%D0%BE%D0%BC%D0%B0%D1%82%D0%B8%D1%87%D0%B5%D1%81%D0%BA%D0%B0%D1%8F-%D0%BF%D0%B5%D1%80%D0%B5%D0%B7%D0%B0%D0%B3%D1%80%D1%83%D0%B7%D0%BA%D0%B0-linux-%D0%BF%D1%80%D0%B8-kernel-panic/ HTTP/1.1" 200 12762 "-" "Mozilla/5.0 (compatible; MJ12bot/v1.4.8; http://mj12bot.com/)"
217.182.195.233 - - [18/Aug/2026:06:55:18 +0300] "GET /%D0%B0%D0%B2%D1%82%D0%BE%D1%80%D0%B8%D0%B7%D0%B0%D1%86%D0%B8%D1%8F-ssh-%D0%BF%D0%BE-rsa-%D0%BA%D0%BB%D1%8E%D1%87%D1%83/ HTTP/1.1" 200 14055 "-" "Mozilla/5.0 (compatible; MJ12bot/v1.4.8; http://mj12bot.com/)"
217.182.195.233 - - [18/Aug/2026:06:55:19 +0300] "GET /%D0%B1%D0%B0%D0%B7%D0%BE%D0%B2%D1%8B%D0%B5-%D1%81%D0%B5%D1%80%D0%B2%D0%B8%D1%81%D1%8B-%D1%82%D0%B5%D1%85%D0%BD%D0%BE%D0%BB%D0%BE%D0%B3%D0%B8%D0%B8-mpls/ HTTP/1.1" 200 20823 "-" "Mozilla/5.0 (compatible; MJ12bot/v1.4.8; http://mj12bot.com/)"
217.182.195.233 - - [18/Aug/2026:06:55:21 +0300] "GET /%D0%B1%D0%B0%D0%B7%D0%BE%D0%B2%D1%8B%D0%B5-%D1%81%D1%82%D0%B8%D0%BB%D0%B8-%D0%B8-%D0%BF%D0%BE%D0%BB%D0%B5%D0%B7%D0%BD%D1%8B%D0%B5-css-%D1%81%D0%BD%D0%B8%D0%BF%D0%BF%D0%B5%D1%82%D1%8B/6b42d35a44d89ccc7bfd12c089003c05/ HTTP/1.1" 200 11149 "-" "Mozilla/5.0 (compatible; MJ12bot/v1.4.8; http://mj12bot.com/)"
217.182.195.233 - - [18/Aug/2026:06:55:23 +0300] "GET /%D0%B1%D0%B5%D0%B7%D0%BE%D0%BF%D0%B0%D1%81%D0%BD%D0%BE%D1%81%D1%82%D1%8C-%D0%BC%D0%B0%D1%80%D1%88%D1%80%D1%83%D1%82%D0%B8%D0%B7%D0%B0%D1%82%D0%BE%D1%80%D0%BE%D0%B2-cisco/ HTTP/1.1" 200 23278 "-" "Mozilla/5.0 (compatible; MJ12bot/v1.4.8; http://mj12bot.com/)"
217.182.195.233 - - [18/Aug/2026:06:55:25 +0300] "GET /%D0%B1%D0%B5%D0%B7%D0%BE%D0%BF%D0%B0%D1%81%D0%BD%D1%8B%D0%B9-%D0%BC%D0%B5%D1%82%D0%BE%D0%B4-%D0%B0%D0%B2%D1%82%D0%BE%D1%80%D0%B8%D0%B7%D0%B0%D1%86%D0%B8%D0%B8-%D0%BD%D0%B0-php/ HTTP/1.1" 200 16238 "-" "Mozilla/5.0 (compatible; MJ12bot/v1.4.8; http://mj12bot.com/)"
217.182.195.233 - - [18/Aug/2026:06:55:27 +0300] "GET /%D0%B1%D0%B5%D1%81%D0%BF%D0%BB%D0%B0%D1%82%D0%BD%D1%8B%D0%B5-dns-%D1%81%D0%B5%D1%80%D0%B2%D0%B5%D1%80%D0%B0/ HTTP/1.1" 200 11990 "-" "Mozilla/5.0 (compatible; MJ12bot/v1.4.8; http://mj12bot.com/)"
217.182.195.233 - - [18/Aug/2026:06:55:28 +0300] "GET /%D0%B2%D0%B5%D1%89%D0%B0%D0%BD%D0%B8%D0%B5-%D0%BE%D0%BD%D0%BB%D0%B0%D0%B9%D0%BD-%D0%B2%D0%B8%D0%B4%D0%B5%D0%BE-%D1%81-%D0%BF%D0%BE%D0%BC%D0%BE%D1%89%D1%8C%D1%8E-nginx/ HTTP/1.1" 200 15079 "-" "Mozilla/5.0 (compatible; MJ12bot/v1.4.8; http://mj12bot.com/)"
217.182.195.233 - - [18/Aug/2026:06:55:30 +0300] "GET /%D0%B8%D1%81%D0%BF%D0%BE%D0%BB%D1%8C%D0%B7%D0%BE%D0%B2%D0%B0%D0%BD%D0%B8%D0%B5-ipset/ HTTP/1.1" 200 12455 "-" "Mozilla/5.0 (compatible; MJ12bot/v1.4.8; http://mj12bot.com/)"
217.182.195.233 - - [18/Aug/2026:06:55:32 +0300] "GET /%D0%BA%D0%BE%D0%B5-%D1%87%D1%82%D0%BE-%D0%BE-%D1%81%D0%BE%D0%B3%D0%BB%D0%B0%D1%88%D0%B5%D0%BD%D0%B8%D1%8F%D1%85-%D0%BE%D0%B1-%D0%B8%D0%BC%D0%B5%D0%BD%D0%B0%D1%85-%D0%BF%D0%BE%D1%87%D1%82%D0%BE%D0%B2/ HTTP/1.1" 200 15565 "-" "Mozilla/5.0 (compatible; MJ12bot/v1.4.8; http://mj12bot.com/)"
217.182.195.233 - - [18/Aug/2026:06:55:33 +0300] "GET /%D0%BD%D0%B0%D1%81%D1%82%D1%80%D0%BE%D0%B9%D0%BA%D0%B0-apc-ups/ HTTP/1.1" 200 12106 "-" "Mozilla/5.0 (compatible; MJ12bot/v1.4.8; http://mj12bot.com/)"
217.182.195.233 - - [18/Aug/2026:06:55:35 +0300] "GET /%D0%BD%D0%B0%D1%81%D1%82%D1%80%D0%BE%D0%B9%D0%BA%D0%B0-cisco-easy-vpn-%D1%81-%D0%B8%D1%81%D0%BF%D0%BE%D0%BB%D1%8C%D0%B7%D0%BE%D0%B2%D0%B0%D0%BD%D0%B8%D0%B5%D0%BC-ipsec-dynamic-virtual-tunnel-interface/ HTTP/1.1" 200 13382 "-" "Mozilla/5.0 (compatible; MJ12bot/v1.4.8; http://mj12bot.com/)"
103.189.201.223 - - [18/Aug/2026:06:56:13 +0300] "GET / HTTP/1.1" 200 38538 "-" "Mozilla/5.0 (Windows NT 10.0; Win64; x64) AppleWebKit/537.36 Edg/124.0.0.0"
103.189.201.223 - - [18/Aug/2026:06:56:14 +0300] "GET /wp-json/ HTTP/1.1" 200 27560 "-" "Mozilla/5.0 (Windows NT 10.0; Win64; x64) AppleWebKit/537.36 Edg/124.0.0.0"
103.189.201.223 - - [18/Aug/2026:06:56:14 +0300] "GET / HTTP/1.1" 200 38538 "-" "Mozilla/5.0 (Windows NT 10.0; Win64; x64) AppleWebKit/537.36 Edg/124.0.0.0"
103.189.201.223 - - [18/Aug/2026:06:56:15 +0300] "POST /wp-json/batch/v1 HTTP/1.1" 207 33 "-" "Mozilla/5.0 (Windows NT 10.0; Win64; x64) AppleWebKit/537.36 Edg/124.0.0.0"
103.189.201.223 - - [18/Aug/2026:06:56:15 +0300] "POST /wp-json/batch/v1 HTTP/1.1" 207 10023 "-" "Mozilla/5.0 (Windows NT 10.0; Win64; x64) AppleWebKit/537.36 Edg/124.0.0.0"
103.189.201.223 - - [18/Aug/2026:06:56:15 +0300] "POST /wp-json/batch/v1 HTTP/1.1" 207 10144 "-" "Mozilla/5.0 (Windows NT 10.0; Win64; x64) AppleWebKit/537.36 Edg/124.0.0.0"
103.189.201.223 - - [18/Aug/2026:06:56:16 +0300] "POST /wp-json/batch/v1 HTTP/1.1" 207 10159 "-" "Mozilla/5.0 (Windows NT 10.0; Win64; x64) AppleWebKit/537.36 Edg/124.0.0.0"
103.189.201.223 - - [18/Aug/2026:06:56:16 +0300] "GET /?rest_route=/wp/v2/posts&per_page=1&_fields=link HTTP/1.1" 200 118 "-" "Mozilla/5.0 (Windows NT 10.0; Win64; x64) AppleWebKit/537.36 Edg/124.0.0.0"
103.189.201.223 - - [18/Aug/2026:06:56:17 +0300] "GET / HTTP/1.1" 200 38538 "-" "Mozilla/5.0 (Windows NT 10.0; Win64; x64) AppleWebKit/537.36 Edg/124.0.0.0"
82.148.16.210 - - [18/Aug/2026:06:56:17 +0300] "GET /?p=1 HTTP/1.1" 404 11133 "-" "WordPress/6.9.1; https://891rpm.com"
82.148.16.210 - - [18/Aug/2026:06:56:17 +0300] "GET /?p=1 HTTP/1.1" 404 11133 "-" "WordPress/6.9.1; https://891rpm.com"
82.148.16.210 - - [18/Aug/2026:06:56:17 +0300] "GET /?p=1 HTTP/1.1" 404 11133 "-" "WordPress/6.9.1; https://891rpm.com"
82.148.16.210 - - [18/Aug/2026:06:56:18 +0300] "GET /?p=1 HTTP/1.1" 404 11133 "-" "WordPress/6.9.1; https://891rpm.com"
103.189.201.223 - - [18/Aug/2026:06:56:18 +0300] "POST /wp-json/batch/v1 HTTP/1.1" 207 10776 "-" "Mozilla/5.0 (Windows NT 10.0; Win64; x64) AppleWebKit/537.36 Edg/124.0.0.0"
103.189.201.223 - - [18/Aug/2026:06:56:19 +0300] "POST /wp-json/batch/v1 HTTP/1.1" 207 10101 "-" "Mozilla/5.0 (Windows NT 10.0; Win64; x64) AppleWebKit/537.36 Edg/124.0.0.0"
103.189.201.223 - - [18/Aug/2026:06:56:19 +0300] "POST /wp-json/batch/v1 HTTP/1.1" 207 10101 "-" "Mozilla/5.0 (Windows NT 10.0; Win64; x64) AppleWebKit/537.36 Edg/124.0.0.0"
103.189.201.223 - - [18/Aug/2026:06:56:19 +0300] "POST /wp-json/batch/v1 HTTP/1.1" 207 10101 "-" "Mozilla/5.0 (Windows NT 10.0; Win64; x64) AppleWebKit/537.36 Edg/124.0.0.0"
103.189.201.223 - - [18/Aug/2026:06:56:21 +0300] "GET / HTTP/1.1" 200 38538 "-" "Mozilla/5.0 (Macintosh; Intel Mac OS X 10_15_7) AppleWebKit/605.1.15 Version/17.4 Safari/605.1.15"
103.189.201.223 - - [18/Aug/2026:06:56:21 +0300] "POST /wp-json/batch/v1 HTTP/1.1" 207 10101 "-" "Mozilla/5.0 (Windows NT 10.0; Win64; x64) AppleWebKit/537.36 Edg/124.0.0.0"
103.189.201.223 - - [18/Aug/2026:06:56:21 +0300] "GET /wp-json/ HTTP/1.1" 200 27560 "-" "Mozilla/5.0 (Macintosh; Intel Mac OS X 10_15_7) AppleWebKit/605.1.15 Version/17.4 Safari/605.1.15"
82.148.16.210 - - [18/Aug/2026:06:56:22 +0300] "GET /?p=1 HTTP/1.1" 404 11133 "-" "WordPress/6.9.1; https://891rpm.com"
103.189.201.223 - - [18/Aug/2026:06:56:22 +0300] "POST /wp-json/batch/v1 HTTP/1.1" 207 16301 "-" "Mozilla/5.0 (Windows NT 10.0; Win64; x64) AppleWebKit/537.36 Edg/124.0.0.0"
103.189.201.223 - - [18/Aug/2026:06:56:22 +0300] "GET / HTTP/1.1" 200 38538 "-" "Mozilla/5.0 (Macintosh; Intel Mac OS X 10_15_7) AppleWebKit/605.1.15 Version/17.4 Safari/605.1.15"
103.189.201.223 - - [18/Aug/2026:06:56:22 +0300] "POST /wp-json/batch/v1 HTTP/1.1" 207 33 "-" "Mozilla/5.0 (Macintosh; Intel Mac OS X 10_15_7) AppleWebKit/605.1.15 Version/17.4 Safari/605.1.15"
103.189.201.223 - - [18/Aug/2026:06:56:23 +0300] "POST /wp-json/batch/v1 HTTP/1.1" 207 10023 "-" "Mozilla/5.0 (Macintosh; Intel Mac OS X 10_15_7) AppleWebKit/605.1.15 Version/17.4 Safari/605.1.15"
103.189.201.223 - - [18/Aug/2026:06:56:23 +0300] "POST /wp-json/batch/v1 HTTP/1.1" 207 10144 "-" "Mozilla/5.0 (Macintosh; Intel Mac OS X 10_15_7) AppleWebKit/605.1.15 Version/17.4 Safari/605.1.15"
103.189.201.223 - - [18/Aug/2026:06:56:24 +0300] "GET /wp-login.php HTTP/1.1" 200 3365 "-" "Mozilla/5.0 (Windows NT 10.0; Win64; x64) AppleWebKit/537.36 Chrome/125.0.0.0 Safari/537.36"
103.189.201.223 - - [18/Aug/2026:06:56:24 +0300] "POST /wp-json/batch/v1 HTTP/1.1" 207 10159 "-" "Mozilla/5.0 (Macintosh; Intel Mac OS X 10_15_7) AppleWebKit/605.1.15 Version/17.4 Safari/605.1.15"
103.189.201.223 - - [18/Aug/2026:06:56:24 +0300] "POST /wp-login.php HTTP/1.1" 200 3566 "https://891rpm.com/wp-login.php" "Mozilla/5.0 (Windows NT 10.0; Win64; x64) AppleWebKit/537.36 Chrome/125.0.0.0 Safari/537.36"
103.189.201.223 - - [18/Aug/2026:06:56:24 +0300] "GET /?rest_route=/wp/v2/posts&per_page=1&_fields=link HTTP/1.1" 200 118 "-" "Mozilla/5.0 (Macintosh; Intel Mac OS X 10_15_7) AppleWebKit/605.1.15 Version/17.4 Safari/605.1.15"
103.189.201.223 - - [18/Aug/2026:06:56:25 +0300] "GET / HTTP/1.1" 200 38538 "-" "Mozilla/5.0 (Macintosh; Intel Mac OS X 10_15_7) AppleWebKit/605.1.15 Version/17.4 Safari/605.1.15"
82.148.16.210 - - [18/Aug/2026:06:56:26 +0300] "GET /?p=1 HTTP/1.1" 404 11133 "-" "WordPress/6.9.1; https://891rpm.com"
82.148.16.210 - - [18/Aug/2026:06:56:26 +0300] "GET /?p=1 HTTP/1.1" 404 11133 "-" "WordPress/6.9.1; https://891rpm.com"
82.148.16.210 - - [18/Aug/2026:06:56:27 +0300] "GET /?p=1 HTTP/1.1" 404 11133 "-" "WordPress/6.9.1; https://891rpm.com"
82.148.16.210 - - [18/Aug/2026:06:56:27 +0300] "GET /?p=1 HTTP/1.1" 404 11133 "-" "WordPress/6.9.1; https://891rpm.com"
103.189.201.223 - - [18/Aug/2026:06:56:27 +0300] "POST /wp-json/batch/v1 HTTP/1.1" 207 10776 "-" "Mozilla/5.0 (Macintosh; Intel Mac OS X 10_15_7) AppleWebKit/605.1.15 Version/17.4 Safari/605.1.15"
103.189.201.223 - - [18/Aug/2026:06:56:28 +0300] "POST /wp-json/batch/v1 HTTP/1.1" 207 10101 "-" "Mozilla/5.0 (Macintosh; Intel Mac OS X 10_15_7) AppleWebKit/605.1.15 Version/17.4 Safari/605.1.15"
103.189.201.223 - - [18/Aug/2026:06:56:29 +0300] "POST /wp-json/batch/v1 HTTP/1.1" 207 10101 "-" "Mozilla/5.0 (Macintosh; Intel Mac OS X 10_15_7) AppleWebKit/605.1.15 Version/17.4 Safari/605.1.15"
103.189.201.223 - - [18/Aug/2026:06:56:29 +0300] "POST /wp-json/batch/v1 HTTP/1.1" 207 10101 "-" "Mozilla/5.0 (Macintosh; Intel Mac OS X 10_15_7) AppleWebKit/605.1.15 Version/17.4 Safari/605.1.15"
103.189.201.223 - - [18/Aug/2026:06:56:29 +0300] "POST /wp-json/batch/v1 HTTP/1.1" 207 10101 "-" "Mozilla/5.0 (Macintosh; Intel Mac OS X 10_15_7) AppleWebKit/605.1.15 Version/17.4 Safari/605.1.15"
82.148.16.210 - - [18/Aug/2026:06:56:30 +0300] "GET /?p=1 HTTP/1.1" 404 11133 "-" "WordPress/6.9.1; https://891rpm.com"
103.189.201.223 - - [18/Aug/2026:06:56:30 +0300] "POST /wp-json/batch/v1 HTTP/1.1" 207 16301 "-" "Mozilla/5.0 (Macintosh; Intel Mac OS X 10_15_7) AppleWebKit/605.1.15 Version/17.4 Safari/605.1.15"
103.189.201.223 - - [18/Aug/2026:06:56:31 +0300] "GET /wp-login.php HTTP/1.1" 200 3365 "-" "Mozilla/5.0 (Windows NT 10.0; Win64; x64) AppleWebKit/537.36 Chrome/125.0.0.0 Safari/537.36"
103.189.201.223 - - [18/Aug/2026:06:56:31 +0300] "POST /wp-login.php HTTP/1.1" 200 3566 "https://891rpm.com/wp-login.php" "Mozilla/5.0 (Windows NT 10.0; Win64; x64) AppleWebKit/537.36 Chrome/125.0.0.0 Safari/537.36"
34.22.135.110 - - [18/Aug/2026:06:56:59 +0300] "GET / HTTP/1.1" 301 162 "-" "Mozilla/5.0 (Windows NT 10.0; Win64; x64) AppleWebKit/537.36 (KHTML, like Gecko) Chrome/127.0.0.0 Safari/537.36"
103.189.201.223 - - [18/Aug/2026:06:58:06 +0300] "GET /wp-login.php HTTP/2.0" 200 3353 "-" "Mozilla/5.0 (Windows NT 10.0; Win64; x64) AppleWebKit/537.36 (KHTML, like Gecko) Chrome/149.0.0.0 Safari/537.36 OPR/133.0.0.0"
103.189.201.223 - - [18/Aug/2026:06:58:08 +0300] "GET /favicon.ico HTTP/2.0" 302 6 "https://891rpm.com/wp-login.php" "Mozilla/5.0 (Windows NT 10.0; Win64; x64) AppleWebKit/537.36 (KHTML, like Gecko) Chrome/149.0.0.0 Safari/537.36 OPR/133.0.0.0"
103.189.201.223 - - [18/Aug/2026:06:58:24 +0300] "POST /wp-login.php HTTP/2.0" 200 3484 "https://891rpm.com/wp-login.php" "Mozilla/5.0 (Windows NT 10.0; Win64; x64) AppleWebKit/537.36 (KHTML, like Gecko) Chrome/149.0.0.0 Safari/537.36 OPR/133.0.0.0"
103.189.201.223 - - [18/Aug/2026:06:58:40 +0300] "POST /wp-login.php HTTP/2.0" 200 3554 "https://891rpm.com/wp-login.php" "Mozilla/5.0 (Windows NT 10.0; Win64; x64) AppleWebKit/537.36 (KHTML, like Gecko) Chrome/149.0.0.0 Safari/537.36 OPR/133.0.0.0"
94.154.43.250 - - [18/Aug/2026:07:01:02 +0300] "CONNECT ipinfo.io:443 HTTP/1.1" 405 150 "-" "Go-http-client/1.1"
51.68.111.208 - - [18/Aug/2026:07:02:48 +0300] "GET / HTTP/1.1" 200 38538 "-" "Mozilla/5.0 (compatible; MJ12bot/v2.0.5; http://mj12bot.com/)"
45.198.224.26 - - [18/Aug/2026:07:03:44 +0300] "GET / HTTP/1.1" 301 162 "http://82.148.16.210:80/cgi-bin/index2.asp" "Mozilla/5.0 (X11; Linux x86_64) AppleWebKit/537.36 (KHTML, like Gecko) Chrome/126.0.0.0 Safari/537.36"
31.70.129.138 - - [18/Aug/2026:07:05:35 +0300] "GET / HTTP/1.1" 200 38538 "-" "Mozilla/5.0 (Windows NT 10.0; Win64; x64) AppleWebKit/537.36 (KHTML, like Gecko) Chrome/124.0.0.0 Safari/537.36"
31.70.129.138 - - [18/Aug/2026:07:05:36 +0300] "GET /wp-content/plugins/events-manager/readme.txt HTTP/1.1" 404 11133 "-" "Mozilla/5.0 (Windows NT 10.0; Win64; x64) AppleWebKit/537.36 (KHTML, like Gecko) Chrome/124.0.0.0 Safari/537.36"
31.70.129.138 - - [18/Aug/2026:07:05:36 +0300] "GET /wp-content/plugins/events-manager/events-manager.php HTTP/1.1" 404 11133 "-" "Mozilla/5.0 (Windows NT 10.0; Win64; x64) AppleWebKit/537.36 (KHTML, like Gecko) Chrome/124.0.0.0 Safari/537.36"
31.70.129.138 - - [18/Aug/2026:07:05:37 +0300] "GET /wp-content/plugins/events-manager/includes/js/events-manager.js HTTP/1.1" 404 11133 "-" "Mozilla/5.0 (Windows NT 10.0; Win64; x64) AppleWebKit/537.36 (KHTML, like Gecko) Chrome/124.0.0.0 Safari/537.36"
31.70.129.138 - - [18/Aug/2026:07:05:37 +0300] "GET /wp-json HTTP/1.1" 200 27560 "-" "Mozilla/5.0 (Windows NT 10.0; Win64; x64) AppleWebKit/537.36 (KHTML, like Gecko) Chrome/124.0.0.0 Safari/537.36"
64.31.3.126 - - [18/Aug/2026:07:06:08 +0300] "GET / HTTP/1.0" 301 162 "http://891rpm.com/" "Mozilla/5.0 (Windows NT 10.0; Win64; x64) AppleWebKit/537.36 (KHTML, like Gecko) Chrome/131.0.0.0 Safari/537.36"
64.31.3.126 - - [18/Aug/2026:07:06:11 +0300] "GET / HTTP/1.0" 200 145561 "https://891rpm.com/" "Mozilla/5.0 (Windows NT 10.0; Win64; x64) AppleWebKit/537.36 (KHTML, like Gecko) Chrome/131.0.0.0 Safari/537.36"
172.210.67.69 - - [18/Aug/2026:07:06:12 +0300] "MGLNDD_82.148.16.210_80" 400 150 "-" "-"
64.31.3.126 - - [18/Aug/2026:07:06:12 +0300] "GET /where-am-i/ HTTP/1.0" 200 44268 "https://891rpm.com/where-am-i/" "Mozilla/5.0 (Windows NT 10.0; Win64; x64) AppleWebKit/537.36 (KHTML, like Gecko) Chrome/131.0.0.0 Safari/537.36"
64.31.3.126 - - [18/Aug/2026:07:06:15 +0300] "POST /wp-comments-post.php HTTP/1.0" 302 6 "https://891rpm.com/where-am-i/" "Mozilla/5.0 (Windows NT 10.0; Win64; x64) AppleWebKit/537.36 (KHTML, like Gecko) Chrome/131.0.0.0 Safari/537.36"
64.31.3.126 - - [18/Aug/2026:07:06:16 +0300] "GET /where-am-i/ HTTP/1.0" 200 44268 "https://891rpm.com/where-am-i/#comment-50011" "Mozilla/5.0 (Windows NT 10.0; Win64; x64) AppleWebKit/537.36 (KHTML, like Gecko) Chrome/131.0.0.0 Safari/537.36"
129.211.229.121 - - [18/Aug/2026:07:07:29 +0300] "GET / HTTP/1.1" 301 162 "-" "Mozilla/5.0 (iPhone; CPU iPhone OS 13_2_3 like Mac OS X) AppleWebKit/605.1.15 (KHTML, like Gecko) Version/13.0.3 Mobile/15E148 Safari/604.1"
82.148.16.210 - - [18/Aug/2026:07:07:34 +0300] "POST /wp-cron.php?doing_wp_cron=1787026054.1070909500122070312500 HTTP/1.1" 499 0 "-" "WordPress/6.9.1; https://891rpm.com"
129.211.229.121 - - [18/Aug/2026:07:07:34 +0300] "GET / HTTP/1.1" 200 38538 "http://891rpm.com" "Mozilla/5.0 (iPhone; CPU iPhone OS 13_2_3 like Mac OS X) AppleWebKit/605.1.15 (KHTML, like Gecko) Version/13.0.3 Mobile/15E148 Safari/604.1"
94.154.35.236 - - [18/Aug/2026:07:08:19 +0300] "HEAD /war.tar HTTP/1.1" 301 0 "-" "Mozilla/5.0 (Windows NT 10.0; Win64; x64) AppleWebKit/537.36 (KHTML, like Gecko) Chrome/101.0.4951.67 Safari/537.36"
94.154.35.236 - - [18/Aug/2026:07:08:19 +0300] "HEAD /war.tar HTTP/1.1" 404 0 "-" "Mozilla/5.0 (Windows NT 10.0; Win64; x64) AppleWebKit/537.36 (KHTML, like Gecko) Chrome/101.0.4951.67 Safari/537.36"
152.59.87.142 - - [18/Aug/2026:07:09:14 +0300] "POST /xmlrpc.php HTTP/1.1" 200 459 "-" "Jetpack/13.0; WordPress/6.2; http://site66906320.com"
152.59.87.142 - - [18/Aug/2026:07:09:22 +0300] "POST /xmlrpc.php HTTP/1.1" 200 459 "-" "WordPress.com; https://wordpress.com"
152.59.87.142 - - [18/Aug/2026:07:09:32 +0300] "POST /xmlrpc.php HTTP/1.1" 200 459 "-" "WordPress.com; https://wordpress.com"
152.59.87.142 - - [18/Aug/2026:07:09:42 +0300] "POST /xmlrpc.php HTTP/1.1" 200 459 "-" "Jetpack by WordPress.com"
103.189.201.223 - - [18/Aug/2026:07:09:53 +0300] "GET / HTTP/1.1" 200 38538 "-" "Mozilla/5.0 (Windows NT 10.0; Win64; x64) AppleWebKit/537.36 (KHTML, like Gecko) Chrome/150.0.0.0 Safari/537.36"
152.59.87.142 - - [18/Aug/2026:07:09:53 +0300] "POST /xmlrpc.php HTTP/1.1" 200 459 "-" "Jetpack/13.0; WordPress/6.3; http://site44411713.com"
103.189.201.223 - - [18/Aug/2026:07:09:54 +0300] "GET / HTTP/1.1" 200 38538 "-" "Mozilla/5.0 (Windows NT 10.0; Win64; x64) AppleWebKit/537.36 (KHTML, like Gecko) Chrome/150.0.0.0 Safari/537.36"
103.189.201.223 - - [18/Aug/2026:07:09:55 +0300] "POST /?rest_route=/batch/v1 HTTP/1.1" 207 270637 "-" "Mozilla/5.0 (Windows NT 10.0; Win64; x64) AppleWebKit/537.36 (KHTML, like Gecko) Chrome/150.0.0.0 Safari/537.36"
152.59.87.142 - - [18/Aug/2026:07:10:04 +0300] "POST /xmlrpc.php HTTP/1.1" 200 459 "-" "Jetpack by WordPress.com (Jetpack 12.1; WordPress 6.1)"
152.59.87.142 - - [18/Aug/2026:07:10:14 +0300] "POST /xmlrpc.php HTTP/1.1" 200 459 "-" "Jetpack by WordPress.com"
152.59.87.142 - - [18/Aug/2026:07:10:25 +0300] "POST /xmlrpc.php HTTP/1.1" 200 459 "-" "Jetpack by WordPress.com"
152.59.87.142 - - [18/Aug/2026:07:10:35 +0300] "POST /xmlrpc.php HTTP/1.1" 200 459 "-" "Jetpack/13.0; WordPress/6.1; http://site44426766.com"
152.59.87.142 - - [18/Aug/2026:07:10:46 +0300] "POST /xmlrpc.php HTTP/1.1" 200 459 "-" "WordPress.com; https://wordpress.com"
152.59.87.142 - - [18/Aug/2026:07:10:56 +0300] "POST /xmlrpc.php HTTP/1.1" 200 459 "-" "Jetpack by WordPress.com (Jetpack 12.0; WordPress 6.3)"
152.59.87.142 - - [18/Aug/2026:07:11:07 +0300] "POST /xmlrpc.php HTTP/1.1" 200 459 "-" "WordPress.com; https://wordpress.com"
152.59.87.142 - - [18/Aug/2026:07:11:18 +0300] "POST /xmlrpc.php HTTP/1.1" 200 459 "-" "WordPress.com; https://wordpress.com"
152.59.87.142 - - [18/Aug/2026:07:11:28 +0300] "POST /xmlrpc.php HTTP/1.1" 200 459 "-" "Jetpack/12.5; WordPress/6.2; http://site79889851.com"
152.59.87.142 - - [18/Aug/2026:07:11:39 +0300] "POST /xmlrpc.php HTTP/1.1" 200 459 "-" "Jetpack/13.0; WordPress/6.1; http://site13640360.com"
152.59.87.142 - - [18/Aug/2026:07:11:50 +0300] "POST /xmlrpc.php HTTP/1.1" 200 459 "-" "Jetpack by WordPress.com (Jetpack 12.5; WordPress 6.2)"
152.59.87.142 - - [18/Aug/2026:07:12:00 +0300] "POST /xmlrpc.php HTTP/1.1" 200 459 "-" "Jetpack by WordPress.com (Jetpack 12.1; WordPress 6.4)"
152.59.87.142 - - [18/Aug/2026:07:12:11 +0300] "POST /xmlrpc.php HTTP/1.1" 200 459 "-" "Jetpack/12.1; WordPress/6.4; http://site82393619.com"
152.59.87.142 - - [18/Aug/2026:07:12:21 +0300] "POST /xmlrpc.php HTTP/1.1" 200 459 "-" "Jetpack by WordPress.com"
103.189.201.223 - - [18/Aug/2026:07:12:25 +0300] "POST /?rest_route=/batch/v1 HTTP/1.1" 207 1306 "-" "Mozilla/5.0 (Windows NT 10.0; Win64; x64) AppleWebKit/537.36 (KHTML, like Gecko) Chrome/150.0.0.0 Safari/537.36"
103.189.201.223 - - [18/Aug/2026:07:12:26 +0300] "GET /wp2shell-phpinfo-f7627cff.php HTTP/1.1" 404 11133 "-" "Mozilla/5.0 (Windows NT 10.0; Win64; x64) AppleWebKit/537.36 (KHTML, like Gecko) Chrome/150.0.0.0 Safari/537.36"
152.59.87.142 - - [18/Aug/2026:07:12:32 +0300] "POST /xmlrpc.php HTTP/1.1" 200 459 "-" "Jetpack by WordPress.com (Jetpack 12.0; WordPress 6.2)"
152.59.87.142 - - [18/Aug/2026:07:12:42 +0300] "POST /xmlrpc.php HTTP/1.1" 200 459 "-" "WordPress.com; https://wordpress.com"
152.59.87.142 - - [18/Aug/2026:07:12:53 +0300] "POST /xmlrpc.php HTTP/1.1" 200 459 "-" "Jetpack by WordPress.com (Jetpack 13.0; WordPress 6.2)"
152.59.87.142 - - [18/Aug/2026:07:13:04 +0300] "POST /xmlrpc.php HTTP/1.1" 200 459 "-" "Jetpack by WordPress.com (Jetpack 12.0; WordPress 6.1)"
152.59.87.142 - - [18/Aug/2026:07:13:14 +0300] "POST /xmlrpc.php HTTP/1.1" 200 459 "-" "Jetpack by WordPress.com (Jetpack 12.5; WordPress 6.1)"
103.189.201.223 - - [18/Aug/2026:07:13:17 +0300] "POST /?rest_route=/batch/v1 HTTP/1.1" 207 1306 "-" "Mozilla/5.0 (Windows NT 10.0; Win64; x64) AppleWebKit/537.36 (KHTML, like Gecko) Chrome/150.0.0.0 Safari/537.36"
103.189.201.223 - - [18/Aug/2026:07:13:17 +0300] "GET /wp2shell-phpinfo-2fffd1fa.php HTTP/1.1" 404 11133 "-" "Mozilla/5.0 (Windows NT 10.0; Win64; x64) AppleWebKit/537.36 (KHTML, like Gecko) Chrome/150.0.0.0 Safari/537.36"
152.59.89.247 - - [18/Aug/2026:07:13:37 +0300] "POST /xmlrpc.php HTTP/1.1" 200 459 "-" "Jetpack/13.0; WordPress/6.2; http://site49258449.com"
152.59.87.142 - - [18/Aug/2026:07:13:41 +0300] "POST /xmlrpc.php HTTP/1.1" 408 0 "-" "Jetpack by WordPress.com (Jetpack 12.0; WordPress 6.1)"
152.59.89.247 - - [18/Aug/2026:07:13:46 +0300] "POST /xmlrpc.php HTTP/1.1" 200 459 "-" "WordPress.com; https://wordpress.com"
152.59.89.247 - - [18/Aug/2026:07:13:57 +0300] "POST /xmlrpc.php HTTP/1.1" 200 459 "-" "Jetpack by WordPress.com (Jetpack 13.0; WordPress 6.4)"
152.59.89.247 - - [18/Aug/2026:07:14:08 +0300] "POST /xmlrpc.php HTTP/1.1" 200 459 "-" "WordPress.com; https://wordpress.com"
152.59.89.247 - - [18/Aug/2026:07:14:18 +0300] "POST /xmlrpc.php HTTP/1.1" 200 459 "-" "WordPress.com; https://wordpress.com"
152.59.89.247 - - [18/Aug/2026:07:14:28 +0300] "POST /xmlrpc.php HTTP/1.1" 200 459 "-" "Jetpack by WordPress.com"
152.59.89.247 - - [18/Aug/2026:07:14:39 +0300] "POST /xmlrpc.php HTTP/1.1" 200 459 "-" "Jetpack by WordPress.com"
152.59.89.247 - - [18/Aug/2026:07:14:50 +0300] "POST /xmlrpc.php HTTP/1.1" 200 459 "-" "WordPress.com; https://wordpress.com"
152.59.89.247 - - [18/Aug/2026:07:15:00 +0300] "POST /xmlrpc.php HTTP/1.1" 200 459 "-" "WordPress.com; https://wordpress.com"
152.59.89.247 - - [18/Aug/2026:07:15:11 +0300] "POST /xmlrpc.php HTTP/1.1" 200 459 "-" "WordPress.com; https://wordpress.com"
152.59.89.247 - - [18/Aug/2026:07:15:22 +0300] "POST /xmlrpc.php HTTP/1.1" 200 459 "-" "Jetpack/12.0; WordPress/6.1; http://site31164244.com"
152.59.89.247 - - [18/Aug/2026:07:15:32 +0300] "POST /xmlrpc.php HTTP/1.1" 200 459 "-" "Jetpack by WordPress.com"
75.119.155.172 - - [18/Aug/2026:07:15:32 +0300] "GET /%D0%90%D0%B2%D1%82%D0%BE%D0%BC%D0%B0%D1%82%D0%B8%D1%87%D0%B5%D1%81%D0%BA%D0%B0%D1%8F-%D0%BF%D0%B5%D1%80%D0%B5%D0%B7%D0%B0%D0%B3%D1%80%D1%83%D0%B7%D0%BA%D0%B0-%D0%BF%D1%80%D0%B8-kernel-panic/feed/ HTTP/1.1" 200 1218 "-" "Mozilla/5.0 (compatible; MJ12bot/v1.4.8; http://mj12bot.com/)"
75.119.155.172 - - [18/Aug/2026:07:15:34 +0300] "GET /%D0%BF%D1%80%D0%B8%D0%BC%D0%B5%D1%80-%D0%BD%D0%B0%D1%81%D1%82%D1%80%D0%BE%D0%B9%D0%BA%D0%B8-%D0%BA%D0%BB%D0%B0%D1%81%D1%81%D0%B8%D1%87%D0%B5%D1%81%D0%BA%D0%BE%D0%B9-%D0%B0%D0%B2%D1%82%D0%BE%D1%80/feed/ HTTP/1.1" 200 1247 "-" "Mozilla/5.0 (compatible; MJ12bot/v1.4.8; http://mj12bot.com/)"
75.119.155.172 - - [18/Aug/2026:07:15:36 +0300] "GET /%D0%BF%D1%80%D0%B8%D0%BC%D0%B5%D1%80-%D0%BF%D0%BE%D0%B4%D0%BA%D0%BB%D1%8E%D1%87%D0%B5%D0%BD%D0%B8%D1%8F-%D0%BB%D0%BE%D0%BA%D0%B0%D0%BB%D1%8C%D0%BD%D0%BE%D0%B9-%D1%81%D0%B5%D1%82%D0%B8-%D0%BA-%D0%B8/ HTTP/1.1" 200 16908 "-" "Mozilla/5.0 (compatible; MJ12bot/v1.4.8; http://mj12bot.com/)"
75.119.155.172 - - [18/Aug/2026:07:15:38 +0300] "GET /%D0%BF%D1%80%D0%B8%D0%BC%D0%B5%D1%80-%D0%BF%D0%BE%D0%B4%D0%BA%D0%BB%D1%8E%D1%87%D0%B5%D0%BD%D0%B8%D1%8F-%D0%BB%D0%BE%D0%BA%D0%B0%D0%BB%D1%8C%D0%BD%D0%BE%D0%B9-%D1%81%D0%B5%D1%82%D0%B8-%D0%BA-%D0%B8/feed/ HTTP/1.1" 200 1292 "-" "Mozilla/5.0 (compatible; MJ12bot/v1.4.8; http://mj12bot.com/)"
75.119.155.172 - - [18/Aug/2026:07:15:40 +0300] "GET /%D0%BF%D1%80%D0%BE%D0%B7%D1%80%D0%B0%D1%87%D0%BD%D0%BE%D0%B5-%D0%BF%D1%80%D0%BE%D0%BA%D1%81%D0%B8%D1%80%D0%BE%D0%B2%D0%B0%D0%BD%D0%B8%D0%B5-%D1%81-%D0%BF%D0%BE%D0%BC%D0%BE%D1%89%D1%8C%D1%8E-netfilter/ HTTP/1.1" 200 14347 "-" "Mozilla/5.0 (compatible; MJ12bot/v1.4.8; http://mj12bot.com/)"
75.119.155.172 - - [18/Aug/2026:07:15:42 +0300] "GET /nat-%D0%BF%D1%80%D0%BE%D0%B8%D0%B7%D0%B2%D0%BE%D0%B4%D0%B8%D1%82%D0%B5%D0%BB%D1%8C%D0%BD%D0%BE%D1%81%D1%82%D1%8C/feed/ HTTP/1.1" 200 1031 "-" "Mozilla/5.0 (compatible; MJ12bot/v1.4.8; http://mj12bot.com/)"
152.59.89.247 - - [18/Aug/2026:07:15:43 +0300] "POST /xmlrpc.php HTTP/1.1" 200 459 "-" "WordPress.com; https://wordpress.com"
75.119.155.172 - - [18/Aug/2026:07:15:44 +0300] "GET /no_pubkey-%D0%BF%D0%BE%D0%BB%D1%83%D1%87%D0%B5%D0%BD%D0%B8%D0%B5-gpg-%D0%BA%D0%BB%D1%8E%D1%87%D0%B0/ HTTP/1.1" 200 12400 "-" "Mozilla/5.0 (compatible; MJ12bot/v1.4.8; http://mj12bot.com/)"
75.119.155.172 - - [18/Aug/2026:07:15:46 +0300] "GET /open-graph-%D1%82%D1%8D%D0%B3%D0%B8-%D0%B2%D1%80%D1%83%D1%87%D0%BD%D1%83%D1%8E-%D0%B4%D0%BB%D1%8F-%D1%82%D0%B5%D0%BC-wordpress/ HTTP/1.1" 200 13223 "-" "Mozilla/5.0 (compatible; MJ12bot/v1.4.8; http://mj12bot.com/)"
75.119.155.172 - - [18/Aug/2026:07:15:48 +0300] "GET /proxy-%D1%81%D0%B5%D1%80%D0%B2%D0%B5%D1%80-ffproxy/ HTTP/1.1" 200 12008 "-" "Mozilla/5.0 (compatible; MJ12bot/v1.4.8; http://mj12bot.com/)"
75.119.155.172 - - [18/Aug/2026:07:15:50 +0300] "GET /python-%D0%B8-twisted/ HTTP/1.1" 200 14684 "-" "Mozilla/5.0 (compatible; MJ12bot/v1.4.8; http://mj12bot.com/)"
75.119.155.172 - - [18/Aug/2026:07:15:51 +0300] "GET /qos-%D0%BA%D0%B0%D1%87%D0%B5%D1%81%D1%82%D0%B2%D0%BE-%D0%BE%D0%B1%D1%81%D0%BB%D1%83%D0%B6%D0%B8%D0%B2%D0%B0%D0%BD%D0%B8%D1%8F-%D0%B2-%D0%BE%D0%BF%D0%B5%D1%80%D0%B0%D1%82%D0%BE%D1%80%D1%81%D0%BA%D0%B8/feed/ HTTP/1.1" 200 1250 "-" "Mozilla/5.0 (compatible; MJ12bot/v1.4.8; http://mj12bot.com/)"
82.148.16.210 - - [18/Aug/2026:07:15:54 +0300] "POST /wp-cron.php?doing_wp_cron=1787026553.9555709362030029296875 HTTP/1.1" 499 0 "-" "WordPress/6.9.1; https://891rpm.com"
75.119.155.172 - - [18/Aug/2026:07:15:54 +0300] "GET /remmina-rdpvnc-%D0%BA%D0%BB%D0%B8%D0%B5%D0%BD%D1%82/feed/ HTTP/1.1" 200 905 "-" "Mozilla/5.0 (compatible; MJ12bot/v1.4.8; http://mj12bot.com/)"
152.59.89.247 - - [18/Aug/2026:07:15:54 +0300] "POST /xmlrpc.php HTTP/1.1" 200 459 "-" "Jetpack/13.0; WordPress/6.4; http://site24653943.com"
75.119.155.172 - - [18/Aug/2026:07:15:56 +0300] "GET /rtmp-%D1%81%D0%B5%D1%80%D0%B2%D0%B5%D1%80-%D0%BD%D0%B0-debian-linux/ HTTP/1.1" 200 11722 "-" "Mozilla/5.0 (compatible; MJ12bot/v1.4.8; http://mj12bot.com/)"
75.119.155.172 - - [18/Aug/2026:07:15:58 +0300] "GET /ssh-%D0%B1%D0%B5%D1%81%D0%BF%D0%B0%D1%80%D0%BE%D0%BB%D1%8C%D0%BD%D0%B0%D1%8F-%D0%B0%D1%83%D1%82%D0%B5%D0%BD%D1%82%D0%B8%D1%84%D0%B8%D0%BA%D0%B0%D1%86%D0%B8%D1%8F-%D1%81-%D0%BF%D0%BE%D0%BC%D0%BE/feed/ HTTP/1.1" 200 1246 "-" "Mozilla/5.0 (compatible; MJ12bot/v1.4.8; http://mj12bot.com/)"
75.119.155.172 - - [18/Aug/2026:07:15:59 +0300] "GET /ssh-%D0%B1%D0%B5%D1%81%D0%BF%D0%B0%D1%80%D0%BE%D0%BB%D1%8C%D0%BD%D0%B0%D1%8F-%D0%B0%D1%83%D1%82%D0%B5%D0%BD%D1%82%D0%B8%D1%84%D0%B8%D0%BA%D0%B0%D1%86%D0%B8%D1%8F-%D1%81-%D0%BF%D0%BE%D0%BC%D0%BE/ HTTP/1.1" 200 12615 "-" "Mozilla/5.0 (compatible; MJ12bot/v1.4.8; http://mj12bot.com/)"
75.119.155.172 - - [18/Aug/2026:07:16:01 +0300] "GET /starcraft-2-%D0%BD%D0%B0-linux/ HTTP/1.1" 200 12838 "-" "Mozilla/5.0 (compatible; MJ12bot/v1.4.8; http://mj12bot.com/)"
75.119.155.172 - - [18/Aug/2026:07:16:03 +0300] "GET /starcraft-2-%D0%BD%D0%B0-linux/feed/ HTTP/1.1" 200 849 "-" "Mozilla/5.0 (compatible; MJ12bot/v1.4.8; http://mj12bot.com/)"
152.59.89.247 - - [18/Aug/2026:07:16:04 +0300] "POST /xmlrpc.php HTTP/1.1" 200 459 "-" "Jetpack by WordPress.com (Jetpack 12.0; WordPress 6.3)"
75.119.155.172 - - [18/Aug/2026:07:16:05 +0300] "GET /synology-ds509-%D0%B8-dx5/feed/ HTTP/1.1" 200 839 "-" "Mozilla/5.0 (compatible; MJ12bot/v1.4.8; http://mj12bot.com/)"
75.119.155.172 - - [18/Aug/2026:07:16:07 +0300] "GET /%D0%B7%D0%B0%D0%BF%D1%83%D1%81%D0%BA-%D1%81%D0%B0%D0%B9%D1%82%D0%BE%D0%B2-%D0%BE%D1%82-%D1%80%D0%B0%D0%B7%D0%BD%D1%8B%D1%85-%D0%BF%D0%BE%D0%BB%D1%8C%D0%B7%D0%BE%D0%B2%D0%B0%D1%82%D0%B5%D0%BB%D0%B5/ HTTP/1.1" 200 13325 "-" "Mozilla/5.0 (compatible; MJ12bot/v1.4.8; http://mj12bot.com/)"
75.119.155.172 - - [18/Aug/2026:07:16:09 +0300] "GET /%D0%B7%D0%B0%D1%89%D0%B8%D1%82%D0%B0-asterisk-%D0%B8%D0%BB%D0%B8-%D0%BA%D1%83%D0%B1%D0%B8%D0%BD%D1%81%D0%BA%D0%B0%D1%8F-%D1%8D%D0%BF%D0%B8%D0%B4%D0%B5%D0%BC%D0%B8%D1%8F/ HTTP/1.1" 200 12793 "-" "Mozilla/5.0 (compatible; MJ12bot/v1.4.8; http://mj12bot.com/)"
75.119.155.172 - - [18/Aug/2026:07:16:11 +0300] "GET /%D0%B7%D0%B0%D1%89%D0%B8%D1%82%D0%B0-%D0%BE%D1%82-apache-%D0%BE%D1%82-ddos-%D0%B0%D1%82%D0%B0%D0%BA/ HTTP/1.1" 200 14430 "-" "Mozilla/5.0 (compatible; MJ12bot/v1.4.8; http://mj12bot.com/)"
103.189.201.223 - - [18/Aug/2026:07:16:11 +0300] "POST /?rest_route=/batch/v1 HTTP/1.1" 207 1306 "-" "Mozilla/5.0 (Windows NT 10.0; Win64; x64) AppleWebKit/537.36 (KHTML, like Gecko) Chrome/150.0.0.0 Safari/537.36"
103.189.201.223 - - [18/Aug/2026:07:16:12 +0300] "GET /wp-content/mu-plugins/wp-847e97.php HTTP/1.1" 404 11133 "-" "Mozilla/5.0 (Windows NT 10.0; Win64; x64) AppleWebKit/537.36 (KHTML, like Gecko) Chrome/150.0.0.0 Safari/537.36"
103.189.201.223 - - [18/Aug/2026:07:16:13 +0300] "POST /?rest_route=/batch/v1 HTTP/1.1" 207 1306 "-" "Mozilla/5.0 (Windows NT 10.0; Win64; x64) AppleWebKit/537.36 (KHTML, like Gecko) Chrome/150.0.0.0 Safari/537.36"
75.119.155.172 - - [18/Aug/2026:07:16:13 +0300] "GET /%D0%B7%D0%B0%D1%89%D0%B8%D1%82%D0%B0-%D0%BE%D1%82-syn-flood/ HTTP/1.1" 200 12330 "-" "Mozilla/5.0 (compatible; MJ12bot/v1.4.8; http://mj12bot.com/)"
103.189.201.223 - - [18/Aug/2026:07:16:13 +0300] "GET /wp-content/plugins/wp-847e97.php HTTP/1.1" 404 11133 "-" "Mozilla/5.0 (Windows NT 10.0; Win64; x64) AppleWebKit/537.36 (KHTML, like Gecko) Chrome/150.0.0.0 Safari/537.36"
103.189.201.223 - - [18/Aug/2026:07:16:14 +0300] "POST /?rest_route=/batch/v1 HTTP/1.1" 207 1306 "-" "Mozilla/5.0 (Windows NT 10.0; Win64; x64) AppleWebKit/537.36 (KHTML, like Gecko) Chrome/150.0.0.0 Safari/537.36"
152.59.89.247 - - [18/Aug/2026:07:16:14 +0300] "POST /xmlrpc.php HTTP/1.1" 200 459 "-" "Jetpack/12.0; WordPress/6.3; http://site34823095.com"
75.119.155.172 - - [18/Aug/2026:07:16:15 +0300] "GET /%D0%B7%D0%B0%D1%89%D0%B8%D1%82%D0%B0-%D0%BE%D1%82-%D0%B1%D1%80%D1%83%D1%82%D1%84%D0%BE%D1%80%D1%81%D0%B0-ssh-ftp-http-fail2ban/ HTTP/1.1" 200 12677 "-" "Mozilla/5.0 (compatible; MJ12bot/v1.4.8; http://mj12bot.com/)"
75.119.155.172 - - [18/Aug/2026:07:16:17 +0300] "GET /%D0%B8%D0%BD%D1%81%D1%82%D1%80%D1%83%D0%BC%D0%B5%D0%BD%D1%82%D1%8B-%D0%BE%D0%B1%D0%B5%D1%81%D0%BF%D0%B5%D1%87%D0%B5%D0%BD%D0%B8%D0%B5-%D0%BA%D0%B0%D1%87%D0%B5%D1%81%D1%82%D0%B2%D0%B0-%D0%BF%D1%80/ HTTP/1.1" 200 13775 "-" "Mozilla/5.0 (compatible; MJ12bot/v1.4.8; http://mj12bot.com/)"
75.119.155.172 - - [18/Aug/2026:07:16:19 +0300] "GET /%D0%B8%D0%BD%D1%82%D0%B5%D1%80%D1%84%D0%B5%D0%B9%D1%81%D1%8B-%D0%BA-socks5/ HTTP/1.1" 200 12433 "-" "Mozilla/5.0 (compatible; MJ12bot/v1.4.8; http://mj12bot.com/)"
75.119.155.172 - - [18/Aug/2026:07:16:21 +0300] "GET /%D0%B8%D1%81%D0%BF%D0%BE%D0%BB%D1%8C%D0%B7%D0%BE%D0%B2%D0%B0%D0%BD%D0%B8%D0%B5-%D0%B0%D0%B2%D1%82%D0%BE%D1%80%D0%B8%D0%B7%D0%B0%D1%86%D0%B8%D0%B8-%D0%BF%D0%BE%D0%BB%D1%8C%D0%B7%D0%BE%D0%B2%D0%B0%D1%82/ HTTP/1.1" 200 13617 "-" "Mozilla/5.0 (compatible; MJ12bot/v1.4.8; http://mj12bot.com/)"
75.119.155.172 - - [18/Aug/2026:07:16:23 +0300] "GET /%D0%BA%D0%B0%D0%BA-%D0%BD%D0%B0%D1%87%D0%B0%D1%82%D1%8C-%D0%BF%D1%80%D0%BE%D0%B5%D0%BA%D1%82-%D0%BD%D0%B0-django/ HTTP/1.1" 200 14617 "-" "Mozilla/5.0 (compatible; MJ12bot/v1.4.8; http://mj12bot.com/)"
152.59.89.247 - - [18/Aug/2026:07:16:25 +0300] "POST /xmlrpc.php HTTP/1.1" 200 459 "-" "Jetpack by WordPress.com (Jetpack 12.0; WordPress 6.3)"
75.119.155.172 - - [18/Aug/2026:07:16:25 +0300] "GET /%D0%BA%D0%B0%D0%BA-%D1%80%D0%B0%D0%B7%D0%B1%D0%B8%D1%82%D1%8C-tar-gz-%D0%B0%D1%80%D1%85%D0%B8%D0%B2-%D0%BD%D0%B0-%D1%82%D0%BE%D0%BC%D0%B0-%D0%B8-%D0%BA%D0%B0%D0%BA-%D0%B5%D0%B3%D0%BE-%D0%BF%D0%BE/ HTTP/1.1" 200 11912 "-" "Mozilla/5.0 (compatible; MJ12bot/v1.4.8; http://mj12bot.com/)"
82.148.16.210 - - [18/Aug/2026:07:16:36 +0300] "POST /wp-cron.php?doing_wp_cron=1787026596.0484549999237060546875 HTTP/1.1" 499 0 "-" "WordPress/6.9.1; https://891rpm.com"
152.59.89.247 - - [18/Aug/2026:07:16:36 +0300] "POST /xmlrpc.php HTTP/1.1" 200 459 "-" "Jetpack by WordPress.com"
152.59.89.247 - - [18/Aug/2026:07:16:46 +0300] "POST /xmlrpc.php HTTP/1.1" 200 459 "-" "Jetpack by WordPress.com (Jetpack 12.0; WordPress 6.4)"
216.244.66.230 - - [18/Aug/2026:07:16:50 +0300] "GET /robots.txt HTTP/1.1" 301 162 "-" "Mozilla/5.0 (compatible; DotBot/1.2; +https://opensiteexplorer.org/dotbot; help@moz.com)"
152.59.89.247 - - [18/Aug/2026:07:16:57 +0300] "POST /xmlrpc.php HTTP/1.1" 200 459 "-" "Jetpack by WordPress.com"
152.59.89.247 - - [18/Aug/2026:07:17:08 +0300] "POST /xmlrpc.php HTTP/1.1" 200 459 "-" "Jetpack/13.0; WordPress/6.3; http://site60583205.com"
152.59.89.247 - - [18/Aug/2026:07:17:18 +0300] "POST /xmlrpc.php HTTP/1.1" 200 459 "-" "Jetpack by WordPress.com"
152.59.89.247 - - [18/Aug/2026:07:17:29 +0300] "POST /xmlrpc.php HTTP/1.1" 200 459 "-" "WordPress.com; https://wordpress.com"
152.59.89.247 - - [18/Aug/2026:07:17:39 +0300] "POST /xmlrpc.php HTTP/1.1" 200 459 "-" "Jetpack by WordPress.com (Jetpack 12.0; WordPress 6.3)"
152.59.89.247 - - [18/Aug/2026:07:17:50 +0300] "POST /xmlrpc.php HTTP/1.1" 200 459 "-" "Jetpack by WordPress.com (Jetpack 12.1; WordPress 6.3)"
152.59.89.247 - - [18/Aug/2026:07:18:01 +0300] "POST /xmlrpc.php HTTP/1.1" 200 459 "-" "Jetpack/12.1; WordPress/6.4; http://site87203497.com"
152.59.89.247 - - [18/Aug/2026:07:18:11 +0300] "POST /xmlrpc.php HTTP/1.1" 200 459 "-" "Jetpack by WordPress.com (Jetpack 12.0; WordPress 6.3)"
152.59.89.247 - - [18/Aug/2026:07:18:22 +0300] "POST /xmlrpc.php HTTP/1.1" 200 459 "-" "Jetpack by WordPress.com"
152.59.89.247 - - [18/Aug/2026:07:18:32 +0300] "POST /xmlrpc.php HTTP/1.1" 200 459 "-" "WordPress.com; https://wordpress.com"
152.59.89.247 - - [18/Aug/2026:07:18:43 +0300] "POST /xmlrpc.php HTTP/1.1" 200 459 "-" "Jetpack by WordPress.com (Jetpack 13.0; WordPress 6.4)"
152.59.89.247 - - [18/Aug/2026:07:18:53 +0300] "POST /xmlrpc.php HTTP/1.1" 200 459 "-" "Jetpack by WordPress.com (Jetpack 12.0; WordPress 6.1)"
152.59.89.247 - - [18/Aug/2026:07:19:04 +0300] "POST /xmlrpc.php HTTP/1.1" 200 459 "-" "Jetpack by WordPress.com"
152.59.89.247 - - [18/Aug/2026:07:19:14 +0300] "POST /xmlrpc.php HTTP/1.1" 200 459 "-" "Jetpack by WordPress.com (Jetpack 13.0; WordPress 6.4)"
152.59.89.247 - - [18/Aug/2026:07:19:25 +0300] "POST /xmlrpc.php HTTP/1.1" 200 459 "-" "Jetpack by WordPress.com (Jetpack 12.0; WordPress 6.3)"
152.59.89.247 - - [18/Aug/2026:07:19:36 +0300] "POST /xmlrpc.php HTTP/1.1" 200 459 "-" "Jetpack/12.5; WordPress/6.1; http://site19461207.com"
66.249.76.136 - - [18/Aug/2026:07:19:36 +0300] "GET /shop/balanced/brother085000184.shtml HTTP/1.1" 404 11133 "-" "Mozilla/5.0 (Linux; Android 6.0.1; Nexus 5X Build/MMB29P) AppleWebKit/537.36 (KHTML, like Gecko) Chrome/151.0.7922.137 Mobile Safari/537.36 (compatible; Googlebot/2.1; +http://www.google.com/bot.html)"
152.59.89.247 - - [18/Aug/2026:07:19:46 +0300] "POST /xmlrpc.php HTTP/1.1" 200 459 "-" "WordPress.com; https://wordpress.com"
103.130.18.61 - - [18/Aug/2026:07:19:56 +0300] "GET / HTTP/1.1" 200 145583 "-" "wp2shell"
152.59.89.247 - - [18/Aug/2026:07:19:57 +0300] "POST /xmlrpc.php HTTP/1.1" 200 459 "-" "Jetpack by WordPress.com (Jetpack 12.1; WordPress 6.1)"
103.130.18.61 - - [18/Aug/2026:07:19:58 +0300] "POST /?rest_route=/batch/v1 HTTP/1.1" 207 1493 "-" "wp2shell"
152.59.89.247 - - [18/Aug/2026:07:20:07 +0300] "POST /xmlrpc.php HTTP/1.1" 200 459 "-" "Jetpack by WordPress.com"
152.59.89.247 - - [18/Aug/2026:07:20:18 +0300] "POST /xmlrpc.php HTTP/1.1" 200 459 "-" "Jetpack by WordPress.com (Jetpack 12.0; WordPress 6.2)"
152.59.89.247 - - [18/Aug/2026:07:20:28 +0300] "POST /xmlrpc.php HTTP/1.1" 200 459 "-" "WordPress.com; https://wordpress.com"
144.76.32.238 - - [18/Aug/2026:07:20:37 +0300] "GET /shopdetail/dig/268013040 HTTP/1.1" 404 11133 "-" "Mozilla/5.0 (compatible; SERankingBacklinksBot/1.0; +https://seranking.com/backlinks-crawler)"
152.59.89.247 - - [18/Aug/2026:07:20:39 +0300] "POST /xmlrpc.php HTTP/1.1" 200 459 "-" "Jetpack/12.1; WordPress/6.3; http://site96211490.com"
152.59.89.247 - - [18/Aug/2026:07:20:49 +0300] "POST /xmlrpc.php HTTP/1.1" 200 459 "-" "Jetpack by WordPress.com"
152.59.89.247 - - [18/Aug/2026:07:21:00 +0300] "POST /xmlrpc.php HTTP/1.1" 200 459 "-" "Jetpack by WordPress.com"
152.59.89.247 - - [18/Aug/2026:07:21:10 +0300] "POST /xmlrpc.php HTTP/1.1" 200 459 "-" "Jetpack by WordPress.com (Jetpack 12.5; WordPress 6.4)"
152.59.89.247 - - [18/Aug/2026:07:21:21 +0300] "POST /xmlrpc.php HTTP/1.1" 200 459 "-" "Jetpack by WordPress.com"
152.59.89.247 - - [18/Aug/2026:07:21:31 +0300] "POST /xmlrpc.php HTTP/1.1" 200 459 "-" "WordPress.com; https://wordpress.com"
152.59.89.247 - - [18/Aug/2026:07:21:42 +0300] "POST /xmlrpc.php HTTP/1.1" 200 459 "-" "Jetpack by WordPress.com"
152.59.89.247 - - [18/Aug/2026:07:21:52 +0300] "POST /xmlrpc.php HTTP/1.1" 200 459 "-" "WordPress.com; https://wordpress.com"
152.59.89.247 - - [18/Aug/2026:07:22:03 +0300] "POST /xmlrpc.php HTTP/1.1" 200 459 "-" "WordPress.com; https://wordpress.com"
152.59.89.247 - - [18/Aug/2026:07:22:13 +0300] "POST /xmlrpc.php HTTP/1.1" 200 459 "-" "Jetpack by WordPress.com (Jetpack 12.0; WordPress 6.4)"
152.59.89.247 - - [18/Aug/2026:07:22:24 +0300] "POST /xmlrpc.php HTTP/1.1" 200 459 "-" "Jetpack by WordPress.com"
152.59.89.247 - - [18/Aug/2026:07:22:35 +0300] "POST /xmlrpc.php HTTP/1.1" 200 459 "-" "Jetpack by WordPress.com (Jetpack 12.0; WordPress 6.1)"
152.59.89.247 - - [18/Aug/2026:07:22:45 +0300] "POST /xmlrpc.php HTTP/1.1" 200 459 "-" "Jetpack by WordPress.com (Jetpack 12.1; WordPress 6.3)"
152.59.89.247 - - [18/Aug/2026:07:22:56 +0300] "POST /xmlrpc.php HTTP/1.1" 200 459 "-" "Jetpack by WordPress.com"
154.83.197.94 - - [18/Aug/2026:07:23:03 +0300] "GET / HTTP/1.1" 200 38538 "https://82.148.16.210:443" "Mozilla/5.0 (Macintosh; Intel Mac OS X 10_7_3) AppleWebKit/534.55.3 (KHTML, like Gecko) Version/5.1.3 Safari/534.53.10"
152.59.89.247 - - [18/Aug/2026:07:23:06 +0300] "POST /xmlrpc.php HTTP/1.1" 200 459 "-" "Jetpack/12.0; WordPress/6.1; http://site42211892.com"
154.83.197.94 - - [18/Aug/2026:07:23:11 +0300] "GET /comments/feed/ HTTP/1.1" 200 5272 "-" "Mozilla/5.0 (Macintosh; Intel Mac OS X 10_7_3) AppleWebKit/534.55.3 (KHTML, like Gecko) Version/5.1.3 Safari/534.53.10"
154.83.197.94 - - [18/Aug/2026:07:23:12 +0300] "GET /feed/ HTTP/1.1" 200 12990 "-" "Mozilla/5.0 (Macintosh; Intel Mac OS X 10_7_3) AppleWebKit/534.55.3 (KHTML, like Gecko) Version/5.1.3 Safari/534.53.10"
152.59.89.247 - - [18/Aug/2026:07:23:17 +0300] "POST /xmlrpc.php HTTP/1.1" 200 459 "-" "WordPress.com; https://wordpress.com"
152.59.89.247 - - [18/Aug/2026:07:23:27 +0300] "POST /xmlrpc.php HTTP/1.1" 200 459 "-" "WordPress.com; https://wordpress.com"
152.59.89.247 - - [18/Aug/2026:07:23:38 +0300] "POST /xmlrpc.php HTTP/1.1" 200 459 "-" "WordPress.com; https://wordpress.com"
152.59.89.247 - - [18/Aug/2026:07:23:48 +0300] "POST /xmlrpc.php HTTP/1.1" 200 459 "-" "Jetpack by WordPress.com (Jetpack 12.0; WordPress 6.1)"
152.59.89.247 - - [18/Aug/2026:07:23:58 +0300] "POST /xmlrpc.php HTTP/1.1" 200 459 "-" "Jetpack/12.0; WordPress/6.2; http://site37613536.com"
152.59.89.247 - - [18/Aug/2026:07:24:10 +0300] "POST /xmlrpc.php HTTP/1.1" 200 459 "-" "WordPress.com; https://wordpress.com"
169.0.4.227 - - [18/Aug/2026:07:24:13 +0300] "POST /xmlrpc.php HTTP/1.1" 200 459 "-" "WordPress.com; https://wordpress.com"
152.59.89.247 - - [18/Aug/2026:07:24:20 +0300] "POST /xmlrpc.php HTTP/1.1" 200 459 "-" "Jetpack by WordPress.com (Jetpack 12.1; WordPress 6.1)"
169.0.4.227 - - [18/Aug/2026:07:24:22 +0300] "POST /xmlrpc.php HTTP/1.1" 200 459 "-" "Jetpack/12.5; WordPress/6.2; http://site69021879.com"
152.59.89.247 - - [18/Aug/2026:07:24:30 +0300] "POST /xmlrpc.php HTTP/1.1" 200 459 "-" "Jetpack by WordPress.com"
169.0.4.227 - - [18/Aug/2026:07:24:33 +0300] "POST /xmlrpc.php HTTP/1.1" 200 459 "-" "WordPress.com; https://wordpress.com"
154.83.197.94 - - [18/Aug/2026:07:24:38 +0300] "GET /favicon.ico HTTP/1.1" 302 16 "https://82.148.16.210:443/favicon.ico" "Mozilla/5.0 (Windows NT 10.0; Win64; x64) AppleWebKit/537.36 (KHTML, like Gecko) Chrome/137.0.0.0 Safari/537.36"
152.59.89.247 - - [18/Aug/2026:07:24:41 +0300] "POST /xmlrpc.php HTTP/1.1" 200 459 "-" "Jetpack by WordPress.com"
169.0.4.227 - - [18/Aug/2026:07:24:43 +0300] "POST /xmlrpc.php HTTP/1.1" 200 459 "-" "Jetpack by WordPress.com"
152.59.89.247 - - [18/Aug/2026:07:24:51 +0300] "POST /xmlrpc.php HTTP/1.1" 200 459 "-" "Jetpack/12.0; WordPress/6.4; http://site49815373.com"
169.0.4.227 - - [18/Aug/2026:07:24:54 +0300] "POST /xmlrpc.php HTTP/1.1" 200 459 "-" "Jetpack by WordPress.com (Jetpack 13.0; WordPress 6.3)"
216.73.216.79 - - [18/Aug/2026:07:24:56 +0300] "GET / HTTP/2.0" 200 38517 "-" "Mozilla/5.0 AppleWebKit/537.36 (KHTML, like Gecko; compatible; ClaudeBot/1.0; +claudebot@anthropic.com)"
152.59.89.247 - - [18/Aug/2026:07:25:02 +0300] "POST /xmlrpc.php HTTP/1.1" 200 459 "-" "WordPress.com; https://wordpress.com"
152.59.89.247 - - [18/Aug/2026:07:25:12 +0300] "POST /xmlrpc.php HTTP/1.1" 200 459 "-" "Jetpack by WordPress.com (Jetpack 13.0; WordPress 6.2)"
169.0.4.227 - - [18/Aug/2026:07:25:20 +0300] "POST /xmlrpc.php HTTP/1.1" 200 459 "-" "Jetpack by WordPress.com"
152.59.89.247 - - [18/Aug/2026:07:25:23 +0300] "POST /xmlrpc.php HTTP/1.1" 200 459 "-" "Jetpack by WordPress.com (Jetpack 12.5; WordPress 6.3)"
169.0.4.227 - - [18/Aug/2026:07:25:31 +0300] "POST /xmlrpc.php HTTP/1.1" 200 459 "-" "Jetpack by WordPress.com"
152.59.89.247 - - [18/Aug/2026:07:25:33 +0300] "POST /xmlrpc.php HTTP/1.1" 200 459 "-" "WordPress.com; https://wordpress.com"
169.0.4.227 - - [18/Aug/2026:07:25:41 +0300] "POST /xmlrpc.php HTTP/1.1" 200 459 "-" "Jetpack by WordPress.com (Jetpack 12.1; WordPress 6.4)"
152.59.89.247 - - [18/Aug/2026:07:25:44 +0300] "POST /xmlrpc.php HTTP/1.1" 200 459 "-" "Jetpack by WordPress.com"
169.0.4.227 - - [18/Aug/2026:07:25:52 +0300] "POST /xmlrpc.php HTTP/1.1" 200 459 "-" "Jetpack by WordPress.com"
152.59.89.247 - - [18/Aug/2026:07:25:54 +0300] "POST /xmlrpc.php HTTP/1.1" 200 459 "-" "Jetpack by WordPress.com (Jetpack 12.1; WordPress 6.3)"
169.0.4.227 - - [18/Aug/2026:07:26:02 +0300] "POST /xmlrpc.php HTTP/1.1" 200 459 "-" "Jetpack by WordPress.com (Jetpack 12.1; WordPress 6.4)"
152.59.89.247 - - [18/Aug/2026:07:26:05 +0300] "POST /xmlrpc.php HTTP/1.1" 200 459 "-" "Jetpack/12.5; WordPress/6.4; http://site55205328.com"
169.0.4.227 - - [18/Aug/2026:07:26:13 +0300] "POST /xmlrpc.php HTTP/1.1" 200 459 "-" "WordPress.com; https://wordpress.com"
152.59.89.247 - - [18/Aug/2026:07:26:15 +0300] "POST /xmlrpc.php HTTP/1.1" 200 459 "-" "WordPress.com; https://wordpress.com"
169.0.4.227 - - [18/Aug/2026:07:26:24 +0300] "POST /xmlrpc.php HTTP/1.1" 200 459 "-" "Jetpack by WordPress.com"
152.59.89.247 - - [18/Aug/2026:07:26:26 +0300] "POST /xmlrpc.php HTTP/1.1" 200 459 "-" "Jetpack/12.5; WordPress/6.1; http://site80630460.com"
169.0.4.227 - - [18/Aug/2026:07:26:34 +0300] "POST /xmlrpc.php HTTP/1.1" 200 459 "-" "Jetpack by WordPress.com"
152.59.89.247 - - [18/Aug/2026:07:26:36 +0300] "POST /xmlrpc.php HTTP/1.1" 200 459 "-" "Jetpack by WordPress.com (Jetpack 12.0; WordPress 6.1)"
169.0.4.227 - - [18/Aug/2026:07:26:45 +0300] "POST /xmlrpc.php HTTP/1.1" 200 459 "-" "Jetpack by WordPress.com (Jetpack 12.0; WordPress 6.2)"
152.59.89.247 - - [18/Aug/2026:07:26:47 +0300] "POST /xmlrpc.php HTTP/1.1" 200 459 "-" "Jetpack by WordPress.com (Jetpack 12.0; WordPress 6.1)"
169.0.4.227 - - [18/Aug/2026:07:26:56 +0300] "POST /xmlrpc.php HTTP/1.1" 200 459 "-" "WordPress.com; https://wordpress.com"
152.59.89.247 - - [18/Aug/2026:07:26:57 +0300] "POST /xmlrpc.php HTTP/1.1" 200 459 "-" "Jetpack/12.0; WordPress/6.2; http://site22440669.com"
169.0.4.227 - - [18/Aug/2026:07:27:06 +0300] "POST /xmlrpc.php HTTP/1.1" 200 459 "-" "WordPress.com; https://wordpress.com"
216.73.216.79 - - [18/Aug/2026:07:27:07 +0300] "GET /goods.php HTTP/2.0" 404 11120 "-" "Mozilla/5.0 AppleWebKit/537.36 (KHTML, like Gecko; compatible; ClaudeBot/1.0; +claudebot@anthropic.com)"
152.59.89.247 - - [18/Aug/2026:07:27:08 +0300] "POST /xmlrpc.php HTTP/1.1" 200 459 "-" "Jetpack by WordPress.com"
169.0.4.227 - - [18/Aug/2026:07:27:17 +0300] "POST /xmlrpc.php HTTP/1.1" 200 459 "-" "Jetpack by WordPress.com (Jetpack 13.0; WordPress 6.3)"
152.59.89.247 - - [18/Aug/2026:07:27:19 +0300] "POST /xmlrpc.php HTTP/1.1" 200 459 "-" "Jetpack by WordPress.com (Jetpack 13.0; WordPress 6.2)"
169.0.4.227 - - [18/Aug/2026:07:27:28 +0300] "POST /xmlrpc.php HTTP/1.1" 200 459 "-" "WordPress.com; https://wordpress.com"
152.59.89.247 - - [18/Aug/2026:07:27:29 +0300] "POST /xmlrpc.php HTTP/1.1" 200 459 "-" "Jetpack/12.5; WordPress/6.2; http://site81685170.com"
169.0.4.227 - - [18/Aug/2026:07:27:38 +0300] "POST /xmlrpc.php HTTP/1.1" 200 459 "-" "WordPress.com; https://wordpress.com"
152.59.89.247 - - [18/Aug/2026:07:27:40 +0300] "POST /xmlrpc.php HTTP/1.1" 200 459 "-" "Jetpack/12.1; WordPress/6.2; http://site21939523.com"
169.0.4.227 - - [18/Aug/2026:07:27:49 +0300] "POST /xmlrpc.php HTTP/1.1" 200 459 "-" "Jetpack/12.0; WordPress/6.3; http://site19980374.com"
152.59.89.247 - - [18/Aug/2026:07:27:50 +0300] "POST /xmlrpc.php HTTP/1.1" 200 459 "-" "Jetpack/13.0; WordPress/6.3; http://site62403406.com"
169.0.4.227 - - [18/Aug/2026:07:27:59 +0300] "POST /xmlrpc.php HTTP/1.1" 200 459 "-" "Jetpack by WordPress.com"
152.59.89.247 - - [18/Aug/2026:07:28:01 +0300] "POST /xmlrpc.php HTTP/1.1" 200 459 "-" "Jetpack/12.1; WordPress/6.4; http://site14713417.com"
169.0.4.227 - - [18/Aug/2026:07:28:10 +0300] "POST /xmlrpc.php HTTP/1.1" 200 459 "-" "WordPress.com; https://wordpress.com"
152.59.89.247 - - [18/Aug/2026:07:28:11 +0300] "POST /xmlrpc.php HTTP/1.1" 200 459 "-" "WordPress.com; https://wordpress.com"
169.0.4.227 - - [18/Aug/2026:07:28:21 +0300] "POST /xmlrpc.php HTTP/1.1" 200 459 "-" "Jetpack by WordPress.com (Jetpack 13.0; WordPress 6.2)"
152.59.89.247 - - [18/Aug/2026:07:28:22 +0300] "POST /xmlrpc.php HTTP/1.1" 200 459 "-" "Jetpack by WordPress.com (Jetpack 13.0; WordPress 6.4)"
169.0.4.227 - - [18/Aug/2026:07:28:32 +0300] "POST /xmlrpc.php HTTP/1.1" 200 459 "-" "Jetpack/12.5; WordPress/6.4; http://site90611681.com"
152.59.89.247 - - [18/Aug/2026:07:28:32 +0300] "POST /xmlrpc.php HTTP/1.1" 200 459 "-" "Jetpack/12.5; WordPress/6.1; http://site47630898.com"
169.0.4.227 - - [18/Aug/2026:07:28:43 +0300] "POST /xmlrpc.php HTTP/1.1" 200 459 "-" "Jetpack by WordPress.com"
152.59.89.247 - - [18/Aug/2026:07:28:43 +0300] "POST /xmlrpc.php HTTP/1.1" 200 459 "-" "Jetpack by WordPress.com"
185.177.72.11 - - [18/Aug/2026:07:28:47 +0300] "GET /wp-json/gravitysmtp/v1/tests/mock-data?page=gravitysmtp-settings HTTP/1.1" 301 162 "-" "curl/8.7.1"
185.177.72.11 - - [18/Aug/2026:07:28:47 +0300] "GET /wp-json/gravitysmtp/v1/tests/mock-data?page=gravitysmtp-settings HTTP/2.0" 404 173 "-" "curl/8.7.1"
185.177.72.11 - - [18/Aug/2026:07:28:48 +0300] "GET / HTTP/2.0" 200 38517 "-" "curl/8.7.1"
185.177.72.11 - - [18/Aug/2026:07:28:48 +0300] "GET /swagger%2ejson HTTP/2.0" 404 11120 "-" "curl/8.7.1"
185.177.72.11 - - [18/Aug/2026:07:28:49 +0300] "GET /about HTTP/2.0" 301 6 "-" "curl/8.7.1"
185.177.72.11 - - [18/Aug/2026:07:28:49 +0300] "GET /about-me/ HTTP/2.0" 200 10543 "-" "curl/8.7.1"
185.177.72.11 - - [18/Aug/2026:07:28:50 +0300] "GET /contact HTTP/2.0" 301 6 "-" "curl/8.7.1"
185.177.72.11 - - [18/Aug/2026:07:28:50 +0300] "GET /contact/ HTTP/2.0" 200 10770 "-" "curl/8.7.1"
185.177.72.11 - - [18/Aug/2026:07:28:50 +0300] "GET /products HTTP/2.0" 404 11120 "-" "curl/8.7.1"
185.177.72.11 - - [18/Aug/2026:07:28:51 +0300] "GET /blog HTTP/2.0" 404 11120 "-" "curl/8.7.1"
