65.108.125.120 - - [18/Aug/2026:12:43:53 +0300] "GET /nuttcp-%D1%82%D0%B5%D1%81%D1%82%D0%B8%D1%80%D0%BE%D0%B2%D0%B0%D0%BD%D0%B8%D0%B5-%D0%BF%D1%80%D0%BE%D0%BF%D1%83%D1%81%D0%BA%D0%BD%D0%BE%D0%B9-%D1%81%D0%BF%D0%BE%D1%81%D0%BE%D0%B1%D0%BD%D0%BE%D1%81/ HTTP/1.1" 200 13199 "-" "Mozilla/5.0 (compatible; MJ12bot/v1.4.8; http://mj12bot.com/)"
27.97.180.47 - - [18/Aug/2026:12:43:54 +0300] "POST /xmlrpc.php HTTP/1.1" 200 459 "-" "Jetpack by WordPress.com"
2.44.138.74 - - [18/Aug/2026:12:43:54 +0300] "GET /wp-login.php HTTP/1.1" 200 3365 "-" "Mozilla/5.0 (Windows NT 10.0; Win64; x64) AppleWebKit/537.36 (KHTML, like Gecko) Chrome/120.0.0.0 Safari/537.36"
65.108.125.120 - - [18/Aug/2026:12:43:54 +0300] "GET /nuttcp-%D1%82%D0%B5%D1%81%D1%82%D0%B8%D1%80%D0%BE%D0%B2%D0%B0%D0%BD%D0%B8%D0%B5-%D0%BF%D1%80%D0%BE%D0%BF%D1%83%D1%81%D0%BA%D0%BD%D0%BE%D0%B9-%D1%81%D0%BF%D0%BE%D1%81%D0%BE%D0%B1%D0%BD%D0%BE%D1%81/feed/ HTTP/1.1" 200 1240 "-" "Mozilla/5.0 (compatible; MJ12bot/v1.4.8; http://mj12bot.com/)"
65.108.125.120 - - [18/Aug/2026:12:43:56 +0300] "GET /proxy-%D1%81%D0%B5%D1%80%D0%B2%D0%B5%D1%80-ffproxy/ HTTP/1.1" 200 12008 "-" "Mozilla/5.0 (compatible; MJ12bot/v1.4.8; http://mj12bot.com/)"
223.182.99.153 - - [18/Aug/2026:12:43:57 +0300] "POST /xmlrpc.php HTTP/1.1" 200 459 "-" "Jetpack/12.0; WordPress/6.1; http://site62026676.com"
2.44.138.74 - - [18/Aug/2026:12:43:57 +0300] "POST /wp-login.php HTTP/1.1" 200 3514 "https://891rpm.com/wp-login.php" "Mozilla/5.0 (Windows NT 10.0; Win64; x64) AppleWebKit/537.36 (KHTML, like Gecko) Chrome/120.0.0.0 Safari/537.36"
65.108.125.120 - - [18/Aug/2026:12:43:58 +0300] "GET /remmina-rdpvnc-%D0%BA%D0%BB%D0%B8%D0%B5%D0%BD%D1%82/ HTTP/1.1" 200 11331 "-" "Mozilla/5.0 (compatible; MJ12bot/v1.4.8; http://mj12bot.com/)"
223.185.61.113 - - [18/Aug/2026:12:43:58 +0300] "POST /xmlrpc.php HTTP/1.1" 200 459 "-" "Jetpack by WordPress.com (Jetpack 13.0; WordPress 6.1)"
65.108.125.120 - - [18/Aug/2026:12:43:59 +0300] "GET /rtmp-%D1%81%D0%B5%D1%80%D0%B2%D0%B5%D1%80-%D0%BD%D0%B0-debian-linux/red5/ HTTP/1.1" 200 10947 "-" "Mozilla/5.0 (compatible; MJ12bot/v1.4.8; http://mj12bot.com/)"
65.108.125.120 - - [18/Aug/2026:12:44:01 +0300] "GET /%D0%B2%D0%BE%D1%81%D1%81%D1%82%D0%B0%D0%BD%D0%BE%D0%B2%D0%BB%D0%B5%D0%BD%D0%B8%D0%B5-%D0%BF%D0%B0%D1%80%D0%BE%D0%BB%D1%8F-mysql/ HTTP/1.1" 200 11567 "-" "Mozilla/5.0 (compatible; MJ12bot/v1.4.8; http://mj12bot.com/)"
65.108.125.120 - - [18/Aug/2026:12:44:03 +0300] "GET /%D0%B2%D0%BE%D1%81%D1%81%D1%82%D0%B0%D0%BD%D0%BE%D0%B2%D0%BB%D0%B5%D0%BD%D0%B8%D0%B5-%D1%81%D0%B1%D1%80%D0%BE%D1%81-%D0%BF%D0%B0%D1%80%D0%BE%D0%BB%D1%8F-%D0%BD%D0%B0-cisco-asa-%D1%81%D0%B5%D1%80/ HTTP/1.1" 200 12946 "-" "Mozilla/5.0 (compatible; MJ12bot/v1.4.8; http://mj12bot.com/)"
124.43.5.103 - - [18/Aug/2026:12:44:04 +0300] "POST /xmlrpc.php HTTP/1.1" 200 459 "-" "Jetpack/13.0; WordPress/6.2; http://site46492107.com"
65.108.125.120 - - [18/Aug/2026:12:44:05 +0300] "GET /%D0%B3%D0%B5%D0%BD%D0%B5%D1%80%D0%B0%D1%82%D0%BE%D1%80-%D0%B7%D0%B0%D0%BF%D0%B8%D1%81%D0%B5%D0%B9-%D1%84%D0%B0%D0%B9%D0%BB%D0%B0-sources-list/ HTTP/1.1" 200 12410 "-" "Mozilla/5.0 (compatible; MJ12bot/v1.4.8; http://mj12bot.com/)"
2.44.138.74 - - [18/Aug/2026:12:44:05 +0300] "POST /wp-login.php HTTP/1.1" 200 3514 "https://891rpm.com/wp-login.php" "Mozilla/5.0 (Windows NT 10.0; Win64; x64) AppleWebKit/537.36 (KHTML, like Gecko) Chrome/120.0.0.0 Safari/537.36"
27.97.180.47 - - [18/Aug/2026:12:44:06 +0300] "POST /xmlrpc.php HTTP/1.1" 200 459 "-" "Jetpack by WordPress.com (Jetpack 13.0; WordPress 6.3)"
223.182.99.153 - - [18/Aug/2026:12:44:08 +0300] "POST /xmlrpc.php HTTP/1.1" 200 459 "-" "WordPress.com; https://wordpress.com"
223.185.61.113 - - [18/Aug/2026:12:44:09 +0300] "POST /xmlrpc.php HTTP/1.1" 200 459 "-" "WordPress.com; https://wordpress.com"
2.44.138.74 - - [18/Aug/2026:12:44:13 +0300] "POST /wp-login.php HTTP/1.1" 200 3514 "https://891rpm.com/wp-login.php" "Mozilla/5.0 (Windows NT 10.0; Win64; x64) AppleWebKit/537.36 (KHTML, like Gecko) Chrome/120.0.0.0 Safari/537.36"
124.43.5.103 - - [18/Aug/2026:12:44:15 +0300] "POST /xmlrpc.php HTTP/1.1" 200 459 "-" "WordPress.com; https://wordpress.com"
2.44.138.74 - - [18/Aug/2026:12:44:16 +0300] "POST /xmlrpc.php HTTP/1.1" 200 271 "-" "WordPress/5.0; https://891rpm.com"
27.97.180.47 - - [18/Aug/2026:12:44:17 +0300] "POST /xmlrpc.php HTTP/1.1" 200 459 "-" "Jetpack by WordPress.com"
223.182.99.153 - - [18/Aug/2026:12:44:18 +0300] "POST /xmlrpc.php HTTP/1.1" 200 459 "-" "Jetpack by WordPress.com"
223.185.61.113 - - [18/Aug/2026:12:44:19 +0300] "POST /xmlrpc.php HTTP/1.1" 200 459 "-" "WordPress.com; https://wordpress.com"
45.86.86.80 - - [18/Aug/2026:12:44:21 +0300] "GET /privet-mir/ HTTP/1.0" 200 43127 "https://891rpm.com/privet-mir/" "Mozilla/5.0 (Windows NT 10.0; Win64; x64) AppleWebKit/537.36 (KHTML, like Gecko) Chrome/129.0.0.0 Safari/537.36"
45.86.86.80 - - [18/Aug/2026:12:44:23 +0300] "POST /wp-comments-post.php HTTP/1.0" 302 6 "https://891rpm.com/privet-mir/" "Mozilla/5.0 (Windows NT 10.0; Win64; x64) AppleWebKit/537.36 (KHTML, like Gecko) Chrome/129.0.0.0 Safari/537.36"
45.86.86.80 - - [18/Aug/2026:12:44:24 +0300] "GET /privet-mir/ HTTP/1.0" 200 43126 "https://891rpm.com/privet-mir/#comment-50029" "Mozilla/5.0 (Windows NT 10.0; Win64; x64) AppleWebKit/537.36 (KHTML, like Gecko) Chrome/129.0.0.0 Safari/537.36"
59.103.216.62 - - [18/Aug/2026:12:44:24 +0300] "GET / HTTP/1.1" 200 38538 "-" "Mozilla/5.0 (Windows NT 10.0; Win64; x64) AppleWebKit/537.36 (KHTML, like Gecko) Chrome/120.0.0.0 Safari/537.36"
45.86.86.80 - - [18/Aug/2026:12:44:25 +0300] "GET /privet-mir/ HTTP/1.0" 200 43127 "https://891rpm.com/privet-mir/#comment-50029" "Mozilla/5.0 (Windows NT 10.0; Win64; x64) AppleWebKit/537.36 (KHTML, like Gecko) Chrome/129.0.0.0 Safari/537.36"
45.86.86.80 - - [18/Aug/2026:12:44:26 +0300] "GET /author/891rpm/ HTTP/1.0" 200 105542 "https://891rpm.com/author/891rpm/" "Mozilla/5.0 (Windows NT 10.0; Win64; x64) AppleWebKit/537.36 (KHTML, like Gecko) Chrome/129.0.0.0 Safari/537.36"
124.43.5.103 - - [18/Aug/2026:12:44:26 +0300] "POST /xmlrpc.php HTTP/1.1" 200 459 "-" "Jetpack by WordPress.com"
59.103.216.62 - - [18/Aug/2026:12:44:28 +0300] "GET /wp-login.php HTTP/1.1" 200 3365 "-" "Mozilla/5.0 (Windows NT 10.0; Win64; x64) AppleWebKit/537.36 (KHTML, like Gecko) Chrome/120.0.0.0 Safari/537.36"
223.182.99.153 - - [18/Aug/2026:12:44:29 +0300] "POST /xmlrpc.php HTTP/1.1" 200 459 "-" "Jetpack by WordPress.com"
27.97.180.47 - - [18/Aug/2026:12:44:29 +0300] "POST /xmlrpc.php HTTP/1.1" 200 459 "-" "Jetpack/12.1; WordPress/6.3; http://site47047141.com"
223.185.61.113 - - [18/Aug/2026:12:44:30 +0300] "POST /xmlrpc.php HTTP/1.1" 200 459 "-" "WordPress.com; https://wordpress.com"
124.43.5.103 - - [18/Aug/2026:12:44:38 +0300] "POST /xmlrpc.php HTTP/1.1" 200 459 "-" "Jetpack by WordPress.com"
27.97.180.47 - - [18/Aug/2026:12:44:38 +0300] "POST /xmlrpc.php HTTP/1.1" 200 459 "-" "Jetpack/12.5; WordPress/6.4; http://site35618021.com"
223.182.99.153 - - [18/Aug/2026:12:44:40 +0300] "POST /xmlrpc.php HTTP/1.1" 200 459 "-" "WordPress.com; https://wordpress.com"
223.185.61.113 - - [18/Aug/2026:12:44:41 +0300] "POST /xmlrpc.php HTTP/1.1" 200 459 "-" "Jetpack by WordPress.com (Jetpack 12.1; WordPress 6.2)"
190.16.24.138 - - [18/Aug/2026:12:44:44 +0300] "POST /wp-login.php HTTP/1.1" 200 3514 "https://891rpm.com/wp-login.php" "Mozilla/5.0 (Windows NT 10.0; Win64; x64) AppleWebKit/537.36 (KHTML, like Gecko) Chrome/120.0.0.0 Safari/537.36"
27.97.180.47 - - [18/Aug/2026:12:44:49 +0300] "POST /xmlrpc.php HTTP/1.1" 200 459 "-" "WordPress.com; https://wordpress.com"
124.43.5.103 - - [18/Aug/2026:12:44:49 +0300] "POST /xmlrpc.php HTTP/1.1" 200 459 "-" "Jetpack by WordPress.com (Jetpack 12.5; WordPress 6.3)"
223.182.99.153 - - [18/Aug/2026:12:44:50 +0300] "POST /xmlrpc.php HTTP/1.1" 200 459 "-" "Jetpack by WordPress.com"
223.185.61.113 - - [18/Aug/2026:12:44:51 +0300] "POST /xmlrpc.php HTTP/1.1" 200 459 "-" "Jetpack by WordPress.com (Jetpack 12.0; WordPress 6.4)"
190.16.24.138 - - [18/Aug/2026:12:44:52 +0300] "POST /wp-login.php HTTP/1.1" 200 3514 "https://891rpm.com/wp-login.php" "Mozilla/5.0 (Windows NT 10.0; Win64; x64) AppleWebKit/537.36 (KHTML, like Gecko) Chrome/120.0.0.0 Safari/537.36"
27.97.180.47 - - [18/Aug/2026:12:45:00 +0300] "POST /xmlrpc.php HTTP/1.1" 200 459 "-" "WordPress.com; https://wordpress.com"
190.16.24.138 - - [18/Aug/2026:12:45:00 +0300] "POST /wp-login.php HTTP/1.1" 200 3514 "https://891rpm.com/wp-login.php" "Mozilla/5.0 (Windows NT 10.0; Win64; x64) AppleWebKit/537.36 (KHTML, like Gecko) Chrome/120.0.0.0 Safari/537.36"
124.43.5.103 - - [18/Aug/2026:12:45:00 +0300] "POST /xmlrpc.php HTTP/1.1" 200 459 "-" "Jetpack by WordPress.com (Jetpack 12.0; WordPress 6.3)"
223.182.99.153 - - [18/Aug/2026:12:45:01 +0300] "POST /xmlrpc.php HTTP/1.1" 200 459 "-" "Jetpack/12.1; WordPress/6.1; http://site53852500.com"
223.185.61.113 - - [18/Aug/2026:12:45:02 +0300] "POST /xmlrpc.php HTTP/1.1" 200 459 "-" "Jetpack by WordPress.com (Jetpack 12.1; WordPress 6.4)"
190.16.24.138 - - [18/Aug/2026:12:45:04 +0300] "POST /xmlrpc.php HTTP/1.1" 200 271 "-" "WordPress/5.0; https://891rpm.com"
27.97.180.47 - - [18/Aug/2026:12:45:11 +0300] "POST /xmlrpc.php HTTP/1.1" 200 459 "-" "Jetpack/12.1; WordPress/6.4; http://site87301874.com"
223.182.99.153 - - [18/Aug/2026:12:45:13 +0300] "POST /xmlrpc.php HTTP/1.1" 200 459 "-" "Jetpack by WordPress.com (Jetpack 13.0; WordPress 6.2)"
124.43.5.103 - - [18/Aug/2026:12:45:13 +0300] "POST /xmlrpc.php HTTP/1.1" 200 459 "-" "WordPress.com; https://wordpress.com"
223.185.61.113 - - [18/Aug/2026:12:45:14 +0300] "POST /xmlrpc.php HTTP/1.1" 200 459 "-" "Jetpack by WordPress.com"
45.189.223.96 - - [18/Aug/2026:12:45:15 +0300] "GET / HTTP/1.1" 200 38538 "-" "Mozilla/5.0 (Windows NT 10.0; Win64; x64) AppleWebKit/537.36 (KHTML, like Gecko) Chrome/120.0.0.0 Safari/537.36"
27.97.180.47 - - [18/Aug/2026:12:45:21 +0300] "POST /xmlrpc.php HTTP/1.1" 200 459 "-" "Jetpack by WordPress.com (Jetpack 12.1; WordPress 6.1)"
223.182.99.153 - - [18/Aug/2026:12:45:22 +0300] "POST /xmlrpc.php HTTP/1.1" 200 459 "-" "Jetpack/12.5; WordPress/6.4; http://site85410226.com"
124.43.5.103 - - [18/Aug/2026:12:45:23 +0300] "POST /xmlrpc.php HTTP/1.1" 200 459 "-" "WordPress.com; https://wordpress.com"
223.185.61.113 - - [18/Aug/2026:12:45:23 +0300] "POST /xmlrpc.php HTTP/1.1" 200 459 "-" "Jetpack by WordPress.com (Jetpack 13.0; WordPress 6.4)"
41.90.70.63 - - [18/Aug/2026:12:45:26 +0300] "GET /wp-login.php HTTP/1.1" 200 3365 "-" "Mozilla/5.0 (Windows NT 10.0; Win64; x64) AppleWebKit/537.36 (KHTML, like Gecko) Chrome/120.0.0.0 Safari/537.36"
41.90.70.63 - - [18/Aug/2026:12:45:29 +0300] "POST /wp-login.php HTTP/1.1" 200 3514 "https://891rpm.com/wp-login.php" "Mozilla/5.0 (Windows NT 10.0; Win64; x64) AppleWebKit/537.36 (KHTML, like Gecko) Chrome/120.0.0.0 Safari/537.36"
27.97.180.47 - - [18/Aug/2026:12:45:32 +0300] "POST /xmlrpc.php HTTP/1.1" 200 459 "-" "Jetpack by WordPress.com"
94.154.35.236 - - [18/Aug/2026:12:45:32 +0300] "HEAD /%D0%B1%D0%B5%D0%BA%D0%B0%D0%BF.tar HTTP/1.1" 301 0 "-" "Mozilla/5.0 (Windows NT 10.0; Win64; x64) AppleWebKit/537.36 (KHTML, like Gecko) Chrome/101.0.4951.67 Safari/537.36"
223.182.99.153 - - [18/Aug/2026:12:45:33 +0300] "POST /xmlrpc.php HTTP/1.1" 200 459 "-" "Jetpack by WordPress.com"
94.154.35.236 - - [18/Aug/2026:12:45:33 +0300] "HEAD /%D0%B1%D0%B5%D0%BA%D0%B0%D0%BF.tar HTTP/1.1" 404 0 "-" "Mozilla/5.0 (Windows NT 10.0; Win64; x64) AppleWebKit/537.36 (KHTML, like Gecko) Chrome/101.0.4951.67 Safari/537.36"
223.185.61.113 - - [18/Aug/2026:12:45:34 +0300] "POST /xmlrpc.php HTTP/1.1" 200 459 "-" "WordPress.com; https://wordpress.com"
124.43.5.103 - - [18/Aug/2026:12:45:35 +0300] "POST /xmlrpc.php HTTP/1.1" 200 459 "-" "WordPress.com; https://wordpress.com"
41.90.70.63 - - [18/Aug/2026:12:45:37 +0300] "POST /wp-login.php HTTP/1.1" 200 3514 "https://891rpm.com/wp-login.php" "Mozilla/5.0 (Windows NT 10.0; Win64; x64) AppleWebKit/537.36 (KHTML, like Gecko) Chrome/120.0.0.0 Safari/537.36"
27.97.180.47 - - [18/Aug/2026:12:45:43 +0300] "POST /xmlrpc.php HTTP/1.1" 200 459 "-" "Jetpack/12.5; WordPress/6.1; http://site46324416.com"
223.182.99.153 - - [18/Aug/2026:12:45:43 +0300] "POST /xmlrpc.php HTTP/1.1" 200 459 "-" "WordPress.com; https://wordpress.com"
223.185.61.113 - - [18/Aug/2026:12:45:45 +0300] "POST /xmlrpc.php HTTP/1.1" 200 459 "-" "Jetpack/12.0; WordPress/6.3; http://site79801421.com"
41.90.70.63 - - [18/Aug/2026:12:45:45 +0300] "POST /wp-login.php HTTP/1.1" 200 3514 "https://891rpm.com/wp-login.php" "Mozilla/5.0 (Windows NT 10.0; Win64; x64) AppleWebKit/537.36 (KHTML, like Gecko) Chrome/120.0.0.0 Safari/537.36"
124.43.5.103 - - [18/Aug/2026:12:45:46 +0300] "POST /xmlrpc.php HTTP/1.1" 200 459 "-" "Jetpack/12.0; WordPress/6.4; http://site67107339.com"
41.90.70.63 - - [18/Aug/2026:12:45:47 +0300] "POST /xmlrpc.php HTTP/1.1" 200 271 "-" "WordPress/5.0; https://891rpm.com"
27.97.180.47 - - [18/Aug/2026:12:45:54 +0300] "POST /xmlrpc.php HTTP/1.1" 200 459 "-" "Jetpack by WordPress.com (Jetpack 13.0; WordPress 6.2)"
223.182.99.153 - - [18/Aug/2026:12:45:54 +0300] "POST /xmlrpc.php HTTP/1.1" 200 459 "-" "Jetpack by WordPress.com (Jetpack 12.0; WordPress 6.2)"
223.185.61.113 - - [18/Aug/2026:12:45:55 +0300] "POST /xmlrpc.php HTTP/1.1" 200 459 "-" "Jetpack by WordPress.com (Jetpack 12.1; WordPress 6.3)"
124.43.5.103 - - [18/Aug/2026:12:45:58 +0300] "POST /xmlrpc.php HTTP/1.1" 200 459 "-" "Jetpack by WordPress.com"
223.182.99.153 - - [18/Aug/2026:12:46:05 +0300] "POST /xmlrpc.php HTTP/1.1" 200 459 "-" "Jetpack by WordPress.com (Jetpack 12.0; WordPress 6.3)"
223.185.61.113 - - [18/Aug/2026:12:46:06 +0300] "POST /xmlrpc.php HTTP/1.1" 200 459 "-" "Jetpack by WordPress.com"
27.97.180.47 - - [18/Aug/2026:12:46:07 +0300] "POST /xmlrpc.php HTTP/1.1" 200 459 "-" "Jetpack/12.0; WordPress/6.1; http://site31505780.com"
124.43.5.103 - - [18/Aug/2026:12:46:09 +0300] "POST /xmlrpc.php HTTP/1.1" 200 459 "-" "WordPress.com; https://wordpress.com"
223.182.99.153 - - [18/Aug/2026:12:46:15 +0300] "POST /xmlrpc.php HTTP/1.1" 200 459 "-" "Jetpack by WordPress.com"
223.185.61.113 - - [18/Aug/2026:12:46:16 +0300] "POST /xmlrpc.php HTTP/1.1" 200 459 "-" "Jetpack/12.1; WordPress/6.3; http://site49164341.com"
27.97.180.47 - - [18/Aug/2026:12:46:17 +0300] "POST /xmlrpc.php HTTP/1.1" 200 459 "-" "Jetpack by WordPress.com"
124.43.5.103 - - [18/Aug/2026:12:46:21 +0300] "POST /xmlrpc.php HTTP/1.1" 200 459 "-" "Jetpack by WordPress.com"
223.182.99.153 - - [18/Aug/2026:12:46:26 +0300] "POST /xmlrpc.php HTTP/1.1" 200 459 "-" "Jetpack by WordPress.com (Jetpack 12.1; WordPress 6.1)"
223.185.61.113 - - [18/Aug/2026:12:46:27 +0300] "POST /xmlrpc.php HTTP/1.1" 200 459 "-" "Jetpack by WordPress.com (Jetpack 12.0; WordPress 6.1)"
27.97.180.47 - - [18/Aug/2026:12:46:29 +0300] "POST /xmlrpc.php HTTP/1.1" 200 459 "-" "Jetpack by WordPress.com (Jetpack 12.1; WordPress 6.2)"
124.43.5.103 - - [18/Aug/2026:12:46:32 +0300] "POST /xmlrpc.php HTTP/1.1" 200 459 "-" "Jetpack by WordPress.com (Jetpack 13.0; WordPress 6.2)"
223.182.99.153 - - [18/Aug/2026:12:46:37 +0300] "POST /xmlrpc.php HTTP/1.1" 200 459 "-" "Jetpack by WordPress.com (Jetpack 12.0; WordPress 6.4)"
223.185.61.113 - - [18/Aug/2026:12:46:38 +0300] "POST /xmlrpc.php HTTP/1.1" 200 459 "-" "Jetpack/12.5; WordPress/6.1; http://site42713143.com"
27.97.180.47 - - [18/Aug/2026:12:46:41 +0300] "POST /xmlrpc.php HTTP/1.1" 200 459 "-" "Jetpack by WordPress.com (Jetpack 13.0; WordPress 6.4)"
124.43.5.103 - - [18/Aug/2026:12:46:43 +0300] "POST /xmlrpc.php HTTP/1.1" 200 459 "-" "Jetpack by WordPress.com (Jetpack 12.5; WordPress 6.3)"
223.182.99.153 - - [18/Aug/2026:12:46:47 +0300] "POST /xmlrpc.php HTTP/1.1" 200 459 "-" "Jetpack/12.0; WordPress/6.2; http://site24546509.com"
223.185.61.113 - - [18/Aug/2026:12:46:48 +0300] "POST /xmlrpc.php HTTP/1.1" 200 459 "-" "Jetpack by WordPress.com"
27.97.180.47 - - [18/Aug/2026:12:46:54 +0300] "POST /xmlrpc.php HTTP/1.1" 200 459 "-" "Jetpack by WordPress.com (Jetpack 12.1; WordPress 6.3)"
124.43.5.103 - - [18/Aug/2026:12:46:55 +0300] "POST /xmlrpc.php HTTP/1.1" 200 459 "-" "Jetpack by WordPress.com (Jetpack 12.1; WordPress 6.4)"
223.182.99.153 - - [18/Aug/2026:12:46:58 +0300] "POST /xmlrpc.php HTTP/1.1" 200 459 "-" "Jetpack by WordPress.com (Jetpack 12.0; WordPress 6.4)"
223.185.61.113 - - [18/Aug/2026:12:46:59 +0300] "POST /xmlrpc.php HTTP/1.1" 200 459 "-" "Jetpack by WordPress.com (Jetpack 13.0; WordPress 6.1)"
27.97.180.47 - - [18/Aug/2026:12:47:07 +0300] "POST /xmlrpc.php HTTP/1.1" 200 459 "-" "Jetpack/12.0; WordPress/6.3; http://site62214935.com"
124.43.5.103 - - [18/Aug/2026:12:47:07 +0300] "POST /xmlrpc.php HTTP/1.1" 200 459 "-" "Jetpack/13.0; WordPress/6.2; http://site40918951.com"
223.182.99.153 - - [18/Aug/2026:12:47:09 +0300] "POST /xmlrpc.php HTTP/1.1" 200 459 "-" "WordPress.com; https://wordpress.com"
223.185.61.113 - - [18/Aug/2026:12:47:10 +0300] "POST /xmlrpc.php HTTP/1.1" 200 459 "-" "WordPress.com; https://wordpress.com"
124.43.5.103 - - [18/Aug/2026:12:47:18 +0300] "POST /xmlrpc.php HTTP/1.1" 200 459 "-" "Jetpack by WordPress.com"
27.97.180.47 - - [18/Aug/2026:12:47:18 +0300] "POST /xmlrpc.php HTTP/1.1" 200 459 "-" "Jetpack/12.0; WordPress/6.2; http://site72600277.com"
223.182.99.153 - - [18/Aug/2026:12:47:19 +0300] "POST /xmlrpc.php HTTP/1.1" 200 459 "-" "Jetpack by WordPress.com (Jetpack 12.0; WordPress 6.4)"
223.185.61.113 - - [18/Aug/2026:12:47:20 +0300] "POST /xmlrpc.php HTTP/1.1" 200 459 "-" "Jetpack by WordPress.com"
124.43.5.103 - - [18/Aug/2026:12:47:30 +0300] "POST /xmlrpc.php HTTP/1.1" 200 459 "-" "Jetpack by WordPress.com"
223.182.99.153 - - [18/Aug/2026:12:47:30 +0300] "POST /xmlrpc.php HTTP/1.1" 200 459 "-" "Jetpack/13.0; WordPress/6.3; http://site41087125.com"
223.185.61.113 - - [18/Aug/2026:12:47:31 +0300] "POST /xmlrpc.php HTTP/1.1" 200 459 "-" "Jetpack/12.0; WordPress/6.1; http://site60171112.com"
27.97.180.47 - - [18/Aug/2026:12:47:31 +0300] "POST /xmlrpc.php HTTP/1.1" 200 459 "-" "Jetpack by WordPress.com"
223.182.99.153 - - [18/Aug/2026:12:47:40 +0300] "POST /xmlrpc.php HTTP/1.1" 200 459 "-" "WordPress.com; https://wordpress.com"
124.43.5.103 - - [18/Aug/2026:12:47:42 +0300] "POST /xmlrpc.php HTTP/1.1" 200 459 "-" "Jetpack/13.0; WordPress/6.4; http://site60722378.com"
223.185.61.113 - - [18/Aug/2026:12:47:42 +0300] "POST /xmlrpc.php HTTP/1.1" 200 459 "-" "WordPress.com; https://wordpress.com"
27.97.180.47 - - [18/Aug/2026:12:47:42 +0300] "POST /xmlrpc.php HTTP/1.1" 200 459 "-" "Jetpack by WordPress.com (Jetpack 13.0; WordPress 6.2)"
223.182.99.153 - - [18/Aug/2026:12:47:51 +0300] "POST /xmlrpc.php HTTP/1.1" 200 459 "-" "Jetpack by WordPress.com (Jetpack 12.0; WordPress 6.3)"
27.97.180.47 - - [18/Aug/2026:12:47:54 +0300] "POST /xmlrpc.php HTTP/1.1" 200 459 "-" "WordPress.com; https://wordpress.com"
124.43.5.103 - - [18/Aug/2026:12:47:54 +0300] "POST /xmlrpc.php HTTP/1.1" 200 459 "-" "Jetpack by WordPress.com (Jetpack 13.0; WordPress 6.3)"
223.185.61.113 - - [18/Aug/2026:12:47:54 +0300] "POST /xmlrpc.php HTTP/1.1" 200 459 "-" "Jetpack/12.0; WordPress/6.1; http://site76289373.com"
223.182.99.153 - - [18/Aug/2026:12:48:02 +0300] "POST /xmlrpc.php HTTP/1.1" 200 459 "-" "Jetpack by WordPress.com"
223.185.61.113 - - [18/Aug/2026:12:48:03 +0300] "POST /xmlrpc.php HTTP/1.1" 200 459 "-" "Jetpack by WordPress.com"
124.43.5.103 - - [18/Aug/2026:12:48:05 +0300] "POST /xmlrpc.php HTTP/1.1" 200 459 "-" "Jetpack by WordPress.com (Jetpack 12.5; WordPress 6.1)"
27.97.180.47 - - [18/Aug/2026:12:48:06 +0300] "POST /xmlrpc.php HTTP/1.1" 200 459 "-" "WordPress.com; https://wordpress.com"
223.182.99.153 - - [18/Aug/2026:12:48:12 +0300] "POST /xmlrpc.php HTTP/1.1" 200 459 "-" "Jetpack/12.5; WordPress/6.2; http://site27386134.com"
223.185.61.113 - - [18/Aug/2026:12:48:14 +0300] "POST /xmlrpc.php HTTP/1.1" 200 459 "-" "WordPress.com; https://wordpress.com"
27.97.180.47 - - [18/Aug/2026:12:48:17 +0300] "POST /xmlrpc.php HTTP/1.1" 200 459 "-" "Jetpack/12.1; WordPress/6.3; http://site40678289.com"
124.43.5.103 - - [18/Aug/2026:12:48:17 +0300] "POST /xmlrpc.php HTTP/1.1" 200 459 "-" "Jetpack by WordPress.com (Jetpack 12.0; WordPress 6.3)"
223.182.99.153 - - [18/Aug/2026:12:48:23 +0300] "POST /xmlrpc.php HTTP/1.1" 200 459 "-" "Jetpack/12.1; WordPress/6.1; http://site80035320.com"
223.185.61.113 - - [18/Aug/2026:12:48:25 +0300] "POST /xmlrpc.php HTTP/1.1" 200 459 "-" "Jetpack by WordPress.com (Jetpack 12.0; WordPress 6.2)"
27.97.180.47 - - [18/Aug/2026:12:48:28 +0300] "POST /xmlrpc.php HTTP/1.1" 200 459 "-" "WordPress.com; https://wordpress.com"
124.43.5.103 - - [18/Aug/2026:12:48:29 +0300] "POST /xmlrpc.php HTTP/1.1" 200 459 "-" "Jetpack by WordPress.com"
223.182.99.153 - - [18/Aug/2026:12:48:33 +0300] "POST /xmlrpc.php HTTP/1.1" 200 459 "-" "Jetpack/12.1; WordPress/6.2; http://site87207234.com"
223.185.61.113 - - [18/Aug/2026:12:48:35 +0300] "POST /xmlrpc.php HTTP/1.1" 200 459 "-" "Jetpack/12.5; WordPress/6.4; http://site18505438.com"
27.97.180.47 - - [18/Aug/2026:12:48:38 +0300] "POST /xmlrpc.php HTTP/1.1" 200 459 "-" "WordPress.com; https://wordpress.com"
124.43.5.103 - - [18/Aug/2026:12:48:42 +0300] "POST /xmlrpc.php HTTP/1.1" 200 459 "-" "WordPress.com; https://wordpress.com"
223.182.99.153 - - [18/Aug/2026:12:48:44 +0300] "POST /xmlrpc.php HTTP/1.1" 200 459 "-" "Jetpack/12.1; WordPress/6.3; http://site55472541.com"
223.185.61.113 - - [18/Aug/2026:12:48:46 +0300] "POST /xmlrpc.php HTTP/1.1" 200 459 "-" "Jetpack by WordPress.com"
27.97.180.47 - - [18/Aug/2026:12:48:49 +0300] "POST /xmlrpc.php HTTP/1.1" 200 459 "-" "Jetpack/12.1; WordPress/6.3; http://site19026373.com"
124.43.5.103 - - [18/Aug/2026:12:48:54 +0300] "POST /xmlrpc.php HTTP/1.1" 200 459 "-" "WordPress.com; https://wordpress.com"
223.182.99.153 - - [18/Aug/2026:12:48:55 +0300] "POST /xmlrpc.php HTTP/1.1" 200 459 "-" "Jetpack/12.5; WordPress/6.2; http://site60496587.com"
223.185.61.113 - - [18/Aug/2026:12:48:56 +0300] "POST /xmlrpc.php HTTP/1.1" 200 459 "-" "Jetpack/13.0; WordPress/6.4; http://site19053538.com"
27.97.180.47 - - [18/Aug/2026:12:49:00 +0300] "POST /xmlrpc.php HTTP/1.1" 200 459 "-" "WordPress.com; https://wordpress.com"
223.182.99.153 - - [18/Aug/2026:12:49:06 +0300] "POST /xmlrpc.php HTTP/1.1" 200 459 "-" "WordPress.com; https://wordpress.com"
124.43.5.103 - - [18/Aug/2026:12:49:06 +0300] "POST /xmlrpc.php HTTP/1.1" 200 459 "-" "Jetpack by WordPress.com"
223.185.61.113 - - [18/Aug/2026:12:49:07 +0300] "POST /xmlrpc.php HTTP/1.1" 200 459 "-" "Jetpack by WordPress.com (Jetpack 12.1; WordPress 6.3)"
27.97.180.47 - - [18/Aug/2026:12:49:11 +0300] "POST /xmlrpc.php HTTP/1.1" 200 459 "-" "Jetpack/13.0; WordPress/6.1; http://site23173307.com"
223.182.99.153 - - [18/Aug/2026:12:49:16 +0300] "POST /xmlrpc.php HTTP/1.1" 200 459 "-" "Jetpack by WordPress.com (Jetpack 13.0; WordPress 6.1)"
223.185.61.113 - - [18/Aug/2026:12:49:18 +0300] "POST /xmlrpc.php HTTP/1.1" 200 459 "-" "Jetpack/13.0; WordPress/6.1; http://site91965748.com"
124.43.5.103 - - [18/Aug/2026:12:49:18 +0300] "POST /xmlrpc.php HTTP/1.1" 200 459 "-" "Jetpack/13.0; WordPress/6.2; http://site49327622.com"
27.97.180.47 - - [18/Aug/2026:12:49:22 +0300] "POST /xmlrpc.php HTTP/1.1" 200 459 "-" "Jetpack/13.0; WordPress/6.1; http://site65405336.com"
223.182.99.153 - - [18/Aug/2026:12:49:27 +0300] "POST /xmlrpc.php HTTP/1.1" 200 459 "-" "Jetpack by WordPress.com"
223.185.61.113 - - [18/Aug/2026:12:49:28 +0300] "POST /xmlrpc.php HTTP/1.1" 200 459 "-" "WordPress.com; https://wordpress.com"
124.43.5.103 - - [18/Aug/2026:12:49:31 +0300] "POST /xmlrpc.php HTTP/1.1" 200 459 "-" "Jetpack/12.5; WordPress/6.4; http://site49944418.com"
27.97.180.47 - - [18/Aug/2026:12:49:33 +0300] "POST /xmlrpc.php HTTP/1.1" 200 459 "-" "Jetpack by WordPress.com"
223.182.99.153 - - [18/Aug/2026:12:49:38 +0300] "POST /xmlrpc.php HTTP/1.1" 200 459 "-" "Jetpack by WordPress.com (Jetpack 12.0; WordPress 6.4)"
223.185.61.113 - - [18/Aug/2026:12:49:39 +0300] "POST /xmlrpc.php HTTP/1.1" 200 459 "-" "Jetpack by WordPress.com"
124.43.5.103 - - [18/Aug/2026:12:49:43 +0300] "POST /xmlrpc.php HTTP/1.1" 200 459 "-" "Jetpack by WordPress.com (Jetpack 13.0; WordPress 6.2)"
27.97.180.47 - - [18/Aug/2026:12:49:44 +0300] "POST /xmlrpc.php HTTP/1.1" 200 459 "-" "Jetpack/12.1; WordPress/6.1; http://site92385414.com"
223.182.99.153 - - [18/Aug/2026:12:49:48 +0300] "POST /xmlrpc.php HTTP/1.1" 200 459 "-" "Jetpack/12.1; WordPress/6.4; http://site57377162.com"
223.185.61.113 - - [18/Aug/2026:12:49:49 +0300] "POST /xmlrpc.php HTTP/1.1" 200 459 "-" "Jetpack by WordPress.com (Jetpack 13.0; WordPress 6.4)"
27.97.180.47 - - [18/Aug/2026:12:49:54 +0300] "POST /xmlrpc.php HTTP/1.1" 200 459 "-" "Jetpack by WordPress.com (Jetpack 12.1; WordPress 6.1)"
124.43.5.103 - - [18/Aug/2026:12:49:55 +0300] "POST /xmlrpc.php HTTP/1.1" 200 459 "-" "Jetpack by WordPress.com (Jetpack 12.5; WordPress 6.4)"
223.182.99.153 - - [18/Aug/2026:12:49:59 +0300] "POST /xmlrpc.php HTTP/1.1" 200 459 "-" "Jetpack by WordPress.com (Jetpack 12.5; WordPress 6.1)"
223.185.61.113 - - [18/Aug/2026:12:50:00 +0300] "POST /xmlrpc.php HTTP/1.1" 200 459 "-" "Jetpack by WordPress.com"
27.97.180.47 - - [18/Aug/2026:12:50:05 +0300] "POST /xmlrpc.php HTTP/1.1" 200 459 "-" "WordPress.com; https://wordpress.com"
124.43.5.103 - - [18/Aug/2026:12:50:08 +0300] "POST /xmlrpc.php HTTP/1.1" 200 459 "-" "Jetpack by WordPress.com (Jetpack 12.1; WordPress 6.1)"
223.182.99.153 - - [18/Aug/2026:12:50:10 +0300] "POST /xmlrpc.php HTTP/1.1" 200 459 "-" "WordPress.com; https://wordpress.com"
223.185.61.113 - - [18/Aug/2026:12:50:11 +0300] "POST /xmlrpc.php HTTP/1.1" 200 459 "-" "Jetpack/12.1; WordPress/6.1; http://site65966943.com"
27.97.180.47 - - [18/Aug/2026:12:50:16 +0300] "POST /xmlrpc.php HTTP/1.1" 200 459 "-" "Jetpack by WordPress.com"
124.43.5.103 - - [18/Aug/2026:12:50:20 +0300] "POST /xmlrpc.php HTTP/1.1" 200 459 "-" "Jetpack/12.0; WordPress/6.1; http://site93604458.com"
223.182.99.153 - - [18/Aug/2026:12:50:20 +0300] "POST /xmlrpc.php HTTP/1.1" 200 459 "-" "Jetpack by WordPress.com (Jetpack 12.0; WordPress 6.2)"
223.185.61.113 - - [18/Aug/2026:12:50:22 +0300] "POST /xmlrpc.php HTTP/1.1" 200 459 "-" "Jetpack by WordPress.com (Jetpack 12.0; WordPress 6.4)"
27.97.180.47 - - [18/Aug/2026:12:50:27 +0300] "POST /xmlrpc.php HTTP/1.1" 200 459 "-" "WordPress.com; https://wordpress.com"
223.182.99.153 - - [18/Aug/2026:12:50:31 +0300] "POST /xmlrpc.php HTTP/1.1" 200 459 "-" "Jetpack by WordPress.com (Jetpack 12.5; WordPress 6.2)"
124.43.5.103 - - [18/Aug/2026:12:50:32 +0300] "POST /xmlrpc.php HTTP/1.1" 200 459 "-" "Jetpack by WordPress.com (Jetpack 12.0; WordPress 6.1)"
223.185.61.113 - - [18/Aug/2026:12:50:32 +0300] "POST /xmlrpc.php HTTP/1.1" 200 459 "-" "Jetpack by WordPress.com"
27.97.180.47 - - [18/Aug/2026:12:50:38 +0300] "POST /xmlrpc.php HTTP/1.1" 200 459 "-" "Jetpack/13.0; WordPress/6.1; http://site77194983.com"
223.182.99.153 - - [18/Aug/2026:12:50:41 +0300] "POST /xmlrpc.php HTTP/1.1" 200 459 "-" "Jetpack/12.5; WordPress/6.1; http://site53616277.com"
223.185.61.113 - - [18/Aug/2026:12:50:43 +0300] "POST /xmlrpc.php HTTP/1.1" 200 459 "-" "Jetpack/12.0; WordPress/6.3; http://site40283706.com"
124.43.5.103 - - [18/Aug/2026:12:50:43 +0300] "POST /xmlrpc.php HTTP/1.1" 200 459 "-" "Jetpack/12.5; WordPress/6.1; http://site31620308.com"
27.97.180.47 - - [18/Aug/2026:12:50:49 +0300] "POST /xmlrpc.php HTTP/1.1" 200 459 "-" "Jetpack/12.5; WordPress/6.3; http://site19435561.com"
223.182.99.153 - - [18/Aug/2026:12:50:52 +0300] "POST /xmlrpc.php HTTP/1.1" 200 459 "-" "WordPress.com; https://wordpress.com"
223.185.61.113 - - [18/Aug/2026:12:50:53 +0300] "POST /xmlrpc.php HTTP/1.1" 200 459 "-" "Jetpack by WordPress.com (Jetpack 13.0; WordPress 6.4)"
124.43.5.103 - - [18/Aug/2026:12:50:55 +0300] "POST /xmlrpc.php HTTP/1.1" 200 459 "-" "Jetpack/12.5; WordPress/6.3; http://site40544330.com"
27.97.180.47 - - [18/Aug/2026:12:50:59 +0300] "POST /xmlrpc.php HTTP/1.1" 200 459 "-" "WordPress.com; https://wordpress.com"
223.182.99.153 - - [18/Aug/2026:12:51:03 +0300] "POST /xmlrpc.php HTTP/1.1" 200 459 "-" "Jetpack/12.1; WordPress/6.4; http://site40822740.com"
223.185.61.113 - - [18/Aug/2026:12:51:04 +0300] "POST /xmlrpc.php HTTP/1.1" 200 459 "-" "Jetpack by WordPress.com"
124.43.5.103 - - [18/Aug/2026:12:51:07 +0300] "POST /xmlrpc.php HTTP/1.1" 200 459 "-" "Jetpack/13.0; WordPress/6.3; http://site69030749.com"
27.97.180.47 - - [18/Aug/2026:12:51:10 +0300] "POST /xmlrpc.php HTTP/1.1" 200 459 "-" "Jetpack/12.0; WordPress/6.3; http://site77778992.com"
223.182.99.153 - - [18/Aug/2026:12:51:14 +0300] "POST /xmlrpc.php HTTP/1.1" 200 459 "-" "Jetpack by WordPress.com"
223.185.61.113 - - [18/Aug/2026:12:51:15 +0300] "POST /xmlrpc.php HTTP/1.1" 200 459 "-" "Jetpack by WordPress.com (Jetpack 13.0; WordPress 6.4)"
124.43.5.103 - - [18/Aug/2026:12:51:18 +0300] "POST /xmlrpc.php HTTP/1.1" 200 459 "-" "Jetpack/12.5; WordPress/6.2; http://site56236029.com"
27.97.180.47 - - [18/Aug/2026:12:51:22 +0300] "POST /xmlrpc.php HTTP/1.1" 200 459 "-" "WordPress.com; https://wordpress.com"
223.182.99.153 - - [18/Aug/2026:12:51:24 +0300] "POST /xmlrpc.php HTTP/1.1" 200 459 "-" "Jetpack/12.1; WordPress/6.2; http://site33865683.com"
223.185.61.113 - - [18/Aug/2026:12:51:25 +0300] "POST /xmlrpc.php HTTP/1.1" 200 459 "-" "Jetpack by WordPress.com (Jetpack 13.0; WordPress 6.3)"
124.43.5.103 - - [18/Aug/2026:12:51:30 +0300] "POST /xmlrpc.php HTTP/1.1" 200 459 "-" "Jetpack by WordPress.com (Jetpack 12.0; WordPress 6.3)"
27.97.180.47 - - [18/Aug/2026:12:51:32 +0300] "POST /xmlrpc.php HTTP/1.1" 200 459 "-" "Jetpack by WordPress.com"
223.182.99.153 - - [18/Aug/2026:12:51:35 +0300] "POST /xmlrpc.php HTTP/1.1" 200 459 "-" "Jetpack by WordPress.com"
223.185.61.113 - - [18/Aug/2026:12:51:36 +0300] "POST /xmlrpc.php HTTP/1.1" 200 459 "-" "Jetpack/12.5; WordPress/6.2; http://site42245422.com"
124.43.5.103 - - [18/Aug/2026:12:51:42 +0300] "POST /xmlrpc.php HTTP/1.1" 200 459 "-" "Jetpack by WordPress.com (Jetpack 12.1; WordPress 6.1)"
27.97.180.47 - - [18/Aug/2026:12:51:43 +0300] "POST /xmlrpc.php HTTP/1.1" 200 459 "-" "Jetpack/12.0; WordPress/6.1; http://site35915904.com"
223.182.99.153 - - [18/Aug/2026:12:51:46 +0300] "POST /xmlrpc.php HTTP/1.1" 200 459 "-" "WordPress.com; https://wordpress.com"
223.185.61.113 - - [18/Aug/2026:12:51:47 +0300] "POST /xmlrpc.php HTTP/1.1" 200 459 "-" "Jetpack by WordPress.com (Jetpack 13.0; WordPress 6.3)"
124.43.5.103 - - [18/Aug/2026:12:51:53 +0300] "POST /xmlrpc.php HTTP/1.1" 200 459 "-" "Jetpack/13.0; WordPress/6.1; http://site25588560.com"
27.97.180.47 - - [18/Aug/2026:12:51:54 +0300] "POST /xmlrpc.php HTTP/1.1" 200 459 "-" "Jetpack by WordPress.com"
223.182.99.153 - - [18/Aug/2026:12:51:56 +0300] "POST /xmlrpc.php HTTP/1.1" 200 459 "-" "WordPress.com; https://wordpress.com"
223.185.61.113 - - [18/Aug/2026:12:51:57 +0300] "POST /xmlrpc.php HTTP/1.1" 200 459 "-" "Jetpack/12.0; WordPress/6.1; http://site35091594.com"
124.43.5.103 - - [18/Aug/2026:12:52:05 +0300] "POST /xmlrpc.php HTTP/1.1" 200 459 "-" "Jetpack by WordPress.com (Jetpack 12.5; WordPress 6.2)"
27.97.180.47 - - [18/Aug/2026:12:52:06 +0300] "POST /xmlrpc.php HTTP/1.1" 200 459 "-" "WordPress.com; https://wordpress.com"
223.182.99.153 - - [18/Aug/2026:12:52:07 +0300] "POST /xmlrpc.php HTTP/1.1" 200 459 "-" "Jetpack/13.0; WordPress/6.2; http://site89184613.com"
223.185.61.113 - - [18/Aug/2026:12:52:08 +0300] "POST /xmlrpc.php HTTP/1.1" 200 459 "-" "Jetpack/12.0; WordPress/6.3; http://site15220172.com"
124.43.5.103 - - [18/Aug/2026:12:52:16 +0300] "POST /xmlrpc.php HTTP/1.1" 200 459 "-" "Jetpack by WordPress.com"
223.182.99.153 - - [18/Aug/2026:12:52:18 +0300] "POST /xmlrpc.php HTTP/1.1" 200 459 "-" "WordPress.com; https://wordpress.com"
27.97.180.47 - - [18/Aug/2026:12:52:18 +0300] "POST /xmlrpc.php HTTP/1.1" 200 459 "-" "Jetpack by WordPress.com"
223.185.61.113 - - [18/Aug/2026:12:52:18 +0300] "POST /xmlrpc.php HTTP/1.1" 200 459 "-" "Jetpack by WordPress.com"
5.61.209.92 - - [18/Aug/2026:12:52:25 +0300] "GET /SDK/webLanguage HTTP/1.1" 301 162 "-" "Mozilla/5.0 (Windows NT 10.0; Win64; x64) AppleWebKit/537.36 (KHTML, like Gecko) Chrome/90.0.4430.85 Safari/537.36 Edg/90.0.818.46"
124.43.5.103 - - [18/Aug/2026:12:52:28 +0300] "POST /xmlrpc.php HTTP/1.1" 200 459 "-" "Jetpack by WordPress.com (Jetpack 12.5; WordPress 6.1)"
223.182.99.153 - - [18/Aug/2026:12:52:28 +0300] "POST /xmlrpc.php HTTP/1.1" 200 459 "-" "Jetpack/12.1; WordPress/6.3; http://site66178936.com"
223.185.61.113 - - [18/Aug/2026:12:52:29 +0300] "POST /xmlrpc.php HTTP/1.1" 200 459 "-" "Jetpack by WordPress.com (Jetpack 12.1; WordPress 6.4)"
82.148.16.210 - - [18/Aug/2026:12:52:38 +0300] "POST /wp-cron.php?doing_wp_cron=1787046758.4051489830017089843750 HTTP/1.1" 499 0 "-" "WordPress/6.9.1; https://891rpm.com"
144.124.244.26 - - [18/Aug/2026:12:52:38 +0300] "GET /where-am-i/ HTTP/1.0" 200 44268 "https://891rpm.com/where-am-i/" "Mozilla/5.0 (Windows NT 10.0; Win64; x64) AppleWebKit/537.36 (KHTML, like Gecko) Chrome/131.0.0.0 Safari/537.36"
223.182.99.153 - - [18/Aug/2026:12:52:39 +0300] "POST /xmlrpc.php HTTP/1.1" 200 459 "-" "Jetpack by WordPress.com (Jetpack 12.5; WordPress 6.2)"
124.43.5.103 - - [18/Aug/2026:12:52:39 +0300] "POST /xmlrpc.php HTTP/1.1" 200 459 "-" "WordPress.com; https://wordpress.com"
144.124.244.26 - - [18/Aug/2026:12:52:39 +0300] "POST /wp-comments-post.php HTTP/1.0" 302 6 "https://891rpm.com/where-am-i/" "Mozilla/5.0 (Windows NT 10.0; Win64; x64) AppleWebKit/537.36 (KHTML, like Gecko) Chrome/131.0.0.0 Safari/537.36"
223.185.61.113 - - [18/Aug/2026:12:52:40 +0300] "POST /xmlrpc.php HTTP/1.1" 200 459 "-" "Jetpack by WordPress.com (Jetpack 13.0; WordPress 6.1)"
144.124.244.26 - - [18/Aug/2026:12:52:40 +0300] "GET /where-am-i/ HTTP/1.0" 200 44269 "https://891rpm.com/where-am-i/#comment-50030" "Mozilla/5.0 (Windows NT 10.0; Win64; x64) AppleWebKit/537.36 (KHTML, like Gecko) Chrome/131.0.0.0 Safari/537.36"
223.182.99.153 - - [18/Aug/2026:12:52:50 +0300] "POST /xmlrpc.php HTTP/1.1" 200 459 "-" "WordPress.com; https://wordpress.com"
223.185.61.113 - - [18/Aug/2026:12:52:50 +0300] "POST /xmlrpc.php HTTP/1.1" 200 459 "-" "Jetpack by WordPress.com"
124.43.5.103 - - [18/Aug/2026:12:52:50 +0300] "POST /xmlrpc.php HTTP/1.1" 200 459 "-" "WordPress.com; https://wordpress.com"
85.204.70.96 - - [18/Aug/2026:12:52:57 +0300] "" 400 0 "-" "-"
223.182.99.153 - - [18/Aug/2026:12:53:00 +0300] "POST /xmlrpc.php HTTP/1.1" 200 459 "-" "Jetpack by WordPress.com"
223.185.61.113 - - [18/Aug/2026:12:53:01 +0300] "POST /xmlrpc.php HTTP/1.1" 200 459 "-" "Jetpack by WordPress.com"
124.43.5.103 - - [18/Aug/2026:12:53:02 +0300] "POST /xmlrpc.php HTTP/1.1" 200 459 "-" "WordPress.com; https://wordpress.com"
223.182.99.153 - - [18/Aug/2026:12:53:11 +0300] "POST /xmlrpc.php HTTP/1.1" 200 459 "-" "WordPress.com; https://wordpress.com"
223.185.61.113 - - [18/Aug/2026:12:53:12 +0300] "POST /xmlrpc.php HTTP/1.1" 200 459 "-" "Jetpack by WordPress.com"
124.43.5.103 - - [18/Aug/2026:12:53:12 +0300] "POST /xmlrpc.php HTTP/1.1" 200 459 "-" "Jetpack by WordPress.com (Jetpack 13.0; WordPress 6.3)"
223.185.61.113 - - [18/Aug/2026:12:53:22 +0300] "POST /xmlrpc.php HTTP/1.1" 200 459 "-" "WordPress.com; https://wordpress.com"
223.182.99.153 - - [18/Aug/2026:12:53:22 +0300] "POST /xmlrpc.php HTTP/1.1" 200 459 "-" "Jetpack by WordPress.com"
124.43.5.103 - - [18/Aug/2026:12:53:23 +0300] "POST /xmlrpc.php HTTP/1.1" 200 459 "-" "Jetpack by WordPress.com (Jetpack 12.1; WordPress 6.2)"
223.185.61.113 - - [18/Aug/2026:12:53:32 +0300] "POST /xmlrpc.php HTTP/1.1" 200 459 "-" "Jetpack by WordPress.com"
124.43.5.103 - - [18/Aug/2026:12:53:34 +0300] "POST /xmlrpc.php HTTP/1.1" 200 459 "-" "Jetpack by WordPress.com (Jetpack 13.0; WordPress 6.1)"
223.182.99.153 - - [18/Aug/2026:12:53:34 +0300] "POST /xmlrpc.php HTTP/1.1" 200 459 "-" "WordPress.com; https://wordpress.com"
223.182.99.153 - - [18/Aug/2026:12:53:43 +0300] "POST /xmlrpc.php HTTP/1.1" 200 459 "-" "Jetpack by WordPress.com"
223.185.61.113 - - [18/Aug/2026:12:53:43 +0300] "POST /xmlrpc.php HTTP/1.1" 200 459 "-" "Jetpack by WordPress.com (Jetpack 12.0; WordPress 6.3)"
124.43.5.103 - - [18/Aug/2026:12:53:45 +0300] "POST /xmlrpc.php HTTP/1.1" 200 459 "-" "Jetpack by WordPress.com"
223.182.99.153 - - [18/Aug/2026:12:53:53 +0300] "POST /xmlrpc.php HTTP/1.1" 200 459 "-" "Jetpack/12.5; WordPress/6.3; http://site91180185.com"
223.185.61.113 - - [18/Aug/2026:12:53:54 +0300] "POST /xmlrpc.php HTTP/1.1" 200 459 "-" "Jetpack/13.0; WordPress/6.2; http://site66975224.com"
124.43.5.103 - - [18/Aug/2026:12:53:58 +0300] "POST /xmlrpc.php HTTP/1.1" 200 459 "-" "Jetpack by WordPress.com (Jetpack 12.1; WordPress 6.3)"
223.182.99.153 - - [18/Aug/2026:12:54:04 +0300] "POST /xmlrpc.php HTTP/1.1" 200 459 "-" "Jetpack by WordPress.com (Jetpack 12.1; WordPress 6.1)"
223.185.61.113 - - [18/Aug/2026:12:54:05 +0300] "POST /xmlrpc.php HTTP/1.1" 200 459 "-" "Jetpack by WordPress.com (Jetpack 12.0; WordPress 6.1)"
124.43.5.103 - - [18/Aug/2026:12:54:09 +0300] "POST /xmlrpc.php HTTP/1.1" 200 459 "-" "WordPress.com; https://wordpress.com"
223.182.99.153 - - [18/Aug/2026:12:54:15 +0300] "POST /xmlrpc.php HTTP/1.1" 200 459 "-" "Jetpack by WordPress.com (Jetpack 12.1; WordPress 6.4)"
223.185.61.113 - - [18/Aug/2026:12:54:15 +0300] "POST /xmlrpc.php HTTP/1.1" 200 459 "-" "Jetpack by WordPress.com (Jetpack 12.5; WordPress 6.1)"
124.43.5.103 - - [18/Aug/2026:12:54:20 +0300] "POST /xmlrpc.php HTTP/1.1" 200 459 "-" "WordPress.com; https://wordpress.com"
49.37.240.21 - - [18/Aug/2026:12:54:21 +0300] "POST /xmlrpc.php HTTP/1.1" 200 459 "-" "Jetpack by WordPress.com"
49.37.240.21 - - [18/Aug/2026:12:54:24 +0300] "POST /xmlrpc.php HTTP/1.1" 200 459 "-" "Jetpack by WordPress.com (Jetpack 12.1; WordPress 6.1)"
223.182.99.153 - - [18/Aug/2026:12:54:26 +0300] "POST /xmlrpc.php HTTP/1.1" 200 459 "-" "Jetpack by WordPress.com (Jetpack 13.0; WordPress 6.4)"
223.185.61.113 - - [18/Aug/2026:12:54:26 +0300] "POST /xmlrpc.php HTTP/1.1" 200 459 "-" "WordPress.com; https://wordpress.com"
185.231.153.163 - - [18/Aug/2026:12:54:26 +0300] "GET /where-am-i/ HTTP/1.0" 200 44269 "https://891rpm.com/where-am-i/#comment-41965" "Mozilla/5.0 (Windows NT 10.0; Win64; x64) AppleWebKit/537.36 (KHTML, like Gecko) Chrome/131.0.0.0 Safari/537.36"
185.231.153.163 - - [18/Aug/2026:12:54:26 +0300] "GET /where-am-i/ HTTP/1.0" 200 44269 "https://891rpm.com/where-am-i/#comment-41965" "Mozilla/5.0 (Windows NT 10.0; Win64; x64) AppleWebKit/537.36 (KHTML, like Gecko) Chrome/130.0.0.0 Safari/537.36 CCleaner/130.0.0.0"
185.231.153.163 - - [18/Aug/2026:12:54:27 +0300] "POST /wp-comments-post.php HTTP/1.0" 302 6 "https://891rpm.com/where-am-i/#comment-41965" "Mozilla/5.0 (Windows NT 10.0; Win64; x64) AppleWebKit/537.36 (KHTML, like Gecko) Chrome/130.0.0.0 Safari/537.36 CCleaner/130.0.0.0"
185.231.153.163 - - [18/Aug/2026:12:54:27 +0300] "POST /wp-comments-post.php HTTP/1.0" 429 2656 "https://891rpm.com/where-am-i/#comment-41965" "Mozilla/5.0 (Windows NT 10.0; Win64; x64) AppleWebKit/537.36 (KHTML, like Gecko) Chrome/131.0.0.0 Safari/537.36"
185.231.153.163 - - [18/Aug/2026:12:54:27 +0300] "GET /where-am-i/ HTTP/1.0" 200 44269 "https://891rpm.com/where-am-i/#comment-50031" "Mozilla/5.0 (Windows NT 10.0; Win64; x64) AppleWebKit/537.36 (KHTML, like Gecko) Chrome/130.0.0.0 Safari/537.36 CCleaner/130.0.0.0"
49.37.240.21 - - [18/Aug/2026:12:54:31 +0300] "POST /xmlrpc.php HTTP/1.1" 200 459 "-" "Jetpack by WordPress.com"
124.43.5.103 - - [18/Aug/2026:12:54:32 +0300] "POST /xmlrpc.php HTTP/1.1" 200 459 "-" "Jetpack by WordPress.com"
49.37.240.21 - - [18/Aug/2026:12:54:35 +0300] "POST /xmlrpc.php HTTP/1.1" 200 459 "-" "Jetpack by WordPress.com"
223.182.99.153 - - [18/Aug/2026:12:54:36 +0300] "POST /xmlrpc.php HTTP/1.1" 200 459 "-" "Jetpack by WordPress.com"
223.185.61.113 - - [18/Aug/2026:12:54:36 +0300] "POST /xmlrpc.php HTTP/1.1" 200 459 "-" "Jetpack by WordPress.com (Jetpack 13.0; WordPress 6.2)"
49.37.240.21 - - [18/Aug/2026:12:54:42 +0300] "POST /xmlrpc.php HTTP/1.1" 200 459 "-" "Jetpack by WordPress.com (Jetpack 13.0; WordPress 6.4)"
124.43.5.103 - - [18/Aug/2026:12:54:43 +0300] "POST /xmlrpc.php HTTP/1.1" 200 459 "-" "Jetpack by WordPress.com"
49.37.240.21 - - [18/Aug/2026:12:54:45 +0300] "POST /xmlrpc.php HTTP/1.1" 200 459 "-" "Jetpack by WordPress.com (Jetpack 12.1; WordPress 6.1)"
223.182.99.153 - - [18/Aug/2026:12:54:46 +0300] "POST /xmlrpc.php HTTP/1.1" 200 459 "-" "WordPress.com; https://wordpress.com"
223.185.61.113 - - [18/Aug/2026:12:54:47 +0300] "POST /xmlrpc.php HTTP/1.1" 200 459 "-" "WordPress.com; https://wordpress.com"
49.37.240.21 - - [18/Aug/2026:12:54:53 +0300] "POST /xmlrpc.php HTTP/1.1" 200 459 "-" "Jetpack by WordPress.com (Jetpack 13.0; WordPress 6.3)"
124.43.5.103 - - [18/Aug/2026:12:54:55 +0300] "POST /xmlrpc.php HTTP/1.1" 200 459 "-" "Jetpack by WordPress.com (Jetpack 12.1; WordPress 6.1)"
49.37.240.21 - - [18/Aug/2026:12:54:56 +0300] "POST /xmlrpc.php HTTP/1.1" 200 459 "-" "Jetpack/12.0; WordPress/6.1; http://site90618135.com"
223.182.99.153 - - [18/Aug/2026:12:54:57 +0300] "POST /xmlrpc.php HTTP/1.1" 200 459 "-" "Jetpack/12.0; WordPress/6.2; http://site71749688.com"
223.185.61.113 - - [18/Aug/2026:12:54:58 +0300] "POST /xmlrpc.php HTTP/1.1" 200 459 "-" "Jetpack/12.0; WordPress/6.1; http://site77411226.com"
49.37.240.21 - - [18/Aug/2026:12:55:04 +0300] "POST /xmlrpc.php HTTP/1.1" 200 459 "-" "Jetpack by WordPress.com"
124.43.5.103 - - [18/Aug/2026:12:55:08 +0300] "POST /xmlrpc.php HTTP/1.1" 200 459 "-" "WordPress.com; https://wordpress.com"
49.37.240.21 - - [18/Aug/2026:12:55:08 +0300] "POST /xmlrpc.php HTTP/1.1" 200 459 "-" "Jetpack by WordPress.com (Jetpack 12.1; WordPress 6.1)"
223.182.99.153 - - [18/Aug/2026:12:55:08 +0300] "POST /xmlrpc.php HTTP/1.1" 200 459 "-" "Jetpack/12.5; WordPress/6.1; http://site91681690.com"
223.185.61.113 - - [18/Aug/2026:12:55:08 +0300] "POST /xmlrpc.php HTTP/1.1" 200 459 "-" "Jetpack by WordPress.com"
49.37.240.21 - - [18/Aug/2026:12:55:14 +0300] "POST /xmlrpc.php HTTP/1.1" 200 459 "-" "Jetpack/12.0; WordPress/6.4; http://site41498397.com"
49.37.240.21 - - [18/Aug/2026:12:55:17 +0300] "POST /xmlrpc.php HTTP/1.1" 200 459 "-" "Jetpack by WordPress.com"
124.43.5.103 - - [18/Aug/2026:12:55:18 +0300] "POST /xmlrpc.php HTTP/1.1" 200 459 "-" "Jetpack by WordPress.com (Jetpack 12.0; WordPress 6.3)"
223.182.99.153 - - [18/Aug/2026:12:55:18 +0300] "POST /xmlrpc.php HTTP/1.1" 200 459 "-" "Jetpack/12.0; WordPress/6.1; http://site80087509.com"
223.185.61.113 - - [18/Aug/2026:12:55:19 +0300] "POST /xmlrpc.php HTTP/1.1" 200 459 "-" "WordPress.com; https://wordpress.com"
49.37.240.21 - - [18/Aug/2026:12:55:25 +0300] "POST /xmlrpc.php HTTP/1.1" 200 459 "-" "Jetpack by WordPress.com"
49.37.240.21 - - [18/Aug/2026:12:55:28 +0300] "POST /xmlrpc.php HTTP/1.1" 200 459 "-" "WordPress.com; https://wordpress.com"
223.182.99.153 - - [18/Aug/2026:12:55:30 +0300] "POST /xmlrpc.php HTTP/1.1" 200 459 "-" "Jetpack/12.5; WordPress/6.4; http://site61316754.com"
124.43.5.103 - - [18/Aug/2026:12:55:30 +0300] "POST /xmlrpc.php HTTP/1.1" 200 459 "-" "Jetpack by WordPress.com"
223.185.61.113 - - [18/Aug/2026:12:55:30 +0300] "POST /xmlrpc.php HTTP/1.1" 200 459 "-" "Jetpack by WordPress.com (Jetpack 13.0; WordPress 6.4)"
49.37.240.21 - - [18/Aug/2026:12:55:35 +0300] "POST /xmlrpc.php HTTP/1.1" 200 459 "-" "Jetpack/12.0; WordPress/6.3; http://site70200242.com"
49.37.240.21 - - [18/Aug/2026:12:55:39 +0300] "POST /xmlrpc.php HTTP/1.1" 200 459 "-" "Jetpack by WordPress.com"
223.182.99.153 - - [18/Aug/2026:12:55:40 +0300] "POST /xmlrpc.php HTTP/1.1" 200 459 "-" "Jetpack by WordPress.com"
223.185.61.113 - - [18/Aug/2026:12:55:41 +0300] "POST /xmlrpc.php HTTP/1.1" 200 459 "-" "Jetpack by WordPress.com (Jetpack 12.1; WordPress 6.2)"
124.43.5.103 - - [18/Aug/2026:12:55:41 +0300] "POST /xmlrpc.php HTTP/1.1" 200 459 "-" "Jetpack by WordPress.com (Jetpack 12.1; WordPress 6.4)"
49.37.240.21 - - [18/Aug/2026:12:55:46 +0300] "POST /xmlrpc.php HTTP/1.1" 200 459 "-" "Jetpack/13.0; WordPress/6.1; http://site55942258.com"
49.37.240.21 - - [18/Aug/2026:12:55:49 +0300] "POST /xmlrpc.php HTTP/1.1" 200 459 "-" "Jetpack by WordPress.com"
223.182.99.153 - - [18/Aug/2026:12:55:50 +0300] "POST /xmlrpc.php HTTP/1.1" 200 459 "-" "WordPress.com; https://wordpress.com"
223.185.61.113 - - [18/Aug/2026:12:55:51 +0300] "POST /xmlrpc.php HTTP/1.1" 200 459 "-" "Jetpack by WordPress.com (Jetpack 12.1; WordPress 6.2)"
124.43.5.103 - - [18/Aug/2026:12:55:52 +0300] "POST /xmlrpc.php HTTP/1.1" 200 459 "-" "Jetpack by WordPress.com"
49.37.240.21 - - [18/Aug/2026:12:55:57 +0300] "POST /xmlrpc.php HTTP/1.1" 200 459 "-" "Jetpack by WordPress.com"
49.37.240.21 - - [18/Aug/2026:12:56:01 +0300] "POST /xmlrpc.php HTTP/1.1" 200 459 "-" "Jetpack/12.5; WordPress/6.4; http://site39504664.com"
223.182.99.153 - - [18/Aug/2026:12:56:02 +0300] "POST /xmlrpc.php HTTP/1.1" 200 459 "-" "WordPress.com; https://wordpress.com"
223.185.61.113 - - [18/Aug/2026:12:56:02 +0300] "POST /xmlrpc.php HTTP/1.1" 200 459 "-" "Jetpack by WordPress.com"
124.43.5.103 - - [18/Aug/2026:12:56:04 +0300] "POST /xmlrpc.php HTTP/1.1" 200 459 "-" "Jetpack by WordPress.com"
49.37.240.21 - - [18/Aug/2026:12:56:09 +0300] "POST /xmlrpc.php HTTP/1.1" 200 459 "-" "Jetpack/12.0; WordPress/6.4; http://site14074384.com"
49.37.240.21 - - [18/Aug/2026:12:56:11 +0300] "POST /xmlrpc.php HTTP/1.1" 200 459 "-" "Jetpack by WordPress.com"
223.182.99.153 - - [18/Aug/2026:12:56:12 +0300] "POST /xmlrpc.php HTTP/1.1" 200 459 "-" "Jetpack by WordPress.com (Jetpack 12.0; WordPress 6.3)"
223.185.61.113 - - [18/Aug/2026:12:56:13 +0300] "POST /xmlrpc.php HTTP/1.1" 200 459 "-" "Jetpack by WordPress.com (Jetpack 13.0; WordPress 6.3)"
124.43.5.103 - - [18/Aug/2026:12:56:16 +0300] "POST /xmlrpc.php HTTP/1.1" 200 459 "-" "WordPress.com; https://wordpress.com"
49.37.240.21 - - [18/Aug/2026:12:56:19 +0300] "POST /xmlrpc.php HTTP/1.1" 200 459 "-" "Jetpack by WordPress.com (Jetpack 12.1; WordPress 6.1)"
49.37.240.21 - - [18/Aug/2026:12:56:23 +0300] "POST /xmlrpc.php HTTP/1.1" 200 459 "-" "Jetpack by WordPress.com (Jetpack 13.0; WordPress 6.3)"
223.182.99.153 - - [18/Aug/2026:12:56:23 +0300] "POST /xmlrpc.php HTTP/1.1" 200 459 "-" "Jetpack/12.1; WordPress/6.4; http://site33478501.com"
124.43.5.103 - - [18/Aug/2026:12:56:27 +0300] "POST /xmlrpc.php HTTP/1.1" 200 459 "-" "Jetpack/13.0; WordPress/6.4; http://site94032398.com"
49.37.240.21 - - [18/Aug/2026:12:56:29 +0300] "POST /xmlrpc.php HTTP/1.1" 200 459 "-" "Jetpack/12.5; WordPress/6.4; http://site46073423.com"
49.37.240.21 - - [18/Aug/2026:12:56:32 +0300] "POST /xmlrpc.php HTTP/1.1" 200 459 "-" "Jetpack/12.5; WordPress/6.1; http://site14178052.com"
223.182.99.153 - - [18/Aug/2026:12:56:33 +0300] "POST /xmlrpc.php HTTP/1.1" 200 459 "-" "Jetpack by WordPress.com (Jetpack 12.1; WordPress 6.1)"
124.43.5.103 - - [18/Aug/2026:12:56:38 +0300] "POST /xmlrpc.php HTTP/1.1" 200 459 "-" "Jetpack/12.0; WordPress/6.1; http://site52317877.com"
49.37.240.21 - - [18/Aug/2026:12:56:39 +0300] "POST /xmlrpc.php HTTP/1.1" 200 459 "-" "Jetpack/13.0; WordPress/6.3; http://site90668768.com"
49.37.240.21 - - [18/Aug/2026:12:56:43 +0300] "POST /xmlrpc.php HTTP/1.1" 200 459 "-" "Jetpack/12.1; WordPress/6.2; http://site74433422.com"
223.182.99.153 - - [18/Aug/2026:12:56:43 +0300] "POST /xmlrpc.php HTTP/1.1" 200 459 "-" "Jetpack by WordPress.com"
49.37.240.21 - - [18/Aug/2026:12:56:50 +0300] "POST /xmlrpc.php HTTP/1.1" 200 459 "-" "Jetpack/12.5; WordPress/6.3; http://site27473283.com"
49.37.240.21 - - [18/Aug/2026:12:56:53 +0300] "POST /xmlrpc.php HTTP/1.1" 200 459 "-" "Jetpack/12.1; WordPress/6.3; http://site63507763.com"
223.182.99.153 - - [18/Aug/2026:12:56:54 +0300] "POST /xmlrpc.php HTTP/1.1" 200 459 "-" "WordPress.com; https://wordpress.com"
49.37.240.21 - - [18/Aug/2026:12:57:00 +0300] "POST /xmlrpc.php HTTP/1.1" 200 459 "-" "Jetpack/12.5; WordPress/6.2; http://site12217766.com"
49.37.240.21 - - [18/Aug/2026:12:57:04 +0300] "POST /xmlrpc.php HTTP/1.1" 200 459 "-" "Jetpack/12.5; WordPress/6.2; http://site83959200.com"
223.182.99.153 - - [18/Aug/2026:12:57:06 +0300] "POST /xmlrpc.php HTTP/1.1" 200 459 "-" "Jetpack by WordPress.com (Jetpack 12.5; WordPress 6.1)"
49.37.240.21 - - [18/Aug/2026:12:57:11 +0300] "POST /xmlrpc.php HTTP/1.1" 200 459 "-" "WordPress.com; https://wordpress.com"
49.37.240.21 - - [18/Aug/2026:12:57:15 +0300] "POST /xmlrpc.php HTTP/1.1" 200 459 "-" "Jetpack by WordPress.com (Jetpack 12.5; WordPress 6.2)"
223.182.99.153 - - [18/Aug/2026:12:57:15 +0300] "POST /xmlrpc.php HTTP/1.1" 200 459 "-" "Jetpack by WordPress.com"
49.37.240.21 - - [18/Aug/2026:12:57:22 +0300] "POST /xmlrpc.php HTTP/1.1" 200 459 "-" "WordPress.com; https://wordpress.com"
49.37.240.21 - - [18/Aug/2026:12:57:26 +0300] "POST /xmlrpc.php HTTP/1.1" 200 459 "-" "Jetpack by WordPress.com"
223.182.99.153 - - [18/Aug/2026:12:57:27 +0300] "POST /xmlrpc.php HTTP/1.1" 200 459 "-" "Jetpack/12.5; WordPress/6.4; http://site51833433.com"
49.37.240.21 - - [18/Aug/2026:12:57:32 +0300] "POST /xmlrpc.php HTTP/1.1" 200 459 "-" "Jetpack by WordPress.com (Jetpack 12.0; WordPress 6.3)"
49.37.240.21 - - [18/Aug/2026:12:57:36 +0300] "POST /xmlrpc.php HTTP/1.1" 200 459 "-" "WordPress.com; https://wordpress.com"
223.182.99.153 - - [18/Aug/2026:12:57:37 +0300] "POST /xmlrpc.php HTTP/1.1" 200 459 "-" "Jetpack/12.0; WordPress/6.1; http://site58140678.com"
66.249.66.204 - - [18/Aug/2026:12:57:40 +0300] "GET /shopdetail/fear/095000233 HTTP/1.1" 404 11133 "-" "Mozilla/5.0 (Linux; Android 6.0.1; Nexus 5X Build/MMB29P) AppleWebKit/537.36 (KHTML, like Gecko) Chrome/151.0.7922.137 Mobile Safari/537.36 (compatible; Googlebot/2.1; +http://www.google.com/bot.html)"
49.37.240.21 - - [18/Aug/2026:12:57:43 +0300] "POST /xmlrpc.php HTTP/1.1" 200 459 "-" "Jetpack by WordPress.com (Jetpack 12.1; WordPress 6.4)"
49.37.240.21 - - [18/Aug/2026:12:57:47 +0300] "POST /xmlrpc.php HTTP/1.1" 200 459 "-" "Jetpack by WordPress.com (Jetpack 12.5; WordPress 6.4)"
