203.215.163.196 - - [18/Aug/2026:10:33:58 +0300] "POST /xmlrpc.php HTTP/1.1" 200 459 "-" "WordPress.com; https://wordpress.com"
1.178.141.221 - - [18/Aug/2026:10:33:59 +0300] "POST /xmlrpc.php HTTP/1.1" 200 459 "-" "Jetpack by WordPress.com"
103.149.16.186 - - [18/Aug/2026:10:34:00 +0300] "POST /xmlrpc.php HTTP/1.1" 200 459 "-" "WordPress.com; https://wordpress.com"
203.215.163.196 - - [18/Aug/2026:10:34:09 +0300] "POST /xmlrpc.php HTTP/1.1" 200 459 "-" "Jetpack/12.1; WordPress/6.4; http://site97211381.com"
1.178.141.221 - - [18/Aug/2026:10:34:09 +0300] "POST /xmlrpc.php HTTP/1.1" 200 459 "-" "Jetpack by WordPress.com (Jetpack 13.0; WordPress 6.2)"
103.149.16.186 - - [18/Aug/2026:10:34:11 +0300] "POST /xmlrpc.php HTTP/1.1" 200 459 "-" "Jetpack/12.5; WordPress/6.4; http://site66666516.com"
203.215.163.196 - - [18/Aug/2026:10:34:19 +0300] "POST /xmlrpc.php HTTP/1.1" 200 459 "-" "Jetpack/12.5; WordPress/6.4; http://site38824184.com"
1.178.141.221 - - [18/Aug/2026:10:34:20 +0300] "POST /xmlrpc.php HTTP/1.1" 200 459 "-" "Jetpack by WordPress.com"
103.149.16.186 - - [18/Aug/2026:10:34:21 +0300] "POST /xmlrpc.php HTTP/1.1" 200 459 "-" "Jetpack by WordPress.com (Jetpack 12.5; WordPress 6.4)"
203.215.163.196 - - [18/Aug/2026:10:34:30 +0300] "POST /xmlrpc.php HTTP/1.1" 200 459 "-" "WordPress.com; https://wordpress.com"
1.178.141.221 - - [18/Aug/2026:10:34:31 +0300] "POST /xmlrpc.php HTTP/1.1" 200 459 "-" "WordPress.com; https://wordpress.com"
103.149.16.186 - - [18/Aug/2026:10:34:32 +0300] "POST /xmlrpc.php HTTP/1.1" 200 459 "-" "WordPress.com; https://wordpress.com"
203.215.163.196 - - [18/Aug/2026:10:34:41 +0300] "POST /xmlrpc.php HTTP/1.1" 200 459 "-" "Jetpack by WordPress.com"
1.178.141.221 - - [18/Aug/2026:10:34:41 +0300] "POST /xmlrpc.php HTTP/1.1" 200 459 "-" "Jetpack/12.0; WordPress/6.4; http://site59107929.com"
103.149.16.186 - - [18/Aug/2026:10:34:42 +0300] "POST /xmlrpc.php HTTP/1.1" 200 459 "-" "Jetpack by WordPress.com"
1.178.141.221 - - [18/Aug/2026:10:34:52 +0300] "POST /xmlrpc.php HTTP/1.1" 200 459 "-" "Jetpack by WordPress.com"
203.215.163.196 - - [18/Aug/2026:10:34:52 +0300] "POST /xmlrpc.php HTTP/1.1" 200 459 "-" "WordPress.com; https://wordpress.com"
103.149.16.186 - - [18/Aug/2026:10:34:53 +0300] "POST /xmlrpc.php HTTP/1.1" 200 459 "-" "WordPress.com; https://wordpress.com"
1.178.141.221 - - [18/Aug/2026:10:35:03 +0300] "POST /xmlrpc.php HTTP/1.1" 200 459 "-" "Jetpack by WordPress.com"
203.215.163.196 - - [18/Aug/2026:10:35:03 +0300] "POST /xmlrpc.php HTTP/1.1" 200 459 "-" "Jetpack by WordPress.com"
103.149.16.186 - - [18/Aug/2026:10:35:04 +0300] "POST /xmlrpc.php HTTP/1.1" 200 459 "-" "Jetpack/13.0; WordPress/6.1; http://site31981562.com"
1.178.141.221 - - [18/Aug/2026:10:35:13 +0300] "POST /xmlrpc.php HTTP/1.1" 200 459 "-" "Jetpack/12.1; WordPress/6.3; http://site94644850.com"
203.215.163.196 - - [18/Aug/2026:10:35:13 +0300] "POST /xmlrpc.php HTTP/1.1" 200 459 "-" "Jetpack by WordPress.com (Jetpack 12.5; WordPress 6.4)"
103.149.16.186 - - [18/Aug/2026:10:35:14 +0300] "POST /xmlrpc.php HTTP/1.1" 200 459 "-" "Jetpack/12.0; WordPress/6.4; http://site52311075.com"
1.178.141.221 - - [18/Aug/2026:10:35:23 +0300] "POST /xmlrpc.php HTTP/1.1" 200 459 "-" "Jetpack by WordPress.com"
203.215.163.196 - - [18/Aug/2026:10:35:23 +0300] "POST /xmlrpc.php HTTP/1.1" 200 459 "-" "Jetpack/12.1; WordPress/6.4; http://site95063940.com"
103.149.16.186 - - [18/Aug/2026:10:35:25 +0300] "POST /xmlrpc.php HTTP/1.1" 200 459 "-" "Jetpack/12.5; WordPress/6.2; http://site11889181.com"
1.178.141.221 - - [18/Aug/2026:10:35:33 +0300] "POST /xmlrpc.php HTTP/1.1" 200 459 "-" "Jetpack by WordPress.com"
203.215.163.196 - - [18/Aug/2026:10:35:34 +0300] "POST /xmlrpc.php HTTP/1.1" 200 459 "-" "WordPress.com; https://wordpress.com"
103.149.16.186 - - [18/Aug/2026:10:35:35 +0300] "POST /xmlrpc.php HTTP/1.1" 200 459 "-" "Jetpack/13.0; WordPress/6.3; http://site65545761.com"
1.178.141.221 - - [18/Aug/2026:10:35:44 +0300] "POST /xmlrpc.php HTTP/1.1" 200 459 "-" "WordPress.com; https://wordpress.com"
203.215.163.196 - - [18/Aug/2026:10:35:45 +0300] "POST /xmlrpc.php HTTP/1.1" 200 459 "-" "Jetpack by WordPress.com"
103.149.16.186 - - [18/Aug/2026:10:35:46 +0300] "POST /xmlrpc.php HTTP/1.1" 200 459 "-" "Jetpack by WordPress.com"
1.178.141.221 - - [18/Aug/2026:10:35:55 +0300] "POST /xmlrpc.php HTTP/1.1" 200 459 "-" "WordPress.com; https://wordpress.com"
203.215.163.196 - - [18/Aug/2026:10:35:55 +0300] "POST /xmlrpc.php HTTP/1.1" 200 459 "-" "Jetpack by WordPress.com"
103.149.16.186 - - [18/Aug/2026:10:35:57 +0300] "POST /xmlrpc.php HTTP/1.1" 200 459 "-" "Jetpack by WordPress.com (Jetpack 12.5; WordPress 6.1)"
1.178.141.221 - - [18/Aug/2026:10:36:06 +0300] "POST /xmlrpc.php HTTP/1.1" 200 459 "-" "Jetpack by WordPress.com"
203.215.163.196 - - [18/Aug/2026:10:36:07 +0300] "POST /xmlrpc.php HTTP/1.1" 200 459 "-" "Jetpack by WordPress.com (Jetpack 13.0; WordPress 6.3)"
103.149.16.186 - - [18/Aug/2026:10:36:08 +0300] "POST /xmlrpc.php HTTP/1.1" 200 459 "-" "Jetpack by WordPress.com"
1.178.141.221 - - [18/Aug/2026:10:36:16 +0300] "POST /xmlrpc.php HTTP/1.1" 200 459 "-" "Jetpack by WordPress.com (Jetpack 12.1; WordPress 6.3)"
203.215.163.196 - - [18/Aug/2026:10:36:17 +0300] "POST /xmlrpc.php HTTP/1.1" 200 459 "-" "Jetpack/12.0; WordPress/6.4; http://site73532221.com"
103.149.16.186 - - [18/Aug/2026:10:36:18 +0300] "POST /xmlrpc.php HTTP/1.1" 200 459 "-" "Jetpack by WordPress.com (Jetpack 12.1; WordPress 6.4)"
1.178.141.221 - - [18/Aug/2026:10:36:27 +0300] "POST /xmlrpc.php HTTP/1.1" 200 459 "-" "Jetpack/12.1; WordPress/6.4; http://site22116218.com"
203.215.163.196 - - [18/Aug/2026:10:36:28 +0300] "POST /xmlrpc.php HTTP/1.1" 200 459 "-" "WordPress.com; https://wordpress.com"
103.149.16.186 - - [18/Aug/2026:10:36:28 +0300] "POST /xmlrpc.php HTTP/1.1" 200 459 "-" "WordPress.com; https://wordpress.com"
1.178.141.221 - - [18/Aug/2026:10:36:37 +0300] "POST /xmlrpc.php HTTP/1.1" 200 459 "-" "Jetpack/13.0; WordPress/6.1; http://site35963396.com"
203.215.163.196 - - [18/Aug/2026:10:36:38 +0300] "POST /xmlrpc.php HTTP/1.1" 200 459 "-" "Jetpack by WordPress.com (Jetpack 12.5; WordPress 6.2)"
103.149.16.186 - - [18/Aug/2026:10:36:39 +0300] "POST /xmlrpc.php HTTP/1.1" 200 459 "-" "Jetpack by WordPress.com"
1.178.141.221 - - [18/Aug/2026:10:36:47 +0300] "POST /xmlrpc.php HTTP/1.1" 200 459 "-" "Jetpack/13.0; WordPress/6.3; http://site46911257.com"
203.215.163.196 - - [18/Aug/2026:10:36:48 +0300] "POST /xmlrpc.php HTTP/1.1" 200 459 "-" "Jetpack/12.1; WordPress/6.3; http://site37066036.com"
103.149.16.186 - - [18/Aug/2026:10:36:49 +0300] "POST /xmlrpc.php HTTP/1.1" 200 459 "-" "WordPress.com; https://wordpress.com"
1.178.141.221 - - [18/Aug/2026:10:36:58 +0300] "POST /xmlrpc.php HTTP/1.1" 200 459 "-" "Jetpack by WordPress.com"
203.215.163.196 - - [18/Aug/2026:10:36:59 +0300] "POST /xmlrpc.php HTTP/1.1" 200 459 "-" "WordPress.com; https://wordpress.com"
103.149.16.186 - - [18/Aug/2026:10:37:00 +0300] "POST /xmlrpc.php HTTP/1.1" 200 459 "-" "Jetpack by WordPress.com"
94.154.43.114 - - [18/Aug/2026:10:37:08 +0300] "GET / HTTP/1.1" 301 162 "http://82.148.16.210:80/cgi-bin/index2.asp" "Mozilla/5.0 (X11; Linux x86_64) AppleWebKit/537.36 (KHTML, like Gecko) Chrome/126.0.0.0 Safari/537.36"
1.178.141.221 - - [18/Aug/2026:10:37:09 +0300] "POST /xmlrpc.php HTTP/1.1" 200 459 "-" "Jetpack/13.0; WordPress/6.2; http://site68192226.com"
203.215.163.196 - - [18/Aug/2026:10:37:10 +0300] "POST /xmlrpc.php HTTP/1.1" 200 459 "-" "Jetpack by WordPress.com"
103.149.16.186 - - [18/Aug/2026:10:37:11 +0300] "POST /xmlrpc.php HTTP/1.1" 200 459 "-" "Jetpack/12.0; WordPress/6.3; http://site69275925.com"
1.178.141.221 - - [18/Aug/2026:10:37:19 +0300] "POST /xmlrpc.php HTTP/1.1" 200 459 "-" "Jetpack by WordPress.com"
203.215.163.196 - - [18/Aug/2026:10:37:20 +0300] "POST /xmlrpc.php HTTP/1.1" 200 459 "-" "Jetpack/13.0; WordPress/6.3; http://site68871950.com"
103.149.16.186 - - [18/Aug/2026:10:37:21 +0300] "POST /xmlrpc.php HTTP/1.1" 200 459 "-" "Jetpack by WordPress.com (Jetpack 13.0; WordPress 6.4)"
1.178.141.221 - - [18/Aug/2026:10:37:30 +0300] "POST /xmlrpc.php HTTP/1.1" 200 459 "-" "WordPress.com; https://wordpress.com"
203.215.163.196 - - [18/Aug/2026:10:37:31 +0300] "POST /xmlrpc.php HTTP/1.1" 200 459 "-" "Jetpack by WordPress.com"
103.149.16.186 - - [18/Aug/2026:10:37:32 +0300] "POST /xmlrpc.php HTTP/1.1" 200 459 "-" "WordPress.com; https://wordpress.com"
1.178.141.221 - - [18/Aug/2026:10:37:40 +0300] "POST /xmlrpc.php HTTP/1.1" 200 459 "-" "Jetpack by WordPress.com (Jetpack 12.1; WordPress 6.3)"
203.215.163.196 - - [18/Aug/2026:10:37:42 +0300] "POST /xmlrpc.php HTTP/1.1" 200 459 "-" "Jetpack by WordPress.com"
103.149.16.186 - - [18/Aug/2026:10:37:42 +0300] "POST /xmlrpc.php HTTP/1.1" 200 459 "-" "WordPress.com; https://wordpress.com"
1.178.141.221 - - [18/Aug/2026:10:37:50 +0300] "POST /xmlrpc.php HTTP/1.1" 200 459 "-" "WordPress.com; https://wordpress.com"
66.249.66.205 - - [18/Aug/2026:10:37:52 +0300] "GET /shopdetail/flow/068000022 HTTP/1.1" 404 11133 "-" "Mozilla/5.0 (Linux; Android 6.0.1; Nexus 5X Build/MMB29P) AppleWebKit/537.36 (KHTML, like Gecko) Chrome/151.0.7922.137 Mobile Safari/537.36 (compatible; Googlebot/2.1; +http://www.google.com/bot.html)"
203.215.163.196 - - [18/Aug/2026:10:37:52 +0300] "POST /xmlrpc.php HTTP/1.1" 200 459 "-" "Jetpack by WordPress.com (Jetpack 12.0; WordPress 6.1)"
103.149.16.186 - - [18/Aug/2026:10:37:53 +0300] "POST /xmlrpc.php HTTP/1.1" 200 459 "-" "Jetpack by WordPress.com (Jetpack 12.0; WordPress 6.3)"
1.178.141.221 - - [18/Aug/2026:10:38:01 +0300] "POST /xmlrpc.php HTTP/1.1" 200 459 "-" "Jetpack by WordPress.com"
203.215.163.196 - - [18/Aug/2026:10:38:04 +0300] "POST /xmlrpc.php HTTP/1.1" 200 459 "-" "Jetpack/13.0; WordPress/6.3; http://site46225529.com"
103.149.16.186 - - [18/Aug/2026:10:38:04 +0300] "POST /xmlrpc.php HTTP/1.1" 200 459 "-" "WordPress.com; https://wordpress.com"
1.178.141.221 - - [18/Aug/2026:10:38:12 +0300] "POST /xmlrpc.php HTTP/1.1" 200 459 "-" "WordPress.com; https://wordpress.com"
203.215.163.196 - - [18/Aug/2026:10:38:14 +0300] "POST /xmlrpc.php HTTP/1.1" 200 459 "-" "WordPress.com; https://wordpress.com"
103.149.16.186 - - [18/Aug/2026:10:38:14 +0300] "POST /xmlrpc.php HTTP/1.1" 200 459 "-" "WordPress.com; https://wordpress.com"
1.178.141.221 - - [18/Aug/2026:10:38:22 +0300] "POST /xmlrpc.php HTTP/1.1" 200 459 "-" "WordPress.com; https://wordpress.com"
203.215.163.196 - - [18/Aug/2026:10:38:25 +0300] "POST /xmlrpc.php HTTP/1.1" 200 459 "-" "Jetpack by WordPress.com"
103.149.16.186 - - [18/Aug/2026:10:38:25 +0300] "POST /xmlrpc.php HTTP/1.1" 200 459 "-" "Jetpack/12.0; WordPress/6.1; http://site16068194.com"
1.178.141.221 - - [18/Aug/2026:10:38:32 +0300] "POST /xmlrpc.php HTTP/1.1" 200 459 "-" "Jetpack by WordPress.com (Jetpack 12.5; WordPress 6.3)"
203.215.163.196 - - [18/Aug/2026:10:38:35 +0300] "POST /xmlrpc.php HTTP/1.1" 200 459 "-" "Jetpack/12.0; WordPress/6.1; http://site50201130.com"
103.149.16.186 - - [18/Aug/2026:10:38:35 +0300] "POST /xmlrpc.php HTTP/1.1" 200 459 "-" "Jetpack by WordPress.com"
1.178.141.221 - - [18/Aug/2026:10:38:43 +0300] "POST /xmlrpc.php HTTP/1.1" 200 459 "-" "Jetpack by WordPress.com (Jetpack 12.5; WordPress 6.3)"
203.215.163.196 - - [18/Aug/2026:10:38:46 +0300] "POST /xmlrpc.php HTTP/1.1" 200 459 "-" "Jetpack by WordPress.com (Jetpack 12.1; WordPress 6.3)"
103.149.16.186 - - [18/Aug/2026:10:38:46 +0300] "POST /xmlrpc.php HTTP/1.1" 200 459 "-" "Jetpack by WordPress.com (Jetpack 12.1; WordPress 6.4)"
1.178.141.221 - - [18/Aug/2026:10:38:54 +0300] "POST /xmlrpc.php HTTP/1.1" 200 459 "-" "Jetpack by WordPress.com (Jetpack 12.0; WordPress 6.1)"
203.215.163.196 - - [18/Aug/2026:10:38:56 +0300] "POST /xmlrpc.php HTTP/1.1" 200 459 "-" "Jetpack/12.5; WordPress/6.1; http://site85083125.com"
103.149.16.186 - - [18/Aug/2026:10:38:56 +0300] "POST /xmlrpc.php HTTP/1.1" 200 459 "-" "Jetpack by WordPress.com (Jetpack 12.0; WordPress 6.4)"
1.178.141.221 - - [18/Aug/2026:10:39:04 +0300] "POST /xmlrpc.php HTTP/1.1" 200 459 "-" "Jetpack/12.5; WordPress/6.3; http://site89465238.com"
103.149.16.186 - - [18/Aug/2026:10:39:08 +0300] "POST /xmlrpc.php HTTP/1.1" 200 459 "-" "WordPress.com; https://wordpress.com"
203.215.163.196 - - [18/Aug/2026:10:39:08 +0300] "POST /xmlrpc.php HTTP/1.1" 200 459 "-" "Jetpack by WordPress.com (Jetpack 13.0; WordPress 6.3)"
1.178.141.221 - - [18/Aug/2026:10:39:15 +0300] "POST /xmlrpc.php HTTP/1.1" 200 459 "-" "Jetpack/12.5; WordPress/6.1; http://site66091240.com"
203.215.163.196 - - [18/Aug/2026:10:39:18 +0300] "POST /xmlrpc.php HTTP/1.1" 200 459 "-" "WordPress.com; https://wordpress.com"
103.149.16.186 - - [18/Aug/2026:10:39:18 +0300] "POST /xmlrpc.php HTTP/1.1" 200 459 "-" "Jetpack/12.5; WordPress/6.1; http://site41512113.com"
1.178.141.221 - - [18/Aug/2026:10:39:25 +0300] "POST /xmlrpc.php HTTP/1.1" 200 459 "-" "Jetpack by WordPress.com (Jetpack 12.1; WordPress 6.1)"
203.215.163.196 - - [18/Aug/2026:10:39:29 +0300] "POST /xmlrpc.php HTTP/1.1" 200 459 "-" "Jetpack by WordPress.com"
103.149.16.186 - - [18/Aug/2026:10:39:29 +0300] "POST /xmlrpc.php HTTP/1.1" 200 459 "-" "WordPress.com; https://wordpress.com"
1.178.141.221 - - [18/Aug/2026:10:39:36 +0300] "POST /xmlrpc.php HTTP/1.1" 200 459 "-" "Jetpack/12.0; WordPress/6.1; http://site23970712.com"
203.215.163.196 - - [18/Aug/2026:10:39:39 +0300] "POST /xmlrpc.php HTTP/1.1" 200 459 "-" "Jetpack by WordPress.com"
103.149.16.186 - - [18/Aug/2026:10:39:39 +0300] "POST /xmlrpc.php HTTP/1.1" 200 459 "-" "Jetpack by WordPress.com"
1.178.141.221 - - [18/Aug/2026:10:39:46 +0300] "POST /xmlrpc.php HTTP/1.1" 200 459 "-" "Jetpack by WordPress.com (Jetpack 12.5; WordPress 6.4)"
35.202.9.133 - - [18/Aug/2026:10:39:48 +0300] "GET / HTTP/1.1" 301 162 "-" "Mozilla/5.0 (compatible; tchelebi/1.0; +http://tchelebi.io)"
103.149.16.186 - - [18/Aug/2026:10:39:50 +0300] "POST /xmlrpc.php HTTP/1.1" 200 459 "-" "Jetpack by WordPress.com"
203.215.163.196 - - [18/Aug/2026:10:39:50 +0300] "POST /xmlrpc.php HTTP/1.1" 200 459 "-" "WordPress.com; https://wordpress.com"
1.178.141.221 - - [18/Aug/2026:10:39:57 +0300] "POST /xmlrpc.php HTTP/1.1" 200 459 "-" "Jetpack by WordPress.com (Jetpack 12.0; WordPress 6.2)"
103.149.16.186 - - [18/Aug/2026:10:40:00 +0300] "POST /xmlrpc.php HTTP/1.1" 200 459 "-" "Jetpack by WordPress.com"
203.215.163.196 - - [18/Aug/2026:10:40:01 +0300] "POST /xmlrpc.php HTTP/1.1" 200 459 "-" "Jetpack/12.1; WordPress/6.1; http://site73870228.com"
1.178.141.221 - - [18/Aug/2026:10:40:08 +0300] "POST /xmlrpc.php HTTP/1.1" 200 459 "-" "Jetpack by WordPress.com"
103.149.16.186 - - [18/Aug/2026:10:40:12 +0300] "POST /xmlrpc.php HTTP/1.1" 200 459 "-" "Jetpack/12.0; WordPress/6.4; http://site51759158.com"
203.215.163.196 - - [18/Aug/2026:10:40:12 +0300] "POST /xmlrpc.php HTTP/1.1" 200 459 "-" "Jetpack/12.0; WordPress/6.2; http://site62260667.com"
59.176.4.237 - - [18/Aug/2026:10:40:16 +0300] "POST /xmlrpc.php HTTP/1.1" 200 459 "-" "Jetpack by WordPress.com"
1.178.141.221 - - [18/Aug/2026:10:40:18 +0300] "POST /xmlrpc.php HTTP/1.1" 200 459 "-" "Jetpack/12.1; WordPress/6.1; http://site18463282.com"
103.149.16.186 - - [18/Aug/2026:10:40:22 +0300] "POST /xmlrpc.php HTTP/1.1" 200 459 "-" "Jetpack by WordPress.com"
203.215.163.196 - - [18/Aug/2026:10:40:22 +0300] "POST /xmlrpc.php HTTP/1.1" 200 459 "-" "WordPress.com; https://wordpress.com"
59.176.4.237 - - [18/Aug/2026:10:40:26 +0300] "POST /xmlrpc.php HTTP/1.1" 200 459 "-" "Jetpack by WordPress.com"
1.178.141.221 - - [18/Aug/2026:10:40:28 +0300] "POST /xmlrpc.php HTTP/1.1" 200 459 "-" "Jetpack by WordPress.com"
103.149.16.186 - - [18/Aug/2026:10:40:32 +0300] "POST /xmlrpc.php HTTP/1.1" 200 459 "-" "Jetpack by WordPress.com (Jetpack 13.0; WordPress 6.1)"
203.215.163.196 - - [18/Aug/2026:10:40:32 +0300] "POST /xmlrpc.php HTTP/1.1" 200 459 "-" "Jetpack by WordPress.com (Jetpack 12.1; WordPress 6.3)"
59.176.4.237 - - [18/Aug/2026:10:40:36 +0300] "POST /xmlrpc.php HTTP/1.1" 200 459 "-" "Jetpack by WordPress.com"
1.178.141.221 - - [18/Aug/2026:10:40:39 +0300] "POST /xmlrpc.php HTTP/1.1" 200 459 "-" "Jetpack/12.0; WordPress/6.1; http://site91185168.com"
203.215.163.196 - - [18/Aug/2026:10:40:43 +0300] "POST /xmlrpc.php HTTP/1.1" 200 459 "-" "Jetpack by WordPress.com (Jetpack 12.0; WordPress 6.4)"
103.149.16.186 - - [18/Aug/2026:10:40:43 +0300] "POST /xmlrpc.php HTTP/1.1" 200 459 "-" "Jetpack/12.5; WordPress/6.4; http://site37096870.com"
178.175.144.73 - - [18/Aug/2026:10:40:45 +0300] "GET /wp-login.php HTTP/1.1" 200 11848 "-" "Mozilla/5.0 (Windows NT 10.0; Win64; x64; rv:151.0) Gecko/20100101 Firefox/151.0"
178.175.144.73 - - [18/Aug/2026:10:40:46 +0300] "POST /wp-login.php HTTP/1.1" 200 12370 "-" "Mozilla/5.0 (Windows NT 10.0; Win64; x64; rv:151.0) Gecko/20100101 Firefox/151.0"
59.176.4.237 - - [18/Aug/2026:10:40:47 +0300] "POST /xmlrpc.php HTTP/1.1" 200 459 "-" "WordPress.com; https://wordpress.com"
1.178.141.221 - - [18/Aug/2026:10:40:49 +0300] "POST /xmlrpc.php HTTP/1.1" 200 459 "-" "Jetpack/12.1; WordPress/6.3; http://site42894250.com"
203.215.163.196 - - [18/Aug/2026:10:40:53 +0300] "POST /xmlrpc.php HTTP/1.1" 200 459 "-" "WordPress.com; https://wordpress.com"
103.149.16.186 - - [18/Aug/2026:10:40:55 +0300] "POST /xmlrpc.php HTTP/1.1" 200 459 "-" "Jetpack by WordPress.com (Jetpack 12.0; WordPress 6.2)"
59.176.4.237 - - [18/Aug/2026:10:40:57 +0300] "POST /xmlrpc.php HTTP/1.1" 200 459 "-" "Jetpack by WordPress.com (Jetpack 12.5; WordPress 6.4)"
1.178.141.221 - - [18/Aug/2026:10:41:00 +0300] "POST /xmlrpc.php HTTP/1.1" 200 459 "-" "Jetpack/12.0; WordPress/6.4; http://site87714616.com"
203.215.163.196 - - [18/Aug/2026:10:41:05 +0300] "POST /xmlrpc.php HTTP/1.1" 200 459 "-" "Jetpack/13.0; WordPress/6.1; http://site71242156.com"
103.149.16.186 - - [18/Aug/2026:10:41:05 +0300] "POST /xmlrpc.php HTTP/1.1" 200 459 "-" "WordPress.com; https://wordpress.com"
59.176.4.237 - - [18/Aug/2026:10:41:09 +0300] "POST /xmlrpc.php HTTP/1.1" 200 459 "-" "Jetpack/12.1; WordPress/6.4; http://site41860955.com"
1.178.141.221 - - [18/Aug/2026:10:41:12 +0300] "POST /xmlrpc.php HTTP/1.1" 200 459 "-" "Jetpack/12.5; WordPress/6.4; http://site11192505.com"
103.149.16.186 - - [18/Aug/2026:10:41:17 +0300] "POST /xmlrpc.php HTTP/1.1" 200 459 "-" "Jetpack by WordPress.com"
203.215.163.196 - - [18/Aug/2026:10:41:17 +0300] "POST /xmlrpc.php HTTP/1.1" 200 459 "-" "Jetpack by WordPress.com"
59.176.4.237 - - [18/Aug/2026:10:41:20 +0300] "POST /xmlrpc.php HTTP/1.1" 200 459 "-" "Jetpack/12.0; WordPress/6.4; http://site67211110.com"
1.178.141.221 - - [18/Aug/2026:10:41:22 +0300] "POST /xmlrpc.php HTTP/1.1" 200 459 "-" "WordPress.com; https://wordpress.com"
175.43.252.75 - - [18/Aug/2026:10:41:26 +0300] "POST /HNAP1/ HTTP/1.0" 301 162 "-" "-"
203.215.163.196 - - [18/Aug/2026:10:41:26 +0300] "POST /xmlrpc.php HTTP/1.1" 200 459 "-" "Jetpack/12.5; WordPress/6.2; http://site58272271.com"
103.149.16.186 - - [18/Aug/2026:10:41:28 +0300] "POST /xmlrpc.php HTTP/1.1" 200 459 "-" "Jetpack by WordPress.com (Jetpack 13.0; WordPress 6.1)"
59.176.4.237 - - [18/Aug/2026:10:41:29 +0300] "POST /xmlrpc.php HTTP/1.1" 200 459 "-" "Jetpack by WordPress.com (Jetpack 12.1; WordPress 6.1)"
1.178.141.221 - - [18/Aug/2026:10:41:32 +0300] "POST /xmlrpc.php HTTP/1.1" 200 459 "-" "Jetpack/12.1; WordPress/6.3; http://site39443206.com"
203.215.163.196 - - [18/Aug/2026:10:41:37 +0300] "POST /xmlrpc.php HTTP/1.1" 200 459 "-" "Jetpack/12.5; WordPress/6.1; http://site65650715.com"
103.149.16.186 - - [18/Aug/2026:10:41:38 +0300] "POST /xmlrpc.php HTTP/1.1" 200 459 "-" "WordPress.com; https://wordpress.com"
59.176.4.237 - - [18/Aug/2026:10:41:40 +0300] "POST /xmlrpc.php HTTP/1.1" 200 459 "-" "Jetpack by WordPress.com"
1.178.141.221 - - [18/Aug/2026:10:41:42 +0300] "POST /xmlrpc.php HTTP/1.1" 200 459 "-" "Jetpack/12.0; WordPress/6.4; http://site33055253.com"
203.215.163.196 - - [18/Aug/2026:10:41:47 +0300] "POST /xmlrpc.php HTTP/1.1" 200 459 "-" "Jetpack by WordPress.com"
103.149.16.186 - - [18/Aug/2026:10:41:48 +0300] "POST /xmlrpc.php HTTP/1.1" 200 459 "-" "Jetpack by WordPress.com (Jetpack 13.0; WordPress 6.4)"
112.46.212.108 - - [18/Aug/2026:10:41:49 +0300] "GET / HTTP/1.1" 400 150 "-" "-"
59.176.4.237 - - [18/Aug/2026:10:41:50 +0300] "POST /xmlrpc.php HTTP/1.1" 200 459 "-" "Jetpack by WordPress.com (Jetpack 12.1; WordPress 6.4)"
1.178.141.221 - - [18/Aug/2026:10:41:52 +0300] "POST /xmlrpc.php HTTP/1.1" 200 459 "-" "Jetpack by WordPress.com (Jetpack 12.5; WordPress 6.2)"
203.215.163.196 - - [18/Aug/2026:10:41:57 +0300] "POST /xmlrpc.php HTTP/1.1" 200 459 "-" "Jetpack by WordPress.com"
103.149.16.186 - - [18/Aug/2026:10:41:58 +0300] "POST /xmlrpc.php HTTP/1.1" 200 459 "-" "Jetpack by WordPress.com (Jetpack 12.1; WordPress 6.2)"
59.176.4.237 - - [18/Aug/2026:10:42:00 +0300] "POST /xmlrpc.php HTTP/1.1" 200 459 "-" "Jetpack by WordPress.com (Jetpack 12.5; WordPress 6.4)"
1.178.141.221 - - [18/Aug/2026:10:42:03 +0300] "POST /xmlrpc.php HTTP/1.1" 200 459 "-" "Jetpack by WordPress.com (Jetpack 12.0; WordPress 6.2)"
203.215.163.196 - - [18/Aug/2026:10:42:08 +0300] "POST /xmlrpc.php HTTP/1.1" 200 459 "-" "WordPress.com; https://wordpress.com"
103.149.16.186 - - [18/Aug/2026:10:42:10 +0300] "POST /xmlrpc.php HTTP/1.1" 200 459 "-" "Jetpack/12.0; WordPress/6.1; http://site43827057.com"
59.176.4.237 - - [18/Aug/2026:10:42:11 +0300] "POST /xmlrpc.php HTTP/1.1" 200 459 "-" "Jetpack/13.0; WordPress/6.4; http://site53249825.com"
1.178.141.221 - - [18/Aug/2026:10:42:14 +0300] "POST /xmlrpc.php HTTP/1.1" 200 459 "-" "WordPress.com; https://wordpress.com"
203.215.163.196 - - [18/Aug/2026:10:42:19 +0300] "POST /xmlrpc.php HTTP/1.1" 200 459 "-" "WordPress.com; https://wordpress.com"
103.149.16.186 - - [18/Aug/2026:10:42:20 +0300] "POST /xmlrpc.php HTTP/1.1" 200 459 "-" "WordPress.com; https://wordpress.com"
59.176.4.237 - - [18/Aug/2026:10:42:21 +0300] "POST /xmlrpc.php HTTP/1.1" 200 459 "-" "WordPress.com; https://wordpress.com"
1.178.141.221 - - [18/Aug/2026:10:42:24 +0300] "POST /xmlrpc.php HTTP/1.1" 200 459 "-" "Jetpack by WordPress.com"
203.215.163.196 - - [18/Aug/2026:10:42:29 +0300] "POST /xmlrpc.php HTTP/1.1" 200 459 "-" "WordPress.com; https://wordpress.com"
103.149.16.186 - - [18/Aug/2026:10:42:31 +0300] "POST /xmlrpc.php HTTP/1.1" 200 459 "-" "Jetpack/13.0; WordPress/6.3; http://site33868972.com"
59.176.4.237 - - [18/Aug/2026:10:42:32 +0300] "POST /xmlrpc.php HTTP/1.1" 200 459 "-" "Jetpack by WordPress.com"
203.215.163.196 - - [18/Aug/2026:10:42:40 +0300] "POST /xmlrpc.php HTTP/1.1" 200 459 "-" "Jetpack/13.0; WordPress/6.1; http://site58536621.com"
103.149.16.186 - - [18/Aug/2026:10:42:42 +0300] "POST /xmlrpc.php HTTP/1.1" 200 459 "-" "WordPress.com; https://wordpress.com"
59.176.4.237 - - [18/Aug/2026:10:42:42 +0300] "POST /xmlrpc.php HTTP/1.1" 200 459 "-" "WordPress.com; https://wordpress.com"
203.215.163.196 - - [18/Aug/2026:10:42:51 +0300] "POST /xmlrpc.php HTTP/1.1" 200 459 "-" "Jetpack by WordPress.com (Jetpack 12.0; WordPress 6.4)"
103.149.16.186 - - [18/Aug/2026:10:42:52 +0300] "POST /xmlrpc.php HTTP/1.1" 200 459 "-" "Jetpack by WordPress.com (Jetpack 12.5; WordPress 6.4)"
59.176.4.237 - - [18/Aug/2026:10:42:53 +0300] "POST /xmlrpc.php HTTP/1.1" 200 459 "-" "Jetpack/12.0; WordPress/6.1; http://site64815576.com"
203.215.163.196 - - [18/Aug/2026:10:43:01 +0300] "POST /xmlrpc.php HTTP/1.1" 200 459 "-" "WordPress.com; https://wordpress.com"
103.149.16.186 - - [18/Aug/2026:10:43:04 +0300] "POST /xmlrpc.php HTTP/1.1" 200 459 "-" "WordPress.com; https://wordpress.com"
59.176.4.237 - - [18/Aug/2026:10:43:04 +0300] "POST /xmlrpc.php HTTP/1.1" 200 459 "-" "WordPress.com; https://wordpress.com"
203.215.163.196 - - [18/Aug/2026:10:43:12 +0300] "POST /xmlrpc.php HTTP/1.1" 200 459 "-" "Jetpack by WordPress.com"
59.176.4.237 - - [18/Aug/2026:10:43:14 +0300] "POST /xmlrpc.php HTTP/1.1" 200 459 "-" "WordPress.com; https://wordpress.com"
103.149.16.186 - - [18/Aug/2026:10:43:14 +0300] "POST /xmlrpc.php HTTP/1.1" 200 459 "-" "Jetpack by WordPress.com"
203.215.163.196 - - [18/Aug/2026:10:43:23 +0300] "POST /xmlrpc.php HTTP/1.1" 200 459 "-" "Jetpack by WordPress.com"
59.176.4.237 - - [18/Aug/2026:10:43:25 +0300] "POST /xmlrpc.php HTTP/1.1" 200 459 "-" "Jetpack/13.0; WordPress/6.4; http://site91423526.com"
103.149.16.186 - - [18/Aug/2026:10:43:25 +0300] "POST /xmlrpc.php HTTP/1.1" 200 459 "-" "Jetpack by WordPress.com"
203.215.163.196 - - [18/Aug/2026:10:43:33 +0300] "POST /xmlrpc.php HTTP/1.1" 200 459 "-" "Jetpack by WordPress.com"
59.176.4.237 - - [18/Aug/2026:10:43:35 +0300] "POST /xmlrpc.php HTTP/1.1" 200 459 "-" "Jetpack by WordPress.com (Jetpack 12.1; WordPress 6.4)"
103.149.16.186 - - [18/Aug/2026:10:43:36 +0300] "POST /xmlrpc.php HTTP/1.1" 200 459 "-" "Jetpack by WordPress.com"
203.215.163.196 - - [18/Aug/2026:10:43:44 +0300] "POST /xmlrpc.php HTTP/1.1" 200 459 "-" "WordPress.com; https://wordpress.com"
59.176.4.237 - - [18/Aug/2026:10:43:46 +0300] "POST /xmlrpc.php HTTP/1.1" 200 459 "-" "WordPress.com; https://wordpress.com"
103.149.16.186 - - [18/Aug/2026:10:43:46 +0300] "POST /xmlrpc.php HTTP/1.1" 200 459 "-" "Jetpack by WordPress.com (Jetpack 13.0; WordPress 6.2)"
66.249.66.205 - - [18/Aug/2026:10:43:49 +0300] "GET /shop/stop/launch074000649.shtml HTTP/1.1" 404 11133 "-" "Mozilla/5.0 (Linux; Android 6.0.1; Nexus 5X Build/MMB29P) AppleWebKit/537.36 (KHTML, like Gecko) Chrome/151.0.7922.137 Mobile Safari/537.36 (compatible; Googlebot/2.1; +http://www.google.com/bot.html)"
203.215.163.196 - - [18/Aug/2026:10:43:55 +0300] "POST /xmlrpc.php HTTP/1.1" 200 459 "-" "Jetpack by WordPress.com (Jetpack 12.0; WordPress 6.1)"
59.176.4.237 - - [18/Aug/2026:10:43:56 +0300] "POST /xmlrpc.php HTTP/1.1" 200 459 "-" "Jetpack by WordPress.com (Jetpack 13.0; WordPress 6.1)"
103.149.16.186 - - [18/Aug/2026:10:43:57 +0300] "POST /xmlrpc.php HTTP/1.1" 200 459 "-" "Jetpack/12.5; WordPress/6.2; http://site56371094.com"
203.215.163.196 - - [18/Aug/2026:10:44:06 +0300] "POST /xmlrpc.php HTTP/1.1" 200 459 "-" "Jetpack by WordPress.com"
59.176.4.237 - - [18/Aug/2026:10:44:07 +0300] "POST /xmlrpc.php HTTP/1.1" 200 459 "-" "WordPress.com; https://wordpress.com"
103.149.16.186 - - [18/Aug/2026:10:44:08 +0300] "POST /xmlrpc.php HTTP/1.1" 200 459 "-" "Jetpack by WordPress.com (Jetpack 12.0; WordPress 6.4)"
203.215.163.196 - - [18/Aug/2026:10:44:16 +0300] "POST /xmlrpc.php HTTP/1.1" 200 459 "-" "WordPress.com; https://wordpress.com"
59.176.4.237 - - [18/Aug/2026:10:44:17 +0300] "POST /xmlrpc.php HTTP/1.1" 200 459 "-" "Jetpack by WordPress.com"
103.149.16.186 - - [18/Aug/2026:10:44:19 +0300] "POST /xmlrpc.php HTTP/1.1" 200 459 "-" "WordPress.com; https://wordpress.com"
203.215.163.196 - - [18/Aug/2026:10:44:27 +0300] "POST /xmlrpc.php HTTP/1.1" 200 459 "-" "Jetpack by WordPress.com"
59.176.4.237 - - [18/Aug/2026:10:44:28 +0300] "POST /xmlrpc.php HTTP/1.1" 200 459 "-" "WordPress.com; https://wordpress.com"
103.149.16.186 - - [18/Aug/2026:10:44:30 +0300] "POST /xmlrpc.php HTTP/1.1" 200 459 "-" "Jetpack/12.0; WordPress/6.1; http://site34284332.com"
203.215.163.196 - - [18/Aug/2026:10:44:38 +0300] "POST /xmlrpc.php HTTP/1.1" 200 459 "-" "Jetpack by WordPress.com (Jetpack 12.0; WordPress 6.4)"
59.176.4.237 - - [18/Aug/2026:10:44:38 +0300] "POST /xmlrpc.php HTTP/1.1" 200 459 "-" "Jetpack/13.0; WordPress/6.4; http://site46035968.com"
103.149.16.186 - - [18/Aug/2026:10:44:40 +0300] "POST /xmlrpc.php HTTP/1.1" 200 459 "-" "WordPress.com; https://wordpress.com"
203.215.163.196 - - [18/Aug/2026:10:44:48 +0300] "POST /xmlrpc.php HTTP/1.1" 200 459 "-" "Jetpack/13.0; WordPress/6.1; http://site23496547.com"
59.176.4.237 - - [18/Aug/2026:10:44:49 +0300] "POST /xmlrpc.php HTTP/1.1" 200 459 "-" "Jetpack/12.5; WordPress/6.4; http://site81433602.com"
103.149.16.186 - - [18/Aug/2026:10:44:51 +0300] "POST /xmlrpc.php HTTP/1.1" 200 459 "-" "Jetpack/12.1; WordPress/6.3; http://site79232242.com"
203.215.163.196 - - [18/Aug/2026:10:44:59 +0300] "POST /xmlrpc.php HTTP/1.1" 200 459 "-" "Jetpack by WordPress.com (Jetpack 12.1; WordPress 6.2)"
59.176.4.237 - - [18/Aug/2026:10:44:59 +0300] "POST /xmlrpc.php HTTP/1.1" 200 459 "-" "Jetpack by WordPress.com (Jetpack 12.1; WordPress 6.2)"
103.149.16.186 - - [18/Aug/2026:10:45:02 +0300] "POST /xmlrpc.php HTTP/1.1" 200 459 "-" "Jetpack by WordPress.com (Jetpack 13.0; WordPress 6.4)"
203.215.163.196 - - [18/Aug/2026:10:45:10 +0300] "POST /xmlrpc.php HTTP/1.1" 200 459 "-" "Jetpack by WordPress.com (Jetpack 12.0; WordPress 6.4)"
59.176.4.237 - - [18/Aug/2026:10:45:10 +0300] "POST /xmlrpc.php HTTP/1.1" 200 459 "-" "Jetpack by WordPress.com (Jetpack 12.0; WordPress 6.1)"
103.149.16.186 - - [18/Aug/2026:10:45:13 +0300] "POST /xmlrpc.php HTTP/1.1" 200 459 "-" "Jetpack by WordPress.com (Jetpack 13.0; WordPress 6.3)"
203.215.163.196 - - [18/Aug/2026:10:45:21 +0300] "POST /xmlrpc.php HTTP/1.1" 200 459 "-" "Jetpack/13.0; WordPress/6.4; http://site47578659.com"
59.176.4.237 - - [18/Aug/2026:10:45:21 +0300] "POST /xmlrpc.php HTTP/1.1" 200 459 "-" "Jetpack by WordPress.com"
103.149.16.186 - - [18/Aug/2026:10:45:24 +0300] "POST /xmlrpc.php HTTP/1.1" 200 459 "-" "WordPress.com; https://wordpress.com"
203.215.163.196 - - [18/Aug/2026:10:45:31 +0300] "POST /xmlrpc.php HTTP/1.1" 200 459 "-" "Jetpack by WordPress.com"
59.176.4.237 - - [18/Aug/2026:10:45:31 +0300] "POST /xmlrpc.php HTTP/1.1" 200 459 "-" "Jetpack by WordPress.com (Jetpack 13.0; WordPress 6.1)"
103.149.16.186 - - [18/Aug/2026:10:45:35 +0300] "POST /xmlrpc.php HTTP/1.1" 200 459 "-" "Jetpack by WordPress.com"
203.215.163.196 - - [18/Aug/2026:10:45:42 +0300] "POST /xmlrpc.php HTTP/1.1" 200 459 "-" "Jetpack/12.0; WordPress/6.2; http://site65011275.com"
59.176.4.237 - - [18/Aug/2026:10:45:42 +0300] "POST /xmlrpc.php HTTP/1.1" 200 459 "-" "WordPress.com; https://wordpress.com"
103.149.16.186 - - [18/Aug/2026:10:45:45 +0300] "POST /xmlrpc.php HTTP/1.1" 200 459 "-" "Jetpack by WordPress.com"
59.176.4.237 - - [18/Aug/2026:10:45:53 +0300] "POST /xmlrpc.php HTTP/1.1" 200 459 "-" "Jetpack by WordPress.com (Jetpack 12.0; WordPress 6.4)"
203.215.163.196 - - [18/Aug/2026:10:45:53 +0300] "POST /xmlrpc.php HTTP/1.1" 200 459 "-" "Jetpack by WordPress.com (Jetpack 13.0; WordPress 6.2)"
103.149.16.186 - - [18/Aug/2026:10:45:56 +0300] "POST /xmlrpc.php HTTP/1.1" 200 459 "-" "Jetpack by WordPress.com (Jetpack 12.1; WordPress 6.4)"
59.176.4.237 - - [18/Aug/2026:10:46:03 +0300] "POST /xmlrpc.php HTTP/1.1" 200 459 "-" "WordPress.com; https://wordpress.com"
203.215.163.196 - - [18/Aug/2026:10:46:03 +0300] "POST /xmlrpc.php HTTP/1.1" 200 459 "-" "Jetpack by WordPress.com"
103.149.16.186 - - [18/Aug/2026:10:46:07 +0300] "POST /xmlrpc.php HTTP/1.1" 200 459 "-" "WordPress.com; https://wordpress.com"
59.176.4.237 - - [18/Aug/2026:10:46:13 +0300] "POST /xmlrpc.php HTTP/1.1" 200 459 "-" "Jetpack by WordPress.com"
203.215.163.196 - - [18/Aug/2026:10:46:13 +0300] "POST /xmlrpc.php HTTP/1.1" 200 459 "-" "Jetpack by WordPress.com"
103.149.16.186 - - [18/Aug/2026:10:46:18 +0300] "POST /xmlrpc.php HTTP/1.1" 200 459 "-" "Jetpack by WordPress.com (Jetpack 13.0; WordPress 6.1)"
59.176.4.237 - - [18/Aug/2026:10:46:24 +0300] "POST /xmlrpc.php HTTP/1.1" 200 459 "-" "Jetpack/12.5; WordPress/6.3; http://site50876223.com"
203.215.163.196 - - [18/Aug/2026:10:46:24 +0300] "POST /xmlrpc.php HTTP/1.1" 200 459 "-" "WordPress.com; https://wordpress.com"
103.149.16.186 - - [18/Aug/2026:10:46:29 +0300] "POST /xmlrpc.php HTTP/1.1" 200 459 "-" "Jetpack by WordPress.com (Jetpack 13.0; WordPress 6.4)"
59.176.4.237 - - [18/Aug/2026:10:46:34 +0300] "POST /xmlrpc.php HTTP/1.1" 200 459 "-" "Jetpack by WordPress.com (Jetpack 12.5; WordPress 6.4)"
203.215.163.196 - - [18/Aug/2026:10:46:35 +0300] "POST /xmlrpc.php HTTP/1.1" 200 459 "-" "Jetpack by WordPress.com (Jetpack 12.1; WordPress 6.3)"
103.149.16.186 - - [18/Aug/2026:10:46:39 +0300] "POST /xmlrpc.php HTTP/1.1" 200 459 "-" "Jetpack by WordPress.com (Jetpack 12.1; WordPress 6.3)"
59.176.4.237 - - [18/Aug/2026:10:46:45 +0300] "POST /xmlrpc.php HTTP/1.1" 200 459 "-" "Jetpack by WordPress.com"
203.215.163.196 - - [18/Aug/2026:10:46:45 +0300] "POST /xmlrpc.php HTTP/1.1" 200 459 "-" "Jetpack by WordPress.com (Jetpack 12.1; WordPress 6.2)"
103.149.16.186 - - [18/Aug/2026:10:46:50 +0300] "POST /xmlrpc.php HTTP/1.1" 200 459 "-" "Jetpack by WordPress.com"
59.176.4.237 - - [18/Aug/2026:10:46:56 +0300] "POST /xmlrpc.php HTTP/1.1" 200 459 "-" "Jetpack by WordPress.com"
203.215.163.196 - - [18/Aug/2026:10:46:56 +0300] "POST /xmlrpc.php HTTP/1.1" 200 459 "-" "Jetpack by WordPress.com"
103.149.16.186 - - [18/Aug/2026:10:47:01 +0300] "POST /xmlrpc.php HTTP/1.1" 200 459 "-" "Jetpack by WordPress.com (Jetpack 12.0; WordPress 6.3)"
45.138.16.110 - - [18/Aug/2026:10:47:06 +0300] "GET / HTTP/1.1" 301 162 "-" "Mozlila/5.0 (Linux; Android 7.0; SM-G892A Bulid/NRD90M; wv) AppleWebKit/537.36 (KHTML, like Gecko) Version/4.0 Chrome/60.0.3112.107 Moblie Safari/537.36"
45.138.16.110 - - [18/Aug/2026:10:47:06 +0300] "POST /wp-plain.php HTTP/1.1" 301 162 "www.google.com" "Mozilla/5.0 (Linux; Android 7.0; SM-G892A Bulid/NRD90M; wv) AppleWebKit/537.36 (KHTML, like Gecko) Version/4.0 Chrome/60.0.3112.107 Moblie Safari/537.36"
45.138.16.110 - - [18/Aug/2026:10:47:06 +0300] "GET /wp-content/themes/seotheme/db.php?u HTTP/1.1" 301 162 "www.google.com" "Mozlila/5.0 (Linux; Android 7.0; SM-G892A Bulid/NRD90M; wv) AppleWebKit/537.36 (KHTML, like Gecko) Version/4.0 Chrome/60.0.3112.107 Moblie Safari/537.36"
45.138.16.110 - - [18/Aug/2026:10:47:06 +0300] "GET /wp-content/plugins/fix/up.php HTTP/1.1" 301 162 "-" "Mozilla/5.0 (Windows NT 10.0; Win64; x64) AppleWebKit/537.36 (KHTML, like Gecko) Chrome/85.0.4183.102 Safari/537.36"
45.138.16.110 - - [18/Aug/2026:10:47:06 +0300] "POST /ALFA_DATA/alfacgiapi/perl.alfa HTTP/1.1" 301 162 "www.google.com" "Mozlila/5.0 (Linux; Android 7.0; SM-G892A Bulid/NRD90M; wv) AppleWebKit/537.36 (KHTML, like Gecko) Version/4.0 Chrome/60.0.3112.107 Moblie Safari/537.36"
59.176.4.237 - - [18/Aug/2026:10:47:06 +0300] "POST /xmlrpc.php HTTP/1.1" 200 459 "-" "WordPress.com; https://wordpress.com"
45.138.16.110 - - [18/Aug/2026:10:47:07 +0300] "POST /ALFA_DATA/alfacgiapi/perl.alfa HTTP/1.1" 200 5 "www.google.com" "Mozlila/5.0 (Linux; Android 7.0; SM-G892A Bulid/NRD90M; wv) AppleWebKit/537.36 (KHTML, like Gecko) Version/4.0 Chrome/60.0.3112.107 Moblie Safari/537.36"
45.138.16.110 - - [18/Aug/2026:10:47:07 +0300] "POST /alfacgiapi/perl.alfa HTTP/1.1" 301 162 "www.google.com" "Mozlila/5.0 (Linux; Android 7.0; SM-G892A Bulid/NRD90M; wv) AppleWebKit/537.36 (KHTML, like Gecko) Version/4.0 Chrome/60.0.3112.107 Moblie Safari/537.36"
45.138.16.110 - - [18/Aug/2026:10:47:07 +0300] "POST /alfacgiapi/perl.alfa HTTP/1.1" 200 5 "www.google.com" "Mozlila/5.0 (Linux; Android 7.0; SM-G892A Bulid/NRD90M; wv) AppleWebKit/537.36 (KHTML, like Gecko) Version/4.0 Chrome/60.0.3112.107 Moblie Safari/537.36"
45.138.16.110 - - [18/Aug/2026:10:47:08 +0300] "GET /wp-content/themes/seotheme/db.php?u HTTP/1.1" 404 53837 "www.google.com" "Mozlila/5.0 (Linux; Android 7.0; SM-G892A Bulid/NRD90M; wv) AppleWebKit/537.36 (KHTML, like Gecko) Version/4.0 Chrome/60.0.3112.107 Moblie Safari/537.36"
45.138.16.110 - - [18/Aug/2026:10:47:08 +0300] "POST /wp-plain.php HTTP/1.1" 404 53837 "www.google.com" "Mozilla/5.0 (Linux; Android 7.0; SM-G892A Bulid/NRD90M; wv) AppleWebKit/537.36 (KHTML, like Gecko) Version/4.0 Chrome/60.0.3112.107 Moblie Safari/537.36"
203.215.163.196 - - [18/Aug/2026:10:47:08 +0300] "POST /xmlrpc.php HTTP/1.1" 200 459 "-" "WordPress.com; https://wordpress.com"
45.138.16.110 - - [18/Aug/2026:10:47:08 +0300] "GET /wp-content/plugins/fix/up.php HTTP/1.1" 404 53837 "-" "Mozilla/5.0 (Windows NT 10.0; Win64; x64) AppleWebKit/537.36 (KHTML, like Gecko) Chrome/85.0.4183.102 Safari/537.36"
45.138.16.110 - - [18/Aug/2026:10:47:08 +0300] "GET / HTTP/1.1" 200 145583 "-" "Mozlila/5.0 (Linux; Android 7.0; SM-G892A Bulid/NRD90M; wv) AppleWebKit/537.36 (KHTML, like Gecko) Version/4.0 Chrome/60.0.3112.107 Moblie Safari/537.36"
45.138.16.110 - - [18/Aug/2026:10:47:08 +0300] "GET /vkrsuawi.php?Fox=d3wL7 HTTP/1.1" 404 53837 "www.google.com" "Mozilla/5.0 (Linux; Android 7.0; SM-G892A Bulid/NRD90M; wv) AppleWebKit/537.36 (KHTML, like Gecko) Version/4.0 Chrome/60.0.3112.107 Moblie Safari/537.36"
45.138.16.110 - - [18/Aug/2026:10:47:08 +0300] "GET /wp-content/themes/seotheme/db.php?u HTTP/1.1" 404 53837 "www.google.com" "Mozlila/5.0 (Linux; Android 7.0; SM-G892A Bulid/NRD90M; wv) AppleWebKit/537.36 (KHTML, like Gecko) Version/4.0 Chrome/60.0.3112.107 Moblie Safari/537.36"
45.138.16.110 - - [18/Aug/2026:10:47:09 +0300] "GET /wp-content/plugins/apikey/apikey.php?test=hello HTTP/1.1" 404 53837 "-" "Mozlila/5.0 (Linux; Android 7.0; SM-G892A Bulid/NRD90M; wv) AppleWebKit/537.36 (KHTML, like Gecko) Version/4.0 Chrome/60.0.3112.107 Moblie Safari/537.36"
45.138.16.110 - - [18/Aug/2026:10:47:09 +0300] "GET /plugins/content/apismtp/apismtp.php?test=hello HTTP/1.1" 404 53837 "-" "Mozlila/5.0 (Linux; Android 7.0; SM-G892A Bulid/NRD90M; wv) AppleWebKit/537.36 (KHTML, like Gecko) Version/4.0 Chrome/60.0.3112.107 Moblie Safari/537.36"
45.138.16.110 - - [18/Aug/2026:10:47:10 +0300] "GET /wp-content/plugins/apikey/apikey.php.suspected?test=hello HTTP/1.1" 404 53837 "-" "Mozlila/5.0 (Linux; Android 7.0; SM-G892A Bulid/NRD90M; wv) AppleWebKit/537.36 (KHTML, like Gecko) Version/4.0 Chrome/60.0.3112.107 Moblie Safari/537.36"
45.138.16.110 - - [18/Aug/2026:10:47:11 +0300] "GET /plugins/content/apismtp/apismtp.php.suspected?test=hello HTTP/1.1" 404 53837 "-" "Mozlila/5.0 (Linux; Android 7.0; SM-G892A Bulid/NRD90M; wv) AppleWebKit/537.36 (KHTML, like Gecko) Version/4.0 Chrome/60.0.3112.107 Moblie Safari/537.36"
103.149.16.186 - - [18/Aug/2026:10:47:13 +0300] "POST /xmlrpc.php HTTP/1.1" 200 459 "-" "Jetpack by WordPress.com (Jetpack 12.1; WordPress 6.4)"
59.176.4.237 - - [18/Aug/2026:10:47:17 +0300] "POST /xmlrpc.php HTTP/1.1" 200 459 "-" "Jetpack by WordPress.com (Jetpack 13.0; WordPress 6.2)"
203.215.163.196 - - [18/Aug/2026:10:47:17 +0300] "POST /xmlrpc.php HTTP/1.1" 200 459 "-" "Jetpack by WordPress.com"
176.29.160.163 - - [18/Aug/2026:10:47:22 +0300] "POST /xmlrpc.php HTTP/1.1" 200 459 "-" "WordPress.com; https://wordpress.com"
103.149.16.186 - - [18/Aug/2026:10:47:23 +0300] "POST /xmlrpc.php HTTP/1.1" 200 459 "-" "Jetpack by WordPress.com"
59.176.4.237 - - [18/Aug/2026:10:47:27 +0300] "POST /xmlrpc.php HTTP/1.1" 200 459 "-" "WordPress.com; https://wordpress.com"
203.215.163.196 - - [18/Aug/2026:10:47:28 +0300] "POST /xmlrpc.php HTTP/1.1" 200 459 "-" "Jetpack by WordPress.com (Jetpack 12.0; WordPress 6.2)"
176.29.160.163 - - [18/Aug/2026:10:47:31 +0300] "POST /xmlrpc.php HTTP/1.1" 200 459 "-" "WordPress.com; https://wordpress.com"
103.149.16.186 - - [18/Aug/2026:10:47:33 +0300] "POST /xmlrpc.php HTTP/1.1" 200 459 "-" "Jetpack/12.5; WordPress/6.3; http://site37981157.com"
59.176.4.237 - - [18/Aug/2026:10:47:37 +0300] "POST /xmlrpc.php HTTP/1.1" 200 459 "-" "Jetpack by WordPress.com"
203.215.163.196 - - [18/Aug/2026:10:47:39 +0300] "POST /xmlrpc.php HTTP/1.1" 200 459 "-" "Jetpack by WordPress.com (Jetpack 12.1; WordPress 6.3)"
176.29.160.163 - - [18/Aug/2026:10:47:42 +0300] "POST /xmlrpc.php HTTP/1.1" 200 459 "-" "WordPress.com; https://wordpress.com"
103.149.16.186 - - [18/Aug/2026:10:47:44 +0300] "POST /xmlrpc.php HTTP/1.1" 200 459 "-" "Jetpack/12.5; WordPress/6.1; http://site64546777.com"
59.176.4.237 - - [18/Aug/2026:10:47:48 +0300] "POST /xmlrpc.php HTTP/1.1" 200 459 "-" "Jetpack by WordPress.com"
203.215.163.196 - - [18/Aug/2026:10:47:49 +0300] "POST /xmlrpc.php HTTP/1.1" 200 459 "-" "Jetpack by WordPress.com"
103.149.16.186 - - [18/Aug/2026:10:47:55 +0300] "POST /xmlrpc.php HTTP/1.1" 200 459 "-" "Jetpack by WordPress.com"
59.176.4.237 - - [18/Aug/2026:10:47:59 +0300] "POST /xmlrpc.php HTTP/1.1" 200 459 "-" "Jetpack/13.0; WordPress/6.3; http://site10118229.com"
203.215.163.196 - - [18/Aug/2026:10:48:00 +0300] "POST /xmlrpc.php HTTP/1.1" 200 459 "-" "Jetpack by WordPress.com (Jetpack 12.1; WordPress 6.2)"
103.149.16.186 - - [18/Aug/2026:10:48:06 +0300] "POST /xmlrpc.php HTTP/1.1" 200 459 "-" "Jetpack by WordPress.com"
59.176.4.237 - - [18/Aug/2026:10:48:09 +0300] "POST /xmlrpc.php HTTP/1.1" 200 459 "-" "Jetpack by WordPress.com"
203.215.163.196 - - [18/Aug/2026:10:48:11 +0300] "POST /xmlrpc.php HTTP/1.1" 200 459 "-" "Jetpack by WordPress.com"
94.154.35.236 - - [18/Aug/2026:10:48:11 +0300] "HEAD /news.tar HTTP/1.1" 301 0 "-" "Mozilla/5.0 (Windows NT 10.0; Win64; x64) AppleWebKit/537.36 (KHTML, like Gecko) Chrome/101.0.4951.67 Safari/537.36"
94.154.35.236 - - [18/Aug/2026:10:48:12 +0300] "HEAD /news.tar HTTP/1.1" 404 0 "-" "Mozilla/5.0 (Windows NT 10.0; Win64; x64) AppleWebKit/537.36 (KHTML, like Gecko) Chrome/101.0.4951.67 Safari/537.36"
103.149.16.186 - - [18/Aug/2026:10:48:17 +0300] "POST /xmlrpc.php HTTP/1.1" 200 459 "-" "WordPress.com; https://wordpress.com"
59.176.4.237 - - [18/Aug/2026:10:48:19 +0300] "POST /xmlrpc.php HTTP/1.1" 200 459 "-" "Jetpack by WordPress.com (Jetpack 12.0; WordPress 6.3)"
203.215.163.196 - - [18/Aug/2026:10:48:22 +0300] "POST /xmlrpc.php HTTP/1.1" 200 459 "-" "Jetpack by WordPress.com"
103.149.16.186 - - [18/Aug/2026:10:48:27 +0300] "POST /xmlrpc.php HTTP/1.1" 200 459 "-" "Jetpack/12.0; WordPress/6.3; http://site96426731.com"
59.176.4.237 - - [18/Aug/2026:10:48:30 +0300] "POST /xmlrpc.php HTTP/1.1" 200 459 "-" "Jetpack/12.5; WordPress/6.1; http://site61038551.com"
203.215.163.196 - - [18/Aug/2026:10:48:32 +0300] "POST /xmlrpc.php HTTP/1.1" 200 459 "-" "Jetpack by WordPress.com (Jetpack 12.0; WordPress 6.1)"
103.149.16.186 - - [18/Aug/2026:10:48:38 +0300] "POST /xmlrpc.php HTTP/1.1" 200 459 "-" "WordPress.com; https://wordpress.com"
59.176.4.237 - - [18/Aug/2026:10:48:41 +0300] "POST /xmlrpc.php HTTP/1.1" 200 459 "-" "Jetpack by WordPress.com (Jetpack 12.1; WordPress 6.3)"
203.215.163.196 - - [18/Aug/2026:10:48:43 +0300] "POST /xmlrpc.php HTTP/1.1" 200 459 "-" "Jetpack by WordPress.com"
103.149.16.186 - - [18/Aug/2026:10:48:49 +0300] "POST /xmlrpc.php HTTP/1.1" 200 459 "-" "WordPress.com; https://wordpress.com"
59.176.4.237 - - [18/Aug/2026:10:48:51 +0300] "POST /xmlrpc.php HTTP/1.1" 200 459 "-" "Jetpack by WordPress.com"
203.215.163.196 - - [18/Aug/2026:10:48:53 +0300] "POST /xmlrpc.php HTTP/1.1" 200 459 "-" "WordPress.com; https://wordpress.com"
103.149.16.186 - - [18/Aug/2026:10:49:00 +0300] "POST /xmlrpc.php HTTP/1.1" 200 459 "-" "Jetpack by WordPress.com"
59.176.4.237 - - [18/Aug/2026:10:49:02 +0300] "POST /xmlrpc.php HTTP/1.1" 200 459 "-" "Jetpack by WordPress.com"
203.215.163.196 - - [18/Aug/2026:10:49:04 +0300] "POST /xmlrpc.php HTTP/1.1" 200 459 "-" "Jetpack/12.1; WordPress/6.3; http://site52692682.com"
103.149.16.186 - - [18/Aug/2026:10:49:10 +0300] "POST /xmlrpc.php HTTP/1.1" 200 459 "-" "WordPress.com; https://wordpress.com"
59.176.4.237 - - [18/Aug/2026:10:49:12 +0300] "POST /xmlrpc.php HTTP/1.1" 200 459 "-" "WordPress.com; https://wordpress.com"
203.215.163.196 - - [18/Aug/2026:10:49:14 +0300] "POST /xmlrpc.php HTTP/1.1" 200 459 "-" "WordPress.com; https://wordpress.com"
103.149.16.186 - - [18/Aug/2026:10:49:21 +0300] "POST /xmlrpc.php HTTP/1.1" 200 459 "-" "Jetpack by WordPress.com (Jetpack 12.0; WordPress 6.3)"
59.176.4.237 - - [18/Aug/2026:10:49:23 +0300] "POST /xmlrpc.php HTTP/1.1" 200 459 "-" "Jetpack by WordPress.com (Jetpack 12.5; WordPress 6.4)"
203.215.163.196 - - [18/Aug/2026:10:49:25 +0300] "POST /xmlrpc.php HTTP/1.1" 200 459 "-" "WordPress.com; https://wordpress.com"
103.149.16.186 - - [18/Aug/2026:10:49:32 +0300] "POST /xmlrpc.php HTTP/1.1" 200 459 "-" "Jetpack/12.0; WordPress/6.3; http://site63902311.com"
59.176.4.237 - - [18/Aug/2026:10:49:34 +0300] "POST /xmlrpc.php HTTP/1.1" 200 459 "-" "Jetpack by WordPress.com"
203.215.163.196 - - [18/Aug/2026:10:49:36 +0300] "POST /xmlrpc.php HTTP/1.1" 200 459 "-" "WordPress.com; https://wordpress.com"
103.149.16.186 - - [18/Aug/2026:10:49:42 +0300] "POST /xmlrpc.php HTTP/1.1" 200 459 "-" "WordPress.com; https://wordpress.com"
59.176.4.237 - - [18/Aug/2026:10:49:44 +0300] "POST /xmlrpc.php HTTP/1.1" 200 459 "-" "Jetpack by WordPress.com (Jetpack 13.0; WordPress 6.2)"
203.215.163.196 - - [18/Aug/2026:10:49:47 +0300] "POST /xmlrpc.php HTTP/1.1" 200 459 "-" "Jetpack by WordPress.com"
59.176.4.237 - - [18/Aug/2026:10:49:54 +0300] "POST /xmlrpc.php HTTP/1.1" 200 459 "-" "Jetpack by WordPress.com (Jetpack 13.0; WordPress 6.3)"
203.215.163.196 - - [18/Aug/2026:10:49:57 +0300] "POST /xmlrpc.php HTTP/1.1" 200 459 "-" "Jetpack by WordPress.com"
59.176.4.237 - - [18/Aug/2026:10:50:05 +0300] "POST /xmlrpc.php HTTP/1.1" 200 459 "-" "Jetpack by WordPress.com"
203.215.163.196 - - [18/Aug/2026:10:50:08 +0300] "POST /xmlrpc.php HTTP/1.1" 200 459 "-" "Jetpack/12.0; WordPress/6.1; http://site19993170.com"
59.176.4.237 - - [18/Aug/2026:10:50:16 +0300] "POST /xmlrpc.php HTTP/1.1" 200 459 "-" "Jetpack by WordPress.com"
203.215.163.196 - - [18/Aug/2026:10:50:18 +0300] "POST /xmlrpc.php HTTP/1.1" 200 459 "-" "WordPress.com; https://wordpress.com"
59.176.4.237 - - [18/Aug/2026:10:50:26 +0300] "POST /xmlrpc.php HTTP/1.1" 200 459 "-" "WordPress.com; https://wordpress.com"
203.215.163.196 - - [18/Aug/2026:10:50:29 +0300] "POST /xmlrpc.php HTTP/1.1" 200 459 "-" "Jetpack/12.0; WordPress/6.3; http://site77839168.com"
59.176.4.237 - - [18/Aug/2026:10:50:37 +0300] "POST /xmlrpc.php HTTP/1.1" 200 459 "-" "WordPress.com; https://wordpress.com"
203.215.163.196 - - [18/Aug/2026:10:50:40 +0300] "POST /xmlrpc.php HTTP/1.1" 200 459 "-" "Jetpack/13.0; WordPress/6.4; http://site86815404.com"
59.176.4.237 - - [18/Aug/2026:10:50:47 +0300] "POST /xmlrpc.php HTTP/1.1" 200 459 "-" "Jetpack/12.0; WordPress/6.2; http://site48572325.com"
203.215.163.196 - - [18/Aug/2026:10:50:50 +0300] "POST /xmlrpc.php HTTP/1.1" 200 459 "-" "Jetpack by WordPress.com (Jetpack 12.1; WordPress 6.3)"
59.176.4.237 - - [18/Aug/2026:10:50:58 +0300] "POST /xmlrpc.php HTTP/1.1" 200 459 "-" "Jetpack by WordPress.com (Jetpack 12.0; WordPress 6.1)"
203.215.163.196 - - [18/Aug/2026:10:51:01 +0300] "POST /xmlrpc.php HTTP/1.1" 200 459 "-" "Jetpack by WordPress.com (Jetpack 12.5; WordPress 6.3)"
59.176.4.237 - - [18/Aug/2026:10:51:08 +0300] "POST /xmlrpc.php HTTP/1.1" 200 459 "-" "Jetpack/13.0; WordPress/6.3; http://site78576309.com"
203.215.163.196 - - [18/Aug/2026:10:51:12 +0300] "POST /xmlrpc.php HTTP/1.1" 200 459 "-" "Jetpack/13.0; WordPress/6.4; http://site11007491.com"
37.49.224.154 - - [18/Aug/2026:10:51:13 +0300] "GET /cgi-bin/luci/;stok=/locale HTTP/1.1" 301 162 "-" "-"
37.49.224.154 - - [18/Aug/2026:10:51:13 +0300] "GET /cgi-bin/luci/;stok=/locale HTTP/1.1" 404 53837 "http://82.148.16.210:80/cgi-bin/luci/;stok=/locale" "-"
59.176.4.237 - - [18/Aug/2026:10:51:19 +0300] "POST /xmlrpc.php HTTP/1.1" 200 459 "-" "Jetpack by WordPress.com (Jetpack 12.1; WordPress 6.4)"
203.215.163.196 - - [18/Aug/2026:10:51:23 +0300] "POST /xmlrpc.php HTTP/1.1" 200 459 "-" "WordPress.com; https://wordpress.com"
181.225.102.42 - - [18/Aug/2026:10:51:24 +0300] "GET /tag/webhook HTTP/2.0" 301 6 "https://891rpm.com" "Mozilla/5.0 (Windows NT 10.0; Win64; x64) AppleWebKit/537.36 (KHTML, like Gecko) Chrome/144.0.0.0 Safari/537.36"
180.75.46.175 - - [18/Aug/2026:10:51:27 +0300] "GET /tag/webhook/ HTTP/2.0" 200 12535 "https://891rpm.com/tag/webhook" "Mozilla/5.0 (Windows NT 10.0; Win64; x64) AppleWebKit/537.36 (KHTML, like Gecko) Chrome/144.0.0.0 Safari/537.36"
59.176.4.237 - - [18/Aug/2026:10:51:29 +0300] "POST /xmlrpc.php HTTP/1.1" 200 459 "-" "Jetpack/13.0; WordPress/6.2; http://site50399737.com"
203.215.163.196 - - [18/Aug/2026:10:51:33 +0300] "POST /xmlrpc.php HTTP/1.1" 200 459 "-" "Jetpack by WordPress.com"
59.176.4.237 - - [18/Aug/2026:10:51:40 +0300] "POST /xmlrpc.php HTTP/1.1" 200 459 "-" "WordPress.com; https://wordpress.com"
203.215.163.196 - - [18/Aug/2026:10:51:44 +0300] "POST /xmlrpc.php HTTP/1.1" 200 459 "-" "WordPress.com; https://wordpress.com"
59.176.4.237 - - [18/Aug/2026:10:51:51 +0300] "POST /xmlrpc.php HTTP/1.1" 200 459 "-" "Jetpack by WordPress.com (Jetpack 12.5; WordPress 6.1)"
203.215.163.196 - - [18/Aug/2026:10:51:54 +0300] "POST /xmlrpc.php HTTP/1.1" 200 459 "-" "WordPress.com; https://wordpress.com"
59.176.4.237 - - [18/Aug/2026:10:52:01 +0300] "POST /xmlrpc.php HTTP/1.1" 200 459 "-" "Jetpack by WordPress.com (Jetpack 13.0; WordPress 6.1)"
203.215.163.196 - - [18/Aug/2026:10:52:06 +0300] "POST /xmlrpc.php HTTP/1.1" 200 459 "-" "Jetpack/12.5; WordPress/6.4; http://site69360158.com"
59.176.4.237 - - [18/Aug/2026:10:52:14 +0300] "POST /xmlrpc.php HTTP/1.1" 200 459 "-" "Jetpack/13.0; WordPress/6.3; http://site18544955.com"
203.215.163.196 - - [18/Aug/2026:10:52:17 +0300] "POST /xmlrpc.php HTTP/1.1" 200 459 "-" "Jetpack by WordPress.com"
59.176.4.237 - - [18/Aug/2026:10:52:22 +0300] "POST /xmlrpc.php HTTP/1.1" 200 459 "-" "Jetpack by WordPress.com (Jetpack 13.0; WordPress 6.4)"
203.215.163.196 - - [18/Aug/2026:10:52:27 +0300] "POST /xmlrpc.php HTTP/1.1" 200 459 "-" "Jetpack by WordPress.com"
59.176.4.237 - - [18/Aug/2026:10:52:32 +0300] "POST /xmlrpc.php HTTP/1.1" 200 459 "-" "Jetpack by WordPress.com"
82.148.16.210 - - [18/Aug/2026:10:52:37 +0300] "POST /wp-cron.php?doing_wp_cron=1787039557.6156659126281738281250 HTTP/1.1" 499 0 "-" "WordPress/6.9.1; https://891rpm.com"
203.215.163.196 - - [18/Aug/2026:10:52:37 +0300] "POST /xmlrpc.php HTTP/1.1" 200 459 "-" "WordPress.com; https://wordpress.com"
59.176.4.237 - - [18/Aug/2026:10:52:43 +0300] "POST /xmlrpc.php HTTP/1.1" 200 459 "-" "Jetpack/13.0; WordPress/6.1; http://site45256892.com"
203.215.163.196 - - [18/Aug/2026:10:52:48 +0300] "POST /xmlrpc.php HTTP/1.1" 200 459 "-" "Jetpack by WordPress.com"
59.176.4.237 - - [18/Aug/2026:10:52:53 +0300] "POST /xmlrpc.php HTTP/1.1" 200 459 "-" "Jetpack/13.0; WordPress/6.3; http://site36533613.com"
203.215.163.196 - - [18/Aug/2026:10:52:58 +0300] "POST /xmlrpc.php HTTP/1.1" 200 459 "-" "Jetpack by WordPress.com"
