20.100.169.31 - - [19/Aug/2026:06:39:46 +0300] "GET /wp-content/uploads/ HTTP/1.1" 302 138 "-" "Mozilla/5.0 (Windows NT 10.0; Win64; x64) AppleWebKit/537.36 (KHTML, like Gecko) Chrome/120.0.0.0 Safari/537.36"
20.100.169.31 - - [19/Aug/2026:06:39:46 +0300] "GET /wp-includes/Requests/library/index.php HTTP/1.1" 301 16 "-" "Mozilla/5.0 (Windows NT 10.0; Win64; x64) AppleWebKit/537.36 (KHTML, like Gecko) Chrome/120.0.0.0 Safari/537.36"
20.100.169.31 - - [19/Aug/2026:06:39:46 +0300] "GET /wp-content/themes/index.php HTTP/1.1" 200 31 "-" "Mozilla/5.0 (Windows NT 10.0; Win64; x64) AppleWebKit/537.36 (KHTML, like Gecko) Chrome/120.0.0.0 Safari/537.36"
20.100.169.31 - - [19/Aug/2026:06:39:46 +0300] "GET /gecko-new.php HTTP/1.1" 404 11133 "-" "Mozilla/5.0 (Windows NT 10.0; Win64; x64) AppleWebKit/537.36 (KHTML, like Gecko) Chrome/120.0.0.0 Safari/537.36"
20.100.169.31 - - [19/Aug/2026:06:39:47 +0300] "GET /NewFile.php HTTP/1.1" 404 11133 "-" "Mozilla/5.0 (Windows NT 10.0; Win64; x64) AppleWebKit/537.36 (KHTML, like Gecko) Chrome/120.0.0.0 Safari/537.36"
49.36.212.35 - - [19/Aug/2026:06:39:47 +0300] "POST /xmlrpc.php HTTP/1.1" 200 459 "-" "Jetpack by WordPress.com (Jetpack 13.0; WordPress 6.1)"
20.100.169.31 - - [19/Aug/2026:06:39:47 +0300] "GET /wp-Blogs.php HTTP/1.1" 404 11133 "-" "Mozilla/5.0 (Windows NT 10.0; Win64; x64) AppleWebKit/537.36 (KHTML, like Gecko) Chrome/120.0.0.0 Safari/537.36"
20.100.169.31 - - [19/Aug/2026:06:39:48 +0300] "GET /wp-includes/fonts/index.php HTTP/1.1" 301 16 "-" "Mozilla/5.0 (Windows NT 10.0; Win64; x64) AppleWebKit/537.36 (KHTML, like Gecko) Chrome/120.0.0.0 Safari/537.36"
20.100.169.31 - - [19/Aug/2026:06:39:48 +0300] "GET /themes.php HTTP/1.1" 404 11133 "-" "Mozilla/5.0 (Windows NT 10.0; Win64; x64) AppleWebKit/537.36 (KHTML, like Gecko) Chrome/120.0.0.0 Safari/537.36"
20.100.169.31 - - [19/Aug/2026:06:39:48 +0300] "GET /cv.php HTTP/1.1" 404 11133 "-" "Mozilla/5.0 (Windows NT 10.0; Win64; x64) AppleWebKit/537.36 (KHTML, like Gecko) Chrome/120.0.0.0 Safari/537.36"
20.100.169.31 - - [19/Aug/2026:06:39:48 +0300] "GET /wp-admin/js/ HTTP/1.1" 302 138 "-" "Mozilla/5.0 (Windows NT 10.0; Win64; x64) AppleWebKit/537.36 (KHTML, like Gecko) Chrome/120.0.0.0 Safari/537.36"
20.100.169.31 - - [19/Aug/2026:06:39:48 +0300] "GET /wp-content/uploads/index.php HTTP/1.1" 301 16 "-" "Mozilla/5.0 (Windows NT 10.0; Win64; x64) AppleWebKit/537.36 (KHTML, like Gecko) Chrome/120.0.0.0 Safari/537.36"
20.100.169.31 - - [19/Aug/2026:06:39:48 +0300] "GET /ws83.php HTTP/1.1" 404 11133 "-" "Mozilla/5.0 (Windows NT 10.0; Win64; x64) AppleWebKit/537.36 (KHTML, like Gecko) Chrome/120.0.0.0 Safari/537.36"
20.100.169.31 - - [19/Aug/2026:06:39:49 +0300] "GET /atex1.php HTTP/1.1" 404 11133 "-" "Mozilla/5.0 (Windows NT 10.0; Win64; x64) AppleWebKit/537.36 (KHTML, like Gecko) Chrome/120.0.0.0 Safari/537.36"
20.100.169.31 - - [19/Aug/2026:06:39:49 +0300] "GET /class-t.api.php HTTP/1.1" 404 11133 "-" "Mozilla/5.0 (Windows NT 10.0; Win64; x64) AppleWebKit/537.36 (KHTML, like Gecko) Chrome/120.0.0.0 Safari/537.36"
20.100.169.31 - - [19/Aug/2026:06:39:49 +0300] "GET /w.php HTTP/1.1" 404 11133 "-" "Mozilla/5.0 (Windows NT 10.0; Win64; x64) AppleWebKit/537.36 (KHTML, like Gecko) Chrome/120.0.0.0 Safari/537.36"
20.100.169.31 - - [19/Aug/2026:06:39:49 +0300] "GET /archive.php HTTP/1.1" 404 11133 "-" "Mozilla/5.0 (Windows NT 10.0; Win64; x64) AppleWebKit/537.36 (KHTML, like Gecko) Chrome/120.0.0.0 Safari/537.36"
20.100.169.31 - - [19/Aug/2026:06:39:50 +0300] "GET /bless.php HTTP/1.1" 404 11133 "-" "Mozilla/5.0 (Windows NT 10.0; Win64; x64) AppleWebKit/537.36 (KHTML, like Gecko) Chrome/120.0.0.0 Safari/537.36"
20.100.169.31 - - [19/Aug/2026:06:39:50 +0300] "GET /sagax1.php HTTP/1.1" 404 11133 "-" "Mozilla/5.0 (Windows NT 10.0; Win64; x64) AppleWebKit/537.36 (KHTML, like Gecko) Chrome/120.0.0.0 Safari/537.36"
62.60.130.232 - - [19/Aug/2026:06:39:50 +0300] "GET //images/images/cache.php HTTP/1.1" 301 162 "-" "Mozilla/5.0 (Windows NT 10.0; Win64; x64) AppleWebKit/537.36 (KHTML, like Gecko) Chrome/112.0.0.0 Safari/537.36"
20.100.169.31 - - [19/Aug/2026:06:39:50 +0300] "GET /wpc.php HTTP/1.1" 404 11133 "-" "Mozilla/5.0 (Windows NT 10.0; Win64; x64) AppleWebKit/537.36 (KHTML, like Gecko) Chrome/120.0.0.0 Safari/537.36"
62.60.130.232 - - [19/Aug/2026:06:39:51 +0300] "GET //images/images/cache.php HTTP/1.1" 301 16 "-" "Mozilla/5.0 (Windows NT 10.0; Win64; x64) AppleWebKit/537.36 (KHTML, like Gecko) Chrome/112.0.0.0 Safari/537.36"
20.100.169.31 - - [19/Aug/2026:06:39:51 +0300] "GET /fone1.php HTTP/1.1" 404 11133 "-" "Mozilla/5.0 (Windows NT 10.0; Win64; x64) AppleWebKit/537.36 (KHTML, like Gecko) Chrome/120.0.0.0 Safari/537.36"
62.60.130.232 - - [19/Aug/2026:06:39:51 +0300] "GET /images/images/cache.php HTTP/1.1" 404 11133 "-" "Mozilla/5.0 (Windows NT 10.0; Win64; x64) AppleWebKit/537.36 (KHTML, like Gecko) Chrome/112.0.0.0 Safari/537.36"
20.100.169.31 - - [19/Aug/2026:06:39:51 +0300] "GET /ncx.php HTTP/1.1" 404 11133 "-" "Mozilla/5.0 (Windows NT 10.0; Win64; x64) AppleWebKit/537.36 (KHTML, like Gecko) Chrome/120.0.0.0 Safari/537.36"
62.60.130.232 - - [19/Aug/2026:06:39:51 +0300] "GET //cgi-bin/cgi-bin/cgi-bin/cgi-bin/cache.php HTTP/1.1" 301 162 "-" "Mozilla/5.0 (Windows NT 10.0; Win64; x64) AppleWebKit/537.36 (KHTML, like Gecko) Chrome/112.0.0.0 Safari/537.36"
20.100.169.31 - - [19/Aug/2026:06:39:51 +0300] "GET /wp-admin/js/index.php HTTP/1.1" 301 16 "-" "Mozilla/5.0 (Windows NT 10.0; Win64; x64) AppleWebKit/537.36 (KHTML, like Gecko) Chrome/120.0.0.0 Safari/537.36"
62.60.130.232 - - [19/Aug/2026:06:39:52 +0300] "GET //cgi-bin/cgi-bin/cgi-bin/cgi-bin/cache.php HTTP/1.1" 301 16 "-" "Mozilla/5.0 (Windows NT 10.0; Win64; x64) AppleWebKit/537.36 (KHTML, like Gecko) Chrome/112.0.0.0 Safari/537.36"
20.100.169.31 - - [19/Aug/2026:06:39:52 +0300] "GET /wso.php HTTP/1.1" 404 11133 "-" "Mozilla/5.0 (Windows NT 10.0; Win64; x64) AppleWebKit/537.36 (KHTML, like Gecko) Chrome/120.0.0.0 Safari/537.36"
62.60.130.232 - - [19/Aug/2026:06:39:52 +0300] "GET /cgi-bin/cgi-bin/cgi-bin/cgi-bin/cache.php HTTP/1.1" 404 11133 "-" "Mozilla/5.0 (Windows NT 10.0; Win64; x64) AppleWebKit/537.36 (KHTML, like Gecko) Chrome/112.0.0.0 Safari/537.36"
20.100.169.31 - - [19/Aug/2026:06:39:52 +0300] "GET /zup.php73 HTTP/1.1" 404 11133 "-" "Mozilla/5.0 (Windows NT 10.0; Win64; x64) AppleWebKit/537.36 (KHTML, like Gecko) Chrome/120.0.0.0 Safari/537.36"
62.60.130.232 - - [19/Aug/2026:06:39:53 +0300] "GET //images/images/images/images/images/images/images/images/cache.php HTTP/1.1" 301 162 "-" "Mozilla/5.0 (Windows NT 10.0; Win64; x64) AppleWebKit/537.36 (KHTML, like Gecko) Chrome/112.0.0.0 Safari/537.36"
20.100.169.31 - - [19/Aug/2026:06:39:53 +0300] "GET /k.php HTTP/1.1" 404 11133 "-" "Mozilla/5.0 (Windows NT 10.0; Win64; x64) AppleWebKit/537.36 (KHTML, like Gecko) Chrome/120.0.0.0 Safari/537.36"
62.60.130.232 - - [19/Aug/2026:06:39:53 +0300] "GET //images/images/images/images/images/images/images/images/cache.php HTTP/1.1" 301 16 "-" "Mozilla/5.0 (Windows NT 10.0; Win64; x64) AppleWebKit/537.36 (KHTML, like Gecko) Chrome/112.0.0.0 Safari/537.36"
20.100.169.31 - - [19/Aug/2026:06:39:53 +0300] "GET /wp-blink.php HTTP/1.1" 404 11133 "-" "Mozilla/5.0 (Windows NT 10.0; Win64; x64) AppleWebKit/537.36 (KHTML, like Gecko) Chrome/120.0.0.0 Safari/537.36"
62.60.130.232 - - [19/Aug/2026:06:39:53 +0300] "GET /images/images/images/images/images/images/images/images/cache.php HTTP/1.1" 404 11133 "-" "Mozilla/5.0 (Windows NT 10.0; Win64; x64) AppleWebKit/537.36 (KHTML, like Gecko) Chrome/112.0.0.0 Safari/537.36"
20.100.169.31 - - [19/Aug/2026:06:39:54 +0300] "GET /randkeyword.PhP7 HTTP/1.1" 404 11133 "-" "Mozilla/5.0 (Windows NT 10.0; Win64; x64) AppleWebKit/537.36 (KHTML, like Gecko) Chrome/120.0.0.0 Safari/537.36"
20.100.169.31 - - [19/Aug/2026:06:39:54 +0300] "GET /wp-admin/css/colors/ectoplasm/ HTTP/1.1" 302 138 "-" "Mozilla/5.0 (Windows NT 10.0; Win64; x64) AppleWebKit/537.36 (KHTML, like Gecko) Chrome/120.0.0.0 Safari/537.36"
62.60.130.232 - - [19/Aug/2026:06:39:54 +0300] "GET //images/images/images/images/images/images/images/cache.php HTTP/1.1" 301 162 "-" "Mozilla/5.0 (Windows NT 10.0; Win64; x64) AppleWebKit/537.36 (KHTML, like Gecko) Chrome/112.0.0.0 Safari/537.36"
20.100.169.31 - - [19/Aug/2026:06:39:54 +0300] "GET /wp-content/ HTTP/1.1" 200 31 "-" "Mozilla/5.0 (Windows NT 10.0; Win64; x64) AppleWebKit/537.36 (KHTML, like Gecko) Chrome/120.0.0.0 Safari/537.36"
62.60.130.232 - - [19/Aug/2026:06:39:54 +0300] "GET //images/images/images/images/images/images/images/cache.php HTTP/1.1" 301 16 "-" "Mozilla/5.0 (Windows NT 10.0; Win64; x64) AppleWebKit/537.36 (KHTML, like Gecko) Chrome/112.0.0.0 Safari/537.36"
20.100.169.31 - - [19/Aug/2026:06:39:54 +0300] "GET /ww5.php HTTP/1.1" 404 11133 "-" "Mozilla/5.0 (Windows NT 10.0; Win64; x64) AppleWebKit/537.36 (KHTML, like Gecko) Chrome/120.0.0.0 Safari/537.36"
62.60.130.232 - - [19/Aug/2026:06:39:54 +0300] "GET /images/images/images/images/images/images/images/cache.php HTTP/1.1" 404 11133 "-" "Mozilla/5.0 (Windows NT 10.0; Win64; x64) AppleWebKit/537.36 (KHTML, like Gecko) Chrome/112.0.0.0 Safari/537.36"
20.100.169.31 - - [19/Aug/2026:06:39:54 +0300] "GET /2.php HTTP/1.1" 404 11133 "-" "Mozilla/5.0 (Windows NT 10.0; Win64; x64) AppleWebKit/537.36 (KHTML, like Gecko) Chrome/120.0.0.0 Safari/537.36"
62.60.130.232 - - [19/Aug/2026:06:39:54 +0300] "GET //images/images/images/images/images/images/cache.php HTTP/1.1" 301 162 "-" "Mozilla/5.0 (Windows NT 10.0; Win64; x64) AppleWebKit/537.36 (KHTML, like Gecko) Chrome/112.0.0.0 Safari/537.36"
20.100.169.31 - - [19/Aug/2026:06:39:55 +0300] "GET /wp-admin/classwithtostring.php HTTP/1.1" 404 11133 "-" "Mozilla/5.0 (Windows NT 10.0; Win64; x64) AppleWebKit/537.36 (KHTML, like Gecko) Chrome/120.0.0.0 Safari/537.36"
62.60.130.232 - - [19/Aug/2026:06:39:55 +0300] "GET //images/images/images/images/images/images/cache.php HTTP/1.1" 301 16 "-" "Mozilla/5.0 (Windows NT 10.0; Win64; x64) AppleWebKit/537.36 (KHTML, like Gecko) Chrome/112.0.0.0 Safari/537.36"
20.100.169.31 - - [19/Aug/2026:06:39:55 +0300] "GET /atomlib.php HTTP/1.1" 404 11133 "-" "Mozilla/5.0 (Windows NT 10.0; Win64; x64) AppleWebKit/537.36 (KHTML, like Gecko) Chrome/120.0.0.0 Safari/537.36"
62.60.130.232 - - [19/Aug/2026:06:39:55 +0300] "GET /images/images/images/images/images/images/cache.php HTTP/1.1" 404 11133 "-" "Mozilla/5.0 (Windows NT 10.0; Win64; x64) AppleWebKit/537.36 (KHTML, like Gecko) Chrome/112.0.0.0 Safari/537.36"
62.60.130.232 - - [19/Aug/2026:06:39:55 +0300] "GET //images/images/images/images/images/cache.php HTTP/1.1" 301 162 "-" "Mozilla/5.0 (Windows NT 10.0; Win64; x64) AppleWebKit/537.36 (KHTML, like Gecko) Chrome/112.0.0.0 Safari/537.36"
20.100.169.31 - - [19/Aug/2026:06:39:55 +0300] "GET /rip.php HTTP/1.1" 404 11133 "-" "Mozilla/5.0 (Windows NT 10.0; Win64; x64) AppleWebKit/537.36 (KHTML, like Gecko) Chrome/120.0.0.0 Safari/537.36"
62.60.130.232 - - [19/Aug/2026:06:39:56 +0300] "GET //images/images/images/images/images/cache.php HTTP/1.1" 301 16 "-" "Mozilla/5.0 (Windows NT 10.0; Win64; x64) AppleWebKit/537.36 (KHTML, like Gecko) Chrome/112.0.0.0 Safari/537.36"
20.100.169.31 - - [19/Aug/2026:06:39:56 +0300] "GET /p.php HTTP/1.1" 404 11133 "-" "Mozilla/5.0 (Windows NT 10.0; Win64; x64) AppleWebKit/537.36 (KHTML, like Gecko) Chrome/120.0.0.0 Safari/537.36"
62.60.130.232 - - [19/Aug/2026:06:39:56 +0300] "GET /images/images/images/images/images/cache.php HTTP/1.1" 404 11133 "-" "Mozilla/5.0 (Windows NT 10.0; Win64; x64) AppleWebKit/537.36 (KHTML, like Gecko) Chrome/112.0.0.0 Safari/537.36"
62.60.130.232 - - [19/Aug/2026:06:39:56 +0300] "GET //images/images/images/images/cache.php HTTP/1.1" 301 162 "-" "Mozilla/5.0 (Windows NT 10.0; Win64; x64) AppleWebKit/537.36 (KHTML, like Gecko) Chrome/112.0.0.0 Safari/537.36"
20.100.169.31 - - [19/Aug/2026:06:39:56 +0300] "GET /php.php HTTP/1.1" 404 11133 "-" "Mozilla/5.0 (Windows NT 10.0; Win64; x64) AppleWebKit/537.36 (KHTML, like Gecko) Chrome/120.0.0.0 Safari/537.36"
62.60.130.232 - - [19/Aug/2026:06:39:56 +0300] "GET //images/images/images/images/cache.php HTTP/1.1" 301 16 "-" "Mozilla/5.0 (Windows NT 10.0; Win64; x64) AppleWebKit/537.36 (KHTML, like Gecko) Chrome/112.0.0.0 Safari/537.36"
62.60.130.232 - - [19/Aug/2026:06:39:57 +0300] "GET /images/images/images/images/cache.php HTTP/1.1" 404 11133 "-" "Mozilla/5.0 (Windows NT 10.0; Win64; x64) AppleWebKit/537.36 (KHTML, like Gecko) Chrome/112.0.0.0 Safari/537.36"
62.60.130.232 - - [19/Aug/2026:06:39:57 +0300] "GET //images/images/images/cache.php HTTP/1.1" 301 162 "-" "Mozilla/5.0 (Windows NT 10.0; Win64; x64) AppleWebKit/537.36 (KHTML, like Gecko) Chrome/112.0.0.0 Safari/537.36"
62.60.130.232 - - [19/Aug/2026:06:39:57 +0300] "GET //images/images/images/cache.php HTTP/1.1" 301 16 "-" "Mozilla/5.0 (Windows NT 10.0; Win64; x64) AppleWebKit/537.36 (KHTML, like Gecko) Chrome/112.0.0.0 Safari/537.36"
62.60.130.232 - - [19/Aug/2026:06:39:57 +0300] "GET /images/images/images/cache.php HTTP/1.1" 404 11133 "-" "Mozilla/5.0 (Windows NT 10.0; Win64; x64) AppleWebKit/537.36 (KHTML, like Gecko) Chrome/112.0.0.0 Safari/537.36"
62.60.130.232 - - [19/Aug/2026:06:39:57 +0300] "GET //wp-content/plugins/plugins/cache.php HTTP/1.1" 301 162 "-" "Mozilla/5.0 (Windows NT 10.0; Win64; x64) AppleWebKit/537.36 (KHTML, like Gecko) Chrome/112.0.0.0 Safari/537.36"
62.60.130.232 - - [19/Aug/2026:06:39:58 +0300] "GET //wp-content/plugins/plugins/cache.php HTTP/1.1" 301 16 "-" "Mozilla/5.0 (Windows NT 10.0; Win64; x64) AppleWebKit/537.36 (KHTML, like Gecko) Chrome/112.0.0.0 Safari/537.36"
62.60.130.232 - - [19/Aug/2026:06:39:58 +0300] "GET /wp-content/plugins/plugins/cache.php HTTP/1.1" 404 11133 "-" "Mozilla/5.0 (Windows NT 10.0; Win64; x64) AppleWebKit/537.36 (KHTML, like Gecko) Chrome/112.0.0.0 Safari/537.36"
62.60.130.232 - - [19/Aug/2026:06:39:58 +0300] "GET //assets/images/images/cache.php HTTP/1.1" 301 162 "-" "Mozilla/5.0 (Windows NT 10.0; Win64; x64) AppleWebKit/537.36 (KHTML, like Gecko) Chrome/112.0.0.0 Safari/537.36"
49.36.212.35 - - [19/Aug/2026:06:39:58 +0300] "POST /xmlrpc.php HTTP/1.1" 200 459 "-" "WordPress.com; https://wordpress.com"
62.60.130.232 - - [19/Aug/2026:06:39:58 +0300] "GET //assets/images/images/cache.php HTTP/1.1" 301 16 "-" "Mozilla/5.0 (Windows NT 10.0; Win64; x64) AppleWebKit/537.36 (KHTML, like Gecko) Chrome/112.0.0.0 Safari/537.36"
62.60.130.232 - - [19/Aug/2026:06:39:59 +0300] "GET /assets/images/images/cache.php HTTP/1.1" 404 11133 "-" "Mozilla/5.0 (Windows NT 10.0; Win64; x64) AppleWebKit/537.36 (KHTML, like Gecko) Chrome/112.0.0.0 Safari/537.36"
62.60.130.232 - - [19/Aug/2026:06:39:59 +0300] "GET //blogs/media/media/cache.php HTTP/1.1" 301 162 "-" "Mozilla/5.0 (Windows NT 10.0; Win64; x64) AppleWebKit/537.36 (KHTML, like Gecko) Chrome/112.0.0.0 Safari/537.36"
62.60.130.232 - - [19/Aug/2026:06:39:59 +0300] "GET //blogs/media/media/cache.php HTTP/1.1" 301 16 "-" "Mozilla/5.0 (Windows NT 10.0; Win64; x64) AppleWebKit/537.36 (KHTML, like Gecko) Chrome/112.0.0.0 Safari/537.36"
62.60.130.232 - - [19/Aug/2026:06:39:59 +0300] "GET /blogs/media/media/cache.php HTTP/1.1" 404 11133 "-" "Mozilla/5.0 (Windows NT 10.0; Win64; x64) AppleWebKit/537.36 (KHTML, like Gecko) Chrome/112.0.0.0 Safari/537.36"
62.60.130.232 - - [19/Aug/2026:06:39:59 +0300] "GET //cache/cache/cache.php HTTP/1.1" 301 162 "-" "Mozilla/5.0 (Windows NT 10.0; Win64; x64) AppleWebKit/537.36 (KHTML, like Gecko) Chrome/112.0.0.0 Safari/537.36"
62.60.130.232 - - [19/Aug/2026:06:40:00 +0300] "GET //cache/cache/cache.php HTTP/1.1" 301 16 "-" "Mozilla/5.0 (Windows NT 10.0; Win64; x64) AppleWebKit/537.36 (KHTML, like Gecko) Chrome/112.0.0.0 Safari/537.36"
62.60.130.232 - - [19/Aug/2026:06:40:00 +0300] "GET /cache/cache/cache.php HTTP/1.1" 404 11133 "-" "Mozilla/5.0 (Windows NT 10.0; Win64; x64) AppleWebKit/537.36 (KHTML, like Gecko) Chrome/112.0.0.0 Safari/537.36"
49.51.183.75 - - [19/Aug/2026:06:40:05 +0300] "GET /grub-2-%d0%be%d1%88%d0%b8%d0%b1%d0%ba%d0%b0-15/ HTTP/1.1" 200 13047 "-" "Mozilla/5.0 (iPhone; CPU iPhone OS 13_2_3 like Mac OS X) AppleWebKit/605.1.15 (KHTML, like Gecko) Version/13.0.3 Mobile/15E148 Safari/604.1"
49.36.212.35 - - [19/Aug/2026:06:40:11 +0300] "POST /xmlrpc.php HTTP/1.1" 200 459 "-" "Jetpack/13.0; WordPress/6.3; http://site22563554.com"
49.36.212.35 - - [19/Aug/2026:06:40:22 +0300] "POST /xmlrpc.php HTTP/1.1" 200 459 "-" "Jetpack by WordPress.com"
49.36.212.35 - - [19/Aug/2026:06:40:42 +0300] "POST /xmlrpc.php HTTP/1.1" 499 0 "-" "WordPress.com; https://wordpress.com"
66.249.66.78 - - [19/Aug/2026:06:42:44 +0300] "GET /shopdetail/snow/081000799 HTTP/1.1" 404 11133 "-" "Mozilla/5.0 (Linux; Android 6.0.1; Nexus 5X Build/MMB29P) AppleWebKit/537.36 (KHTML, like Gecko) Chrome/151.0.7922.137 Mobile Safari/537.36 (compatible; Googlebot/2.1; +http://www.google.com/bot.html)"
49.36.212.35 - - [19/Aug/2026:06:43:38 +0300] "POST /xmlrpc.php HTTP/1.1" 200 459 "-" "Jetpack by WordPress.com (Jetpack 13.0; WordPress 6.2)"
49.36.212.35 - - [19/Aug/2026:06:43:47 +0300] "POST /xmlrpc.php HTTP/1.1" 200 459 "-" "Jetpack by WordPress.com"
49.36.212.35 - - [19/Aug/2026:06:43:58 +0300] "POST /xmlrpc.php HTTP/1.1" 200 459 "-" "Jetpack/13.0; WordPress/6.3; http://site39793593.com"
46.105.28.235 - - [19/Aug/2026:06:44:01 +0300] "GET /wp-login.php HTTP/2.0" 200 3354 "-" "Mozilla/5.0 (Windows NT 10.0; Win64; x64) AppleWebKit/537.36 (KHTML, like Gecko) Chrome/151.0.0.0 Safari/537.36"
46.105.28.235 - - [19/Aug/2026:06:44:02 +0300] "POST /wp-login.php HTTP/2.0" 200 3503 "https://891rpm.com/wp-login.php" "Mozilla/5.0 (Windows NT 10.0; Win64; x64) AppleWebKit/537.36 (KHTML, like Gecko) Chrome/151.0.0.0 Safari/537.36"
49.36.212.35 - - [19/Aug/2026:06:44:09 +0300] "POST /xmlrpc.php HTTP/1.1" 200 459 "-" "WordPress.com; https://wordpress.com"
49.36.212.35 - - [19/Aug/2026:06:44:19 +0300] "POST /xmlrpc.php HTTP/1.1" 200 459 "-" "Jetpack by WordPress.com"
49.36.212.35 - - [19/Aug/2026:06:44:38 +0300] "POST /xmlrpc.php HTTP/1.1" 499 0 "-" "Jetpack/12.0; WordPress/6.2; http://site21270423.com"
49.36.212.35 - - [19/Aug/2026:06:44:54 +0300] "POST /xmlrpc.php HTTP/1.1" 200 459 "-" "Jetpack by WordPress.com (Jetpack 13.0; WordPress 6.1)"
49.36.212.35 - - [19/Aug/2026:06:45:03 +0300] "POST /xmlrpc.php HTTP/1.1" 200 459 "-" "Jetpack/12.0; WordPress/6.4; http://site96165582.com"
49.36.212.35 - - [19/Aug/2026:06:45:14 +0300] "POST /xmlrpc.php HTTP/1.1" 200 459 "-" "Jetpack by WordPress.com (Jetpack 12.5; WordPress 6.4)"
49.36.212.35 - - [19/Aug/2026:06:45:25 +0300] "POST /xmlrpc.php HTTP/1.1" 200 459 "-" "WordPress.com; https://wordpress.com"
49.36.212.35 - - [19/Aug/2026:06:45:36 +0300] "POST /xmlrpc.php HTTP/1.1" 200 459 "-" "Jetpack by WordPress.com"
49.36.212.35 - - [19/Aug/2026:06:45:47 +0300] "POST /xmlrpc.php HTTP/1.1" 200 459 "-" "Jetpack/12.0; WordPress/6.1; http://site10899121.com"
49.36.212.35 - - [19/Aug/2026:06:45:58 +0300] "POST /xmlrpc.php HTTP/1.1" 200 459 "-" "Jetpack/12.0; WordPress/6.2; http://site53259153.com"
49.36.212.35 - - [19/Aug/2026:06:46:14 +0300] "POST /xmlrpc.php HTTP/1.1" 499 0 "-" "WordPress.com; https://wordpress.com"
49.36.212.35 - - [19/Aug/2026:06:46:20 +0300] "POST /xmlrpc.php HTTP/1.1" 200 459 "-" "Jetpack by WordPress.com (Jetpack 12.0; WordPress 6.2)"
49.36.212.35 - - [19/Aug/2026:06:46:30 +0300] "POST /xmlrpc.php HTTP/1.1" 200 459 "-" "Jetpack by WordPress.com"
49.36.212.35 - - [19/Aug/2026:06:46:41 +0300] "POST /xmlrpc.php HTTP/1.1" 200 459 "-" "Jetpack by WordPress.com (Jetpack 12.1; WordPress 6.4)"
49.36.212.35 - - [19/Aug/2026:06:46:52 +0300] "POST /xmlrpc.php HTTP/1.1" 200 459 "-" "Jetpack by WordPress.com"
49.36.212.35 - - [19/Aug/2026:06:47:03 +0300] "POST /xmlrpc.php HTTP/1.1" 200 459 "-" "Jetpack by WordPress.com (Jetpack 12.0; WordPress 6.4)"
49.36.212.35 - - [19/Aug/2026:06:47:14 +0300] "POST /xmlrpc.php HTTP/1.1" 200 459 "-" "WordPress.com; https://wordpress.com"
49.36.212.35 - - [19/Aug/2026:06:47:24 +0300] "POST /xmlrpc.php HTTP/1.1" 200 459 "-" "Jetpack by WordPress.com (Jetpack 13.0; WordPress 6.3)"
66.249.66.43 - - [19/Aug/2026:06:47:27 +0300] "GET /shop/master/acquisition073000604.shtml HTTP/1.1" 404 11133 "-" "Mozilla/5.0 (Linux; Android 6.0.1; Nexus 5X Build/MMB29P) AppleWebKit/537.36 (KHTML, like Gecko) Chrome/151.0.7922.137 Mobile Safari/537.36 (compatible; Googlebot/2.1; +http://www.google.com/bot.html)"
49.36.212.35 - - [19/Aug/2026:06:47:35 +0300] "POST /xmlrpc.php HTTP/1.1" 200 459 "-" "Jetpack/13.0; WordPress/6.2; http://site96931537.com"
45.137.215.217 - - [19/Aug/2026:06:47:43 +0300] "GET /where-am-i/ HTTP/1.0" 200 44268 "https://891rpm.com/where-am-i/#comment-49636" "Mozilla/5.0 (Windows NT 10.0; Win64; x64) AppleWebKit/537.36 (KHTML, like Gecko) Chrome/131.0.0.0 Safari/537.36 Avast/131.0.0.0"
45.137.215.217 - - [19/Aug/2026:06:47:44 +0300] "POST /wp-comments-post.php HTTP/1.0" 302 6 "https://891rpm.com/where-am-i/#comment-49636" "Mozilla/5.0 (Windows NT 10.0; Win64; x64) AppleWebKit/537.36 (KHTML, like Gecko) Chrome/131.0.0.0 Safari/537.36 Avast/131.0.0.0"
45.137.215.217 - - [19/Aug/2026:06:47:44 +0300] "GET /where-am-i/ HTTP/1.0" 200 44269 "https://891rpm.com/where-am-i/#comment-50075" "Mozilla/5.0 (Windows NT 10.0; Win64; x64) AppleWebKit/537.36 (KHTML, like Gecko) Chrome/131.0.0.0 Safari/537.36 Avast/131.0.0.0"
49.36.212.35 - - [19/Aug/2026:06:47:46 +0300] "POST /xmlrpc.php HTTP/1.1" 200 459 "-" "Jetpack by WordPress.com"
216.73.216.14 - - [19/Aug/2026:06:47:49 +0300] "GET /casino-online-non-aams-an-overview-of-betting-options/feed/ HTTP/2.0" 200 915 "-" "Mozilla/5.0 AppleWebKit/537.36 (KHTML, like Gecko; compatible; ClaudeBot/1.0; +claudebot@anthropic.com)"
216.73.216.14 - - [19/Aug/2026:06:47:49 +0300] "GET /category/review/ HTTP/2.0" 200 12195 "-" "Mozilla/5.0 AppleWebKit/537.36 (KHTML, like Gecko; compatible; ClaudeBot/1.0; +claudebot@anthropic.com)"
49.36.212.35 - - [19/Aug/2026:06:47:57 +0300] "POST /xmlrpc.php HTTP/1.1" 200 459 "-" "WordPress.com; https://wordpress.com"
49.36.212.35 - - [19/Aug/2026:06:48:08 +0300] "POST /xmlrpc.php HTTP/1.1" 200 459 "-" "Jetpack/12.5; WordPress/6.4; http://site97929382.com"
49.36.212.35 - - [19/Aug/2026:06:48:18 +0300] "POST /xmlrpc.php HTTP/1.1" 200 459 "-" "Jetpack by WordPress.com"
49.36.212.35 - - [19/Aug/2026:06:48:29 +0300] "POST /xmlrpc.php HTTP/1.1" 200 459 "-" "Jetpack by WordPress.com"
49.36.212.35 - - [19/Aug/2026:06:48:40 +0300] "POST /xmlrpc.php HTTP/1.1" 200 459 "-" "Jetpack/13.0; WordPress/6.3; http://site63805792.com"
147.135.212.202 - - [19/Aug/2026:06:48:43 +0300] "GET /%D0%90%D0%B2%D1%82%D0%BE%D0%BC%D0%B0%D1%82%D0%B8%D1%87%D0%B5%D1%81%D0%BA%D0%B0%D1%8F-%D0%BF%D0%B5%D1%80%D0%B5%D0%B7%D0%B0%D0%B3%D1%80%D1%83%D0%B7%D0%BA%D0%B0-%D0%BF%D1%80%D0%B8-kernel-panic/feed/ HTTP/1.1" 200 1218 "-" "Mozilla/5.0 (compatible; MJ12bot/v1.4.8; http://mj12bot.com/)"
147.135.212.202 - - [19/Aug/2026:06:48:44 +0300] "GET /%D0%BF%D1%80%D0%B8%D0%BC%D0%B5%D1%80-%D0%BF%D0%BE%D0%B4%D0%BA%D0%BB%D1%8E%D1%87%D0%B5%D0%BD%D0%B8%D1%8F-%D0%BB%D0%BE%D0%BA%D0%B0%D0%BB%D1%8C%D0%BD%D0%BE%D0%B9-%D1%81%D0%B5%D1%82%D0%B8-%D0%BA-%D0%B8/ HTTP/1.1" 200 16908 "-" "Mozilla/5.0 (compatible; MJ12bot/v1.4.8; http://mj12bot.com/)"
147.135.212.202 - - [19/Aug/2026:06:48:46 +0300] "GET /%D0%BF%D1%80%D0%B8%D0%BC%D0%B5%D1%80-%D0%BF%D0%BE%D0%B4%D0%BA%D0%BB%D1%8E%D1%87%D0%B5%D0%BD%D0%B8%D1%8F-%D0%BB%D0%BE%D0%BA%D0%B0%D0%BB%D1%8C%D0%BD%D0%BE%D0%B9-%D1%81%D0%B5%D1%82%D0%B8-%D0%BA-%D0%B8/feed/ HTTP/1.1" 200 1292 "-" "Mozilla/5.0 (compatible; MJ12bot/v1.4.8; http://mj12bot.com/)"
147.135.212.202 - - [19/Aug/2026:06:48:48 +0300] "GET /%D0%BF%D1%80%D0%BE%D0%B7%D1%80%D0%B0%D1%87%D0%BD%D0%BE%D0%B5-%D0%BF%D1%80%D0%BE%D0%BA%D1%81%D0%B8%D1%80%D0%BE%D0%B2%D0%B0%D0%BD%D0%B8%D0%B5-%D1%81-%D0%BF%D0%BE%D0%BC%D0%BE%D1%89%D1%8C%D1%8E-netfilter/ HTTP/1.1" 200 14348 "-" "Mozilla/5.0 (compatible; MJ12bot/v1.4.8; http://mj12bot.com/)"
147.135.212.202 - - [19/Aug/2026:06:48:49 +0300] "GET /%D0%BF%D1%80%D0%BE%D0%B7%D1%80%D0%B0%D1%87%D0%BD%D0%BE%D0%B5-%D0%BF%D1%80%D0%BE%D0%BA%D1%81%D0%B8%D1%80%D0%BE%D0%B2%D0%B0%D0%BD%D0%B8%D0%B5-%D1%81-%D0%BF%D0%BE%D0%BC%D0%BE%D1%89%D1%8C%D1%8E-netfilter/feed/ HTTP/1.1" 200 1269 "-" "Mozilla/5.0 (compatible; MJ12bot/v1.4.8; http://mj12bot.com/)"
49.36.212.35 - - [19/Aug/2026:06:48:51 +0300] "POST /xmlrpc.php HTTP/1.1" 200 459 "-" "Jetpack/13.0; WordPress/6.4; http://site39774026.com"
147.135.212.202 - - [19/Aug/2026:06:48:51 +0300] "GET /open-graph-%D1%82%D1%8D%D0%B3%D0%B8-%D0%B2%D1%80%D1%83%D1%87%D0%BD%D1%83%D1%8E-%D0%B4%D0%BB%D1%8F-%D1%82%D0%B5%D0%BC-wordpress/ HTTP/1.1" 200 13222 "-" "Mozilla/5.0 (compatible; MJ12bot/v1.4.8; http://mj12bot.com/)"
147.135.212.202 - - [19/Aug/2026:06:48:53 +0300] "GET /proxy-%D1%81%D0%B5%D1%80%D0%B2%D0%B5%D1%80-ffproxy/ HTTP/1.1" 200 12009 "-" "Mozilla/5.0 (compatible; MJ12bot/v1.4.8; http://mj12bot.com/)"
157.245.103.201 - - [19/Aug/2026:06:48:54 +0300] "GET /tinyfilemanager.php HTTP/1.1" 404 11133 "https://891rpm.arthead.ru/tinyfilemanager.php" "Mozilla/5.0 (X11; Linux i686) AppleWebKit/537.36 (KHTML, like Gecko) Chrome/142.0.0.0 Safari/537.36"
147.135.212.202 - - [19/Aug/2026:06:48:55 +0300] "GET /python-%D0%B8-twisted/ HTTP/1.1" 200 14686 "-" "Mozilla/5.0 (compatible; MJ12bot/v1.4.8; http://mj12bot.com/)"
147.135.212.202 - - [19/Aug/2026:06:48:56 +0300] "GET /qos-%D0%BA%D0%B0%D1%87%D0%B5%D1%81%D1%82%D0%B2%D0%BE-%D0%BE%D0%B1%D1%81%D0%BB%D1%83%D0%B6%D0%B8%D0%B2%D0%B0%D0%BD%D0%B8%D1%8F-%D0%B2-%D0%BE%D0%BF%D0%B5%D1%80%D0%B0%D1%82%D0%BE%D1%80%D1%81%D0%BA%D0%B8/feed/ HTTP/1.1" 200 1250 "-" "Mozilla/5.0 (compatible; MJ12bot/v1.4.8; http://mj12bot.com/)"
147.135.212.202 - - [19/Aug/2026:06:48:58 +0300] "GET /remmina-rdpvnc-%D0%BA%D0%BB%D0%B8%D0%B5%D0%BD%D1%82/feed/ HTTP/1.1" 200 905 "-" "Mozilla/5.0 (compatible; MJ12bot/v1.4.8; http://mj12bot.com/)"
147.135.212.202 - - [19/Aug/2026:06:49:00 +0300] "GET /rtmp-%D1%81%D0%B5%D1%80%D0%B2%D0%B5%D1%80-%D0%BD%D0%B0-debian-linux/ HTTP/1.1" 200 11723 "-" "Mozilla/5.0 (compatible; MJ12bot/v1.4.8; http://mj12bot.com/)"
147.135.212.202 - - [19/Aug/2026:06:49:01 +0300] "GET /rtmp-%D1%81%D0%B5%D1%80%D0%B2%D0%B5%D1%80-%D0%BD%D0%B0-debian-linux/red5/ HTTP/1.1" 200 10947 "-" "Mozilla/5.0 (compatible; MJ12bot/v1.4.8; http://mj12bot.com/)"
49.36.212.35 - - [19/Aug/2026:06:49:02 +0300] "POST /xmlrpc.php HTTP/1.1" 200 459 "-" "WordPress.com; https://wordpress.com"
147.135.212.202 - - [19/Aug/2026:06:49:03 +0300] "GET /ssh-%D0%B1%D0%B5%D1%81%D0%BF%D0%B0%D1%80%D0%BE%D0%BB%D1%8C%D0%BD%D0%B0%D1%8F-%D0%B0%D1%83%D1%82%D0%B5%D0%BD%D1%82%D0%B8%D1%84%D0%B8%D0%BA%D0%B0%D1%86%D0%B8%D1%8F-%D1%81-%D0%BF%D0%BE%D0%BC%D0%BE/ HTTP/1.1" 200 12615 "-" "Mozilla/5.0 (compatible; MJ12bot/v1.4.8; http://mj12bot.com/)"
147.135.212.202 - - [19/Aug/2026:06:49:05 +0300] "GET /ssh-%D0%B1%D0%B5%D1%81%D0%BF%D0%B0%D1%80%D0%BE%D0%BB%D1%8C%D0%BD%D0%B0%D1%8F-%D0%B0%D1%83%D1%82%D0%B5%D0%BD%D1%82%D0%B8%D1%84%D0%B8%D0%BA%D0%B0%D1%86%D0%B8%D1%8F-%D1%81-%D0%BF%D0%BE%D0%BC%D0%BE/feed/ HTTP/1.1" 200 1246 "-" "Mozilla/5.0 (compatible; MJ12bot/v1.4.8; http://mj12bot.com/)"
147.135.212.202 - - [19/Aug/2026:06:49:06 +0300] "GET /starcraft-2-%D0%BD%D0%B0-linux/ HTTP/1.1" 200 12838 "-" "Mozilla/5.0 (compatible; MJ12bot/v1.4.8; http://mj12bot.com/)"
147.135.212.202 - - [19/Aug/2026:06:49:08 +0300] "GET /starcraft-2-%D0%BD%D0%B0-linux/feed/ HTTP/1.1" 200 849 "-" "Mozilla/5.0 (compatible; MJ12bot/v1.4.8; http://mj12bot.com/)"
147.135.212.202 - - [19/Aug/2026:06:49:09 +0300] "GET /synology-ds509-%D0%B8-dx5/feed/ HTTP/1.1" 200 839 "-" "Mozilla/5.0 (compatible; MJ12bot/v1.4.8; http://mj12bot.com/)"
147.135.212.202 - - [19/Aug/2026:06:49:11 +0300] "GET /%D0%B2%D0%BE%D1%81%D1%81%D1%82%D0%B0%D0%BD%D0%BE%D0%B2%D0%BB%D0%B5%D0%BD%D0%B8%D0%B5-%D0%BF%D0%B0%D1%80%D0%BE%D0%BB%D1%8F-mysql/ HTTP/1.1" 200 11566 "-" "Mozilla/5.0 (compatible; MJ12bot/v1.4.8; http://mj12bot.com/)"
49.36.212.35 - - [19/Aug/2026:06:49:13 +0300] "POST /xmlrpc.php HTTP/1.1" 200 459 "-" "Jetpack/12.1; WordPress/6.4; http://site11063942.com"
147.135.212.202 - - [19/Aug/2026:06:49:13 +0300] "GET /%D0%B2%D0%BE%D1%81%D1%81%D1%82%D0%B0%D0%BD%D0%BE%D0%B2%D0%BB%D0%B5%D0%BD%D0%B8%D0%B5-%D1%81%D0%B1%D1%80%D0%BE%D1%81-%D0%BF%D0%B0%D1%80%D0%BE%D0%BB%D1%8F-%D0%BD%D0%B0-cisco-asa-%D1%81%D0%B5%D1%80/ HTTP/1.1" 200 12946 "-" "Mozilla/5.0 (compatible; MJ12bot/v1.4.8; http://mj12bot.com/)"
147.135.212.202 - - [19/Aug/2026:06:49:14 +0300] "GET /%D0%B3%D0%B5%D0%BD%D0%B5%D1%80%D0%B0%D1%82%D0%BE%D1%80-%D0%B7%D0%B0%D0%BF%D0%B8%D1%81%D0%B5%D0%B9-%D1%84%D0%B0%D0%B9%D0%BB%D0%B0-sources-list/ HTTP/1.1" 200 12409 "-" "Mozilla/5.0 (compatible; MJ12bot/v1.4.8; http://mj12bot.com/)"
147.135.212.202 - - [19/Aug/2026:06:49:16 +0300] "GET /%D0%B3%D1%80%D1%83%D0%BF%D0%BF%D0%BE%D0%B2%D0%BE%D0%B5-%D0%BF%D0%B5%D1%80%D0%B5%D0%B8%D0%BC%D0%B5%D0%BD%D0%BE%D0%B2%D1%8B%D0%B2%D0%B0%D0%BD%D0%B8%D0%B5-%D1%84%D0%BE%D1%82%D0%BE%D0%B3%D1%80%D0%B0%D1%84/ HTTP/1.1" 200 12027 "-" "Mozilla/5.0 (compatible; MJ12bot/v1.4.8; http://mj12bot.com/)"
160.250.130.168 - - [19/Aug/2026:06:49:17 +0300] "GET /wp-login.php HTTP/2.0" 200 3354 "-" "Mozilla/5.0 (Windows NT 10.0; Win64; x64) AppleWebKit/537.36 (KHTML, like Gecko) Chrome/151.0.0.0 Safari/537.36"
147.135.212.202 - - [19/Aug/2026:06:49:17 +0300] "GET /%D0%B4%D0%B5%D1%82%D0%B0%D0%BB%D1%8C%D0%BD%D1%8B%D0%B5-%D1%85%D0%B0%D1%80%D0%B0%D0%BA%D1%82%D0%B5%D1%80%D0%B8%D1%81%D1%82%D0%B8%D0%BA%D0%B8-%D1%81-%D0%BF%D0%BE%D0%BC%D0%BE%D1%89%D1%8C%D1%8E-dmidecode/ HTTP/1.1" 200 15220 "-" "Mozilla/5.0 (compatible; MJ12bot/v1.4.8; http://mj12bot.com/)"
160.250.130.168 - - [19/Aug/2026:06:49:18 +0300] "POST /wp-login.php HTTP/2.0" 200 3503 "https://891rpm.com/wp-login.php" "Mozilla/5.0 (Windows NT 10.0; Win64; x64) AppleWebKit/537.36 (KHTML, like Gecko) Chrome/151.0.0.0 Safari/537.36"
147.135.212.202 - - [19/Aug/2026:06:49:19 +0300] "GET /%D0%B7%D0%B0%D0%BF%D1%83%D1%81%D0%BA-%D0%BD%D0%B5%D1%81%D0%BA%D0%BE%D0%BB%D1%8C%D0%BA%D0%B8%D1%85-%D1%81%D0%B0%D0%B9%D1%82%D0%BE%D0%B2-%D1%81-%D1%80%D0%B0%D0%B7%D0%BB%D0%B8%D1%87%D0%BD%D1%8B%D0%BC/ HTTP/1.1" 200 12595 "-" "Mozilla/5.0 (compatible; MJ12bot/v1.4.8; http://mj12bot.com/)"
147.135.212.202 - - [19/Aug/2026:06:49:21 +0300] "GET /%D0%B7%D0%B0%D0%BF%D1%83%D1%81%D0%BA-%D1%81%D0%B0%D0%B9%D1%82%D0%BE%D0%B2-%D0%BE%D1%82-%D1%80%D0%B0%D0%B7%D0%BD%D1%8B%D1%85-%D0%BF%D0%BE%D0%BB%D1%8C%D0%B7%D0%BE%D0%B2%D0%B0%D1%82%D0%B5%D0%BB%D0%B5/ HTTP/1.1" 200 13326 "-" "Mozilla/5.0 (compatible; MJ12bot/v1.4.8; http://mj12bot.com/)"
147.135.212.202 - - [19/Aug/2026:06:49:23 +0300] "GET /%D0%B7%D0%B0%D1%89%D0%B8%D1%82%D0%B0-asterisk-%D0%B8%D0%BB%D0%B8-%D0%BA%D1%83%D0%B1%D0%B8%D0%BD%D1%81%D0%BA%D0%B0%D1%8F-%D1%8D%D0%BF%D0%B8%D0%B4%D0%B5%D0%BC%D0%B8%D1%8F/ HTTP/1.1" 200 12793 "-" "Mozilla/5.0 (compatible; MJ12bot/v1.4.8; http://mj12bot.com/)"
49.36.212.35 - - [19/Aug/2026:06:49:24 +0300] "POST /xmlrpc.php HTTP/1.1" 200 459 "-" "WordPress.com; https://wordpress.com"
147.135.212.202 - - [19/Aug/2026:06:49:25 +0300] "GET /%D0%B7%D0%B0%D1%89%D0%B8%D1%82%D0%B0-%D0%BE%D1%82-apache-%D0%BE%D1%82-ddos-%D0%B0%D1%82%D0%B0%D0%BA/ HTTP/1.1" 200 14430 "-" "Mozilla/5.0 (compatible; MJ12bot/v1.4.8; http://mj12bot.com/)"
147.135.212.202 - - [19/Aug/2026:06:49:27 +0300] "GET /%D0%B7%D0%B0%D1%89%D0%B8%D1%82%D0%B0-%D0%BE%D1%82-syn-flood/ HTTP/1.1" 200 12330 "-" "Mozilla/5.0 (compatible; MJ12bot/v1.4.8; http://mj12bot.com/)"
147.135.212.202 - - [19/Aug/2026:06:49:29 +0300] "GET /%D0%B7%D0%B0%D1%89%D0%B8%D1%82%D0%B0-%D0%BE%D1%82-%D0%B1%D1%80%D1%83%D1%82%D1%84%D0%BE%D1%80%D1%81%D0%B0-ssh-ftp-http-fail2ban/ HTTP/1.1" 200 12677 "-" "Mozilla/5.0 (compatible; MJ12bot/v1.4.8; http://mj12bot.com/)"
147.135.212.202 - - [19/Aug/2026:06:49:30 +0300] "GET /%D0%B8%D0%BD%D1%81%D1%82%D1%80%D1%83%D0%BC%D0%B5%D0%BD%D1%82%D1%8B-%D0%BE%D0%B1%D0%B5%D1%81%D0%BF%D0%B5%D1%87%D0%B5%D0%BD%D0%B8%D0%B5-%D0%BA%D0%B0%D1%87%D0%B5%D1%81%D1%82%D0%B2%D0%B0-%D0%BF%D1%80/ HTTP/1.1" 200 13777 "-" "Mozilla/5.0 (compatible; MJ12bot/v1.4.8; http://mj12bot.com/)"
114.119.139.247 - - [19/Aug/2026:06:49:34 +0300] "GET /sitemap783.xml HTTP/1.1" 404 11133 "-" "Mozilla/5.0 (Linux; Android 7.0;) AppleWebKit/537.36 (KHTML, like Gecko) Mobile Safari/537.36 (compatible; PetalBot;+https://webmaster.petalsearch.com/site/petalbot)"
49.36.212.35 - - [19/Aug/2026:06:49:34 +0300] "POST /xmlrpc.php HTTP/1.1" 200 459 "-" "Jetpack by WordPress.com (Jetpack 12.0; WordPress 6.4)"
49.36.212.35 - - [19/Aug/2026:06:49:45 +0300] "POST /xmlrpc.php HTTP/1.1" 200 459 "-" "Jetpack by WordPress.com (Jetpack 12.1; WordPress 6.4)"
49.36.212.35 - - [19/Aug/2026:06:49:56 +0300] "POST /xmlrpc.php HTTP/1.1" 200 459 "-" "WordPress.com; https://wordpress.com"
49.36.212.35 - - [19/Aug/2026:06:50:07 +0300] "POST /xmlrpc.php HTTP/1.1" 200 459 "-" "Jetpack/12.5; WordPress/6.1; http://site82347025.com"
43.166.242.189 - - [19/Aug/2026:06:50:10 +0300] "GET /tag/gpg/ HTTP/1.1" 200 12161 "-" "Mozilla/5.0 (iPhone; CPU iPhone OS 13_2_3 like Mac OS X) AppleWebKit/605.1.15 (KHTML, like Gecko) Version/13.0.3 Mobile/15E148 Safari/604.1"
49.36.212.35 - - [19/Aug/2026:06:50:17 +0300] "POST /xmlrpc.php HTTP/1.1" 200 459 "-" "Jetpack/13.0; WordPress/6.4; http://site60319287.com"
49.36.212.35 - - [19/Aug/2026:06:50:28 +0300] "POST /xmlrpc.php HTTP/1.1" 200 459 "-" "Jetpack by WordPress.com"
49.36.212.35 - - [19/Aug/2026:06:50:39 +0300] "POST /xmlrpc.php HTTP/1.1" 200 459 "-" "WordPress.com; https://wordpress.com"
49.36.212.35 - - [19/Aug/2026:06:50:50 +0300] "POST /xmlrpc.php HTTP/1.1" 200 459 "-" "Jetpack/12.0; WordPress/6.2; http://site53844888.com"
49.36.212.35 - - [19/Aug/2026:06:51:01 +0300] "POST /xmlrpc.php HTTP/1.1" 200 459 "-" "Jetpack by WordPress.com (Jetpack 12.5; WordPress 6.3)"
104.28.208.84 - - [19/Aug/2026:06:51:07 +0300] "GET /worksec.php HTTP/1.1" 301 162 "-" "Mozilla/5.0 (Macintosh; Intel Mac OS X 10_15_6) AppleWebKit/537.36 (KHTML, like Gecko) Chrome/84.0.4147.105 Safari/537.36 OPR/70.0.3728.95"
104.28.208.84 - - [19/Aug/2026:06:51:07 +0300] "GET /worksec.php HTTP/1.1" 301 162 "-" "Mozilla/5.0 (Windows NT 10.0; Win64; x64; rv:71.0) Gecko/20100101 Firefox/71.0"
104.28.208.84 - - [19/Aug/2026:06:51:07 +0300] "GET /worksec.php HTTP/1.1" 301 162 "-" "Mozilla/5.0 (Windows NT 10.0; Win64; x64) AppleWebKit/537.36 (KHTML, like Gecko) Chrome/83.0.4103.97 Safari/537.36"
104.28.208.84 - - [19/Aug/2026:06:51:07 +0300] "GET /worksec.php HTTP/1.1" 301 162 "-" "Mozilla/5.0 (Windows NT 10.0; Win64; x64) AppleWebKit/537.36 (KHTML, like Gecko) Chrome/79.0.3945.79 Safari/537.36"
104.28.208.84 - - [19/Aug/2026:06:51:07 +0300] "GET /worksec.php HTTP/1.1" 301 162 "-" "Mozilla/5.0 (Windows NT 6.1; Win64; x64) AppleWebKit/537.36 (KHTML, like Gecko) Chrome/74.0.3729.169 Safari/537.36"
49.36.212.35 - - [19/Aug/2026:06:51:12 +0300] "POST /xmlrpc.php HTTP/1.1" 200 459 "-" "Jetpack by WordPress.com"
104.28.208.84 - - [19/Aug/2026:06:51:17 +0300] "GET /worksec.php HTTP/1.1" 404 53837 "-" "Mozilla/5.0 (Windows NT 10.0; Win64; x64) AppleWebKit/537.36 (KHTML, like Gecko) Chrome/83.0.4103.97 Safari/537.36"
104.28.208.84 - - [19/Aug/2026:06:51:18 +0300] "GET /worksec.php HTTP/1.1" 404 53837 "-" "Mozilla/5.0 (Windows NT 10.0; Win64; x64; rv:71.0) Gecko/20100101 Firefox/71.0"
104.28.208.84 - - [19/Aug/2026:06:51:18 +0300] "GET /worksec.php HTTP/1.1" 404 53837 "-" "Mozilla/5.0 (Windows NT 6.1; Win64; x64) AppleWebKit/537.36 (KHTML, like Gecko) Chrome/74.0.3729.169 Safari/537.36"
104.28.208.84 - - [19/Aug/2026:06:51:18 +0300] "GET /worksec.php HTTP/1.1" 404 53837 "-" "Mozilla/5.0 (Windows NT 10.0; Win64; x64) AppleWebKit/537.36 (KHTML, like Gecko) Chrome/79.0.3945.79 Safari/537.36"
104.28.208.84 - - [19/Aug/2026:06:51:18 +0300] "GET /worksec.php HTTP/1.1" 404 53837 "-" "Mozilla/5.0 (Macintosh; Intel Mac OS X 10_15_6) AppleWebKit/537.36 (KHTML, like Gecko) Chrome/84.0.4147.105 Safari/537.36 OPR/70.0.3728.95"
216.73.216.14 - - [19/Aug/2026:06:51:22 +0300] "GET /page/8/ HTTP/2.0" 200 52659 "-" "Mozilla/5.0 AppleWebKit/537.36 (KHTML, like Gecko; compatible; ClaudeBot/1.0; +claudebot@anthropic.com)"
49.36.212.35 - - [19/Aug/2026:06:51:23 +0300] "POST /xmlrpc.php HTTP/1.1" 200 459 "-" "Jetpack/12.0; WordPress/6.3; http://site16418170.com"
49.36.212.35 - - [19/Aug/2026:06:51:33 +0300] "POST /xmlrpc.php HTTP/1.1" 200 459 "-" "Jetpack by WordPress.com"
49.36.212.35 - - [19/Aug/2026:06:51:44 +0300] "POST /xmlrpc.php HTTP/1.1" 200 459 "-" "Jetpack by WordPress.com (Jetpack 12.5; WordPress 6.4)"
104.28.208.84 - - [19/Aug/2026:06:51:47 +0300] "GET /worksec.php HTTP/1.1" 301 162 "-" "Mozilla/5.0 (Windows NT 10.0; Win64; x64; rv:66.0) Gecko/20100101 Firefox/66.0"
104.28.208.84 - - [19/Aug/2026:06:51:47 +0300] "GET /worksec.php HTTP/1.1" 301 162 "-" "Mozilla/5.0 (Windows NT 10.0; Win64; x64) AppleWebKit/537.36 (KHTML, like Gecko) Chrome/69.0.3497.100 Safari/537.36"
104.28.208.84 - - [19/Aug/2026:06:51:48 +0300] "GET /worksec.php HTTP/1.1" 404 53837 "-" "Mozilla/5.0 (Windows NT 10.0; Win64; x64; rv:66.0) Gecko/20100101 Firefox/66.0"
104.28.208.84 - - [19/Aug/2026:06:51:48 +0300] "GET /worksec.php HTTP/1.1" 404 53837 "-" "Mozilla/5.0 (Windows NT 10.0; Win64; x64) AppleWebKit/537.36 (KHTML, like Gecko) Chrome/69.0.3497.100 Safari/537.36"
104.28.208.84 - - [19/Aug/2026:06:51:48 +0300] "GET /worksec.php HTTP/1.1" 301 162 "-" "Mozilla/5.0 (Windows NT 10.0; WOW64) AppleWebKit/537.36 (KHTML, like Gecko) Chrome/84.0.4147.105 Safari/537.36"
104.28.208.84 - - [19/Aug/2026:06:51:49 +0300] "GET /worksec.php HTTP/1.1" 301 162 "-" "Mozilla/5.0 (compatible; MSIE 10.0; Windows NT 6.1; Trident/6.0)"
104.28.208.84 - - [19/Aug/2026:06:51:50 +0300] "GET /worksec.php HTTP/1.1" 404 53837 "-" "Mozilla/5.0 (Windows NT 10.0; WOW64) AppleWebKit/537.36 (KHTML, like Gecko) Chrome/84.0.4147.105 Safari/537.36"
104.28.208.84 - - [19/Aug/2026:06:51:50 +0300] "GET /worksec.php HTTP/1.1" 404 53837 "-" "Mozilla/5.0 (compatible; MSIE 10.0; Windows NT 6.1; Trident/6.0)"
104.28.208.84 - - [19/Aug/2026:06:51:50 +0300] "GET /worksec.php HTTP/1.1" 301 162 "-" "Mozilla/5.0 (Windows NT 10.0; Win64; x64; rv:77.0) Gecko/20100101 Firefox/77.0"
104.28.208.84 - - [19/Aug/2026:06:51:52 +0300] "GET /worksec.php HTTP/1.1" 404 53837 "-" "Mozilla/5.0 (Windows NT 10.0; Win64; x64; rv:77.0) Gecko/20100101 Firefox/77.0"
49.36.212.35 - - [19/Aug/2026:06:51:55 +0300] "POST /xmlrpc.php HTTP/1.1" 200 459 "-" "Jetpack by WordPress.com"
104.28.208.84 - - [19/Aug/2026:06:51:56 +0300] "GET /worksec.php HTTP/1.1" 301 162 "-" "Mozilla/5.0 (Windows NT 10.0; Win64; x64; rv:79.0) Gecko/20100101 Firefox/79.0"
104.28.208.84 - - [19/Aug/2026:06:51:56 +0300] "GET /worksec.php HTTP/1.1" 301 162 "-" "Mozilla/5.0 (X11; Linux x86_64) AppleWebKit/537.36 (KHTML, like Gecko) Chrome/84.0.4147.105 Safari/537.36 OPR/70.0.3728.95"
104.28.208.84 - - [19/Aug/2026:06:51:56 +0300] "GET /worksec.php HTTP/1.1" 301 162 "-" "Mozilla/5.0 (Windows NT 10.0; Win64; x64) AppleWebKit/537.36 (KHTML, like Gecko) Chrome/83.0.4103.61 Safari/537.36"
104.28.208.84 - - [19/Aug/2026:06:51:58 +0300] "GET /worksec.php HTTP/1.1" 404 53837 "-" "Mozilla/5.0 (X11; Linux x86_64) AppleWebKit/537.36 (KHTML, like Gecko) Chrome/84.0.4147.105 Safari/537.36 OPR/70.0.3728.95"
104.28.208.84 - - [19/Aug/2026:06:51:58 +0300] "GET /worksec.php HTTP/1.1" 404 53837 "-" "Mozilla/5.0 (Windows NT 10.0; Win64; x64) AppleWebKit/537.36 (KHTML, like Gecko) Chrome/83.0.4103.61 Safari/537.36"
104.28.208.84 - - [19/Aug/2026:06:51:58 +0300] "GET /worksec.php HTTP/1.1" 404 53837 "-" "Mozilla/5.0 (Windows NT 10.0; Win64; x64; rv:79.0) Gecko/20100101 Firefox/79.0"
49.36.212.35 - - [19/Aug/2026:06:52:06 +0300] "POST /xmlrpc.php HTTP/1.1" 200 459 "-" "Jetpack by WordPress.com (Jetpack 12.5; WordPress 6.2)"
49.36.212.35 - - [19/Aug/2026:06:52:17 +0300] "POST /xmlrpc.php HTTP/1.1" 200 459 "-" "WordPress.com; https://wordpress.com"
49.36.212.35 - - [19/Aug/2026:06:52:28 +0300] "POST /xmlrpc.php HTTP/1.1" 200 459 "-" "Jetpack by WordPress.com (Jetpack 12.1; WordPress 6.2)"
82.148.16.210 - - [19/Aug/2026:06:52:39 +0300] "POST /wp-cron.php?doing_wp_cron=1787111558.9986710548400878906250 HTTP/1.1" 499 0 "-" "WordPress/6.9.1; https://891rpm.com"
49.36.212.35 - - [19/Aug/2026:06:52:39 +0300] "POST /xmlrpc.php HTTP/1.1" 200 459 "-" "Jetpack by WordPress.com"
49.36.212.35 - - [19/Aug/2026:06:52:50 +0300] "POST /xmlrpc.php HTTP/1.1" 200 459 "-" "Jetpack/12.5; WordPress/6.2; http://site29174777.com"
66.249.66.76 - - [19/Aug/2026:06:52:58 +0300] "GET /shop/blind/million066000181.shtml HTTP/1.1" 404 11133 "-" "Mozilla/5.0 (Linux; Android 6.0.1; Nexus 5X Build/MMB29P) AppleWebKit/537.36 (KHTML, like Gecko) Chrome/151.0.7922.137 Mobile Safari/537.36 (compatible; Googlebot/2.1; +http://www.google.com/bot.html)"
49.36.212.35 - - [19/Aug/2026:06:53:00 +0300] "POST /xmlrpc.php HTTP/1.1" 200 459 "-" "Jetpack by WordPress.com (Jetpack 13.0; WordPress 6.3)"
49.36.212.35 - - [19/Aug/2026:06:53:11 +0300] "POST /xmlrpc.php HTTP/1.1" 200 459 "-" "WordPress.com; https://wordpress.com"
49.36.212.35 - - [19/Aug/2026:06:53:22 +0300] "POST /xmlrpc.php HTTP/1.1" 200 459 "-" "Jetpack/12.0; WordPress/6.4; http://site95334502.com"
49.36.212.35 - - [19/Aug/2026:06:53:33 +0300] "POST /xmlrpc.php HTTP/1.1" 200 459 "-" "Jetpack by WordPress.com (Jetpack 12.1; WordPress 6.3)"
49.36.212.35 - - [19/Aug/2026:06:53:44 +0300] "POST /xmlrpc.php HTTP/1.1" 200 459 "-" "Jetpack/12.0; WordPress/6.4; http://site97013107.com"
49.36.212.35 - - [19/Aug/2026:06:53:54 +0300] "POST /xmlrpc.php HTTP/1.1" 200 459 "-" "WordPress.com; https://wordpress.com"
49.36.212.35 - - [19/Aug/2026:06:54:05 +0300] "POST /xmlrpc.php HTTP/1.1" 200 459 "-" "Jetpack by WordPress.com (Jetpack 12.1; WordPress 6.4)"
49.36.212.35 - - [19/Aug/2026:06:54:16 +0300] "POST /xmlrpc.php HTTP/1.1" 200 459 "-" "WordPress.com; https://wordpress.com"
103.185.74.134 - - [19/Aug/2026:06:54:27 +0300] "GET /wp-login.php HTTP/2.0" 200 3354 "-" "Mozilla/5.0 (Windows NT 10.0; Win64; x64) AppleWebKit/537.36 (KHTML, like Gecko) Chrome/151.0.0.0 Safari/537.36"
49.36.212.35 - - [19/Aug/2026:06:54:27 +0300] "POST /xmlrpc.php HTTP/1.1" 200 459 "-" "Jetpack by WordPress.com (Jetpack 12.1; WordPress 6.3)"
103.185.74.134 - - [19/Aug/2026:06:54:28 +0300] "POST /wp-login.php HTTP/2.0" 200 3503 "https://891rpm.com/wp-login.php" "Mozilla/5.0 (Windows NT 10.0; Win64; x64) AppleWebKit/537.36 (KHTML, like Gecko) Chrome/151.0.0.0 Safari/537.36"
49.36.212.35 - - [19/Aug/2026:06:54:38 +0300] "POST /xmlrpc.php HTTP/1.1" 200 459 "-" "Jetpack by WordPress.com (Jetpack 12.0; WordPress 6.2)"
49.36.212.35 - - [19/Aug/2026:06:54:49 +0300] "POST /xmlrpc.php HTTP/1.1" 200 459 "-" "Jetpack by WordPress.com (Jetpack 13.0; WordPress 6.4)"
49.36.212.35 - - [19/Aug/2026:06:54:59 +0300] "POST /xmlrpc.php HTTP/1.1" 200 459 "-" "Jetpack by WordPress.com (Jetpack 12.5; WordPress 6.2)"
49.36.212.35 - - [19/Aug/2026:06:55:10 +0300] "POST /xmlrpc.php HTTP/1.1" 200 459 "-" "Jetpack by WordPress.com"
144.202.92.17 - - [19/Aug/2026:06:55:58 +0300] "GET / HTTP/1.1" 301 162 "-" "Mozilla/5.0 (compatible; CyberConvoyScout/1.0; +https://scout.cyberconvoy.co)"
144.202.92.17 - - [19/Aug/2026:06:56:00 +0300] "GET / HTTP/2.0" 200 38517 "http://82.148.16.210/" "Mozilla/5.0 (compatible; CyberConvoyScout/1.0; +https://scout.cyberconvoy.co)"
216.73.216.14 - - [19/Aug/2026:06:58:19 +0300] "GET /jak-najit-nejnovejsi-nabidky-30-volnych-otoceni-mostbet/feed/ HTTP/2.0" 200 928 "-" "Mozilla/5.0 AppleWebKit/537.36 (KHTML, like Gecko; compatible; ClaudeBot/1.0; +claudebot@anthropic.com)"
216.73.216.14 - - [19/Aug/2026:06:58:25 +0300] "GET /sadan-finder-du-casino-online-uden-om-rufus-let/feed/ HTTP/2.0" 200 897 "-" "Mozilla/5.0 AppleWebKit/537.36 (KHTML, like Gecko; compatible; ClaudeBot/1.0; +claudebot@anthropic.com)"
43.130.111.40 - - [19/Aug/2026:06:59:14 +0300] "GET /?p=8615 HTTP/1.1" 301 16 "-" "Mozilla/5.0 (iPhone; CPU iPhone OS 13_2_3 like Mac OS X) AppleWebKit/605.1.15 (KHTML, like Gecko) Version/13.0.3 Mobile/15E148 Safari/604.1"
43.130.111.40 - - [19/Aug/2026:06:59:17 +0300] "GET /bonusy-kazino-vavada-i-ikh-osobennosti-v-2026-godu/ HTTP/1.1" 200 14295 "https://891rpm.com/?p=8615" "Mozilla/5.0 (iPhone; CPU iPhone OS 13_2_3 like Mac OS X) AppleWebKit/605.1.15 (KHTML, like Gecko) Version/13.0.3 Mobile/15E148 Safari/604.1"
72.167.40.62 - - [19/Aug/2026:06:59:34 +0300] "GET /wp-login.php HTTP/2.0" 200 3354 "-" "Mozilla/5.0 (Windows NT 10.0; Win64; x64) AppleWebKit/537.36 (KHTML, like Gecko) Chrome/151.0.0.0 Safari/537.36"
72.167.40.62 - - [19/Aug/2026:06:59:35 +0300] "POST /wp-login.php HTTP/2.0" 200 3503 "https://891rpm.com/wp-login.php" "Mozilla/5.0 (Windows NT 10.0; Win64; x64) AppleWebKit/537.36 (KHTML, like Gecko) Chrome/151.0.0.0 Safari/537.36"
54.204.62.163 - - [19/Aug/2026:07:00:18 +0300] "GET /tag/capture/ HTTP/1.1" 200 18099 "-" "Mozilla/5.0 AppleWebKit/537.36 (KHTML, like Gecko; compatible; Amazonbot/0.1; +https://developer.amazon.com/support/amazonbot) Chrome/119.0.6045.214 Safari/537.36"
93.92.20.84 - - [19/Aug/2026:07:00:30 +0300] "GET /category/%d0%b1%d0%b5%d0%b7-%d1%80%d1%83%d0%b1%d1%80%d0%b8%d0%ba%d0%b8/ HTTP/1.1" 200 35463 "-" "Mozilla/5.0 (Macintosh; Intel Mac OS X 10_15_7) AppleWebKit/537.36 (KHTML, like Gecko) Chrome/104.0.0.0 Safari/537.36"
93.92.20.84 - - [19/Aug/2026:07:00:31 +0300] "GET /tag/gunicorn/ HTTP/1.1" 200 12784 "-" "Mozilla/5.0 (Macintosh; Intel Mac OS X 10_15_7) AppleWebKit/537.36 (KHTML, like Gecko) Chrome/104.0.0.0 Safari/537.36"
93.92.20.84 - - [19/Aug/2026:07:00:31 +0300] "GET /tag/mpeg-ts/ HTTP/1.1" 200 18806 "-" "Mozilla/5.0 (Macintosh; Intel Mac OS X 10_15_7) AppleWebKit/537.36 (KHTML, like Gecko) Chrome/104.0.0.0 Safari/537.36"
93.92.20.84 - - [19/Aug/2026:07:00:31 +0300] "GET /tag/wavepad/ HTTP/1.1" 200 10656 "-" "Mozilla/5.0 (Macintosh; Intel Mac OS X 10_15_7) AppleWebKit/537.36 (KHTML, like Gecko) Chrome/104.0.0.0 Safari/537.36"
93.92.20.84 - - [19/Aug/2026:07:00:32 +0300] "GET /tag/php-fpm/ HTTP/1.1" 200 14522 "-" "Mozilla/5.0 (Macintosh; Intel Mac OS X 10_15_7) AppleWebKit/537.36 (KHTML, like Gecko) Chrome/104.0.0.0 Safari/537.36"
93.92.20.84 - - [19/Aug/2026:07:00:32 +0300] "GET /html-codes-characters-and-symbols/ HTTP/1.1" 200 16249 "-" "Mozilla/5.0 (Macintosh; Intel Mac OS X 10_15_7) AppleWebKit/537.36 (KHTML, like Gecko) Chrome/104.0.0.0 Safari/537.36"
93.92.20.84 - - [19/Aug/2026:07:00:32 +0300] "GET /tag/g722/ HTTP/1.1" 200 11197 "-" "Mozilla/5.0 (Macintosh; Intel Mac OS X 10_15_7) AppleWebKit/537.36 (KHTML, like Gecko) Chrome/104.0.0.0 Safari/537.36"
93.92.20.84 - - [19/Aug/2026:07:00:33 +0300] "GET /tag/pci-k9/ HTTP/1.1" 200 12998 "-" "Mozilla/5.0 (Macintosh; Intel Mac OS X 10_15_7) AppleWebKit/537.36 (KHTML, like Gecko) Chrome/104.0.0.0 Safari/537.36"
93.92.20.84 - - [19/Aug/2026:07:00:33 +0300] "GET /compiling-linux-kernel-3-4-5-vanilla-final-debian-way/ HTTP/1.1" 200 11934 "-" "Mozilla/5.0 (Macintosh; Intel Mac OS X 10_15_7) AppleWebKit/537.36 (KHTML, like Gecko) Chrome/104.0.0.0 Safari/537.36"
93.92.20.84 - - [19/Aug/2026:07:00:33 +0300] "GET /tag/kernel/ HTTP/1.1" 200 23205 "-" "Mozilla/5.0 (Macintosh; Intel Mac OS X 10_15_7) AppleWebKit/537.36 (KHTML, like Gecko) Chrome/104.0.0.0 Safari/537.36"
114.119.130.26 - - [19/Aug/2026:07:00:34 +0300] "GET /sitemap777.xml HTTP/1.1" 404 11133 "-" "Mozilla/5.0 (Linux; Android 7.0;) AppleWebKit/537.36 (KHTML, like Gecko) Mobile Safari/537.36 (compatible; PetalBot;+https://webmaster.petalsearch.com/site/petalbot)"
65.108.83.145 - - [19/Aug/2026:07:01:00 +0300] "GET //891rpm.arthead.ru/wp-content/uploads/2012/12/w3c.jpg HTTP/1.1" 301 16 "-" "Python/3.13 aiohttp/3.14.1"
65.108.83.145 - - [19/Aug/2026:07:01:01 +0300] "GET /891rpm.arthead.ru/wp-content/uploads/2012/12/w3c.jpg HTTP/1.1" 404 11133 "-" "Python/3.13 aiohttp/3.14.1"
216.73.216.14 - - [19/Aug/2026:07:02:44 +0300] "GET /problemy-s-rekvizitami-onlain-kazino-pinko-i-vashi-dannye/feed/ HTTP/2.0" 200 974 "-" "Mozilla/5.0 AppleWebKit/537.36 (KHTML, like Gecko; compatible; ClaudeBot/1.0; +claudebot@anthropic.com)"
216.73.216.14 - - [19/Aug/2026:07:02:44 +0300] "GET /beliebte-sportarten-der-deutschen-und-ihre-wettmoglichkeiten-ohne-oasis/feed/ HTTP/2.0" 200 969 "-" "Mozilla/5.0 AppleWebKit/537.36 (KHTML, like Gecko; compatible; ClaudeBot/1.0; +claudebot@anthropic.com)"
216.73.216.14 - - [19/Aug/2026:07:02:45 +0300] "GET /aviator-oyna-v-qazan-rsmi-sayti-aviator-azerbaycan/ HTTP/2.0" 200 20497 "-" "Mozilla/5.0 AppleWebKit/537.36 (KHTML, like Gecko; compatible; ClaudeBot/1.0; +claudebot@anthropic.com)"
46.246.49.221 - - [19/Aug/2026:07:04:32 +0300] "GET /wp-login.php HTTP/2.0" 200 3354 "-" "Mozilla/5.0 (Windows NT 10.0; Win64; x64) AppleWebKit/537.36 (KHTML, like Gecko) Chrome/151.0.0.0 Safari/537.36"
46.246.49.221 - - [19/Aug/2026:07:04:32 +0300] "POST /wp-login.php HTTP/2.0" 200 3503 "https://891rpm.com/wp-login.php" "Mozilla/5.0 (Windows NT 10.0; Win64; x64) AppleWebKit/537.36 (KHTML, like Gecko) Chrome/151.0.0.0 Safari/537.36"
94.154.35.236 - - [19/Aug/2026:07:05:14 +0300] "HEAD /2024.tar HTTP/1.1" 301 0 "-" "Mozilla/5.0 (Windows NT 10.0; Win64; x64) AppleWebKit/537.36 (KHTML, like Gecko) Chrome/101.0.4951.67 Safari/537.36"
94.154.35.236 - - [19/Aug/2026:07:05:14 +0300] "HEAD /2024.tar HTTP/1.1" 404 0 "-" "Mozilla/5.0 (Windows NT 10.0; Win64; x64) AppleWebKit/537.36 (KHTML, like Gecko) Chrome/101.0.4951.67 Safari/537.36"
216.73.216.14 - - [19/Aug/2026:07:06:01 +0300] "GET /category/tech-articles/page/7/ HTTP/2.0" 200 34976 "-" "Mozilla/5.0 AppleWebKit/537.36 (KHTML, like Gecko; compatible; ClaudeBot/1.0; +claudebot@anthropic.com)"
5.61.209.44 - - [19/Aug/2026:07:07:26 +0300] "GET /SDK/webLanguage HTTP/1.1" 301 162 "-" "Mozilla/5.0 (Windows NT 10.0; Win64; x64) AppleWebKit/537.36 (KHTML, like Gecko) Chrome/90.0.4430.85 Safari/537.36 Edg/90.0.818.46"
44.195.50.71 - - [19/Aug/2026:07:07:58 +0300] "GET / HTTP/1.1" 200 38538 "-" "Mozilla/5.0 AppleWebKit/537.36 (KHTML, like Gecko; compatible; Amazonbot/0.1; +https://developer.amazon.com/support/amazonbot) Chrome/119.0.6045.214 Safari/537.36"
