66.132.172.202 - - [19/Aug/2026:04:46:02 +0300] "\x16\x03\x01\x00\xEE\x01\x00\x00\xEA\x03\x03\x05z\x91\xEB\xF9pUT\xCC\x99\xB8>\xFF\x1A/\xB2\xF9\xC0'\x07\xD8m\xC9Pc\xDE\xE3\xAC{aD\xE9 \x95\x86\xD0K\xC96\x88!\xC0%?a\x01\x14Dx\xA9\x18\xD9\xB9\x94r#\xBE\x1DR\xEE\xB8\xCA\x9F\xAF<\x00&\xCC\xA8\xCC\xA9\xC0/\xC00\xC0+\xC0,\xC0\x13\xC0\x09\xC0\x14\xC0" 400 150 "-" "-"
66.132.172.202 - - [19/Aug/2026:04:46:03 +0300] "GET /login HTTP/1.1" 301 162 "-" "Mozilla/5.0 (compatible; CensysInspect/1.1; +https://about.censys.io/)"
216.73.216.14 - - [19/Aug/2026:04:46:22 +0300] "GET /tag/rdp/ HTTP/2.0" 200 10179 "-" "Mozilla/5.0 AppleWebKit/537.36 (KHTML, like Gecko; compatible; ClaudeBot/1.0; +claudebot@anthropic.com)"
216.73.216.14 - - [19/Aug/2026:04:46:22 +0300] "GET /tag/dataset/ HTTP/2.0" 200 11979 "-" "Mozilla/5.0 AppleWebKit/537.36 (KHTML, like Gecko; compatible; ClaudeBot/1.0; +claudebot@anthropic.com)"
216.73.216.14 - - [19/Aug/2026:04:46:22 +0300] "GET /tag/html5shiv/ HTTP/2.0" 200 14747 "-" "Mozilla/5.0 AppleWebKit/537.36 (KHTML, like Gecko; compatible; ClaudeBot/1.0; +claudebot@anthropic.com)"
216.73.216.14 - - [19/Aug/2026:04:46:23 +0300] "GET /tag/apc/ HTTP/2.0" 200 10902 "-" "Mozilla/5.0 AppleWebKit/537.36 (KHTML, like Gecko; compatible; ClaudeBot/1.0; +claudebot@anthropic.com)"
216.73.216.14 - - [19/Aug/2026:04:46:23 +0300] "GET /tag/jpeg/ HTTP/2.0" 200 11789 "-" "Mozilla/5.0 AppleWebKit/537.36 (KHTML, like Gecko; compatible; ClaudeBot/1.0; +claudebot@anthropic.com)"
216.73.216.14 - - [19/Aug/2026:04:46:31 +0300] "GET /tag/mp-202/ HTTP/2.0" 200 10017 "-" "Mozilla/5.0 AppleWebKit/537.36 (KHTML, like Gecko; compatible; ClaudeBot/1.0; +claudebot@anthropic.com)"
216.73.216.14 - - [19/Aug/2026:04:46:31 +0300] "GET /tag/trendnet/ HTTP/2.0" 200 11881 "-" "Mozilla/5.0 AppleWebKit/537.36 (KHTML, like Gecko; compatible; ClaudeBot/1.0; +claudebot@anthropic.com)"
216.73.216.14 - - [19/Aug/2026:04:46:32 +0300] "GET /tag/snippets/ HTTP/2.0" 200 14746 "-" "Mozilla/5.0 AppleWebKit/537.36 (KHTML, like Gecko; compatible; ClaudeBot/1.0; +claudebot@anthropic.com)"
216.73.216.14 - - [19/Aug/2026:04:46:32 +0300] "GET /tag/ai/ HTTP/2.0" 200 11970 "-" "Mozilla/5.0 AppleWebKit/537.36 (KHTML, like Gecko; compatible; ClaudeBot/1.0; +claudebot@anthropic.com)"
216.73.216.14 - - [19/Aug/2026:04:46:33 +0300] "GET /tag/vnc/ HTTP/2.0" 200 10181 "-" "Mozilla/5.0 AppleWebKit/537.36 (KHTML, like Gecko; compatible; ClaudeBot/1.0; +claudebot@anthropic.com)"
216.73.216.14 - - [19/Aug/2026:04:46:49 +0300] "GET /tag/jitter/feed/ HTTP/2.0" 200 2339 "-" "Mozilla/5.0 AppleWebKit/537.36 (KHTML, like Gecko; compatible; ClaudeBot/1.0; +claudebot@anthropic.com)"
216.73.216.14 - - [19/Aug/2026:04:46:49 +0300] "GET /tag/remmina/ HTTP/2.0" 200 10181 "-" "Mozilla/5.0 AppleWebKit/537.36 (KHTML, like Gecko; compatible; ClaudeBot/1.0; +claudebot@anthropic.com)"
216.73.216.14 - - [19/Aug/2026:04:46:50 +0300] "GET /tag/html-4-01/ HTTP/2.0" 200 15051 "-" "Mozilla/5.0 AppleWebKit/537.36 (KHTML, like Gecko; compatible; ClaudeBot/1.0; +claudebot@anthropic.com)"
216.73.216.14 - - [19/Aug/2026:04:46:50 +0300] "GET /tag/mssql/ HTTP/2.0" 200 10873 "-" "Mozilla/5.0 AppleWebKit/537.36 (KHTML, like Gecko; compatible; ClaudeBot/1.0; +claudebot@anthropic.com)"
216.73.216.14 - - [19/Aug/2026:04:46:51 +0300] "GET /tag/apcupsd/ HTTP/2.0" 200 10903 "-" "Mozilla/5.0 AppleWebKit/537.36 (KHTML, like Gecko; compatible; ClaudeBot/1.0; +claudebot@anthropic.com)"
66.249.66.205 - - [19/Aug/2026:04:47:08 +0300] "GET /shop/estate/clerk001000948.shtml HTTP/1.1" 404 11133 "-" "Mozilla/5.0 (Linux; Android 6.0.1; Nexus 5X Build/MMB29P) AppleWebKit/537.36 (KHTML, like Gecko) Chrome/151.0.7922.137 Mobile Safari/537.36 (compatible; Googlebot/2.1; +http://www.google.com/bot.html)"
216.73.216.14 - - [19/Aug/2026:04:47:10 +0300] "GET /tag/whereis/feed/ HTTP/2.0" 200 2807 "-" "Mozilla/5.0 AppleWebKit/537.36 (KHTML, like Gecko; compatible; ClaudeBot/1.0; +claudebot@anthropic.com)"
216.73.216.14 - - [19/Aug/2026:04:47:10 +0300] "GET /category/tech-articles/page/4/ HTTP/2.0" 200 37428 "-" "Mozilla/5.0 AppleWebKit/537.36 (KHTML, like Gecko; compatible; ClaudeBot/1.0; +claudebot@anthropic.com)"
216.73.216.14 - - [19/Aug/2026:04:47:10 +0300] "GET /tag/2960/feed/ HTTP/2.0" 200 2815 "-" "Mozilla/5.0 AppleWebKit/537.36 (KHTML, like Gecko; compatible; ClaudeBot/1.0; +claudebot@anthropic.com)"
216.73.216.14 - - [19/Aug/2026:04:47:11 +0300] "GET /tag/poe/feed/ HTTP/2.0" 200 2291 "-" "Mozilla/5.0 AppleWebKit/537.36 (KHTML, like Gecko; compatible; ClaudeBot/1.0; +claudebot@anthropic.com)"
216.73.216.14 - - [19/Aug/2026:04:47:11 +0300] "GET /tag/securecrt/feed/ HTTP/2.0" 200 2825 "-" "Mozilla/5.0 AppleWebKit/537.36 (KHTML, like Gecko; compatible; ClaudeBot/1.0; +claudebot@anthropic.com)"
216.73.216.14 - - [19/Aug/2026:04:47:17 +0300] "GET /tag/sensors/ HTTP/2.0" 200 10740 "-" "Mozilla/5.0 AppleWebKit/537.36 (KHTML, like Gecko; compatible; ClaudeBot/1.0; +claudebot@anthropic.com)"
216.73.216.14 - - [19/Aug/2026:04:47:17 +0300] "GET /tag/ascii/ HTTP/2.0" 200 15041 "-" "Mozilla/5.0 AppleWebKit/537.36 (KHTML, like Gecko; compatible; ClaudeBot/1.0; +claudebot@anthropic.com)"
216.73.216.14 - - [19/Aug/2026:04:47:18 +0300] "GET /2-gbitsec-span-cisco-export-netflow/feed/ HTTP/2.0" 200 864 "-" "Mozilla/5.0 AppleWebKit/537.36 (KHTML, like Gecko; compatible; ClaudeBot/1.0; +claudebot@anthropic.com)"
216.73.216.14 - - [19/Aug/2026:04:47:18 +0300] "GET /tag/881/feed/ HTTP/2.0" 200 2222 "-" "Mozilla/5.0 AppleWebKit/537.36 (KHTML, like Gecko; compatible; ClaudeBot/1.0; +claudebot@anthropic.com)"
216.73.216.14 - - [19/Aug/2026:04:47:19 +0300] "GET /tag/ansi/feed/ HTTP/2.0" 200 2286 "-" "Mozilla/5.0 AppleWebKit/537.36 (KHTML, like Gecko; compatible; ClaudeBot/1.0; +claudebot@anthropic.com)"
216.73.216.14 - - [19/Aug/2026:04:47:23 +0300] "GET /tag/cisco/page/4/ HTTP/2.0" 200 37163 "-" "Mozilla/5.0 AppleWebKit/537.36 (KHTML, like Gecko; compatible; ClaudeBot/1.0; +claudebot@anthropic.com)"
216.73.216.14 - - [19/Aug/2026:04:47:23 +0300] "GET /tag/tacacs/feed/ HTTP/2.0" 200 3761 "-" "Mozilla/5.0 AppleWebKit/537.36 (KHTML, like Gecko; compatible; ClaudeBot/1.0; +claudebot@anthropic.com)"
216.73.216.14 - - [19/Aug/2026:04:47:24 +0300] "GET /tag/iso-10646/ HTTP/2.0" 200 15043 "-" "Mozilla/5.0 AppleWebKit/537.36 (KHTML, like Gecko; compatible; ClaudeBot/1.0; +claudebot@anthropic.com)"
216.73.216.14 - - [19/Aug/2026:04:47:24 +0300] "GET /category/kinbet/ HTTP/2.0" 200 12244 "-" "Mozilla/5.0 AppleWebKit/537.36 (KHTML, like Gecko; compatible; ClaudeBot/1.0; +claudebot@anthropic.com)"
216.73.216.14 - - [19/Aug/2026:04:47:25 +0300] "GET /tag/iso-8879/ HTTP/2.0" 200 15049 "-" "Mozilla/5.0 AppleWebKit/537.36 (KHTML, like Gecko; compatible; ClaudeBot/1.0; +claudebot@anthropic.com)"
216.73.216.14 - - [19/Aug/2026:04:47:28 +0300] "GET /recompile-sox-on-debian/feed/ HTTP/2.0" 200 824 "-" "Mozilla/5.0 AppleWebKit/537.36 (KHTML, like Gecko; compatible; ClaudeBot/1.0; +claudebot@anthropic.com)"
216.73.216.14 - - [19/Aug/2026:04:47:29 +0300] "GET /tag/teg-s80dg/ HTTP/2.0" 200 11882 "-" "Mozilla/5.0 AppleWebKit/537.36 (KHTML, like Gecko; compatible; ClaudeBot/1.0; +claudebot@anthropic.com)"
216.73.216.14 - - [19/Aug/2026:04:47:29 +0300] "GET /lm-sensors/feed/ HTTP/2.0" 200 785 "-" "Mozilla/5.0 AppleWebKit/537.36 (KHTML, like Gecko; compatible; ClaudeBot/1.0; +claudebot@anthropic.com)"
216.73.216.14 - - [19/Aug/2026:04:47:30 +0300] "GET /html-codes-characters-and-symbols/feed/ HTTP/2.0" 200 862 "-" "Mozilla/5.0 AppleWebKit/537.36 (KHTML, like Gecko; compatible; ClaudeBot/1.0; +claudebot@anthropic.com)"
216.73.216.14 - - [19/Aug/2026:04:47:30 +0300] "GET /audiocodes-mediapack-202/feed/ HTTP/2.0" 200 827 "-" "Mozilla/5.0 AppleWebKit/537.36 (KHTML, like Gecko; compatible; ClaudeBot/1.0; +claudebot@anthropic.com)"
216.73.216.14 - - [19/Aug/2026:04:47:45 +0300] "GET /how-to-convert-images-to-webp-format-in-linux/feed/ HTTP/2.0" 200 890 "-" "Mozilla/5.0 AppleWebKit/537.36 (KHTML, like Gecko; compatible; ClaudeBot/1.0; +claudebot@anthropic.com)"
216.73.216.14 - - [19/Aug/2026:04:47:45 +0300] "GET /tag/lm-sensors/ HTTP/2.0" 200 10743 "-" "Mozilla/5.0 AppleWebKit/537.36 (KHTML, like Gecko; compatible; ClaudeBot/1.0; +claudebot@anthropic.com)"
216.73.216.14 - - [19/Aug/2026:04:47:46 +0300] "GET /14-best-russian-language-datasets-for-machine-learning/feed/ HTTP/2.0" 200 917 "-" "Mozilla/5.0 AppleWebKit/537.36 (KHTML, like Gecko; compatible; ClaudeBot/1.0; +claudebot@anthropic.com)"
216.73.216.14 - - [19/Aug/2026:04:47:46 +0300] "GET /tag/iso-8859-1/ HTTP/2.0" 200 15052 "-" "Mozilla/5.0 AppleWebKit/537.36 (KHTML, like Gecko; compatible; ClaudeBot/1.0; +claudebot@anthropic.com)"
216.73.216.14 - - [19/Aug/2026:04:47:47 +0300] "GET /trendnet-teg-s80dg/feed/ HTTP/2.0" 200 809 "-" "Mozilla/5.0 AppleWebKit/537.36 (KHTML, like Gecko; compatible; ClaudeBot/1.0; +claudebot@anthropic.com)"
216.73.216.14 - - [19/Aug/2026:04:47:52 +0300] "GET /navigating-table-games-at-lucky-elf-casino-canada/feed/ HTTP/2.0" 200 902 "-" "Mozilla/5.0 AppleWebKit/537.36 (KHTML, like Gecko; compatible; ClaudeBot/1.0; +claudebot@anthropic.com)"
216.73.216.14 - - [19/Aug/2026:04:47:52 +0300] "GET /remmina-rdpvnc-%d0%ba%d0%bb%d0%b8%d0%b5%d0%bd%d1%82/feed/ HTTP/2.0" 200 893 "-" "Mozilla/5.0 AppleWebKit/537.36 (KHTML, like Gecko; compatible; ClaudeBot/1.0; +claudebot@anthropic.com)"
216.73.216.14 - - [19/Aug/2026:04:47:52 +0300] "GET /tag/%d1%82%d0%b0%d0%bc%d0%be%d0%b6%d0%bd%d1%8f/ HTTP/2.0" 200 17088 "-" "Mozilla/5.0 AppleWebKit/537.36 (KHTML, like Gecko; compatible; ClaudeBot/1.0; +claudebot@anthropic.com)"
216.73.216.14 - - [19/Aug/2026:04:47:53 +0300] "GET /category/best-online-casino/feed/ HTTP/2.0" 200 11531 "-" "Mozilla/5.0 AppleWebKit/537.36 (KHTML, like Gecko; compatible; ClaudeBot/1.0; +claudebot@anthropic.com)"
66.249.66.32 - - [19/Aug/2026:04:47:55 +0300] "GET /shop/important/biography013000008.shtml HTTP/1.1" 404 11133 "-" "Mozilla/5.0 (Linux; Android 6.0.1; Nexus 5X Build/MMB29P) AppleWebKit/537.36 (KHTML, like Gecko) Chrome/151.0.7922.137 Mobile Safari/537.36 (compatible; Googlebot/2.1; +http://www.google.com/bot.html)"
43.154.127.188 - - [19/Aug/2026:04:47:59 +0300] "GET /2017/09/ HTTP/1.1" 200 10731 "-" "Mozilla/5.0 (iPhone; CPU iPhone OS 13_2_3 like Mac OS X) AppleWebKit/605.1.15 (KHTML, like Gecko) Version/13.0.3 Mobile/15E148 Safari/604.1"
216.73.216.14 - - [19/Aug/2026:04:48:07 +0300] "GET /kinbet-analyzing-popular-betting-markets-and-options/feed/ HTTP/2.0" 200 912 "-" "Mozilla/5.0 AppleWebKit/537.36 (KHTML, like Gecko; compatible; ClaudeBot/1.0; +claudebot@anthropic.com)"
216.73.216.14 - - [19/Aug/2026:04:48:07 +0300] "GET /tag/%d1%88%d0%b8%d1%84%d1%80%d0%be%d0%b2%d0%b0%d0%bd%d0%b8%d0%b5/ HTTP/2.0" 200 17079 "-" "Mozilla/5.0 AppleWebKit/537.36 (KHTML, like Gecko; compatible; ClaudeBot/1.0; +claudebot@anthropic.com)"
216.73.216.14 - - [19/Aug/2026:04:48:07 +0300] "GET /the-importance-of-customer-support-in-platinum-play/feed/ HTTP/2.0" 200 908 "-" "Mozilla/5.0 AppleWebKit/537.36 (KHTML, like Gecko; compatible; ClaudeBot/1.0; +claudebot@anthropic.com)"
216.73.216.14 - - [19/Aug/2026:04:48:07 +0300] "GET /%d1%80%d0%b0%d0%b1%d0%be%d1%82%d0%b0-%d1%81-tcpdump/feed/ HTTP/2.0" 200 880 "-" "Mozilla/5.0 AppleWebKit/537.36 (KHTML, like Gecko; compatible; ClaudeBot/1.0; +claudebot@anthropic.com)"
216.73.216.14 - - [19/Aug/2026:04:48:42 +0300] "GET /tag/%d0%ba%d1%80%d0%b8%d0%bf%d1%82%d0%be%d0%b3%d1%80%d0%b0%d1%84%d0%b8%d1%8f/ HTTP/2.0" 200 17085 "-" "Mozilla/5.0 AppleWebKit/537.36 (KHTML, like Gecko; compatible; ClaudeBot/1.0; +claudebot@anthropic.com)"
216.73.216.14 - - [19/Aug/2026:04:48:42 +0300] "GET /swiss4win-casino-schweiz-eine-bewertung-seiner-funktionen-2/ HTTP/2.0" 200 13547 "-" "Mozilla/5.0 AppleWebKit/537.36 (KHTML, like Gecko; compatible; ClaudeBot/1.0; +claudebot@anthropic.com)"
216.73.216.14 - - [19/Aug/2026:04:48:43 +0300] "GET /swiss4win-casino-schweiz-eine-bewertung-seiner-funktionen/ HTTP/2.0" 200 13549 "-" "Mozilla/5.0 AppleWebKit/537.36 (KHTML, like Gecko; compatible; ClaudeBot/1.0; +claudebot@anthropic.com)"
216.73.216.14 - - [19/Aug/2026:04:48:43 +0300] "GET /%d0%bd%d0%b0%d1%81%d1%82%d1%80%d0%be%d0%b9%d0%ba%d0%b0-apc-ups/feed/ HTTP/2.0" 200 905 "-" "Mozilla/5.0 AppleWebKit/537.36 (KHTML, like Gecko; compatible; ClaudeBot/1.0; +claudebot@anthropic.com)"
216.73.216.14 - - [19/Aug/2026:04:48:46 +0300] "GET /gdzie-kasyno-lubi-blik-przewodnik-po-kasynach-z-blikiem/feed/ HTTP/2.0" 200 921 "-" "Mozilla/5.0 AppleWebKit/537.36 (KHTML, like Gecko; compatible; ClaudeBot/1.0; +claudebot@anthropic.com)"
216.73.216.14 - - [19/Aug/2026:04:48:46 +0300] "GET /%d1%80%d0%b5%d0%b7%d0%b5%d1%80%d0%b2%d0%bd%d0%be%d0%b5-%d0%ba%d0%be%d0%bf%d0%b8%d1%80%d0%be%d0%b2%d0%b0%d0%bd%d0%b8%d0%b5-%d0%b1%d0%b0%d0%b7-%d0%b2-ms-sql/feed/ HTTP/2.0" 200 1121 "-" "Mozilla/5.0 AppleWebKit/537.36 (KHTML, like Gecko; compatible; ClaudeBot/1.0; +claudebot@anthropic.com)"
216.73.216.14 - - [19/Aug/2026:04:48:46 +0300] "GET /%d0%a1%d0%b1%d1%80%d0%be%d1%81-%d0%bf%d0%b0%d1%80%d0%be%d0%bb%d1%8f-%d0%bd%d0%b0-cisco-2960/feed/ HTTP/2.0" 200 976 "-" "Mozilla/5.0 AppleWebKit/537.36 (KHTML, like Gecko; compatible; ClaudeBot/1.0; +claudebot@anthropic.com)"
216.73.216.14 - - [19/Aug/2026:04:48:47 +0300] "GET /freebsd-%d0%9f%d0%be%d0%bb%d0%b5%d0%b7%d0%bd%d1%8b%d0%b5-%d0%bc%d0%b5%d0%bb%d0%be%d1%87%d0%b8/feed/ HTTP/2.0" 200 979 "-" "Mozilla/5.0 AppleWebKit/537.36 (KHTML, like Gecko; compatible; ClaudeBot/1.0; +claudebot@anthropic.com)"
177.76.51.135 - - [19/Aug/2026:04:48:49 +0300] "GET /schedule/ HTTP/2.0" 200 11021 "-" "Mozilla/5.0 (Macintosh; Intel Mac OS X 10_15_7) AppleWebKit/537.36 (KHTML, like Gecko) Chrome/133.0.0.0 Safari/537.36"
216.73.216.14 - - [19/Aug/2026:04:48:57 +0300] "GET /%d0%9e-%d0%bf%d0%be%d1%80%d1%8f%d0%b4%d0%ba%d0%b5-%d0%b2%d0%b2%d0%be%d0%b7%d0%b0-%d0%b2-%d0%a0%d0%be%d1%81%d1%81%d0%b8%d1%8e-%d1%88%d0%b8%d1%84%d1%80%d0%be%d0%b2%d0%b0%d0%bb%d1%8c%d0%bd%d1%8b%d1%85/feed/ HTTP/2.0" 200 1270 "-" "Mozilla/5.0 AppleWebKit/537.36 (KHTML, like Gecko; compatible; ClaudeBot/1.0; +claudebot@anthropic.com)"
216.73.216.14 - - [19/Aug/2026:04:48:57 +0300] "GET /%d0%b1%d0%b0%d0%b7%d0%be%d0%b2%d1%8b%d0%b5-%d1%81%d1%82%d0%b8%d0%bb%d0%b8-%d0%b8-%d0%bf%d0%be%d0%bb%d0%b5%d0%b7%d0%bd%d1%8b%d0%b5-css-%d1%81%d0%bd%d0%b8%d0%bf%d0%bf%d0%b5%d1%82%d1%8b/feed/ HTTP/2.0" 200 1185 "-" "Mozilla/5.0 AppleWebKit/537.36 (KHTML, like Gecko; compatible; ClaudeBot/1.0; +claudebot@anthropic.com)"
216.73.216.14 - - [19/Aug/2026:04:48:58 +0300] "GET /git-%d1%81%d0%be%d0%b7%d0%b4%d0%b0%d0%bd%d0%b8%d0%b5-%d0%bd%d0%be%d0%b2%d0%be%d0%b9-%d0%b2%d0%b5%d1%82%d0%ba%d0%b8-%d0%bd%d0%b0-%d1%81%d0%b5%d1%80%d0%b2%d0%b5%d1%80%d0%b5/feed/ HTTP/2.0" 200 1158 "-" "Mozilla/5.0 AppleWebKit/537.36 (KHTML, like Gecko; compatible; ClaudeBot/1.0; +claudebot@anthropic.com)"
216.73.216.14 - - [19/Aug/2026:04:48:58 +0300] "GET /%d1%87%d0%b5%d0%ba%d0%bb%d0%b8%d1%81%d1%82-%d0%b7%d0%b0%d0%bf%d1%83%d1%81%d0%ba%d0%b0-%d1%81%d0%b0%d0%b9%d1%82%d0%b0/ HTTP/2.0" 200 14516 "-" "Mozilla/5.0 AppleWebKit/537.36 (KHTML, like Gecko; compatible; ClaudeBot/1.0; +claudebot@anthropic.com)"
216.73.216.14 - - [19/Aug/2026:04:49:03 +0300] "GET /%d0%ba%d0%b0%d0%ba-%d1%80%d0%b0%d0%b7%d0%b1%d0%b8%d1%82%d1%8c-tar-gz-%d0%b0%d1%80%d1%85%d0%b8%d0%b2-%d0%bd%d0%b0-%d1%82%d0%be%d0%bc%d0%b0-%d0%b8-%d0%ba%d0%b0%d0%ba-%d0%b5%d0%b3%d0%be-%d0%bf%d0%be/feed/ HTTP/2.0" 200 1241 "-" "Mozilla/5.0 AppleWebKit/537.36 (KHTML, like Gecko; compatible; ClaudeBot/1.0; +claudebot@anthropic.com)"
216.73.216.14 - - [19/Aug/2026:04:49:03 +0300] "GET /how-the-seven-sultans-managed-regional-conflicts-a-detailed-review-of-seven-sultans-casino/ HTTP/2.0" 200 13854 "-" "Mozilla/5.0 AppleWebKit/537.36 (KHTML, like Gecko; compatible; ClaudeBot/1.0; +claudebot@anthropic.com)"
216.73.216.14 - - [19/Aug/2026:04:49:03 +0300] "GET /%d0%b7%d0%b0%d0%bf%d1%83%d1%81%d0%ba-%d1%81%d0%b0%d0%b9%d1%82%d0%be%d0%b2-%d0%be%d1%82-%d1%80%d0%b0%d0%b7%d0%bd%d1%8b%d1%85-%d0%bf%d0%be%d0%bb%d1%8c%d0%b7%d0%be%d0%b2%d0%b0%d1%82%d0%b5%d0%bb%d0%b5/feed/ HTTP/2.0" 200 1982 "-" "Mozilla/5.0 AppleWebKit/537.36 (KHTML, like Gecko; compatible; ClaudeBot/1.0; +claudebot@anthropic.com)"
216.73.216.14 - - [19/Aug/2026:04:49:04 +0300] "GET /audiocodes-mp-124-%d1%81%d0%b1%d1%80%d0%be%d1%81-%d0%bd%d0%b0%d1%81%d1%82%d1%80%d0%be%d0%b5%d0%ba-%d0%bd%d0%b0-%d0%b7%d0%b0%d0%b2%d0%be%d0%b4%d1%81%d0%ba%d0%b8%d0%b5/feed/ HTTP/2.0" 200 1154 "-" "Mozilla/5.0 AppleWebKit/537.36 (KHTML, like Gecko; compatible; ClaudeBot/1.0; +claudebot@anthropic.com)"
114.119.132.187 - - [19/Aug/2026:04:49:18 +0300] "GET /sitemap89.xml HTTP/1.1" 404 11133 "-" "Mozilla/5.0 (Linux; Android 7.0;) AppleWebKit/537.36 (KHTML, like Gecko) Mobile Safari/537.36 (compatible; PetalBot;+https://webmaster.petalsearch.com/site/petalbot)"
216.73.216.14 - - [19/Aug/2026:04:49:19 +0300] "GET /tag/roadmap/ HTTP/2.0" 200 13417 "-" "Mozilla/5.0 AppleWebKit/537.36 (KHTML, like Gecko; compatible; ClaudeBot/1.0; +claudebot@anthropic.com)"
216.73.216.14 - - [19/Aug/2026:04:49:19 +0300] "GET /tar/feed/ HTTP/2.0" 200 764 "-" "Mozilla/5.0 AppleWebKit/537.36 (KHTML, like Gecko; compatible; ClaudeBot/1.0; +claudebot@anthropic.com)"
216.73.216.14 - - [19/Aug/2026:04:49:31 +0300] "GET /bgp4zebra/feed/ HTTP/2.0" 200 783 "-" "Mozilla/5.0 AppleWebKit/537.36 (KHTML, like Gecko; compatible; ClaudeBot/1.0; +claudebot@anthropic.com)"
216.73.216.14 - - [19/Aug/2026:04:49:31 +0300] "GET /tag/site/ HTTP/2.0" 200 13415 "-" "Mozilla/5.0 AppleWebKit/537.36 (KHTML, like Gecko; compatible; ClaudeBot/1.0; +claudebot@anthropic.com)"
216.73.216.14 - - [19/Aug/2026:04:50:00 +0300] "GET /?p=997 HTTP/2.0" 301 6 "-" "Mozilla/5.0 AppleWebKit/537.36 (KHTML, like Gecko; compatible; ClaudeBot/1.0; +claudebot@anthropic.com)"
216.73.216.14 - - [19/Aug/2026:04:50:01 +0300] "GET /tag/targets/ HTTP/2.0" 200 13742 "-" "Mozilla/5.0 AppleWebKit/537.36 (KHTML, like Gecko; compatible; ClaudeBot/1.0; +claudebot@anthropic.com)"
216.73.216.14 - - [19/Aug/2026:04:50:01 +0300] "GET /%d0%bf%d1%80%d0%b0%d0%b2%d0%b8%d0%bb%d0%b0-%d0%bd%d0%b0%d0%b1%d0%be%d1%80%d0%b0-%d1%82%d0%b5%d0%ba%d1%81%d1%82%d0%be%d0%b2/ HTTP/2.0" 200 14466 "https://891rpm.com/?p=997" "Mozilla/5.0 AppleWebKit/537.36 (KHTML, like Gecko; compatible; ClaudeBot/1.0; +claudebot@anthropic.com)"
216.73.216.14 - - [19/Aug/2026:04:50:06 +0300] "GET /tag/pkcs12/ HTTP/2.0" 200 10365 "-" "Mozilla/5.0 AppleWebKit/537.36 (KHTML, like Gecko; compatible; ClaudeBot/1.0; +claudebot@anthropic.com)"
216.73.216.14 - - [19/Aug/2026:04:50:06 +0300] "GET /tag/rfc2124/ HTTP/2.0" 200 14276 "-" "Mozilla/5.0 AppleWebKit/537.36 (KHTML, like Gecko; compatible; ClaudeBot/1.0; +claudebot@anthropic.com)"
216.73.216.14 - - [19/Aug/2026:04:50:31 +0300] "GET /tag/%d0%be%d1%80%d1%84%d0%be%d0%b3%d1%80%d0%b0%d1%84%d0%b8%d1%8f/ HTTP/2.0" 200 13312 "-" "Mozilla/5.0 AppleWebKit/537.36 (KHTML, like Gecko; compatible; ClaudeBot/1.0; +claudebot@anthropic.com)"
216.73.216.14 - - [19/Aug/2026:04:50:31 +0300] "GET /tag/%d0%bf%d1%83%d0%bd%d0%ba%d1%82%d1%83%d0%b0%d1%86%d0%b8%d1%8f/ HTTP/2.0" 200 13316 "-" "Mozilla/5.0 AppleWebKit/537.36 (KHTML, like Gecko; compatible; ClaudeBot/1.0; +claudebot@anthropic.com)"
216.73.216.14 - - [19/Aug/2026:04:50:37 +0300] "GET /%d0%bf%d1%80%d0%b0%d0%b2%d0%b8%d0%bb%d0%b0-%d0%bd%d0%b0%d0%b1%d0%be%d1%80%d0%b0-%d1%82%d0%b5%d0%ba%d1%81%d1%82%d0%be%d0%b2/feed/ HTTP/2.0" 200 1041 "-" "Mozilla/5.0 AppleWebKit/537.36 (KHTML, like Gecko; compatible; ClaudeBot/1.0; +claudebot@anthropic.com)"
216.73.216.14 - - [19/Aug/2026:04:50:37 +0300] "GET /tag/%d1%81%d0%be%d0%b7%d0%b4%d0%b0%d0%bd%d0%b8%d0%b5-%d1%81%d0%b0%d0%b9%d1%82%d0%b0/ HTTP/2.0" 200 13447 "-" "Mozilla/5.0 AppleWebKit/537.36 (KHTML, like Gecko; compatible; ClaudeBot/1.0; +claudebot@anthropic.com)"
198.235.24.241 - - [19/Aug/2026:04:50:44 +0300] "GET / HTTP/1.1" 301 162 "-" "Hello from Palo Alto Networks, find out more about our scans in https://docs-cortex.paloaltonetworks.com/r/1/Cortex-Xpanse/Scanning-activity"
198.235.24.241 - - [19/Aug/2026:04:50:45 +0300] "GET / HTTP/1.1" 200 38538 "http://82.148.16.210:80/" "Hello from Palo Alto Networks, find out more about our scans in https://docs-cortex.paloaltonetworks.com/r/1/Cortex-Xpanse/Scanning-activity"
216.73.216.14 - - [19/Aug/2026:04:50:58 +0300] "GET /%d0%bd%d0%b5%d0%bc%d0%bd%d0%be%d0%b3%d0%be-%d1%81%d0%ba%d1%80%d0%b8%d0%bd%d1%88%d0%be%d1%82%d0%be%d0%b2-%d0%bd%d0%b0%d1%87%d0%b0%d0%bb%d0%be-2012/feed/ HTTP/2.0" 200 1103 "-" "Mozilla/5.0 AppleWebKit/537.36 (KHTML, like Gecko; compatible; ClaudeBot/1.0; +claudebot@anthropic.com)"
216.73.216.14 - - [19/Aug/2026:04:50:58 +0300] "GET /%d0%bf%d1%80%d0%be%d1%82%d0%b8%d0%b2%d0%be%d1%80%d0%b5%d0%ba%d0%bb%d0%b0%d0%bc%d0%bd%d1%8b%d0%b9-%d1%85%d0%b0%d0%ba-%d0%b4%d0%bb%d1%8f-skype/feed/ HTTP/2.0" 200 1090 "-" "Mozilla/5.0 AppleWebKit/537.36 (KHTML, like Gecko; compatible; ClaudeBot/1.0; +claudebot@anthropic.com)"
216.73.216.14 - - [19/Aug/2026:04:51:08 +0300] "GET /%d1%87%d0%b5%d0%ba%d0%bb%d0%b8%d1%81%d1%82-%d0%b7%d0%b0%d0%bf%d1%83%d1%81%d0%ba%d0%b0-%d1%81%d0%b0%d0%b9%d1%82%d0%b0/feed/ HTTP/2.0" 200 1027 "-" "Mozilla/5.0 AppleWebKit/537.36 (KHTML, like Gecko; compatible; ClaudeBot/1.0; +claudebot@anthropic.com)"
216.73.216.14 - - [19/Aug/2026:04:51:08 +0300] "GET /hansi-ntic-verir-pin-up-bonus-sui-istifadsi-il-oyunculara/feed/ HTTP/2.0" 200 937 "-" "Mozilla/5.0 AppleWebKit/537.36 (KHTML, like Gecko; compatible; ClaudeBot/1.0; +claudebot@anthropic.com)"
216.73.216.14 - - [19/Aug/2026:04:51:48 +0300] "GET /asterisk-%d0%b7%d0%b0%d0%bf%d0%b8%d1%81%d1%8c-%d1%82%d0%b5%d0%bb%d0%b5%d1%84%d0%be%d0%bd%d0%bd%d1%8b%d1%85-%d1%80%d0%b0%d0%b7%d0%b3%d0%be%d0%b2%d0%be%d1%80%d0%be%d0%b2/feed/ HTTP/2.0" 200 1154 "-" "Mozilla/5.0 AppleWebKit/537.36 (KHTML, like Gecko; compatible; ClaudeBot/1.0; +claudebot@anthropic.com)"
216.73.216.14 - - [19/Aug/2026:04:51:48 +0300] "GET /%d1%81%d0%b5%d1%80%d0%b2%d0%b5%d1%80-%d0%be%d0%bd%d0%bb%d0%b0%d0%b9%d0%bd-%d0%b2%d0%b5%d1%89%d0%b0%d0%bd%d0%b8%d0%b9-%d0%bd%d0%b0-%d0%b1%d0%b0%d0%b7%d0%b5-nginx/feed/ HTTP/2.0" 200 1135 "-" "Mozilla/5.0 AppleWebKit/537.36 (KHTML, like Gecko; compatible; ClaudeBot/1.0; +claudebot@anthropic.com)"
216.73.216.14 - - [19/Aug/2026:04:51:50 +0300] "GET /%d1%8d%d0%ba%d1%81%d0%bf%d0%be%d1%80%d1%82-%d0%b8%d0%bb%d0%b8-%d0%b8%d0%bc%d0%bf%d0%be%d1%80%d1%82-%d1%81%d0%b5%d1%80%d1%82%d0%b8%d1%84%d0%b8%d0%ba%d0%b0%d1%82%d0%b0-pkcs12/feed/ HTTP/2.0" 200 1164 "-" "Mozilla/5.0 AppleWebKit/537.36 (KHTML, like Gecko; compatible; ClaudeBot/1.0; +claudebot@anthropic.com)"
216.73.216.14 - - [19/Aug/2026:04:51:50 +0300] "GET /%d0%9a%d0%be%d0%bb%d0%b8%d1%87%d0%b5%d1%81%d1%82%d0%b2%d0%be-%d1%81%d0%be%d0%b5%d0%b4%d0%b8%d0%bd%d0%b5%d0%bd%d0%b8%d0%b9-%d1%81-%d1%81%d0%b5%d1%80%d0%b2%d0%b5%d1%80%d0%be%d0%bc/feed/ HTTP/2.0" 200 1170 "-" "Mozilla/5.0 AppleWebKit/537.36 (KHTML, like Gecko; compatible; ClaudeBot/1.0; +claudebot@anthropic.com)"
216.73.216.14 - - [19/Aug/2026:04:52:03 +0300] "GET /%d0%b8%d1%81%d0%bf%d0%be%d0%bb%d1%8c%d0%b7%d0%be%d0%b2%d0%b0%d0%bd%d0%b8%d0%b5-%d0%b0%d0%b2%d1%82%d0%be%d1%80%d0%b8%d0%b7%d0%b0%d1%86%d0%b8%d0%b8-%d0%bf%d0%be%d0%bb%d1%8c%d0%b7%d0%be%d0%b2%d0%b0%d1%82/feed/ HTTP/2.0" 200 1326 "-" "Mozilla/5.0 AppleWebKit/537.36 (KHTML, like Gecko; compatible; ClaudeBot/1.0; +claudebot@anthropic.com)"
216.73.216.14 - - [19/Aug/2026:04:52:03 +0300] "GET /%d1%83%d0%bf%d1%80%d0%b0%d0%b2%d0%bb%d0%b5%d0%bd%d0%b8%d0%b5-%d0%bf%d1%80%d0%b8%d0%be%d1%80%d0%b8%d1%82%d0%b5%d1%82%d0%b0%d0%bc%d0%b8-%d0%b4%d0%bb%d1%8f-%d1%82%d1%80%d0%b0%d1%84%d0%b8%d0%ba%d0%b0/feed/ HTTP/2.0" 200 1242 "-" "Mozilla/5.0 AppleWebKit/537.36 (KHTML, like Gecko; compatible; ClaudeBot/1.0; +claudebot@anthropic.com)"
216.73.216.14 - - [19/Aug/2026:04:52:23 +0300] "GET /cgroups-%d0%bb%d0%b8%d0%bc%d0%b8%d1%82-%d0%bd%d0%b0-%d1%80%d0%b0%d0%b7%d0%b4%d0%b5%d0%bb%d0%b5%d0%bd%d0%b8%d0%b5-%d1%80%d0%b5%d1%81%d1%83%d1%80%d1%81%d0%be%d0%b2-%d0%b0-%d0%bd%d0%b5-%d0%bd%d0%b0/feed/ HTTP/2.0" 200 1242 "-" "Mozilla/5.0 AppleWebKit/537.36 (KHTML, like Gecko; compatible; ClaudeBot/1.0; +claudebot@anthropic.com)"
216.73.216.14 - - [19/Aug/2026:04:52:23 +0300] "GET /%d1%81%d0%be%d0%b7%d0%b4%d0%b0%d0%bd%d0%b8%d0%b5-%d1%81%d0%b0%d0%bc%d0%be%d0%bf%d0%be%d0%b4%d0%bf%d0%b8%d1%81%d0%b0%d0%bd%d0%bd%d0%be%d0%b3%d0%be-%d1%81%d0%b5%d1%80%d1%82%d0%b8%d1%84%d0%b8%d0%ba%d0%b0/ HTTP/2.0" 200 11743 "-" "Mozilla/5.0 AppleWebKit/537.36 (KHTML, like Gecko; compatible; ClaudeBot/1.0; +claudebot@anthropic.com)"
94.154.35.236 - - [19/Aug/2026:04:52:29 +0300] "HEAD /2021.tar HTTP/1.1" 301 0 "-" "Mozilla/5.0 (Windows NT 10.0; Win64; x64) AppleWebKit/537.36 (KHTML, like Gecko) Chrome/101.0.4951.67 Safari/537.36"
94.154.35.236 - - [19/Aug/2026:04:52:29 +0300] "HEAD /2021.tar HTTP/1.1" 404 0 "-" "Mozilla/5.0 (Windows NT 10.0; Win64; x64) AppleWebKit/537.36 (KHTML, like Gecko) Chrome/101.0.4951.67 Safari/537.36"
216.73.216.14 - - [19/Aug/2026:04:52:43 +0300] "GET /%d0%ba%d0%be%d0%b5-%d1%87%d1%82%d0%be-%d0%be-%d1%81%d0%be%d0%b3%d0%bb%d0%b0%d1%88%d0%b5%d0%bd%d0%b8%d1%8f%d1%85-%d0%be%d0%b1-%d0%b8%d0%bc%d0%b5%d0%bd%d0%b0%d1%85-%d0%bf%d0%be%d1%87%d1%82%d0%be%d0%b2/feed/ HTTP/2.0" 200 1238 "-" "Mozilla/5.0 AppleWebKit/537.36 (KHTML, like Gecko; compatible; ClaudeBot/1.0; +claudebot@anthropic.com)"
82.148.16.210 - - [19/Aug/2026:04:52:43 +0300] "POST /wp-cron.php?doing_wp_cron=1787104363.6212420463562011718750 HTTP/1.1" 499 0 "-" "WordPress/6.9.1; https://891rpm.com"
216.73.216.14 - - [19/Aug/2026:04:52:43 +0300] "GET /20-%d0%b2%d0%b5%d1%89%d0%b5%d0%b9-%d0%ba%d0%be%d1%82%d0%be%d1%80%d1%8b%d0%b5-%d1%8f-%d0%b4%d0%be%d0%bb%d0%b6%d0%b5%d0%bd-%d0%b1%d1%8b%d0%bb-%d0%b7%d0%bd%d0%b0%d1%82%d1%8c-%d0%b2-20-%d0%bb%d0%b5%d1%82/feed/ HTTP/2.0" 200 1229 "-" "Mozilla/5.0 AppleWebKit/537.36 (KHTML, like Gecko; compatible; ClaudeBot/1.0; +claudebot@anthropic.com)"
66.249.76.135 - - [19/Aug/2026:04:52:50 +0300] "GET /shopdetail/clear/077000639 HTTP/1.1" 404 11133 "-" "Mozilla/5.0 (Linux; Android 6.0.1; Nexus 5X Build/MMB29P) AppleWebKit/537.36 (KHTML, like Gecko) Chrome/151.0.7922.137 Mobile Safari/537.36 (compatible; Googlebot/2.1; +http://www.google.com/bot.html)"
216.73.216.14 - - [19/Aug/2026:04:52:55 +0300] "GET /%d0%bf%d1%80%d0%be%d1%82%d0%be%d0%ba%d0%be%d0%bb-%d0%b4%d0%b8%d0%bd%d0%b0%d0%bc%d0%b8%d1%87%d0%b5%d1%81%d0%ba%d0%be%d0%b9-%d0%bc%d0%b0%d1%80%d1%88%d1%80%d1%83%d1%82%d0%b8%d0%b7%d0%b0%d1%86%d0%b8-2/feed/ HTTP/2.0" 200 1221 "-" "Mozilla/5.0 AppleWebKit/537.36 (KHTML, like Gecko; compatible; ClaudeBot/1.0; +claudebot@anthropic.com)"
216.73.216.14 - - [19/Aug/2026:04:52:55 +0300] "GET /%d0%ba%d0%bb%d0%b0%d1%81%d1%81%d0%b8%d1%87%d0%b5%d1%81%d0%ba%d0%b0%d1%8f-%d0%b0%d0%b2%d1%82%d0%be%d1%80%d0%b8%d0%b7%d0%b0%d1%86%d0%b8%d1%8f-%d0%bf%d0%be%d0%bb%d1%8c%d0%b7%d0%be%d0%b2%d0%b0%d1%82%d0%b5/feed/ HTTP/2.0" 200 1223 "-" "Mozilla/5.0 AppleWebKit/537.36 (KHTML, like Gecko; compatible; ClaudeBot/1.0; +claudebot@anthropic.com)"
216.73.216.14 - - [19/Aug/2026:04:53:08 +0300] "GET /%d0%9e%d0%b3%d1%80%d0%b0%d0%bd%d0%b8%d1%87%d0%b5%d0%bd%d0%b8%d0%b5-%d0%ba%d0%be%d0%bb%d0%b8%d1%87%d0%b5%d1%81%d1%82%d0%b2%d0%b0-%d1%81%d0%b5%d1%81%d1%81%d0%b8%d0%b9-%d1%81-%d0%be%d0%b4%d0%bd%d0%be/feed/ HTTP/2.0" 200 1235 "-" "Mozilla/5.0 AppleWebKit/537.36 (KHTML, like Gecko; compatible; ClaudeBot/1.0; +claudebot@anthropic.com)"
216.73.216.14 - - [19/Aug/2026:04:53:34 +0300] "GET /how-the-seven-sultans-managed-regional-conflicts-a-detailed-review-of-seven-sultans-casino/feed/ HTTP/2.0" 200 1026 "-" "Mozilla/5.0 AppleWebKit/537.36 (KHTML, like Gecko; compatible; ClaudeBot/1.0; +claudebot@anthropic.com)"
66.249.66.205 - - [19/Aug/2026:04:53:39 +0300] "GET /38155979 HTTP/1.1" 404 11133 "-" "Mozilla/5.0 (Linux; Android 6.0.1; Nexus 5X Build/MMB29P) AppleWebKit/537.36 (KHTML, like Gecko) Chrome/151.0.7922.137 Mobile Safari/537.36 (compatible; Googlebot/2.1; +http://www.google.com/bot.html)"
216.73.216.14 - - [19/Aug/2026:04:53:55 +0300] "GET /obzor-novykh-kazino-skachat-na-telefon-svezhie-predlozheniia/feed/ HTTP/2.0" 200 981 "-" "Mozilla/5.0 AppleWebKit/537.36 (KHTML, like Gecko; compatible; ClaudeBot/1.0; +claudebot@anthropic.com)"
216.73.216.14 - - [19/Aug/2026:04:54:11 +0300] "GET /pinco-casino-boyuk-bayramlari-nec-qeyd-edir/feed/ HTTP/2.0" 200 891 "-" "Mozilla/5.0 AppleWebKit/537.36 (KHTML, like Gecko; compatible; ClaudeBot/1.0; +claudebot@anthropic.com)"
66.132.186.168 - - [19/Aug/2026:04:55:00 +0300] "\x16\x03\x01\x00\xEE\x01\x00\x00\xEA\x03\x03\xBC\x1F\x06{\xA9\x90O\x1A_i\x02\x0E\xF4\x91z\xB2\xA5:\x01\xDF'\xC9r\x1E\xCD\xA8i2P\xF6V\xCA d\xBC|\xCC\x22\x83\xBC\xFCC\x0C\x1E\xA5 \x1E\xF4\xD6\xB3\x5C\xC6y\xE7\x8B\xEE\x90*\xB9,\x95\x85E\x90S\x00&\xCC\xA8\xCC\xA9\xC0/\xC00\xC0+\xC0,\xC0\x13\xC0\x09\xC0\x14\xC0" 400 150 "-" "-"
66.132.186.168 - - [19/Aug/2026:04:55:01 +0300] "GET / HTTP/1.1" 301 162 "-" "Mozilla/5.0 (compatible; CensysInspect/1.1; +https://about.censys.io/)"
66.132.186.168 - - [19/Aug/2026:04:55:08 +0300] "PRI * HTTP/2.0" 400 150 "-" "-"
216.73.216.14 - - [19/Aug/2026:04:55:09 +0300] "GET /category/%d0%b1%d0%b5%d0%b7-%d1%80%d1%83%d0%b1%d1%80%d0%b8%d0%ba%d0%b8/page/4/ HTTP/2.0" 200 34205 "-" "Mozilla/5.0 AppleWebKit/537.36 (KHTML, like Gecko; compatible; ClaudeBot/1.0; +claudebot@anthropic.com)"
93.174.93.12 - - [19/Aug/2026:04:55:13 +0300] "\x16\x03\x02\x01o\x01\x00\x01k\x03\x02RH\xC5\x1A#\xF7:N\xDF\xE2\xB4\x82/\xFF\x09T\x9F\xA7\xC4y\xB0h\xC6\x13\x8C\xA4\x1C=\x22\xE1\x1A\x98 \x84\xB4,\x85\xAFn\xE3Y\xBBbhl\xFF(=':\xA9\x82\xD9o\xC8\xA2\xD7\x93\x98\xB4\xEF\x80\xE5\xB9\x90\x00(\xC0" 400 150 "-" "-"
216.73.216.14 - - [19/Aug/2026:04:55:17 +0300] "GET /pin-ap-kazino-oficialnyy-sayt-igrat-v-onlayn-kazino-pin-up/ HTTP/2.0" 200 13226 "-" "Mozilla/5.0 AppleWebKit/537.36 (KHTML, like Gecko; compatible; ClaudeBot/1.0; +claudebot@anthropic.com)"
66.132.186.168 - - [19/Aug/2026:04:55:30 +0300] "GET /wiki HTTP/1.1" 301 162 "-" "Mozilla/5.0 (compatible; CensysInspect/1.1; +https://about.censys.io/)"
66.132.186.168 - - [19/Aug/2026:04:55:31 +0300] "\x16\x03\x01\x00\xEE\x01\x00\x00\xEA\x03\x03\x90s\x1Bo\xAC\xB8\x08\xEEF@WPXsH\x1C(>" 400 150 "-" "-"
216.73.216.14 - - [19/Aug/2026:04:55:47 +0300] "GET /test123123/ HTTP/2.0" 200 9964 "-" "Mozilla/5.0 AppleWebKit/537.36 (KHTML, like Gecko; compatible; ClaudeBot/1.0; +claudebot@anthropic.com)"
216.73.216.14 - - [19/Aug/2026:04:55:47 +0300] "GET /windows-subversiontortoisesvn-%d1%81%d1%80%d0%b0%d0%b2%d0%bd%d0%b5%d0%bd%d0%b8%d0%b5-%d0%b8-%d1%8d%d0%ba%d1%81%d0%bf%d0%be%d1%80%d1%82-%d0%b8%d0%b7%d0%bc%d0%b5%d0%bd%d0%b5%d0%bd%d0%b8%d0%b9-%d0%bc/ HTTP/2.0" 200 12678 "-" "Mozilla/5.0 AppleWebKit/537.36 (KHTML, like Gecko; compatible; ClaudeBot/1.0; +claudebot@anthropic.com)"
216.73.216.14 - - [19/Aug/2026:04:55:52 +0300] "GET /%d0%b8%d0%bd%d1%81%d1%82%d1%80%d1%83%d0%bc%d0%b5%d0%bd%d1%82%d1%8b-%d0%be%d0%b1%d0%b5%d1%81%d0%bf%d0%b5%d1%87%d0%b5%d0%bd%d0%b8%d0%b5-%d0%ba%d0%b0%d1%87%d0%b5%d1%81%d1%82%d0%b2%d0%b0-%d0%bf%d1%80/feed/ HTTP/2.0" 200 1260 "-" "Mozilla/5.0 AppleWebKit/537.36 (KHTML, like Gecko; compatible; ClaudeBot/1.0; +claudebot@anthropic.com)"
216.73.216.14 - - [19/Aug/2026:04:55:52 +0300] "GET /casinos-online-populares-en-mexico/ HTTP/2.0" 200 12719 "-" "Mozilla/5.0 AppleWebKit/537.36 (KHTML, like Gecko; compatible; ClaudeBot/1.0; +claudebot@anthropic.com)"
216.73.216.14 - - [19/Aug/2026:04:55:52 +0300] "GET /test123123-2/ HTTP/2.0" 200 10827 "-" "Mozilla/5.0 AppleWebKit/537.36 (KHTML, like Gecko; compatible; ClaudeBot/1.0; +claudebot@anthropic.com)"
216.73.216.14 - - [19/Aug/2026:04:56:20 +0300] "GET /pin-up-kazino-oficialnyy-sayt-pin-ap-vhod-na-zerkalo-2026/ HTTP/2.0" 200 13691 "-" "Mozilla/5.0 AppleWebKit/537.36 (KHTML, like Gecko; compatible; ClaudeBot/1.0; +claudebot@anthropic.com)"
216.73.216.14 - - [19/Aug/2026:04:56:34 +0300] "GET /jak-zdobyc-30-darmowych-spinow-w-mostbet-w-latwy-sposob/feed/ HTTP/2.0" 200 925 "-" "Mozilla/5.0 AppleWebKit/537.36 (KHTML, like Gecko; compatible; ClaudeBot/1.0; +claudebot@anthropic.com)"
216.73.216.14 - - [19/Aug/2026:04:56:34 +0300] "GET /10-luchshih-kazino-onlayn-2026-sravnenie-platform-i-bonusnyh-programm/ HTTP/2.0" 200 13538 "-" "Mozilla/5.0 AppleWebKit/537.36 (KHTML, like Gecko; compatible; ClaudeBot/1.0; +claudebot@anthropic.com)"
216.73.216.14 - - [19/Aug/2026:04:56:34 +0300] "GET /tag/acs/feed/ HTTP/2.0" 200 3334 "-" "Mozilla/5.0 AppleWebKit/537.36 (KHTML, like Gecko; compatible; ClaudeBot/1.0; +claudebot@anthropic.com)"
216.73.216.14 - - [19/Aug/2026:04:56:54 +0300] "GET /%d1%81%d0%be%d0%b7%d0%b4%d0%b0%d0%bd%d0%b8%d0%b5-%d1%81%d0%b0%d0%bc%d0%be%d0%bf%d0%be%d0%b4%d0%bf%d0%b8%d1%81%d0%b0%d0%bd%d0%bd%d0%be%d0%b3%d0%be-%d1%81%d0%b5%d1%80%d1%82%d0%b8%d1%84%d0%b8%d0%ba%d0%b0/feed/ HTTP/2.0" 200 1228 "-" "Mozilla/5.0 AppleWebKit/537.36 (KHTML, like Gecko; compatible; ClaudeBot/1.0; +claudebot@anthropic.com)"
50.6.207.27 - - [19/Aug/2026:04:57:15 +0300] "GET /wp-login.php HTTP/2.0" 200 3354 "-" "Mozilla/5.0 (Windows NT 10.0; Win64; x64) AppleWebKit/537.36 (KHTML, like Gecko) Chrome/151.0.0.0 Safari/537.36"
50.6.207.27 - - [19/Aug/2026:04:57:16 +0300] "POST /wp-login.php HTTP/2.0" 200 3503 "https://891rpm.com/wp-login.php" "Mozilla/5.0 (Windows NT 10.0; Win64; x64) AppleWebKit/537.36 (KHTML, like Gecko) Chrome/151.0.0.0 Safari/537.36"
216.73.216.14 - - [19/Aug/2026:04:57:39 +0300] "GET /1xbet-bd-official-website-1xbet-bangladesh-on-the-web-betting/feed/ HTTP/2.0" 200 938 "-" "Mozilla/5.0 AppleWebKit/537.36 (KHTML, like Gecko; compatible; ClaudeBot/1.0; +claudebot@anthropic.com)"
43.130.57.76 - - [19/Aug/2026:04:59:17 +0300] "GET /tag/wireshark/ HTTP/1.1" 200 12403 "-" "Mozilla/5.0 (iPhone; CPU iPhone OS 13_2_3 like Mac OS X) AppleWebKit/605.1.15 (KHTML, like Gecko) Version/13.0.3 Mobile/15E148 Safari/604.1"
145.239.195.42 - - [19/Aug/2026:04:59:56 +0300] "GET /%D0%A1%D0%B1%D1%80%D0%BE%D1%81-%D0%BF%D0%B0%D1%80%D0%BE%D0%BB%D1%8F-%D0%BD%D0%B0-cisco-2960/ HTTP/1.1" 200 13610 "-" "Mozilla/5.0 (compatible; MJ12bot/v1.4.8; http://mj12bot.com/)"
145.239.195.42 - - [19/Aug/2026:04:59:58 +0300] "GET /category/tech-articles/page/16/ HTTP/1.1" 200 34693 "-" "Mozilla/5.0 (compatible; MJ12bot/v1.4.8; http://mj12bot.com/)"
145.239.195.42 - - [19/Aug/2026:04:59:59 +0300] "GET /category/%D0%B1%D0%B5%D0%B7-%D1%80%D1%83%D0%B1%D1%80%D0%B8%D0%BA%D0%B8/page/12/ HTTP/1.1" 200 22449 "-" "Mozilla/5.0 (compatible; MJ12bot/v1.4.8; http://mj12bot.com/)"
145.239.195.42 - - [19/Aug/2026:05:00:01 +0300] "GET /category/%D0%B1%D0%B5%D0%B7-%D1%80%D1%83%D0%B1%D1%80%D0%B8%D0%BA%D0%B8/page/13/ HTTP/1.1" 200 21790 "-" "Mozilla/5.0 (compatible; MJ12bot/v1.4.8; http://mj12bot.com/)"
145.239.195.42 - - [19/Aug/2026:05:00:03 +0300] "GET /category/%D0%B1%D0%B5%D0%B7-%D1%80%D1%83%D0%B1%D1%80%D0%B8%D0%BA%D0%B8/page/14/ HTTP/1.1" 200 29428 "-" "Mozilla/5.0 (compatible; MJ12bot/v1.4.8; http://mj12bot.com/)"
145.239.195.42 - - [19/Aug/2026:05:00:05 +0300] "GET /category/%D0%B1%D0%B5%D0%B7-%D1%80%D1%83%D0%B1%D1%80%D0%B8%D0%BA%D0%B8/page/15/ HTTP/1.1" 200 41661 "-" "Mozilla/5.0 (compatible; MJ12bot/v1.4.8; http://mj12bot.com/)"
145.239.195.42 - - [19/Aug/2026:05:00:07 +0300] "GET /category/%D0%B1%D0%B5%D0%B7-%D1%80%D1%83%D0%B1%D1%80%D0%B8%D0%BA%D0%B8/page/16/ HTTP/1.1" 200 17932 "-" "Mozilla/5.0 (compatible; MJ12bot/v1.4.8; http://mj12bot.com/)"
145.239.195.42 - - [19/Aug/2026:05:00:09 +0300] "GET /category/%D0%B1%D0%B5%D0%B7-%D1%80%D1%83%D0%B1%D1%80%D0%B8%D0%BA%D0%B8/page/2/ HTTP/1.1" 200 39694 "-" "Mozilla/5.0 (compatible; MJ12bot/v1.4.8; http://mj12bot.com/)"
145.239.195.42 - - [19/Aug/2026:05:00:10 +0300] "GET /nuttcp-%D1%82%D0%B5%D1%81%D1%82%D0%B8%D1%80%D0%BE%D0%B2%D0%B0%D0%BD%D0%B8%D0%B5-%D0%BF%D1%80%D0%BE%D0%BF%D1%83%D1%81%D0%BA%D0%BD%D0%BE%D0%B9-%D1%81%D0%BF%D0%BE%D1%81%D0%BE%D0%B1%D0%BD%D0%BE%D1%81/ HTTP/1.1" 200 13199 "-" "Mozilla/5.0 (compatible; MJ12bot/v1.4.8; http://mj12bot.com/)"
145.239.195.42 - - [19/Aug/2026:05:00:12 +0300] "GET /nuttcp-%D1%82%D0%B5%D1%81%D1%82%D0%B8%D1%80%D0%BE%D0%B2%D0%B0%D0%BD%D0%B8%D0%B5-%D0%BF%D1%80%D0%BE%D0%BF%D1%83%D1%81%D0%BA%D0%BD%D0%BE%D0%B9-%D1%81%D0%BF%D0%BE%D1%81%D0%BE%D0%B1%D0%BD%D0%BE%D1%81/feed/ HTTP/1.1" 200 1240 "-" "Mozilla/5.0 (compatible; MJ12bot/v1.4.8; http://mj12bot.com/)"
145.239.195.42 - - [19/Aug/2026:05:00:14 +0300] "GET /proxy-%D1%81%D0%B5%D1%80%D0%B2%D0%B5%D1%80-ffproxy/ HTTP/1.1" 200 12009 "-" "Mozilla/5.0 (compatible; MJ12bot/v1.4.8; http://mj12bot.com/)"
145.239.195.42 - - [19/Aug/2026:05:00:15 +0300] "GET /remmina-rdpvnc-%D0%BA%D0%BB%D0%B8%D0%B5%D0%BD%D1%82/ HTTP/1.1" 200 11332 "-" "Mozilla/5.0 (compatible; MJ12bot/v1.4.8; http://mj12bot.com/)"
145.239.195.42 - - [19/Aug/2026:05:00:17 +0300] "GET /tag/%D0%BE%D1%80%D1%84%D0%BE%D0%B3%D1%80%D0%B0%D1%84%D0%B8%D1%8F/ HTTP/1.1" 200 13325 "-" "Mozilla/5.0 (compatible; MJ12bot/v1.4.8; http://mj12bot.com/)"
145.239.195.42 - - [19/Aug/2026:05:00:19 +0300] "GET /tag/%D1%82%D0%B0%D0%BC%D0%BE%D0%B6%D0%BD%D1%8F/ HTTP/1.1" 200 17101 "-" "Mozilla/5.0 (compatible; MJ12bot/v1.4.8; http://mj12bot.com/)"
145.239.195.42 - - [19/Aug/2026:05:00:20 +0300] "GET /wget-%D0%BB%D1%83%D1%87%D1%88%D0%B8%D0%B5-%D0%BF%D1%80%D0%B0%D0%BA%D1%82%D0%B8%D0%BA%D0%B8-%D0%B8%D1%81%D0%BF%D0%BE%D0%BB%D1%8C%D0%B7%D0%BE%D0%B2%D0%B0%D0%BD%D0%B8%D1%8F/ HTTP/1.1" 200 13074 "-" "Mozilla/5.0 (compatible; MJ12bot/v1.4.8; http://mj12bot.com/)"
145.239.195.42 - - [19/Aug/2026:05:00:22 +0300] "GET /%D0%B1%D0%B0%D0%B7%D0%BE%D0%B2%D1%8B%D0%B5-%D1%81%D1%82%D0%B8%D0%BB%D0%B8-%D0%B8-%D0%BF%D0%BE%D0%BB%D0%B5%D0%B7%D0%BD%D1%8B%D0%B5-css-%D1%81%D0%BD%D0%B8%D0%BF%D0%BF%D0%B5%D1%82%D1%8B/ HTTP/1.1" 200 15995 "-" "Mozilla/5.0 (compatible; MJ12bot/v1.4.8; http://mj12bot.com/)"
216.73.216.14 - - [19/Aug/2026:05:00:34 +0300] "GET /was-steckt-hinter-sportwetten-ohne-oase-fur-deutsche-spieler/feed/ HTTP/2.0" 200 937 "-" "Mozilla/5.0 AppleWebKit/537.36 (KHTML, like Gecko; compatible; ClaudeBot/1.0; +claudebot@anthropic.com)"
216.73.216.14 - - [19/Aug/2026:05:01:26 +0300] "GET /%d0%bf%d1%80%d0%b8%d0%bc%d0%b5%d1%80-%d0%bd%d0%b0%d1%81%d1%82%d1%80%d0%be%d0%b9%d0%ba%d0%b8-%d0%ba%d0%bb%d0%b0%d1%81%d1%81%d0%b8%d1%87%d0%b5%d1%81%d0%ba%d0%be%d0%b9-%d0%b0%d0%b2%d1%82%d0%be%d1%80/feed/ HTTP/2.0" 200 1235 "-" "Mozilla/5.0 AppleWebKit/537.36 (KHTML, like Gecko; compatible; ClaudeBot/1.0; +claudebot@anthropic.com)"
159.223.124.144 - - [19/Aug/2026:05:02:41 +0300] "GET /.git/config HTTP/1.1" 301 162 "-" "Mozilla/5.0 (X11; Linux x86_64) AppleWebKit/537.36 (KHTML, like Gecko) Chrome/81.0.4044.129 Safari/537.36"
196.245.53.229 - - [19/Aug/2026:05:02:43 +0300] "GET /wp-login.php HTTP/2.0" 200 3354 "-" "Mozilla/5.0 (Windows NT 10.0; Win64; x64) AppleWebKit/537.36 (KHTML, like Gecko) Chrome/151.0.0.0 Safari/537.36"
196.245.53.229 - - [19/Aug/2026:05:02:43 +0300] "POST /wp-login.php HTTP/2.0" 200 3503 "https://891rpm.com/wp-login.php" "Mozilla/5.0 (Windows NT 10.0; Win64; x64) AppleWebKit/537.36 (KHTML, like Gecko) Chrome/151.0.0.0 Safari/537.36"
66.249.76.136 - - [19/Aug/2026:05:03:32 +0300] "GET /shop/hot/trouble076000027.shtml HTTP/1.1" 404 11133 "-" "Mozilla/5.0 (Linux; Android 6.0.1; Nexus 5X Build/MMB29P) AppleWebKit/537.36 (KHTML, like Gecko) Chrome/151.0.7922.137 Mobile Safari/537.36 (compatible; Googlebot/2.1; +http://www.google.com/bot.html)"
106.54.62.156 - - [19/Aug/2026:05:03:36 +0300] "GET / HTTP/1.1" 301 162 "-" "Mozilla/5.0 (iPhone; CPU iPhone OS 13_2_3 like Mac OS X) AppleWebKit/605.1.15 (KHTML, like Gecko) Version/13.0.3 Mobile/15E148 Safari/604.1"
106.54.62.156 - - [19/Aug/2026:05:03:38 +0300] "GET / HTTP/1.1" 200 38538 "http://891rpm.com" "Mozilla/5.0 (iPhone; CPU iPhone OS 13_2_3 like Mac OS X) AppleWebKit/605.1.15 (KHTML, like Gecko) Version/13.0.3 Mobile/15E148 Safari/604.1"
51.68.107.156 - - [19/Aug/2026:05:04:52 +0300] "GET / HTTP/1.1" 200 38538 "-" "Mozilla/5.0 (compatible; MJ12bot/v2.0.5; http://mj12bot.com/)"
121.200.216.188 - - [19/Aug/2026:05:07:37 +0300] "GET /wp-login.php HTTP/2.0" 200 3354 "-" "Mozilla/5.0 (Windows NT 10.0; Win64; x64) AppleWebKit/537.36 (KHTML, like Gecko) Chrome/151.0.0.0 Safari/537.36"
121.200.216.188 - - [19/Aug/2026:05:07:37 +0300] "POST /wp-login.php HTTP/2.0" 200 3503 "https://891rpm.com/wp-login.php" "Mozilla/5.0 (Windows NT 10.0; Win64; x64) AppleWebKit/537.36 (KHTML, like Gecko) Chrome/151.0.0.0 Safari/537.36"
43.153.73.200 - - [19/Aug/2026:05:09:20 +0300] "GET /rtmp-%d1%81%d0%b5%d1%80%d0%b2%d0%b5%d1%80-%d0%bd%d0%b0-debian-linux/ HTTP/1.1" 200 11700 "-" "Mozilla/5.0 (iPhone; CPU iPhone OS 13_2_3 like Mac OS X) AppleWebKit/605.1.15 (KHTML, like Gecko) Version/13.0.3 Mobile/15E148 Safari/604.1"
114.119.134.152 - - [19/Aug/2026:05:10:26 +0300] "GET /sitemap866.xml HTTP/1.1" 404 11133 "-" "Mozilla/5.0 (Linux; Android 7.0;) AppleWebKit/537.36 (KHTML, like Gecko) Mobile Safari/537.36 (compatible; PetalBot;+https://webmaster.petalsearch.com/site/petalbot)"
132.243.19.70 - - [19/Aug/2026:05:10:52 +0300] "CONNECT 2ip.ru:443 HTTP/1.1" 405 150 "-" "curl/7.81.0"
132.243.19.70 - - [19/Aug/2026:05:10:52 +0300] "CONNECT ifconfig.me:443 HTTP/1.1" 405 150 "-" "curl/7.81.0"
132.243.19.70 - - [19/Aug/2026:05:10:52 +0300] "CONNECT httpbin.org:443 HTTP/1.1" 405 150 "-" "curl/7.81.0"
132.243.19.70 - - [19/Aug/2026:05:10:52 +0300] "CONNECT icanhazip.com:443 HTTP/1.1" 405 150 "-" "curl/7.81.0"
132.243.19.70 - - [19/Aug/2026:05:10:52 +0300] "CONNECT ipinfo.io:443 HTTP/1.1" 405 150 "-" "curl/7.81.0"
132.243.19.70 - - [19/Aug/2026:05:10:52 +0300] "CONNECT api.ipify.org:443 HTTP/1.1" 405 150 "-" "curl/7.81.0"
66.249.66.32 - - [19/Aug/2026:05:11:42 +0300] "GET /shop/poll/hot091000246.shtml HTTP/1.1" 404 11133 "-" "Mozilla/5.0 (Linux; Android 6.0.1; Nexus 5X Build/MMB29P) AppleWebKit/537.36 (KHTML, like Gecko) Chrome/151.0.7922.137 Mobile Safari/537.36 (compatible; Googlebot/2.1; +http://www.google.com/bot.html)"
52.205.113.104 - - [19/Aug/2026:05:12:30 +0300] "GET /html-codes-characters-and-symbols/ HTTP/1.1" 200 16248 "-" "Mozilla/5.0 AppleWebKit/537.36 (KHTML, like Gecko; compatible; Amazonbot/0.1; +https://developer.amazon.com/support/amazonbot) Chrome/119.0.6045.214 Safari/537.36"
43.230.201.87 - - [19/Aug/2026:05:12:34 +0300] "GET /wp-login.php HTTP/2.0" 200 3354 "-" "Mozilla/5.0 (Windows NT 10.0; Win64; x64) AppleWebKit/537.36 (KHTML, like Gecko) Chrome/151.0.0.0 Safari/537.36"
43.230.201.87 - - [19/Aug/2026:05:12:35 +0300] "POST /wp-login.php HTTP/2.0" 200 3503 "https://891rpm.com/wp-login.php" "Mozilla/5.0 (Windows NT 10.0; Win64; x64) AppleWebKit/537.36 (KHTML, like Gecko) Chrome/151.0.0.0 Safari/537.36"
82.26.28.194 - - [19/Aug/2026:05:13:53 +0300] "GET /tag/atm/ HTTP/1.1" 200 12963 "-" "Mozilla/5.0 (Macintosh; Intel Mac OS X 10_15_7) AppleWebKit/537.36 (KHTML, like Gecko) Chrome/104.0.0.0 Safari/537.36"
82.26.28.194 - - [19/Aug/2026:05:13:53 +0300] "GET /tag/awk/ HTTP/1.1" 200 11869 "-" "Mozilla/5.0 (Macintosh; Intel Mac OS X 10_15_7) AppleWebKit/537.36 (KHTML, like Gecko) Chrome/104.0.0.0 Safari/537.36"
82.26.28.194 - - [19/Aug/2026:05:13:53 +0300] "GET /lvs-rhel HTTP/1.1" 404 11133 "-" "Mozilla/5.0 (Macintosh; Intel Mac OS X 10_15_7) AppleWebKit/537.36 (KHTML, like Gecko) Chrome/104.0.0.0 Safari/537.36"
82.26.28.194 - - [19/Aug/2026:05:13:54 +0300] "GET /screen/ HTTP/1.1" 200 17257 "-" "Mozilla/5.0 (Macintosh; Intel Mac OS X 10_15_7) AppleWebKit/537.36 (KHTML, like Gecko) Chrome/104.0.0.0 Safari/537.36"
82.26.28.194 - - [19/Aug/2026:05:13:54 +0300] "GET /tag/red5/ HTTP/1.1" 200 14509 "-" "Mozilla/5.0 (Macintosh; Intel Mac OS X 10_15_7) AppleWebKit/537.36 (KHTML, like Gecko) Chrome/104.0.0.0 Safari/537.36"
82.26.28.194 - - [19/Aug/2026:05:13:54 +0300] "GET /tag/p2p/ HTTP/1.1" 200 14749 "-" "Mozilla/5.0 (Macintosh; Intel Mac OS X 10_15_7) AppleWebKit/537.36 (KHTML, like Gecko) Chrome/104.0.0.0 Safari/537.36"
82.26.28.194 - - [19/Aug/2026:05:13:54 +0300] "GET /tel:+79057717277 HTTP/1.1" 404 11133 "-" "Mozilla/5.0 (Macintosh; Intel Mac OS X 10_15_7) AppleWebKit/537.36 (KHTML, like Gecko) Chrome/104.0.0.0 Safari/537.36"
82.26.28.194 - - [19/Aug/2026:05:13:55 +0300] "GET /rtmp-%d1%81%d0%b5%d1%80%d0%b2%d0%b5%d1%80-%d0%bd%d0%b0-debian-linux/ HTTP/1.1" 200 11701 "-" "Mozilla/5.0 (Macintosh; Intel Mac OS X 10_15_7) AppleWebKit/537.36 (KHTML, like Gecko) Chrome/104.0.0.0 Safari/537.36"
82.26.28.194 - - [19/Aug/2026:05:13:55 +0300] "GET /tag/seagate/ HTTP/1.1" 200 26274 "-" "Mozilla/5.0 (Macintosh; Intel Mac OS X 10_15_7) AppleWebKit/537.36 (KHTML, like Gecko) Chrome/104.0.0.0 Safari/537.36"
82.26.28.194 - - [19/Aug/2026:05:13:55 +0300] "GET /glcyin-pinup-casino-mustri-dstyi-v-laqsi-2026-2/ HTTP/1.1" 200 13428 "-" "Mozilla/5.0 (Macintosh; Intel Mac OS X 10_15_7) AppleWebKit/537.36 (KHTML, like Gecko) Chrome/104.0.0.0 Safari/537.36"
27.121.100.211 - - [19/Aug/2026:05:14:18 +0300] "POST /xmlrpc.php HTTP/1.1" 200 459 "-" "WordPress.com; https://wordpress.com"
27.121.100.211 - - [19/Aug/2026:05:14:31 +0300] "POST /xmlrpc.php HTTP/1.1" 200 459 "-" "Jetpack by WordPress.com (Jetpack 13.0; WordPress 6.3)"
27.121.100.211 - - [19/Aug/2026:05:14:45 +0300] "POST /xmlrpc.php HTTP/1.1" 200 459 "-" "WordPress.com; https://wordpress.com"
27.121.100.211 - - [19/Aug/2026:05:14:58 +0300] "POST /xmlrpc.php HTTP/1.1" 200 459 "-" "WordPress.com; https://wordpress.com"
216.73.216.14 - - [19/Aug/2026:05:15:04 +0300] "GET /tag/as/feed/ HTTP/2.0" 200 2426 "-" "Mozilla/5.0 AppleWebKit/537.36 (KHTML, like Gecko; compatible; ClaudeBot/1.0; +claudebot@anthropic.com)"
27.121.100.211 - - [19/Aug/2026:05:15:11 +0300] "POST /xmlrpc.php HTTP/1.1" 200 459 "-" "Jetpack by WordPress.com (Jetpack 12.1; WordPress 6.1)"
27.121.100.211 - - [19/Aug/2026:05:15:24 +0300] "POST /xmlrpc.php HTTP/1.1" 200 459 "-" "Jetpack by WordPress.com (Jetpack 12.0; WordPress 6.2)"
27.121.100.211 - - [19/Aug/2026:05:15:37 +0300] "POST /xmlrpc.php HTTP/1.1" 200 459 "-" "Jetpack/13.0; WordPress/6.2; http://site72870623.com"
27.121.100.211 - - [19/Aug/2026:05:15:50 +0300] "POST /xmlrpc.php HTTP/1.1" 200 459 "-" "Jetpack by WordPress.com"
82.148.16.210 - - [19/Aug/2026:05:16:04 +0300] "POST /wp-cron.php?doing_wp_cron=1787105764.0566570758819580078125 HTTP/1.1" 499 0 "-" "WordPress/6.9.1; https://891rpm.com"
27.121.100.211 - - [19/Aug/2026:05:16:04 +0300] "POST /xmlrpc.php HTTP/1.1" 200 459 "-" "Jetpack/12.1; WordPress/6.1; http://site68358415.com"
27.121.100.211 - - [19/Aug/2026:05:16:17 +0300] "POST /xmlrpc.php HTTP/1.1" 200 459 "-" "WordPress.com; https://wordpress.com"
82.148.16.210 - - [19/Aug/2026:05:16:31 +0300] "POST /wp-cron.php?doing_wp_cron=1787105791.3140540122985839843750 HTTP/1.1" 499 0 "-" "WordPress/6.9.1; https://891rpm.com"
27.121.100.211 - - [19/Aug/2026:05:16:31 +0300] "POST /xmlrpc.php HTTP/1.1" 200 459 "-" "Jetpack by WordPress.com (Jetpack 12.1; WordPress 6.3)"
27.121.100.211 - - [19/Aug/2026:05:16:44 +0300] "POST /xmlrpc.php HTTP/1.1" 200 459 "-" "Jetpack/13.0; WordPress/6.1; http://site76308740.com"
27.121.100.211 - - [19/Aug/2026:05:16:57 +0300] "POST /xmlrpc.php HTTP/1.1" 200 459 "-" "Jetpack/12.5; WordPress/6.4; http://site25933752.com"
216.73.216.14 - - [19/Aug/2026:05:17:00 +0300] "GET /tag/bgp4/feed/ HTTP/2.0" 200 2430 "-" "Mozilla/5.0 AppleWebKit/537.36 (KHTML, like Gecko; compatible; ClaudeBot/1.0; +claudebot@anthropic.com)"
27.121.100.211 - - [19/Aug/2026:05:17:09 +0300] "POST /xmlrpc.php HTTP/1.1" 200 459 "-" "Jetpack/12.1; WordPress/6.1; http://site95201499.com"
27.121.100.211 - - [19/Aug/2026:05:17:23 +0300] "POST /xmlrpc.php HTTP/1.1" 200 459 "-" "WordPress.com; https://wordpress.com"
27.121.100.211 - - [19/Aug/2026:05:17:36 +0300] "POST /xmlrpc.php HTTP/1.1" 200 459 "-" "Jetpack/12.1; WordPress/6.4; http://site70306525.com"
27.121.100.211 - - [19/Aug/2026:05:17:50 +0300] "POST /xmlrpc.php HTTP/1.1" 200 459 "-" "Jetpack by WordPress.com"
103.56.163.133 - - [19/Aug/2026:05:17:56 +0300] "GET /wp-login.php HTTP/2.0" 200 3354 "-" "Mozilla/5.0 (Windows NT 10.0; Win64; x64) AppleWebKit/537.36 (KHTML, like Gecko) Chrome/151.0.0.0 Safari/537.36"
103.56.163.133 - - [19/Aug/2026:05:17:57 +0300] "POST /wp-login.php HTTP/2.0" 200 3503 "https://891rpm.com/wp-login.php" "Mozilla/5.0 (Windows NT 10.0; Win64; x64) AppleWebKit/537.36 (KHTML, like Gecko) Chrome/151.0.0.0 Safari/537.36"
27.121.100.211 - - [19/Aug/2026:05:18:03 +0300] "POST /xmlrpc.php HTTP/1.1" 200 459 "-" "Jetpack/12.5; WordPress/6.1; http://site76035212.com"
216.73.216.14 - - [19/Aug/2026:05:18:06 +0300] "GET /tag/feedburner/ HTTP/2.0" 200 12933 "-" "Mozilla/5.0 AppleWebKit/537.36 (KHTML, like Gecko; compatible; ClaudeBot/1.0; +claudebot@anthropic.com)"
216.73.216.14 - - [19/Aug/2026:05:18:16 +0300] "GET /tag/facebook/feed/ HTTP/2.0" 200 3093 "-" "Mozilla/5.0 AppleWebKit/537.36 (KHTML, like Gecko; compatible; ClaudeBot/1.0; +claudebot@anthropic.com)"
216.73.216.14 - - [19/Aug/2026:05:18:16 +0300] "GET /tag/mac/feed/ HTTP/2.0" 200 2381 "-" "Mozilla/5.0 AppleWebKit/537.36 (KHTML, like Gecko; compatible; ClaudeBot/1.0; +claudebot@anthropic.com)"
27.121.100.211 - - [19/Aug/2026:05:18:17 +0300] "POST /xmlrpc.php HTTP/1.1" 200 459 "-" "Jetpack by WordPress.com"
49.51.50.147 - - [19/Aug/2026:05:18:28 +0300] "GET /jak-szybko-zalozyc-konto-na-vavada-online/ HTTP/1.1" 200 13990 "-" "Mozilla/5.0 (iPhone; CPU iPhone OS 13_2_3 like Mac OS X) AppleWebKit/605.1.15 (KHTML, like Gecko) Version/13.0.3 Mobile/15E148 Safari/604.1"
27.121.100.211 - - [19/Aug/2026:05:18:31 +0300] "POST /xmlrpc.php HTTP/1.1" 200 459 "-" "Jetpack/12.0; WordPress/6.1; http://site26766692.com"
27.121.100.211 - - [19/Aug/2026:05:18:44 +0300] "POST /xmlrpc.php HTTP/1.1" 200 459 "-" "WordPress.com; https://wordpress.com"
27.121.100.211 - - [19/Aug/2026:05:18:57 +0300] "POST /xmlrpc.php HTTP/1.1" 200 459 "-" "Jetpack/12.1; WordPress/6.4; http://site85803110.com"
216.73.216.14 - - [19/Aug/2026:05:19:00 +0300] "GET /tag/reset/feed/ HTTP/2.0" 200 3261 "-" "Mozilla/5.0 AppleWebKit/537.36 (KHTML, like Gecko; compatible; ClaudeBot/1.0; +claudebot@anthropic.com)"
27.121.100.211 - - [19/Aug/2026:05:19:10 +0300] "POST /xmlrpc.php HTTP/1.1" 200 459 "-" "WordPress.com; https://wordpress.com"
27.121.100.211 - - [19/Aug/2026:05:19:23 +0300] "POST /xmlrpc.php HTTP/1.1" 200 459 "-" "WordPress.com; https://wordpress.com"
