42.193.171.36 - - [19/Aug/2026:05:57:19 +0300] "HEAD / HTTP/1.1" 200 0 "https://m.baidu.com/s?word=www.qgxsyg.cn" "Mozilla/5.0 (Linux; U; Android 7.1.1; zh-CN; OPPO R11s Build/NMF26X) AppleWebKit/537.36 (KHTML, like Gecko) Version/4.0 Chrome/57.0.2987.108 UCBrowser/11.8.8.968 UWS/2.13.1.10 Mobile Safari/537.36 AliApp(TB/7.7.4) UCBS/2.11.1.1 TTID/231200@taobao_android_7.7.4 WindVane/8.3.0 1080X2016"
27.121.100.211 - - [19/Aug/2026:05:57:29 +0300] "POST /xmlrpc.php HTTP/1.1" 200 459 "-" "Jetpack by WordPress.com (Jetpack 12.5; WordPress 6.4)"
34.238.45.183 - - [19/Aug/2026:05:57:30 +0300] "GET /tag/s-m-a-r-t/ HTTP/1.1" 200 16704 "-" "Mozilla/5.0 AppleWebKit/537.36 (KHTML, like Gecko; compatible; Amazonbot/0.1; +https://developer.amazon.com/support/amazonbot) Chrome/119.0.6045.214 Safari/537.36"
27.121.100.211 - - [19/Aug/2026:05:57:40 +0300] "POST /xmlrpc.php HTTP/1.1" 200 459 "-" "Jetpack/12.5; WordPress/6.4; http://site77971858.com"
27.121.100.211 - - [19/Aug/2026:05:57:50 +0300] "POST /xmlrpc.php HTTP/1.1" 200 459 "-" "WordPress.com; https://wordpress.com"
27.121.100.211 - - [19/Aug/2026:05:58:01 +0300] "POST /xmlrpc.php HTTP/1.1" 200 459 "-" "Jetpack by WordPress.com"
18.215.77.19 - - [19/Aug/2026:05:58:02 +0300] "GET /tag/ps/ HTTP/1.1" 200 11116 "-" "Mozilla/5.0 AppleWebKit/537.36 (KHTML, like Gecko; compatible; Amazonbot/0.1; +https://developer.amazon.com/support/amazonbot) Chrome/119.0.6045.214 Safari/537.36"
50.19.221.48 - - [19/Aug/2026:05:58:06 +0300] "GET /wp-json/wp/v2/tags/882 HTTP/1.1" 200 299 "-" "Mozilla/5.0 AppleWebKit/537.36 (KHTML, like Gecko; compatible; Amazonbot/0.1; +https://developer.amazon.com/support/amazonbot) Chrome/119.0.6045.214 Safari/537.36"
27.121.100.211 - - [19/Aug/2026:05:58:12 +0300] "POST /xmlrpc.php HTTP/1.1" 200 459 "-" "WordPress.com; https://wordpress.com"
5.61.209.44 - - [19/Aug/2026:05:58:15 +0300] "GET /SDK/webLanguage HTTP/1.1" 301 162 "-" "Mozilla/5.0 (Windows NT 10.0; Win64; x64) AppleWebKit/537.36 (KHTML, like Gecko) Chrome/90.0.4430.85 Safari/537.36 Edg/90.0.818.46"
27.121.100.211 - - [19/Aug/2026:05:58:22 +0300] "POST /xmlrpc.php HTTP/1.1" 200 459 "-" "Jetpack by WordPress.com"
27.121.100.211 - - [19/Aug/2026:05:58:33 +0300] "POST /xmlrpc.php HTTP/1.1" 200 459 "-" "Jetpack by WordPress.com"
27.121.100.211 - - [19/Aug/2026:05:58:44 +0300] "POST /xmlrpc.php HTTP/1.1" 200 459 "-" "WordPress.com; https://wordpress.com"
27.121.100.211 - - [19/Aug/2026:05:58:55 +0300] "POST /xmlrpc.php HTTP/1.1" 200 459 "-" "Jetpack/13.0; WordPress/6.2; http://site55124756.com"
216.244.66.230 - - [19/Aug/2026:05:59:02 +0300] "GET /fgfox-casino-nederland-the-best-live-dealer-games/feed/ HTTP/1.1" 200 915 "-" "Mozilla/5.0 (compatible; DotBot/1.2; +https://opensiteexplorer.org/dotbot; help@moz.com)"
27.121.100.211 - - [19/Aug/2026:05:59:05 +0300] "POST /xmlrpc.php HTTP/1.1" 200 459 "-" "Jetpack/12.1; WordPress/6.1; http://site12944805.com"
27.121.100.211 - - [19/Aug/2026:05:59:16 +0300] "POST /xmlrpc.php HTTP/1.1" 200 459 "-" "Jetpack by WordPress.com (Jetpack 12.0; WordPress 6.1)"
27.121.100.211 - - [19/Aug/2026:05:59:27 +0300] "POST /xmlrpc.php HTTP/1.1" 200 459 "-" "WordPress.com; https://wordpress.com"
27.121.100.211 - - [19/Aug/2026:05:59:38 +0300] "POST /xmlrpc.php HTTP/1.1" 200 459 "-" "Jetpack/12.0; WordPress/6.2; http://site40103332.com"
27.121.100.211 - - [19/Aug/2026:05:59:48 +0300] "POST /xmlrpc.php HTTP/1.1" 200 459 "-" "Jetpack by WordPress.com (Jetpack 13.0; WordPress 6.1)"
27.121.100.211 - - [19/Aug/2026:05:59:59 +0300] "POST /xmlrpc.php HTTP/1.1" 200 459 "-" "Jetpack/13.0; WordPress/6.3; http://site38445119.com"
27.121.100.211 - - [19/Aug/2026:06:00:10 +0300] "POST /xmlrpc.php HTTP/1.1" 200 459 "-" "Jetpack by WordPress.com (Jetpack 12.5; WordPress 6.4)"
27.121.100.211 - - [19/Aug/2026:06:00:21 +0300] "POST /xmlrpc.php HTTP/1.1" 200 459 "-" "WordPress.com; https://wordpress.com"
27.121.100.211 - - [19/Aug/2026:06:00:31 +0300] "POST /xmlrpc.php HTTP/1.1" 200 459 "-" "Jetpack/12.5; WordPress/6.2; http://site57836120.com"
27.121.100.211 - - [19/Aug/2026:06:00:42 +0300] "POST /xmlrpc.php HTTP/1.1" 200 459 "-" "Jetpack by WordPress.com"
27.121.100.211 - - [19/Aug/2026:06:00:53 +0300] "POST /xmlrpc.php HTTP/1.1" 200 459 "-" "WordPress.com; https://wordpress.com"
69.30.231.90 - - [19/Aug/2026:06:01:01 +0300] "GET /wp-login.php HTTP/2.0" 200 3354 "-" "Mozilla/5.0 (Windows NT 10.0; Win64; x64) AppleWebKit/537.36 (KHTML, like Gecko) Chrome/151.0.0.0 Safari/537.36"
69.30.231.90 - - [19/Aug/2026:06:01:01 +0300] "POST /wp-login.php HTTP/2.0" 200 3503 "https://891rpm.com/wp-login.php" "Mozilla/5.0 (Windows NT 10.0; Win64; x64) AppleWebKit/537.36 (KHTML, like Gecko) Chrome/151.0.0.0 Safari/537.36"
27.121.100.211 - - [19/Aug/2026:06:01:03 +0300] "POST /xmlrpc.php HTTP/1.1" 200 459 "-" "Jetpack by WordPress.com (Jetpack 13.0; WordPress 6.2)"
216.244.66.230 - - [19/Aug/2026:06:01:06 +0300] "GET /tag/exiv2/feed/ HTTP/1.1" 200 3324 "-" "Mozilla/5.0 (compatible; DotBot/1.2; +https://opensiteexplorer.org/dotbot; help@moz.com)"
27.121.100.211 - - [19/Aug/2026:06:01:14 +0300] "POST /xmlrpc.php HTTP/1.1" 200 459 "-" "Jetpack/12.0; WordPress/6.1; http://site95713193.com"
27.121.100.211 - - [19/Aug/2026:06:01:25 +0300] "POST /xmlrpc.php HTTP/1.1" 200 459 "-" "Jetpack/12.5; WordPress/6.3; http://site26406226.com"
27.121.100.211 - - [19/Aug/2026:06:01:35 +0300] "POST /xmlrpc.php HTTP/1.1" 200 459 "-" "WordPress.com; https://wordpress.com"
27.121.100.211 - - [19/Aug/2026:06:01:46 +0300] "POST /xmlrpc.php HTTP/1.1" 200 459 "-" "Jetpack by WordPress.com (Jetpack 12.0; WordPress 6.1)"
27.121.100.211 - - [19/Aug/2026:06:01:57 +0300] "POST /xmlrpc.php HTTP/1.1" 200 459 "-" "Jetpack by WordPress.com"
27.121.100.211 - - [19/Aug/2026:06:02:07 +0300] "POST /xmlrpc.php HTTP/1.1" 200 459 "-" "WordPress.com; https://wordpress.com"
27.121.100.211 - - [19/Aug/2026:06:02:18 +0300] "POST /xmlrpc.php HTTP/1.1" 200 459 "-" "WordPress.com; https://wordpress.com"
27.121.100.211 - - [19/Aug/2026:06:02:28 +0300] "POST /xmlrpc.php HTTP/1.1" 200 459 "-" "Jetpack/12.1; WordPress/6.1; http://site20958210.com"
27.121.100.211 - - [19/Aug/2026:06:02:45 +0300] "POST /xmlrpc.php HTTP/1.1" 499 0 "-" "Jetpack by WordPress.com"
27.121.100.211 - - [19/Aug/2026:06:02:50 +0300] "POST /xmlrpc.php HTTP/1.1" 200 459 "-" "Jetpack by WordPress.com"
27.121.100.211 - - [19/Aug/2026:06:03:00 +0300] "POST /xmlrpc.php HTTP/1.1" 200 459 "-" "Jetpack/12.5; WordPress/6.4; http://site55892687.com"
27.121.100.211 - - [19/Aug/2026:06:03:17 +0300] "POST /xmlrpc.php HTTP/1.1" 499 0 "-" "Jetpack by WordPress.com (Jetpack 12.0; WordPress 6.4)"
27.121.100.211 - - [19/Aug/2026:06:03:22 +0300] "POST /xmlrpc.php HTTP/1.1" 200 459 "-" "WordPress.com; https://wordpress.com"
27.121.100.211 - - [19/Aug/2026:06:03:32 +0300] "POST /xmlrpc.php HTTP/1.1" 200 459 "-" "WordPress.com; https://wordpress.com"
27.121.100.211 - - [19/Aug/2026:06:03:43 +0300] "POST /xmlrpc.php HTTP/1.1" 200 459 "-" "Jetpack by WordPress.com"
216.73.216.14 - - [19/Aug/2026:06:03:44 +0300] "GET /tag/exif/feed/ HTTP/2.0" 200 3310 "-" "Mozilla/5.0 AppleWebKit/537.36 (KHTML, like Gecko; compatible; ClaudeBot/1.0; +claudebot@anthropic.com)"
27.121.100.211 - - [19/Aug/2026:06:03:53 +0300] "POST /xmlrpc.php HTTP/1.1" 200 459 "-" "WordPress.com; https://wordpress.com"
27.121.100.211 - - [19/Aug/2026:06:04:04 +0300] "POST /xmlrpc.php HTTP/1.1" 200 459 "-" "Jetpack by WordPress.com (Jetpack 13.0; WordPress 6.3)"
27.121.100.211 - - [19/Aug/2026:06:04:15 +0300] "POST /xmlrpc.php HTTP/1.1" 200 459 "-" "Jetpack/13.0; WordPress/6.2; http://site25399799.com"
66.249.76.136 - - [19/Aug/2026:06:04:18 +0300] "GET /shop/clearly/pan018000975.shtml HTTP/1.1" 404 11133 "-" "Mozilla/5.0 (Linux; Android 6.0.1; Nexus 5X Build/MMB29P) AppleWebKit/537.36 (KHTML, like Gecko) Chrome/151.0.7922.137 Mobile Safari/537.36 (compatible; Googlebot/2.1; +http://www.google.com/bot.html)"
27.121.100.211 - - [19/Aug/2026:06:04:26 +0300] "POST /xmlrpc.php HTTP/1.1" 200 459 "-" "Jetpack by WordPress.com"
27.121.100.211 - - [19/Aug/2026:06:04:42 +0300] "POST /xmlrpc.php HTTP/1.1" 499 0 "-" "Jetpack by WordPress.com (Jetpack 12.1; WordPress 6.2)"
27.121.100.211 - - [19/Aug/2026:06:04:48 +0300] "POST /xmlrpc.php HTTP/1.1" 200 459 "-" "Jetpack by WordPress.com (Jetpack 12.1; WordPress 6.4)"
27.121.100.211 - - [19/Aug/2026:06:04:57 +0300] "POST /xmlrpc.php HTTP/1.1" 200 459 "-" "Jetpack by WordPress.com"
27.121.100.211 - - [19/Aug/2026:06:05:14 +0300] "POST /xmlrpc.php HTTP/1.1" 499 0 "-" "WordPress.com; https://wordpress.com"
27.121.100.211 - - [19/Aug/2026:06:05:20 +0300] "POST /xmlrpc.php HTTP/1.1" 200 459 "-" "WordPress.com; https://wordpress.com"
27.121.100.211 - - [19/Aug/2026:06:05:30 +0300] "POST /xmlrpc.php HTTP/1.1" 200 459 "-" "Jetpack/12.5; WordPress/6.4; http://site45947568.com"
114.119.155.44 - - [19/Aug/2026:06:05:30 +0300] "GET /sitemap801.xml HTTP/1.1" 404 11133 "-" "Mozilla/5.0 (Linux; Android 7.0;) AppleWebKit/537.36 (KHTML, like Gecko) Mobile Safari/537.36 (compatible; PetalBot;+https://webmaster.petalsearch.com/site/petalbot)"
216.73.216.14 - - [19/Aug/2026:06:05:41 +0300] "GET /tag/rss/feed/ HTTP/2.0" 301 6 "-" "Mozilla/5.0 AppleWebKit/537.36 (KHTML, like Gecko; compatible; ClaudeBot/1.0; +claudebot@anthropic.com)"
27.121.100.211 - - [19/Aug/2026:06:05:41 +0300] "POST /xmlrpc.php HTTP/1.1" 200 459 "-" "WordPress.com; https://wordpress.com"
216.73.216.14 - - [19/Aug/2026:06:05:41 +0300] "GET /tag/feed/ HTTP/2.0" 404 11120 "https://891rpm.com/tag/rss/feed/" "Mozilla/5.0 AppleWebKit/537.36 (KHTML, like Gecko; compatible; ClaudeBot/1.0; +claudebot@anthropic.com)"
27.121.100.211 - - [19/Aug/2026:06:05:51 +0300] "POST /xmlrpc.php HTTP/1.1" 200 459 "-" "Jetpack by WordPress.com"
27.121.100.211 - - [19/Aug/2026:06:06:02 +0300] "POST /xmlrpc.php HTTP/1.1" 200 459 "-" "Jetpack by WordPress.com"
194.164.192.228 - - [19/Aug/2026:06:06:02 +0300] "GET /wp-login.php HTTP/2.0" 200 3354 "-" "Mozilla/5.0 (Windows NT 10.0; Win64; x64) AppleWebKit/537.36 (KHTML, like Gecko) Chrome/151.0.0.0 Safari/537.36"
216.73.216.14 - - [19/Aug/2026:06:06:02 +0300] "GET /page/7/ HTTP/2.0" 200 35477 "-" "Mozilla/5.0 AppleWebKit/537.36 (KHTML, like Gecko; compatible; ClaudeBot/1.0; +claudebot@anthropic.com)"
194.164.192.228 - - [19/Aug/2026:06:06:03 +0300] "POST /wp-login.php HTTP/2.0" 200 3503 "https://891rpm.com/wp-login.php" "Mozilla/5.0 (Windows NT 10.0; Win64; x64) AppleWebKit/537.36 (KHTML, like Gecko) Chrome/151.0.0.0 Safari/537.36"
216.73.216.14 - - [19/Aug/2026:06:06:03 +0300] "GET /tag/feedburner/feed/ HTTP/2.0" 200 2872 "-" "Mozilla/5.0 AppleWebKit/537.36 (KHTML, like Gecko; compatible; ClaudeBot/1.0; +claudebot@anthropic.com)"
27.121.100.211 - - [19/Aug/2026:06:06:12 +0300] "POST /xmlrpc.php HTTP/1.1" 200 459 "-" "Jetpack by WordPress.com (Jetpack 12.0; WordPress 6.1)"
27.121.100.211 - - [19/Aug/2026:06:06:23 +0300] "POST /xmlrpc.php HTTP/1.1" 200 459 "-" "Jetpack/12.5; WordPress/6.3; http://site60631482.com"
27.121.100.211 - - [19/Aug/2026:06:06:33 +0300] "POST /xmlrpc.php HTTP/1.1" 200 459 "-" "Jetpack by WordPress.com"
27.121.100.211 - - [19/Aug/2026:06:06:44 +0300] "POST /xmlrpc.php HTTP/1.1" 200 459 "-" "WordPress.com; https://wordpress.com"
216.73.216.14 - - [19/Aug/2026:06:06:45 +0300] "GET /casino-online-non-aams-an-overview-of-betting-options/ HTTP/2.0" 200 13311 "-" "Mozilla/5.0 AppleWebKit/537.36 (KHTML, like Gecko; compatible; ClaudeBot/1.0; +claudebot@anthropic.com)"
27.121.100.211 - - [19/Aug/2026:06:06:55 +0300] "POST /xmlrpc.php HTTP/1.1" 200 459 "-" "Jetpack/12.0; WordPress/6.2; http://site85059639.com"
27.121.100.211 - - [19/Aug/2026:06:07:05 +0300] "POST /xmlrpc.php HTTP/1.1" 200 459 "-" "Jetpack by WordPress.com (Jetpack 12.0; WordPress 6.3)"
216.73.216.14 - - [19/Aug/2026:06:07:10 +0300] "GET /tag/canon-eos-7d/feed/ HTTP/2.0" 200 3326 "-" "Mozilla/5.0 AppleWebKit/537.36 (KHTML, like Gecko; compatible; ClaudeBot/1.0; +claudebot@anthropic.com)"
27.121.100.211 - - [19/Aug/2026:06:07:15 +0300] "POST /xmlrpc.php HTTP/1.1" 200 459 "-" "Jetpack by WordPress.com (Jetpack 13.0; WordPress 6.1)"
27.121.100.211 - - [19/Aug/2026:06:07:26 +0300] "POST /xmlrpc.php HTTP/1.1" 200 459 "-" "Jetpack/12.0; WordPress/6.4; http://site59386131.com"
216.73.216.14 - - [19/Aug/2026:06:07:58 +0300] "GET /tag/fping/feed/ HTTP/2.0" 200 2622 "-" "Mozilla/5.0 AppleWebKit/537.36 (KHTML, like Gecko; compatible; ClaudeBot/1.0; +claudebot@anthropic.com)"
216.73.216.14 - - [19/Aug/2026:06:08:14 +0300] "GET /tag/csrf/feed/ HTTP/2.0" 200 2306 "-" "Mozilla/5.0 AppleWebKit/537.36 (KHTML, like Gecko; compatible; ClaudeBot/1.0; +claudebot@anthropic.com)"
216.73.216.14 - - [19/Aug/2026:06:08:14 +0300] "GET /tag/cr2/feed/ HTTP/2.0" 200 3308 "-" "Mozilla/5.0 AppleWebKit/537.36 (KHTML, like Gecko; compatible; ClaudeBot/1.0; +claudebot@anthropic.com)"
216.73.216.14 - - [19/Aug/2026:06:08:28 +0300] "GET /tag/ci/feed/ HTTP/2.0" 200 2302 "-" "Mozilla/5.0 AppleWebKit/537.36 (KHTML, like Gecko; compatible; ClaudeBot/1.0; +claudebot@anthropic.com)"
66.249.76.135 - - [19/Aug/2026:06:08:37 +0300] "GET /shopdetail/trash/044000166 HTTP/1.1" 404 11133 "-" "Mozilla/5.0 (Linux; Android 6.0.1; Nexus 5X Build/MMB29P) AppleWebKit/537.36 (KHTML, like Gecko) Chrome/151.0.7922.137 Mobile Safari/537.36 (compatible; Googlebot/2.1; +http://www.google.com/bot.html)"
216.73.216.14 - - [19/Aug/2026:06:09:14 +0300] "GET /mostbet-az-bukmeker-ve-kazino-mostbet-giris-r-smi-sayt/feed/ HTTP/2.0" 200 935 "-" "Mozilla/5.0 AppleWebKit/537.36 (KHTML, like Gecko; compatible; ClaudeBot/1.0; +claudebot@anthropic.com)"
216.73.216.14 - - [19/Aug/2026:06:09:14 +0300] "GET /tag/webhook/feed/ HTTP/2.0" 200 2312 "-" "Mozilla/5.0 AppleWebKit/537.36 (KHTML, like Gecko; compatible; ClaudeBot/1.0; +claudebot@anthropic.com)"
43.154.127.188 - - [19/Aug/2026:06:09:46 +0300] "GET /wp-json/oembed/1.0/embed?url=https%3A%2F%2F891rpm.com%2Frtmp-%25d1%2581%25d0%25b5%25d1%2580%25d0%25b2%25d0%25b5%25d1%2580-%25d0%25bd%25d0%25b0-debian-linux%2F HTTP/1.1" 200 1176 "-" "Mozilla/5.0 (iPhone; CPU iPhone OS 13_2_3 like Mac OS X) AppleWebKit/605.1.15 (KHTML, like Gecko) Version/13.0.3 Mobile/15E148 Safari/604.1"
216.73.216.14 - - [19/Aug/2026:06:10:31 +0300] "GET /tag/exiv2/feed/ HTTP/2.0" 200 3312 "-" "Mozilla/5.0 AppleWebKit/537.36 (KHTML, like Gecko; compatible; ClaudeBot/1.0; +claudebot@anthropic.com)"
216.73.216.14 - - [19/Aug/2026:06:10:49 +0300] "GET /sadan-finder-du-casino-online-uden-om-rufus-let/ HTTP/2.0" 200 13346 "-" "Mozilla/5.0 AppleWebKit/537.36 (KHTML, like Gecko; compatible; ClaudeBot/1.0; +claudebot@anthropic.com)"
89.185.225.24 - - [19/Aug/2026:06:11:04 +0300] "GET /wp-login.php HTTP/2.0" 200 3354 "-" "Mozilla/5.0 (Windows NT 10.0; Win64; x64) AppleWebKit/537.36 (KHTML, like Gecko) Chrome/151.0.0.0 Safari/537.36"
89.185.225.24 - - [19/Aug/2026:06:11:05 +0300] "POST /wp-login.php HTTP/2.0" 200 3503 "https://891rpm.com/wp-login.php" "Mozilla/5.0 (Windows NT 10.0; Win64; x64) AppleWebKit/537.36 (KHTML, like Gecko) Chrome/151.0.0.0 Safari/537.36"
216.73.216.14 - - [19/Aug/2026:06:12:11 +0300] "GET /tag/jenkins/feed/ HTTP/2.0" 200 2312 "-" "Mozilla/5.0 AppleWebKit/537.36 (KHTML, like Gecko; compatible; ClaudeBot/1.0; +claudebot@anthropic.com)"
216.73.216.14 - - [19/Aug/2026:06:12:52 +0300] "GET /jak-najit-nejnovejsi-nabidky-30-volnych-otoceni-mostbet/ HTTP/2.0" 200 13451 "-" "Mozilla/5.0 AppleWebKit/537.36 (KHTML, like Gecko; compatible; ClaudeBot/1.0; +claudebot@anthropic.com)"
216.73.216.14 - - [19/Aug/2026:06:13:48 +0300] "GET /krok-po-kroku-bonusy-oferowane-przez-mostbet-kasyno-dla-kazdego/feed/ HTTP/2.0" 200 946 "-" "Mozilla/5.0 AppleWebKit/537.36 (KHTML, like Gecko; compatible; ClaudeBot/1.0; +claudebot@anthropic.com)"
216.73.216.14 - - [19/Aug/2026:06:13:48 +0300] "GET /tag/gitlab/feed/ HTTP/2.0" 200 2310 "-" "Mozilla/5.0 AppleWebKit/537.36 (KHTML, like Gecko; compatible; ClaudeBot/1.0; +claudebot@anthropic.com)"
216.73.216.14 - - [19/Aug/2026:06:13:48 +0300] "GET /tag/devops/feed/ HTTP/2.0" 200 2310 "-" "Mozilla/5.0 AppleWebKit/537.36 (KHTML, like Gecko; compatible; ClaudeBot/1.0; +claudebot@anthropic.com)"
216.73.216.14 - - [19/Aug/2026:06:14:00 +0300] "GET /tag/tasks/feed/ HTTP/2.0" 200 2051 "-" "Mozilla/5.0 AppleWebKit/537.36 (KHTML, like Gecko; compatible; ClaudeBot/1.0; +claudebot@anthropic.com)"
216.73.216.14 - - [19/Aug/2026:06:14:32 +0300] "GET /znaczenieopinie-klientow-w-mostbet-polska/feed/ HTTP/2.0" 200 879 "-" "Mozilla/5.0 AppleWebKit/537.36 (KHTML, like Gecko; compatible; ClaudeBot/1.0; +claudebot@anthropic.com)"
216.73.216.14 - - [19/Aug/2026:06:14:53 +0300] "GET /beliebte-sportarten-der-deutschen-und-ihre-wettmoglichkeiten-ohne-oasis/ HTTP/2.0" 200 13196 "-" "Mozilla/5.0 AppleWebKit/537.36 (KHTML, like Gecko; compatible; ClaudeBot/1.0; +claudebot@anthropic.com)"
78.109.78.211 - - [19/Aug/2026:06:15:23 +0300] "POST / HTTP/2.0" 200 38503 "-" "Mozilla/5.0 (Windows NT 10.0; Win64; x64) AppleWebKit/537.36 (KHTML, like Gecko) Chrome/60.0.3112.113 Safari/537.36 Assetnote/1.0.0"
78.109.78.211 - - [19/Aug/2026:06:15:23 +0300] "HEAD / HTTP/2.0" 301 0 "-" "Go-http-client/2.0"
78.109.78.211 - - [19/Aug/2026:06:15:23 +0300] "POST / HTTP/2.0" 200 38503 "-" "Mozilla/5.0 (Windows NT 10.0; Win64; x64) AppleWebKit/537.36 (KHTML, like Gecko) Chrome/60.0.3112.113 Safari/537.36 Assetnote/1.0.0"
78.109.78.211 - - [19/Aug/2026:06:15:25 +0300] "HEAD / HTTP/2.0" 301 0 "-" "Go-http-client/2.0"
216.73.216.14 - - [19/Aug/2026:06:15:25 +0300] "GET /problemy-s-rekvizitami-onlain-kazino-pinko-i-vashi-dannye/ HTTP/2.0" 200 14141 "-" "Mozilla/5.0 AppleWebKit/537.36 (KHTML, like Gecko; compatible; ClaudeBot/1.0; +claudebot@anthropic.com)"
216.73.216.14 - - [19/Aug/2026:06:15:26 +0300] "GET /tag/makefile/feed/ HTTP/2.0" 200 2057 "-" "Mozilla/5.0 AppleWebKit/537.36 (KHTML, like Gecko; compatible; ClaudeBot/1.0; +claudebot@anthropic.com)"
82.148.16.210 - - [19/Aug/2026:06:16:09 +0300] "POST /wp-cron.php?doing_wp_cron=1787109369.7665290832519531250000 HTTP/1.1" 499 0 "-" "WordPress/6.9.1; https://891rpm.com"
185.6.9.128 - - [19/Aug/2026:06:16:09 +0300] "GET /wp-login.php HTTP/2.0" 200 3354 "-" "Mozilla/5.0 (Windows NT 10.0; Win64; x64) AppleWebKit/537.36 (KHTML, like Gecko) Chrome/151.0.0.0 Safari/537.36"
185.6.9.128 - - [19/Aug/2026:06:16:11 +0300] "POST /wp-login.php HTTP/2.0" 200 3503 "https://891rpm.com/wp-login.php" "Mozilla/5.0 (Windows NT 10.0; Win64; x64) AppleWebKit/537.36 (KHTML, like Gecko) Chrome/151.0.0.0 Safari/537.36"
82.148.16.210 - - [19/Aug/2026:06:16:32 +0300] "POST /wp-cron.php?doing_wp_cron=1787109392.6148459911346435546875 HTTP/1.1" 499 0 "-" "WordPress/6.9.1; https://891rpm.com"
114.119.131.93 - - [19/Aug/2026:06:16:32 +0300] "GET /sitemap8.xml HTTP/1.1" 404 11133 "-" "Mozilla/5.0 (Linux; Android 7.0;) AppleWebKit/537.36 (KHTML, like Gecko) Mobile Safari/537.36 (compatible; PetalBot;+https://webmaster.petalsearch.com/site/petalbot)"
216.73.216.14 - - [19/Aug/2026:06:16:47 +0300] "GET /category/tech-articles/page/6/ HTTP/2.0" 200 83884 "-" "Mozilla/5.0 AppleWebKit/537.36 (KHTML, like Gecko; compatible; ClaudeBot/1.0; +claudebot@anthropic.com)"
204.12.208.18 - - [19/Aug/2026:06:17:15 +0300] "GET /0b793/index.php HTTP/1.1" 301 16 "https://891rpm.com/0b793/index.php" "Mozilla/5.0 (Macintosh; U; Intel Mac OS X 10_5_3; ja-jp) AppleWebKit/525.18 (KHTML, like Gecko) Version/3.1.1 Safari/525.20"
204.12.208.18 - - [19/Aug/2026:06:17:15 +0300] "GET /0b793/ HTTP/1.1" 404 11133 "-" "Mozilla/5.0 (Macintosh; U; Intel Mac OS X 10_5_3; ja-jp) AppleWebKit/525.18 (KHTML, like Gecko) Version/3.1.1 Safari/525.20"
43.165.126.130 - - [19/Aug/2026:06:18:38 +0300] "GET /bonusy-kazino-vavada-i-ikh-osobennosti-v-2026-godu/ HTTP/1.1" 200 14295 "-" "Mozilla/5.0 (iPhone; CPU iPhone OS 13_2_3 like Mac OS X) AppleWebKit/605.1.15 (KHTML, like Gecko) Version/13.0.3 Mobile/15E148 Safari/604.1"
216.73.216.14 - - [19/Aug/2026:06:19:10 +0300] "GET /die-besten-wettanbieter-und-sportwetten-ohne-oasis-fur-profis/feed/ HTTP/2.0" 200 939 "-" "Mozilla/5.0 AppleWebKit/537.36 (KHTML, like Gecko; compatible; ClaudeBot/1.0; +claudebot@anthropic.com)"
216.73.216.14 - - [19/Aug/2026:06:20:57 +0300] "GET /zalety-rejestracji-w-mostbet-i-atrakcyjne-bonusy-dla-nowych-graczy/feed/ HTTP/2.0" 200 953 "-" "Mozilla/5.0 AppleWebKit/537.36 (KHTML, like Gecko; compatible; ClaudeBot/1.0; +claudebot@anthropic.com)"
94.154.35.236 - - [19/Aug/2026:06:21:08 +0300] "HEAD /2023.tar HTTP/1.1" 301 0 "-" "Mozilla/5.0 (Windows NT 10.0; Win64; x64) AppleWebKit/537.36 (KHTML, like Gecko) Chrome/101.0.4951.67 Safari/537.36"
94.154.35.236 - - [19/Aug/2026:06:21:08 +0300] "HEAD /2023.tar HTTP/1.1" 404 0 "-" "Mozilla/5.0 (Windows NT 10.0; Win64; x64) AppleWebKit/537.36 (KHTML, like Gecko) Chrome/101.0.4951.67 Safari/537.36"
216.73.216.14 - - [19/Aug/2026:06:21:22 +0300] "GET /bohatstvi-na-dosah-ruky-s-bezplatnymi-zetony-z-kasina/feed/ HTTP/2.0" 200 917 "-" "Mozilla/5.0 AppleWebKit/537.36 (KHTML, like Gecko; compatible; ClaudeBot/1.0; +claudebot@anthropic.com)"
216.73.216.14 - - [19/Aug/2026:06:21:22 +0300] "GET /unveiling-the-koi-spins-experience-revealing-its-thrilling-gameplay-and-hidden-rewards/feed/ HTTP/2.0" 200 1013 "-" "Mozilla/5.0 AppleWebKit/537.36 (KHTML, like Gecko; compatible; ClaudeBot/1.0; +claudebot@anthropic.com)"
8.29.155.129 - - [19/Aug/2026:06:21:43 +0300] "GET /wp-login.php HTTP/2.0" 200 3354 "-" "Mozilla/5.0 (Windows NT 10.0; Win64; x64) AppleWebKit/537.36 (KHTML, like Gecko) Chrome/151.0.0.0 Safari/537.36"
8.29.155.129 - - [19/Aug/2026:06:21:44 +0300] "POST /wp-login.php HTTP/2.0" 200 3503 "https://891rpm.com/wp-login.php" "Mozilla/5.0 (Windows NT 10.0; Win64; x64) AppleWebKit/537.36 (KHTML, like Gecko) Chrome/151.0.0.0 Safari/537.36"
216.73.216.14 - - [19/Aug/2026:06:22:06 +0300] "GET /chasto-zadavaemye-voprosy-o-stavkakh-na-sport-na-mostbet/feed/ HTTP/2.0" 200 960 "-" "Mozilla/5.0 AppleWebKit/537.36 (KHTML, like Gecko; compatible; ClaudeBot/1.0; +claudebot@anthropic.com)"
216.73.216.14 - - [19/Aug/2026:06:22:34 +0300] "GET /goods.php HTTP/2.0" 404 11120 "-" "Mozilla/5.0 AppleWebKit/537.36 (KHTML, like Gecko; compatible; ClaudeBot/1.0; +claudebot@anthropic.com)"
85.217.149.14 - - [19/Aug/2026:06:24:08 +0300] "GET / HTTP/1.1" 200 38538 "https://82.148.16.210/" "Mozilla/5.0 (compatible; ModatScanner/1.2; +https://modat.io/)"
85.217.149.14 - - [19/Aug/2026:06:24:08 +0300] "GET /favicon.ico HTTP/1.1" 302 16 "https://82.148.16.210/favicon.ico" "Mozilla/5.0 (compatible; ModatScanner/1.2; +https://modat.io/)"
216.73.216.14 - - [19/Aug/2026:06:24:34 +0300] "GET /kasyna-online-z-platnoscia-blik-dlaczego-jednorazowe-kody-sa-bezpieczne/feed/ HTTP/2.0" 200 974 "-" "Mozilla/5.0 AppleWebKit/537.36 (KHTML, like Gecko; compatible; ClaudeBot/1.0; +claudebot@anthropic.com)"
216.73.216.14 - - [19/Aug/2026:06:24:34 +0300] "GET /migliori-casino-non-aams-la-scelta-perfetta-per-te/feed/ HTTP/2.0" 200 906 "-" "Mozilla/5.0 AppleWebKit/537.36 (KHTML, like Gecko; compatible; ClaudeBot/1.0; +claudebot@anthropic.com)"
216.73.216.14 - - [19/Aug/2026:06:24:35 +0300] "GET /tag/tortoisesvn/feed/ HTTP/2.0" 200 3296 "-" "Mozilla/5.0 AppleWebKit/537.36 (KHTML, like Gecko; compatible; ClaudeBot/1.0; +claudebot@anthropic.com)"
216.73.216.14 - - [19/Aug/2026:06:24:35 +0300] "GET /tag/subversion/feed/ HTTP/2.0" 200 3294 "-" "Mozilla/5.0 AppleWebKit/537.36 (KHTML, like Gecko; compatible; ClaudeBot/1.0; +claudebot@anthropic.com)"
65.108.78.33 - - [19/Aug/2026:06:24:39 +0300] "GET /%D0%9E%D0%B3%D1%80%D0%B0%D0%BD%D0%B8%D1%87%D0%B5%D0%BD%D0%B8%D0%B5-%D0%BA%D0%BE%D0%BB%D0%B8%D1%87%D0%B5%D1%81%D1%82%D0%B2%D0%B0-%D1%81%D0%B5%D1%81%D1%81%D0%B8%D0%B9-%D1%81-%D0%BE%D0%B4%D0%BD%D0%BE/feed/ HTTP/1.1" 200 1247 "-" "Mozilla/5.0 (compatible; MJ12bot/v1.4.8; http://mj12bot.com/)"
65.108.78.33 - - [19/Aug/2026:06:24:40 +0300] "GET /%D1%83%D1%81%D0%BA%D0%BE%D1%80%D0%B5%D0%BD%D0%B8%D0%B5-sh-run-%D0%B2-cisco-ios/ HTTP/1.1" 200 11550 "-" "Mozilla/5.0 (compatible; MJ12bot/v1.4.8; http://mj12bot.com/)"
216.73.216.14 - - [19/Aug/2026:06:24:56 +0300] "GET /obzor-igry-pin-ap-skachai-na-android-i-vyigryvai-realnye-dengi/ HTTP/2.0" 200 13448 "-" "Mozilla/5.0 AppleWebKit/537.36 (KHTML, like Gecko; compatible; ClaudeBot/1.0; +claudebot@anthropic.com)"
216.73.216.14 - - [19/Aug/2026:06:25:13 +0300] "GET /siti-casino-non-aams-per-i-fan-dei-giochi-dazzardo-come-scegliere-il-migliore/ HTTP/2.0" 200 12908 "-" "Mozilla/5.0 AppleWebKit/537.36 (KHTML, like Gecko; compatible; ClaudeBot/1.0; +claudebot@anthropic.com)"
216.73.216.14 - - [19/Aug/2026:06:25:32 +0300] "GET /kazino-pinko-otzyvy-kak-poluchit-keshbek-i-bonusy/ HTTP/2.0" 200 14212 "-" "Mozilla/5.0 AppleWebKit/537.36 (KHTML, like Gecko; compatible; ClaudeBot/1.0; +claudebot@anthropic.com)"
216.73.216.14 - - [19/Aug/2026:06:25:55 +0300] "GET /plinko-play-the-retail-price-is-right-plinko-pegs-at-aarp/ HTTP/2.0" 200 15963 "-" "Mozilla/5.0 AppleWebKit/537.36 (KHTML, like Gecko; compatible; ClaudeBot/1.0; +claudebot@anthropic.com)"
216.73.216.14 - - [19/Aug/2026:06:25:55 +0300] "GET /mostbet-2026-yeni-baslayanlar-ucun-bldci-hesab-yaratma-prosesi/ HTTP/2.0" 200 13207 "-" "Mozilla/5.0 AppleWebKit/537.36 (KHTML, like Gecko; compatible; ClaudeBot/1.0; +claudebot@anthropic.com)"
216.73.216.14 - - [19/Aug/2026:06:26:03 +0300] "GET / HTTP/2.0" 200 38517 "-" "Mozilla/5.0 AppleWebKit/537.36 (KHTML, like Gecko; compatible; ClaudeBot/1.0; +claudebot@anthropic.com)"
179.43.186.241 - - [19/Aug/2026:06:26:08 +0300] "GET /owa/ HTTP/1.1" 404 11133 "https://82.148.16.210:443/owa/" "Mozilla/5.0 (compatible; ExchangeScanner/2.1)"
179.43.186.241 - - [19/Aug/2026:06:26:08 +0300] "GET /ews/exchange.asmx HTTP/1.1" 404 11133 "https://82.148.16.210:443/ews/exchange.asmx" "Mozilla/5.0 (compatible; ExchangeScanner/2.1)"
179.43.186.241 - - [19/Aug/2026:06:26:09 +0300] "GET /autodiscover/autodiscover.xml HTTP/1.1" 404 11133 "https://82.148.16.210:443/autodiscover/autodiscover.xml" "Mozilla/5.0 (compatible; ExchangeScanner/2.1)"
179.43.186.241 - - [19/Aug/2026:06:26:10 +0300] "GET /Microsoft-Server-ActiveSync HTTP/1.1" 404 11133 "https://82.148.16.210:443/Microsoft-Server-ActiveSync" "Mozilla/5.0 (compatible; ExchangeScanner/2.1)"
179.43.186.241 - - [19/Aug/2026:06:26:11 +0300] "GET /ecp/ HTTP/1.1" 404 11133 "https://82.148.16.210:443/ecp/" "Mozilla/5.0 (compatible; ExchangeScanner/2.1)"
179.43.186.241 - - [19/Aug/2026:06:26:11 +0300] "GET /mapi/ HTTP/1.1" 404 11133 "https://82.148.16.210:443/mapi/" "Mozilla/5.0 (compatible; ExchangeScanner/2.1)"
179.43.186.241 - - [19/Aug/2026:06:26:12 +0300] "GET /rpc/ HTTP/1.1" 404 11133 "https://82.148.16.210:443/rpc/" "Mozilla/5.0 (compatible; ExchangeScanner/2.1)"
65.108.78.33 - - [19/Aug/2026:06:26:28 +0300] "GET /%D1%83%D1%81%D0%BA%D0%BE%D1%80%D0%B5%D0%BD%D0%B8%D0%B5-sh-run-%D0%B2-cisco-ios/feed/ HTTP/1.1" 200 961 "-" "Mozilla/5.0 (compatible; MJ12bot/v1.4.8; http://mj12bot.com/)"
65.108.78.33 - - [19/Aug/2026:06:26:29 +0300] "GET /%D1%83%D1%81%D1%82%D0%B0%D0%BD%D0%BE%D0%B2%D0%BA%D0%B0-%D0%B8-%D0%BD%D0%B0%D1%81%D1%82%D1%80%D0%BE%D0%B9%D0%BA%D0%B0-wowza-media-server-2-2-4-%D0%B8-jw-player-%D0%BD%D0%B0-debian/ HTTP/1.1" 200 13028 "-" "Mozilla/5.0 (compatible; MJ12bot/v1.4.8; http://mj12bot.com/)"
65.108.78.33 - - [19/Aug/2026:06:26:31 +0300] "GET /%D1%83%D1%81%D1%82%D0%B0%D0%BD%D0%BE%D0%B2%D0%BA%D0%B0-%D0%B8-%D0%BD%D0%B0%D1%81%D1%82%D1%80%D0%BE%D0%B9%D0%BA%D0%B0-wowza-media-server-2-2-4-%D0%B8-jw-player-%D0%BD%D0%B0-debian/dia-wirecast-wowza/ HTTP/1.1" 200 11115 "-" "Mozilla/5.0 (compatible; MJ12bot/v1.4.8; http://mj12bot.com/)"
65.108.78.33 - - [19/Aug/2026:06:26:33 +0300] "GET /%D1%83%D1%81%D1%82%D0%B0%D0%BD%D0%BE%D0%B2%D0%BA%D0%B0-%D0%B8-%D0%BD%D0%B0%D1%81%D1%82%D1%80%D0%BE%D0%B9%D0%BA%D0%B0-wowza-media-server-2-2-4-%D0%B8-jw-player-%D0%BD%D0%B0-debian/feed/ HTTP/1.1" 200 1213 "-" "Mozilla/5.0 (compatible; MJ12bot/v1.4.8; http://mj12bot.com/)"
65.108.78.33 - - [19/Aug/2026:06:26:34 +0300] "GET /%D1%83%D1%81%D1%82%D0%B0%D0%BD%D0%BE%D0%B2%D0%BA%D0%B0-%D0%B8-%D0%BD%D0%B0%D1%81%D1%82%D1%80%D0%BE%D0%B9%D0%BA%D0%B0-wowza-media-server-2-2-4-%D0%B8-jw-player-%D0%BD%D0%B0-debian/jwplaeer-300x171/ HTTP/1.1" 200 11060 "-" "Mozilla/5.0 (compatible; MJ12bot/v1.4.8; http://mj12bot.com/)"
216.73.216.14 - - [19/Aug/2026:06:26:39 +0300] "GET /kasyno-mostbet-online-lekarstwo-na-nude-dzieki-ciekawym-promocjom/ HTTP/2.0" 200 13290 "-" "Mozilla/5.0 AppleWebKit/537.36 (KHTML, like Gecko; compatible; ClaudeBot/1.0; +claudebot@anthropic.com)"
216.73.216.14 - - [19/Aug/2026:06:26:47 +0300] "GET /1xbet-vkhod-sovety-dlia-komfortnogo-opyta-stavok/ HTTP/2.0" 200 13859 "-" "Mozilla/5.0 AppleWebKit/537.36 (KHTML, like Gecko; compatible; ClaudeBot/1.0; +claudebot@anthropic.com)"
216.73.216.14 - - [19/Aug/2026:06:27:22 +0300] "GET /wie-man-nicht-lizenzierte-sportwetten-in-deutschland-sicher-beurteilt/ HTTP/2.0" 200 13420 "-" "Mozilla/5.0 AppleWebKit/537.36 (KHTML, like Gecko; compatible; ClaudeBot/1.0; +claudebot@anthropic.com)"
216.73.216.14 - - [19/Aug/2026:06:27:23 +0300] "GET /category/%d0%b1%d0%b5%d0%b7-%d1%80%d1%83%d0%b1%d1%80%d0%b8%d0%ba%d0%b8/page/6/ HTTP/2.0" 200 52348 "-" "Mozilla/5.0 AppleWebKit/537.36 (KHTML, like Gecko; compatible; ClaudeBot/1.0; +claudebot@anthropic.com)"
114.119.130.218 - - [19/Aug/2026:06:27:31 +0300] "GET /sitemap799.xml HTTP/1.1" 404 11133 "-" "Mozilla/5.0 (Linux; Android 7.0;) AppleWebKit/537.36 (KHTML, like Gecko) Mobile Safari/537.36 (compatible; PetalBot;+https://webmaster.petalsearch.com/site/petalbot)"
84.205.178.135 - - [19/Aug/2026:06:27:33 +0300] "GET /wp-login.php HTTP/2.0" 200 3354 "-" "Mozilla/5.0 (Windows NT 10.0; Win64; x64) AppleWebKit/537.36 (KHTML, like Gecko) Chrome/151.0.0.0 Safari/537.36"
84.205.178.135 - - [19/Aug/2026:06:27:33 +0300] "POST /wp-login.php HTTP/2.0" 200 3503 "https://891rpm.com/wp-login.php" "Mozilla/5.0 (Windows NT 10.0; Win64; x64) AppleWebKit/537.36 (KHTML, like Gecko) Chrome/151.0.0.0 Safari/537.36"
54.85.7.119 - - [19/Aug/2026:06:28:42 +0300] "GET /tag/synology/ HTTP/1.1" 200 17407 "-" "Mozilla/5.0 AppleWebKit/537.36 (KHTML, like Gecko; compatible; Amazonbot/0.1; +https://developer.amazon.com/support/amazonbot) Chrome/119.0.6045.214 Safari/537.36"
44.205.180.155 - - [19/Aug/2026:06:28:46 +0300] "GET /tag/xml/ HTTP/1.1" 200 12403 "-" "Mozilla/5.0 AppleWebKit/537.36 (KHTML, like Gecko; compatible; Amazonbot/0.1; +https://developer.amazon.com/support/amazonbot) Chrome/119.0.6045.214 Safari/537.36"
3.225.45.252 - - [19/Aug/2026:06:28:50 +0300] "GET /tag/restart/ HTTP/1.1" 200 11031 "-" "Mozilla/5.0 AppleWebKit/537.36 (KHTML, like Gecko; compatible; Amazonbot/0.1; +https://developer.amazon.com/support/amazonbot) Chrome/119.0.6045.214 Safari/537.36"
35.169.240.53 - - [19/Aug/2026:06:28:54 +0300] "GET /tag/ecmascript-6/ HTTP/1.1" 200 11981 "-" "Mozilla/5.0 AppleWebKit/537.36 (KHTML, like Gecko; compatible; Amazonbot/0.1; +https://developer.amazon.com/support/amazonbot) Chrome/119.0.6045.214 Safari/537.36"
43.131.26.226 - - [19/Aug/2026:06:29:43 +0300] "GET /tag/ip6tables/ HTTP/1.1" 200 10806 "-" "Mozilla/5.0 (iPhone; CPU iPhone OS 13_2_3 like Mac OS X) AppleWebKit/605.1.15 (KHTML, like Gecko) Version/13.0.3 Mobile/15E148 Safari/604.1"
82.148.16.210 - - [19/Aug/2026:06:33:00 +0300] "POST /wp-cron.php?doing_wp_cron=1787110379.9479060173034667968750 HTTP/1.1" 499 0 "-" "WordPress/6.9.1; https://891rpm.com"
89.185.225.24 - - [19/Aug/2026:06:33:00 +0300] "GET /wp-login.php HTTP/2.0" 200 3354 "-" "Mozilla/5.0 (Windows NT 10.0; Win64; x64) AppleWebKit/537.36 (KHTML, like Gecko) Chrome/151.0.0.0 Safari/537.36"
89.185.225.24 - - [19/Aug/2026:06:33:00 +0300] "POST /wp-login.php HTTP/2.0" 200 3503 "https://891rpm.com/wp-login.php" "Mozilla/5.0 (Windows NT 10.0; Win64; x64) AppleWebKit/537.36 (KHTML, like Gecko) Chrome/151.0.0.0 Safari/537.36"
66.249.66.40 - - [19/Aug/2026:06:34:15 +0300] "GET /shop/soil/train091000246.shtml HTTP/1.1" 404 11133 "-" "Mozilla/5.0 (Linux; Android 6.0.1; Nexus 5X Build/MMB29P) AppleWebKit/537.36 (KHTML, like Gecko) Chrome/151.0.7922.137 Mobile Safari/537.36 (compatible; Googlebot/2.1; +http://www.google.com/bot.html)"
82.148.16.210 - - [19/Aug/2026:06:35:38 +0300] "POST /wp-cron.php?doing_wp_cron=1787110538.6198480129241943359375 HTTP/1.1" 499 0 "-" "WordPress/6.9.1; https://891rpm.com"
49.36.212.35 - - [19/Aug/2026:06:35:38 +0300] "POST /xmlrpc.php HTTP/1.1" 200 459 "-" "Jetpack by WordPress.com"
49.36.212.35 - - [19/Aug/2026:06:35:44 +0300] "POST /xmlrpc.php HTTP/1.1" 200 459 "-" "WordPress.com; https://wordpress.com"
49.36.212.35 - - [19/Aug/2026:06:35:56 +0300] "POST /xmlrpc.php HTTP/1.1" 200 459 "-" "Jetpack by WordPress.com (Jetpack 12.5; WordPress 6.3)"
98.83.94.113 - - [19/Aug/2026:06:36:02 +0300] "GET /asterisk-snmp/ HTTP/1.1" 200 13931 "-" "Mozilla/5.0 AppleWebKit/537.36 (KHTML, like Gecko; compatible; Amazonbot/0.1; +https://developer.amazon.com/support/amazonbot) Chrome/119.0.6045.214 Safari/537.36"
49.36.212.35 - - [19/Aug/2026:06:36:07 +0300] "POST /xmlrpc.php HTTP/1.1" 200 459 "-" "Jetpack by WordPress.com"
49.36.212.35 - - [19/Aug/2026:06:36:18 +0300] "POST /xmlrpc.php HTTP/1.1" 200 459 "-" "WordPress.com; https://wordpress.com"
49.36.212.35 - - [19/Aug/2026:06:36:34 +0300] "POST /xmlrpc.php HTTP/1.1" 499 0 "-" "Jetpack by WordPress.com"
45.205.1.131 - - [19/Aug/2026:06:36:55 +0300] "GET /dispatch.asp HTTP/1.1" 301 162 "-" "Mozilla/5.0 (Windows NT 10.0; Win64; x64) AppleWebKit/537.36 (KHTML, like Gecko) Chrome/90.0.4430.85 Safari/537.36 Edg/90.0.818.46"
82.148.16.210 - - [19/Aug/2026:06:37:09 +0300] "POST /wp-cron.php?doing_wp_cron=1787110629.4130458831787109375000 HTTP/1.1" 499 0 "-" "WordPress/6.9.1; https://891rpm.com"
49.36.212.35 - - [19/Aug/2026:06:37:09 +0300] "POST /xmlrpc.php HTTP/1.1" 200 459 "-" "WordPress.com; https://wordpress.com"
49.36.212.35 - - [19/Aug/2026:06:37:13 +0300] "POST /xmlrpc.php HTTP/1.1" 200 459 "-" "Jetpack/12.0; WordPress/6.1; http://site72920867.com"
49.36.212.35 - - [19/Aug/2026:06:37:25 +0300] "POST /xmlrpc.php HTTP/1.1" 200 459 "-" "Jetpack by WordPress.com (Jetpack 13.0; WordPress 6.2)"
49.36.212.35 - - [19/Aug/2026:06:37:38 +0300] "POST /xmlrpc.php HTTP/1.1" 200 459 "-" "Jetpack by WordPress.com"
49.36.212.35 - - [19/Aug/2026:06:37:50 +0300] "POST /xmlrpc.php HTTP/1.1" 200 459 "-" "WordPress.com; https://wordpress.com"
49.36.212.35 - - [19/Aug/2026:06:38:02 +0300] "POST /xmlrpc.php HTTP/1.1" 200 459 "-" "WordPress.com; https://wordpress.com"
49.36.212.35 - - [19/Aug/2026:06:38:13 +0300] "POST /xmlrpc.php HTTP/1.1" 200 459 "-" "WordPress.com; https://wordpress.com"
49.36.212.35 - - [19/Aug/2026:06:38:24 +0300] "POST /xmlrpc.php HTTP/1.1" 200 459 "-" "Jetpack by WordPress.com"
114.119.139.1 - - [19/Aug/2026:06:38:33 +0300] "GET /sitemap790.xml HTTP/1.1" 404 11133 "-" "Mozilla/5.0 (Linux; Android 7.0;) AppleWebKit/537.36 (KHTML, like Gecko) Mobile Safari/537.36 (compatible; PetalBot;+https://webmaster.petalsearch.com/site/petalbot)"
124.40.251.131 - - [19/Aug/2026:06:38:35 +0300] "GET /wp-login.php HTTP/2.0" 200 3354 "-" "Mozilla/5.0 (Windows NT 10.0; Win64; x64) AppleWebKit/537.36 (KHTML, like Gecko) Chrome/151.0.0.0 Safari/537.36"
124.40.251.131 - - [19/Aug/2026:06:38:36 +0300] "POST /wp-login.php HTTP/2.0" 200 3503 "https://891rpm.com/wp-login.php" "Mozilla/5.0 (Windows NT 10.0; Win64; x64) AppleWebKit/537.36 (KHTML, like Gecko) Chrome/151.0.0.0 Safari/537.36"
49.36.212.35 - - [19/Aug/2026:06:38:36 +0300] "POST /xmlrpc.php HTTP/1.1" 200 459 "-" "WordPress.com; https://wordpress.com"
49.36.212.35 - - [19/Aug/2026:06:38:49 +0300] "POST /xmlrpc.php HTTP/1.1" 200 459 "-" "Jetpack by WordPress.com (Jetpack 12.0; WordPress 6.1)"
186.179.63.207 - - [19/Aug/2026:06:38:51 +0300] "GET / HTTP/1.1" 200 38538 "-" "Mozilla/5.0 (Macintosh; Intel Mac OS X 10_15_7) AppleWebKit/537.36 (KHTML, like Gecko) Chrome/132.0.0.0 Safari/537.36"
49.36.212.35 - - [19/Aug/2026:06:39:01 +0300] "POST /xmlrpc.php HTTP/1.1" 200 459 "-" "Jetpack/12.0; WordPress/6.2; http://site16593441.com"
186.179.63.207 - - [19/Aug/2026:06:39:04 +0300] "GET /2017/08/16/hdd-list/ HTTP/1.1" 404 11133 "https://891rpm.com/2017/08/16/hdd-list/" "Mozilla/5.0 (Macintosh; Intel Mac OS X 10_15_7) AppleWebKit/537.36 (KHTML, like Gecko) Chrome/132.0.0.0 Safari/537.36"
186.179.63.207 - - [19/Aug/2026:06:39:05 +0300] "GET / HTTP/1.1" 200 38538 "https://891rpm.com/2017/08/16/hdd-list/" "Mozilla/5.0 (Macintosh; Intel Mac OS X 10_15_7) AppleWebKit/537.36 (KHTML, like Gecko) Chrome/132.0.0.0 Safari/537.36"
49.36.212.35 - - [19/Aug/2026:06:39:12 +0300] "POST /xmlrpc.php HTTP/1.1" 200 459 "-" "Jetpack/12.1; WordPress/6.3; http://site75747165.com"
20.100.169.31 - - [19/Aug/2026:06:39:20 +0300] "GET / HTTP/1.1" 200 38538 "-" "Mozilla/5.0 (Windows NT 10.0; Win64; x64) AppleWebKit/537.36 (KHTML, like Gecko) Chrome/120.0.0.0 Safari/537.36"
20.100.169.31 - - [19/Aug/2026:06:39:21 +0300] "GET /inputs.php HTTP/1.1" 404 11133 "-" "Mozilla/5.0 (Windows NT 10.0; Win64; x64) AppleWebKit/537.36 (KHTML, like Gecko) Chrome/120.0.0.0 Safari/537.36"
20.100.169.31 - - [19/Aug/2026:06:39:21 +0300] "GET /admin.php HTTP/1.1" 404 11133 "-" "Mozilla/5.0 (Windows NT 10.0; Win64; x64) AppleWebKit/537.36 (KHTML, like Gecko) Chrome/120.0.0.0 Safari/537.36"
20.100.169.31 - - [19/Aug/2026:06:39:22 +0300] "GET /goods.php HTTP/1.1" 404 11133 "-" "Mozilla/5.0 (Windows NT 10.0; Win64; x64) AppleWebKit/537.36 (KHTML, like Gecko) Chrome/120.0.0.0 Safari/537.36"
20.100.169.31 - - [19/Aug/2026:06:39:22 +0300] "GET /file.php HTTP/1.1" 404 11133 "-" "Mozilla/5.0 (Windows NT 10.0; Win64; x64) AppleWebKit/537.36 (KHTML, like Gecko) Chrome/120.0.0.0 Safari/537.36"
20.100.169.31 - - [19/Aug/2026:06:39:23 +0300] "GET /adminfuns.php HTTP/1.1" 404 11133 "-" "Mozilla/5.0 (Windows NT 10.0; Win64; x64) AppleWebKit/537.36 (KHTML, like Gecko) Chrome/120.0.0.0 Safari/537.36"
20.100.169.31 - - [19/Aug/2026:06:39:23 +0300] "GET /404.php HTTP/1.1" 404 11133 "-" "Mozilla/5.0 (Windows NT 10.0; Win64; x64) AppleWebKit/537.36 (KHTML, like Gecko) Chrome/120.0.0.0 Safari/537.36"
20.100.169.31 - - [19/Aug/2026:06:39:23 +0300] "GET /wk/index.php HTTP/1.1" 301 16 "-" "Mozilla/5.0 (Windows NT 10.0; Win64; x64) AppleWebKit/537.36 (KHTML, like Gecko) Chrome/120.0.0.0 Safari/537.36"
20.100.169.31 - - [19/Aug/2026:06:39:24 +0300] "GET /about.php HTTP/1.1" 404 11133 "-" "Mozilla/5.0 (Windows NT 10.0; Win64; x64) AppleWebKit/537.36 (KHTML, like Gecko) Chrome/120.0.0.0 Safari/537.36"
20.100.169.31 - - [19/Aug/2026:06:39:24 +0300] "GET /term.php HTTP/1.1" 404 11133 "-" "Mozilla/5.0 (Windows NT 10.0; Win64; x64) AppleWebKit/537.36 (KHTML, like Gecko) Chrome/120.0.0.0 Safari/537.36"
49.36.212.35 - - [19/Aug/2026:06:39:25 +0300] "POST /xmlrpc.php HTTP/1.1" 200 459 "-" "Jetpack by WordPress.com (Jetpack 12.0; WordPress 6.1)"
20.100.169.31 - - [19/Aug/2026:06:39:25 +0300] "GET /ioxi-o.php HTTP/1.1" 404 11133 "-" "Mozilla/5.0 (Windows NT 10.0; Win64; x64) AppleWebKit/537.36 (KHTML, like Gecko) Chrome/120.0.0.0 Safari/537.36"
20.100.169.31 - - [19/Aug/2026:06:39:26 +0300] "GET /1.php HTTP/1.1" 404 11133 "-" "Mozilla/5.0 (Windows NT 10.0; Win64; x64) AppleWebKit/537.36 (KHTML, like Gecko) Chrome/120.0.0.0 Safari/537.36"
20.100.169.31 - - [19/Aug/2026:06:39:26 +0300] "GET /alfa.php HTTP/1.1" 404 11133 "-" "Mozilla/5.0 (Windows NT 10.0; Win64; x64) AppleWebKit/537.36 (KHTML, like Gecko) Chrome/120.0.0.0 Safari/537.36"
20.100.169.31 - - [19/Aug/2026:06:39:26 +0300] "GET /edit.php HTTP/1.1" 404 11133 "-" "Mozilla/5.0 (Windows NT 10.0; Win64; x64) AppleWebKit/537.36 (KHTML, like Gecko) Chrome/120.0.0.0 Safari/537.36"
20.100.169.31 - - [19/Aug/2026:06:39:27 +0300] "GET /elp.php HTTP/1.1" 404 11133 "-" "Mozilla/5.0 (Windows NT 10.0; Win64; x64) AppleWebKit/537.36 (KHTML, like Gecko) Chrome/120.0.0.0 Safari/537.36"
20.100.169.31 - - [19/Aug/2026:06:39:27 +0300] "GET /classwithtostring.php HTTP/1.1" 404 11133 "-" "Mozilla/5.0 (Windows NT 10.0; Win64; x64) AppleWebKit/537.36 (KHTML, like Gecko) Chrome/120.0.0.0 Safari/537.36"
20.100.169.31 - - [19/Aug/2026:06:39:27 +0300] "GET /666.php HTTP/1.1" 404 11133 "-" "Mozilla/5.0 (Windows NT 10.0; Win64; x64) AppleWebKit/537.36 (KHTML, like Gecko) Chrome/120.0.0.0 Safari/537.36"
20.100.169.31 - - [19/Aug/2026:06:39:28 +0300] "GET /wp-admin/ HTTP/1.1" 302 16 "-" "Mozilla/5.0 (Windows NT 10.0; Win64; x64) AppleWebKit/537.36 (KHTML, like Gecko) Chrome/120.0.0.0 Safari/537.36"
20.100.169.31 - - [19/Aug/2026:06:39:28 +0300] "GET /ws54.php HTTP/1.1" 404 11133 "-" "Mozilla/5.0 (Windows NT 10.0; Win64; x64) AppleWebKit/537.36 (KHTML, like Gecko) Chrome/120.0.0.0 Safari/537.36"
20.100.169.31 - - [19/Aug/2026:06:39:29 +0300] "GET /deepseek_d.php HTTP/1.1" 404 11133 "-" "Mozilla/5.0 (Windows NT 10.0; Win64; x64) AppleWebKit/537.36 (KHTML, like Gecko) Chrome/120.0.0.0 Safari/537.36"
20.100.169.31 - - [19/Aug/2026:06:39:30 +0300] "GET /function/function.php HTTP/1.1" 404 11133 "-" "Mozilla/5.0 (Windows NT 10.0; Win64; x64) AppleWebKit/537.36 (KHTML, like Gecko) Chrome/120.0.0.0 Safari/537.36"
20.100.169.31 - - [19/Aug/2026:06:39:30 +0300] "GET /nw.php HTTP/1.1" 404 11133 "-" "Mozilla/5.0 (Windows NT 10.0; Win64; x64) AppleWebKit/537.36 (KHTML, like Gecko) Chrome/120.0.0.0 Safari/537.36"
20.100.169.31 - - [19/Aug/2026:06:39:31 +0300] "GET /xleet.php HTTP/1.1" 404 11133 "-" "Mozilla/5.0 (Windows NT 10.0; Win64; x64) AppleWebKit/537.36 (KHTML, like Gecko) Chrome/120.0.0.0 Safari/537.36"
20.100.169.31 - - [19/Aug/2026:06:39:32 +0300] "GET /wp.php HTTP/1.1" 404 11133 "-" "Mozilla/5.0 (Windows NT 10.0; Win64; x64) AppleWebKit/537.36 (KHTML, like Gecko) Chrome/120.0.0.0 Safari/537.36"
20.100.169.31 - - [19/Aug/2026:06:39:33 +0300] "GET /155.php HTTP/1.1" 404 11133 "-" "Mozilla/5.0 (Windows NT 10.0; Win64; x64) AppleWebKit/537.36 (KHTML, like Gecko) Chrome/120.0.0.0 Safari/537.36"
20.100.169.31 - - [19/Aug/2026:06:39:34 +0300] "GET /96i.php HTTP/1.1" 404 11133 "-" "Mozilla/5.0 (Windows NT 10.0; Win64; x64) AppleWebKit/537.36 (KHTML, like Gecko) Chrome/120.0.0.0 Safari/537.36"
20.100.169.31 - - [19/Aug/2026:06:39:34 +0300] "GET /as.php HTTP/1.1" 404 11133 "-" "Mozilla/5.0 (Windows NT 10.0; Win64; x64) AppleWebKit/537.36 (KHTML, like Gecko) Chrome/120.0.0.0 Safari/537.36"
20.100.169.31 - - [19/Aug/2026:06:39:34 +0300] "GET /min.php HTTP/1.1" 404 11133 "-" "Mozilla/5.0 (Windows NT 10.0; Win64; x64) AppleWebKit/537.36 (KHTML, like Gecko) Chrome/120.0.0.0 Safari/537.36"
20.100.169.31 - - [19/Aug/2026:06:39:35 +0300] "GET /.well-known/ HTTP/1.1" 404 11133 "-" "Mozilla/5.0 (Windows NT 10.0; Win64; x64) AppleWebKit/537.36 (KHTML, like Gecko) Chrome/120.0.0.0 Safari/537.36"
20.100.169.31 - - [19/Aug/2026:06:39:35 +0300] "GET /php8.php HTTP/1.1" 404 11133 "-" "Mozilla/5.0 (Windows NT 10.0; Win64; x64) AppleWebKit/537.36 (KHTML, like Gecko) Chrome/120.0.0.0 Safari/537.36"
20.100.169.31 - - [19/Aug/2026:06:39:35 +0300] "GET /wp-content/admin.php HTTP/1.1" 404 11133 "-" "Mozilla/5.0 (Windows NT 10.0; Win64; x64) AppleWebKit/537.36 (KHTML, like Gecko) Chrome/120.0.0.0 Safari/537.36"
20.100.169.31 - - [19/Aug/2026:06:39:35 +0300] "GET /222.php HTTP/1.1" 404 11133 "-" "Mozilla/5.0 (Windows NT 10.0; Win64; x64) AppleWebKit/537.36 (KHTML, like Gecko) Chrome/120.0.0.0 Safari/537.36"
49.36.212.35 - - [19/Aug/2026:06:39:36 +0300] "POST /xmlrpc.php HTTP/1.1" 200 459 "-" "Jetpack/12.0; WordPress/6.3; http://site71915860.com"
20.100.169.31 - - [19/Aug/2026:06:39:36 +0300] "GET /wp-content/themes/pridmag/il.php HTTP/1.1" 404 11133 "-" "Mozilla/5.0 (Windows NT 10.0; Win64; x64) AppleWebKit/537.36 (KHTML, like Gecko) Chrome/120.0.0.0 Safari/537.36"
20.100.169.31 - - [19/Aug/2026:06:39:36 +0300] "GET /info.php HTTP/1.1" 404 11133 "-" "Mozilla/5.0 (Windows NT 10.0; Win64; x64) AppleWebKit/537.36 (KHTML, like Gecko) Chrome/120.0.0.0 Safari/537.36"
20.100.169.31 - - [19/Aug/2026:06:39:37 +0300] "GET /a.php HTTP/1.1" 404 11133 "-" "Mozilla/5.0 (Windows NT 10.0; Win64; x64) AppleWebKit/537.36 (KHTML, like Gecko) Chrome/120.0.0.0 Safari/537.36"
20.100.169.31 - - [19/Aug/2026:06:39:38 +0300] "GET /chosen.php HTTP/1.1" 404 11133 "-" "Mozilla/5.0 (Windows NT 10.0; Win64; x64) AppleWebKit/537.36 (KHTML, like Gecko) Chrome/120.0.0.0 Safari/537.36"
20.100.169.31 - - [19/Aug/2026:06:39:38 +0300] "GET /wp-content/index.php HTTP/1.1" 200 31 "-" "Mozilla/5.0 (Windows NT 10.0; Win64; x64) AppleWebKit/537.36 (KHTML, like Gecko) Chrome/120.0.0.0 Safari/537.36"
20.100.169.31 - - [19/Aug/2026:06:39:38 +0300] "GET /vx.php HTTP/1.1" 404 11133 "-" "Mozilla/5.0 (Windows NT 10.0; Win64; x64) AppleWebKit/537.36 (KHTML, like Gecko) Chrome/120.0.0.0 Safari/537.36"
20.100.169.31 - - [19/Aug/2026:06:39:38 +0300] "GET /admin/controller/extension/ HTTP/1.1" 404 11133 "-" "Mozilla/5.0 (Windows NT 10.0; Win64; x64) AppleWebKit/537.36 (KHTML, like Gecko) Chrome/120.0.0.0 Safari/537.36"
20.100.169.31 - - [19/Aug/2026:06:39:39 +0300] "GET /wap.php HTTP/1.1" 404 11133 "-" "Mozilla/5.0 (Windows NT 10.0; Win64; x64) AppleWebKit/537.36 (KHTML, like Gecko) Chrome/120.0.0.0 Safari/537.36"
20.100.169.31 - - [19/Aug/2026:06:39:39 +0300] "GET /wp-admin/wp.php HTTP/1.1" 404 11133 "-" "Mozilla/5.0 (Windows NT 10.0; Win64; x64) AppleWebKit/537.36 (KHTML, like Gecko) Chrome/120.0.0.0 Safari/537.36"
20.100.169.31 - - [19/Aug/2026:06:39:39 +0300] "GET /bgymj.php HTTP/1.1" 404 11133 "-" "Mozilla/5.0 (Windows NT 10.0; Win64; x64) AppleWebKit/537.36 (KHTML, like Gecko) Chrome/120.0.0.0 Safari/537.36"
20.100.169.31 - - [19/Aug/2026:06:39:40 +0300] "GET /aa.php HTTP/1.1" 404 11133 "-" "Mozilla/5.0 (Windows NT 10.0; Win64; x64) AppleWebKit/537.36 (KHTML, like Gecko) Chrome/120.0.0.0 Safari/537.36"
20.100.169.31 - - [19/Aug/2026:06:39:40 +0300] "GET /wp-mail.php HTTP/1.1" 403 1125 "-" "Mozilla/5.0 (Windows NT 10.0; Win64; x64) AppleWebKit/537.36 (KHTML, like Gecko) Chrome/120.0.0.0 Safari/537.36"
20.100.169.31 - - [19/Aug/2026:06:39:40 +0300] "GET /bolt.php HTTP/1.1" 404 11133 "-" "Mozilla/5.0 (Windows NT 10.0; Win64; x64) AppleWebKit/537.36 (KHTML, like Gecko) Chrome/120.0.0.0 Safari/537.36"
20.100.169.31 - - [19/Aug/2026:06:39:40 +0300] "GET /bthil.php HTTP/1.1" 404 11133 "-" "Mozilla/5.0 (Windows NT 10.0; Win64; x64) AppleWebKit/537.36 (KHTML, like Gecko) Chrome/120.0.0.0 Safari/537.36"
20.100.169.31 - - [19/Aug/2026:06:39:41 +0300] "GET /cgi-bin/ HTTP/1.1" 404 11133 "-" "Mozilla/5.0 (Windows NT 10.0; Win64; x64) AppleWebKit/537.36 (KHTML, like Gecko) Chrome/120.0.0.0 Safari/537.36"
20.100.169.31 - - [19/Aug/2026:06:39:41 +0300] "GET /x.php HTTP/1.1" 404 11133 "-" "Mozilla/5.0 (Windows NT 10.0; Win64; x64) AppleWebKit/537.36 (KHTML, like Gecko) Chrome/120.0.0.0 Safari/537.36"
20.100.169.31 - - [19/Aug/2026:06:39:41 +0300] "GET /index/function.php HTTP/1.1" 404 11133 "-" "Mozilla/5.0 (Windows NT 10.0; Win64; x64) AppleWebKit/537.36 (KHTML, like Gecko) Chrome/120.0.0.0 Safari/537.36"
20.100.169.31 - - [19/Aug/2026:06:39:42 +0300] "GET /aaa.php HTTP/1.1" 404 11133 "-" "Mozilla/5.0 (Windows NT 10.0; Win64; x64) AppleWebKit/537.36 (KHTML, like Gecko) Chrome/120.0.0.0 Safari/537.36"
20.100.169.31 - - [19/Aug/2026:06:39:42 +0300] "GET /abcd.php HTTP/1.1" 404 11133 "-" "Mozilla/5.0 (Windows NT 10.0; Win64; x64) AppleWebKit/537.36 (KHTML, like Gecko) Chrome/120.0.0.0 Safari/537.36"
20.100.169.31 - - [19/Aug/2026:06:39:42 +0300] "GET /wp-good.php HTTP/1.1" 404 11133 "-" "Mozilla/5.0 (Windows NT 10.0; Win64; x64) AppleWebKit/537.36 (KHTML, like Gecko) Chrome/120.0.0.0 Safari/537.36"
20.100.169.31 - - [19/Aug/2026:06:39:42 +0300] "GET /simple.php HTTP/1.1" 404 11133 "-" "Mozilla/5.0 (Windows NT 10.0; Win64; x64) AppleWebKit/537.36 (KHTML, like Gecko) Chrome/120.0.0.0 Safari/537.36"
20.100.169.31 - - [19/Aug/2026:06:39:42 +0300] "GET /edit-tags.php HTTP/1.1" 404 11133 "-" "Mozilla/5.0 (Windows NT 10.0; Win64; x64) AppleWebKit/537.36 (KHTML, like Gecko) Chrome/120.0.0.0 Safari/537.36"
20.100.169.31 - - [19/Aug/2026:06:39:43 +0300] "GET /u.php HTTP/1.1" 404 11133 "-" "Mozilla/5.0 (Windows NT 10.0; Win64; x64) AppleWebKit/537.36 (KHTML, like Gecko) Chrome/120.0.0.0 Safari/537.36"
20.100.169.31 - - [19/Aug/2026:06:39:43 +0300] "GET /wp-content/themes/admin.php HTTP/1.1" 404 11133 "-" "Mozilla/5.0 (Windows NT 10.0; Win64; x64) AppleWebKit/537.36 (KHTML, like Gecko) Chrome/120.0.0.0 Safari/537.36"
20.100.169.31 - - [19/Aug/2026:06:39:43 +0300] "GET /h.php HTTP/1.1" 404 11133 "-" "Mozilla/5.0 (Windows NT 10.0; Win64; x64) AppleWebKit/537.36 (KHTML, like Gecko) Chrome/120.0.0.0 Safari/537.36"
20.100.169.31 - - [19/Aug/2026:06:39:44 +0300] "GET /ms-edit.php HTTP/1.1" 404 11133 "-" "Mozilla/5.0 (Windows NT 10.0; Win64; x64) AppleWebKit/537.36 (KHTML, like Gecko) Chrome/120.0.0.0 Safari/537.36"
20.100.169.31 - - [19/Aug/2026:06:39:44 +0300] "GET /a7.php HTTP/1.1" 404 11133 "-" "Mozilla/5.0 (Windows NT 10.0; Win64; x64) AppleWebKit/537.36 (KHTML, like Gecko) Chrome/120.0.0.0 Safari/537.36"
20.100.169.31 - - [19/Aug/2026:06:39:45 +0300] "GET /manager.php HTTP/1.1" 404 11133 "-" "Mozilla/5.0 (Windows NT 10.0; Win64; x64) AppleWebKit/537.36 (KHTML, like Gecko) Chrome/120.0.0.0 Safari/537.36"
20.100.169.31 - - [19/Aug/2026:06:39:45 +0300] "GET /w1.php HTTP/1.1" 404 11133 "-" "Mozilla/5.0 (Windows NT 10.0; Win64; x64) AppleWebKit/537.36 (KHTML, like Gecko) Chrome/120.0.0.0 Safari/537.36"
20.100.169.31 - - [19/Aug/2026:06:39:45 +0300] "GET /wp-includes/fonts/ HTTP/1.1" 302 138 "-" "Mozilla/5.0 (Windows NT 10.0; Win64; x64) AppleWebKit/537.36 (KHTML, like Gecko) Chrome/120.0.0.0 Safari/537.36"
20.100.169.31 - - [19/Aug/2026:06:39:45 +0300] "GET /wp-login.php HTTP/1.1" 200 3366 "-" "Mozilla/5.0 (Windows NT 10.0; Win64; x64) AppleWebKit/537.36 (KHTML, like Gecko) Chrome/120.0.0.0 Safari/537.36"
20.100.169.31 - - [19/Aug/2026:06:39:46 +0300] "GET /default.php HTTP/1.1" 404 11133 "-" "Mozilla/5.0 (Windows NT 10.0; Win64; x64) AppleWebKit/537.36 (KHTML, like Gecko) Chrome/120.0.0.0 Safari/537.36"
20.100.169.31 - - [19/Aug/2026:06:39:46 +0300] "GET /i.php HTTP/1.1" 404 11133 "-" "Mozilla/5.0 (Windows NT 10.0; Win64; x64) AppleWebKit/537.36 (KHTML, like Gecko) Chrome/120.0.0.0 Safari/537.36"
