216.73.216.14 - - [19/Aug/2026:03:17:44 +0300] "GET /asterisk-ip-pbx-icq-call-notification/ HTTP/2.0" 200 14176 "-" "Mozilla/5.0 AppleWebKit/537.36 (KHTML, like Gecko; compatible; ClaudeBot/1.0; +claudebot@anthropic.com)"
216.73.216.14 - - [19/Aug/2026:03:17:44 +0300] "GET /starcraft-2-%d0%bd%d0%b0-linux/ HTTP/2.0" 200 12816 "-" "Mozilla/5.0 AppleWebKit/537.36 (KHTML, like Gecko; compatible; ClaudeBot/1.0; +claudebot@anthropic.com)"
216.73.216.14 - - [19/Aug/2026:03:17:44 +0300] "GET /tag/chan_dahdi-c/ HTTP/2.0" 200 11312 "-" "Mozilla/5.0 AppleWebKit/537.36 (KHTML, like Gecko; compatible; ClaudeBot/1.0; +claudebot@anthropic.com)"
216.73.216.14 - - [19/Aug/2026:03:17:54 +0300] "GET /%d1%83%d1%81%d1%82%d0%b0%d0%bd%d0%be%d0%b2%d0%ba%d0%b0-npm-%d0%bf%d0%b0%d0%ba%d0%b5%d1%82%d0%be%d0%b2-%d0%b3%d0%bb%d0%be%d0%b1%d0%b0%d0%bb%d1%8c%d0%bd%d0%be-%d0%b1%d0%b5%d0%b7-sudo/ HTTP/2.0" 200 12032 "-" "Mozilla/5.0 AppleWebKit/537.36 (KHTML, like Gecko; compatible; ClaudeBot/1.0; +claudebot@anthropic.com)"
216.73.216.14 - - [19/Aug/2026:03:17:54 +0300] "GET /%d0%bf%d0%be%d0%b4%d0%ba%d0%bb%d1%8e%d1%87%d0%b5%d0%bd%d0%b8%d0%b5-%d1%80%d0%b0%d0%b7%d0%b4%d0%b5%d0%bb%d0%be%d0%b2-truecrypt-%d1%81-%d0%bf%d0%be%d0%bc%d0%be%d1%89%d1%8c%d1%8e-%d1%81%d0%b5%d1%80%d0%b2/ HTTP/2.0" 200 13997 "-" "Mozilla/5.0 AppleWebKit/537.36 (KHTML, like Gecko; compatible; ClaudeBot/1.0; +claudebot@anthropic.com)"
216.73.216.14 - - [19/Aug/2026:03:17:54 +0300] "GET /%d1%81%d0%b5%d1%80%d0%b2%d0%b5%d1%80-%d0%be%d0%bd%d0%bb%d0%b0%d0%b9%d0%bd-%d0%b2%d0%b5%d1%89%d0%b0%d0%bd%d0%b8%d0%b9-%d0%bd%d0%b0-%d0%b1%d0%b0%d0%b7%d0%b5-nginx/ HTTP/2.0" 200 19964 "-" "Mozilla/5.0 AppleWebKit/537.36 (KHTML, like Gecko; compatible; ClaudeBot/1.0; +claudebot@anthropic.com)"
216.73.216.14 - - [19/Aug/2026:03:17:54 +0300] "GET /%d0%b2%d0%b8%d0%b7%d1%83%d0%b0%d0%bb%d1%8c%d0%bd%d0%be%d0%b5-%d1%80%d0%b0%d1%81%d0%bf%d0%be%d0%b7%d0%bd%d0%b0%d0%b2%d0%b0%d0%bd%d0%b8%d0%b5-%d1%85%d1%8d%d1%88%d0%b5%d0%b9/ HTTP/2.0" 200 12705 "-" "Mozilla/5.0 AppleWebKit/537.36 (KHTML, like Gecko; compatible; ClaudeBot/1.0; +claudebot@anthropic.com)"
216.73.216.14 - - [19/Aug/2026:03:17:54 +0300] "GET /%d0%97%d0%b0%d1%89%d0%b8%d1%89%d0%b0%d0%b5%d0%bc-%d1%81%d0%b5%d1%80%d0%b2%d0%b5%d1%80-asterisk-%d1%81-%d0%bf%d0%be%d0%bc%d0%be%d1%89%d1%8c%d1%8e-fail2ban/ HTTP/2.0" 200 13231 "-" "Mozilla/5.0 AppleWebKit/537.36 (KHTML, like Gecko; compatible; ClaudeBot/1.0; +claudebot@anthropic.com)"
216.73.216.14 - - [19/Aug/2026:03:17:54 +0300] "GET /%d0%b4%d0%b5%d1%82%d0%b0%d0%bb%d1%8c%d0%bd%d1%8b%d0%b5-%d1%85%d0%b0%d1%80%d0%b0%d0%ba%d1%82%d0%b5%d1%80%d0%b8%d1%81%d1%82%d0%b8%d0%ba%d0%b8-%d1%81-%d0%bf%d0%be%d0%bc%d0%be%d1%89%d1%8c%d1%8e-dmidecode/ HTTP/2.0" 200 15135 "-" "Mozilla/5.0 AppleWebKit/537.36 (KHTML, like Gecko; compatible; ClaudeBot/1.0; +claudebot@anthropic.com)"
216.73.216.14 - - [19/Aug/2026:03:17:54 +0300] "GET /%d0%b7%d0%b0%d1%89%d0%b8%d1%82%d0%b0-%d0%be%d1%82-%d0%b1%d1%80%d1%83%d1%82%d1%84%d0%be%d1%80%d1%81%d0%b0-ssh-ftp-http-fail2ban/ HTTP/2.0" 200 12621 "-" "Mozilla/5.0 AppleWebKit/537.36 (KHTML, like Gecko; compatible; ClaudeBot/1.0; +claudebot@anthropic.com)"
216.73.216.14 - - [19/Aug/2026:03:17:54 +0300] "GET /%d0%b2%d0%b5%d1%89%d0%b0%d0%bd%d0%b8%d0%b5-%d0%be%d0%bd%d0%bb%d0%b0%d0%b9%d0%bd-%d0%b2%d0%b8%d0%b4%d0%b5%d0%be-%d1%81-%d0%bf%d0%be%d0%bc%d0%be%d1%89%d1%8c%d1%8e-nginx/ HTTP/2.0" 200 15002 "-" "Mozilla/5.0 AppleWebKit/537.36 (KHTML, like Gecko; compatible; ClaudeBot/1.0; +claudebot@anthropic.com)"
216.73.216.14 - - [19/Aug/2026:03:17:54 +0300] "GET /%d1%83%d0%b4%d0%b0%d0%bb%d0%b5%d0%bd%d0%b8%d0%b5-%d0%ba%d0%bb%d1%8e%d1%87%d0%b0-ssh-%d1%83%d0%b7%d0%bb%d0%b0-%d0%b8%d0%b7-%d1%81%d0%bf%d0%b8%d1%81%d0%ba%d0%b0-sshknown_hosts/ HTTP/2.0" 200 11334 "-" "Mozilla/5.0 AppleWebKit/537.36 (KHTML, like Gecko; compatible; ClaudeBot/1.0; +claudebot@anthropic.com)"
216.73.216.14 - - [19/Aug/2026:03:17:54 +0300] "GET /%d0%b1%d0%b5%d0%b7%d0%be%d0%bf%d0%b0%d1%81%d0%bd%d1%8b%d0%b9-%d0%bc%d0%b5%d1%82%d0%be%d0%b4-%d0%b0%d0%b2%d1%82%d0%be%d1%80%d0%b8%d0%b7%d0%b0%d1%86%d0%b8%d0%b8-%d0%bd%d0%b0-php/ HTTP/2.0" 200 16159 "-" "Mozilla/5.0 AppleWebKit/537.36 (KHTML, like Gecko; compatible; ClaudeBot/1.0; +claudebot@anthropic.com)"
216.73.216.14 - - [19/Aug/2026:03:17:55 +0300] "GET /mysql-c%d1%80%d0%b0%d0%b2%d0%bd%d0%b5%d0%bd%d0%b8%d0%b5-%d0%b4%d0%b0%d1%82%d1%8b-datetime-%d1%87%d0%b5%d1%80%d0%b5%d0%b7-%d0%be%d0%bf%d0%b5%d1%80%d0%b0%d1%82%d0%be%d1%80-between/ HTTP/2.0" 200 12763 "-" "Mozilla/5.0 AppleWebKit/537.36 (KHTML, like Gecko; compatible; ClaudeBot/1.0; +claudebot@anthropic.com)"
216.73.216.14 - - [19/Aug/2026:03:17:55 +0300] "GET /%d0%b0%d0%b2%d1%82%d0%be%d0%bc%d0%b0%d1%82%d0%b8%d1%87%d0%b5%d1%81%d0%ba%d0%b0%d1%8f-%d0%bf%d0%b5%d1%80%d0%b5%d0%b7%d0%b0%d0%b3%d1%80%d1%83%d0%b7%d0%ba%d0%b0-linux-%d0%bf%d1%80%d0%b8-kernel-panic/ HTTP/2.0" 200 12684 "-" "Mozilla/5.0 AppleWebKit/537.36 (KHTML, like Gecko; compatible; ClaudeBot/1.0; +claudebot@anthropic.com)"
216.73.216.14 - - [19/Aug/2026:03:17:55 +0300] "GET /%d0%bd%d0%b0%d1%81%d1%82%d1%80%d0%be%d0%b9%d0%ba%d0%b0-%d1%80%d0%b0%d0%b7%d1%80%d0%b5%d1%88%d0%b5%d0%bd%d0%b8%d1%8f-%d1%8d%d0%ba%d1%80%d0%b0%d0%bd%d0%b0-%d0%b2-linux/ HTTP/2.0" 200 11775 "-" "Mozilla/5.0 AppleWebKit/537.36 (KHTML, like Gecko; compatible; ClaudeBot/1.0; +claudebot@anthropic.com)"
216.73.216.14 - - [19/Aug/2026:03:17:55 +0300] "GET /%d0%bf%d0%b0%d1%80%d1%81%d0%b8%d0%bd%d0%b3-%d0%b1%d0%b8%d1%80%d0%b6%d0%b5%d0%b2%d1%8b%d1%85-%d0%ba%d0%be%d1%82%d0%b8%d1%80%d0%be%d0%b2%d0%be%d0%ba/ HTTP/2.0" 200 12412 "-" "Mozilla/5.0 AppleWebKit/537.36 (KHTML, like Gecko; compatible; ClaudeBot/1.0; +claudebot@anthropic.com)"
216.73.216.14 - - [19/Aug/2026:03:17:55 +0300] "GET /%d1%81%d0%b5%d1%82%d0%b5%d0%b2%d0%be%d0%b9-%d0%b0%d0%b4%d0%b0%d0%bf%d1%82%d0%b5%d1%80-intel-serveradapter-1000-et-quad-port-pcie-%d0%b2-centos-5/ HTTP/2.0" 200 14915 "-" "Mozilla/5.0 AppleWebKit/537.36 (KHTML, like Gecko; compatible; ClaudeBot/1.0; +claudebot@anthropic.com)"
176.202.24.145 - - [19/Aug/2026:03:17:55 +0300] "POST /xmlrpc.php HTTP/1.1" 200 459 "-" "Jetpack by WordPress.com"
216.73.216.14 - - [19/Aug/2026:03:17:55 +0300] "GET /%d0%a3%d0%b2%d0%b5%d0%bb%d0%b8%d1%87%d0%b8%d0%b2%d0%b0%d0%b5%d0%bc-%d1%80%d0%b0%d0%b7%d0%bc%d0%b5%d1%80-conntrack-%d1%82%d0%b0%d0%b1%d0%bb%d0%b8%d1%86%d1%8b-%d0%b2-centos-linux/ HTTP/2.0" 200 12331 "-" "Mozilla/5.0 AppleWebKit/537.36 (KHTML, like Gecko; compatible; ClaudeBot/1.0; +claudebot@anthropic.com)"
216.73.216.14 - - [19/Aug/2026:03:17:55 +0300] "GET /%d1%80%d0%b0%d0%b7%d0%bd%d1%8b%d0%b5-%d0%b2%d0%b0%d1%80%d0%b8%d0%b0%d0%bd%d1%82%d1%8b-nat-%d0%bd%d0%b0-cisco-asa/ HTTP/2.0" 200 11455 "-" "Mozilla/5.0 AppleWebKit/537.36 (KHTML, like Gecko; compatible; ClaudeBot/1.0; +claudebot@anthropic.com)"
216.73.216.14 - - [19/Aug/2026:03:17:55 +0300] "GET /%d0%bf%d0%b5%d1%80%d0%b5%d0%bf%d0%be%d0%b4%d0%ba%d0%bb%d1%8e%d1%87%d0%b5%d0%bd%d0%b8%d0%b5-%d0%ba-%d1%81%d0%b5%d0%b0%d0%bd%d1%81%d1%83-ssh/ HTTP/2.0" 200 12355 "-" "Mozilla/5.0 AppleWebKit/537.36 (KHTML, like Gecko; compatible; ClaudeBot/1.0; +claudebot@anthropic.com)"
216.73.216.14 - - [19/Aug/2026:03:17:57 +0300] "GET /%d0%be%d0%b1%d0%bd%d0%be%d0%b2%d0%bb%d0%b5%d0%bd%d0%b8%d0%b5-%d1%81%d0%b5%d1%80%d1%82%d0%b8%d1%84%d0%b8%d0%ba%d0%b0%d1%82%d0%b0-%d0%bd%d0%b0-%d0%bc%d0%b0%d1%80%d1%88%d1%80%d1%83%d1%82%d0%b8%d0%b7/ HTTP/2.0" 200 12565 "-" "Mozilla/5.0 AppleWebKit/537.36 (KHTML, like Gecko; compatible; ClaudeBot/1.0; +claudebot@anthropic.com)"
216.73.216.14 - - [19/Aug/2026:03:17:57 +0300] "GET /%d0%b7%d0%b0%d0%bf%d1%83%d1%81%d0%ba-%d0%bd%d0%b5%d1%81%d0%ba%d0%be%d0%bb%d1%8c%d0%ba%d0%b8%d1%85-%d1%81%d0%b0%d0%b9%d1%82%d0%be%d0%b2-%d1%81-%d1%80%d0%b0%d0%b7%d0%bb%d0%b8%d1%87%d0%bd%d1%8b%d0%bc/ HTTP/2.0" 200 12512 "-" "Mozilla/5.0 AppleWebKit/537.36 (KHTML, like Gecko; compatible; ClaudeBot/1.0; +claudebot@anthropic.com)"
216.73.216.14 - - [19/Aug/2026:03:17:57 +0300] "GET /%d1%80%d0%b5%d1%88%d0%b5%d0%bd%d0%b8%d0%b5-%d0%bf%d1%80%d0%be%d0%b1%d0%bb%d0%b5%d0%bc%d1%8b-%d1%81-path-mtu-discovery-%d0%bf%d1%83%d1%82%d0%b5%d0%bc-%d0%bd%d0%b0%d1%81%d1%82%d1%80%d0%be%d0%b9%d0%ba/ HTTP/2.0" 200 14851 "-" "Mozilla/5.0 AppleWebKit/537.36 (KHTML, like Gecko; compatible; ClaudeBot/1.0; +claudebot@anthropic.com)"
216.73.216.14 - - [19/Aug/2026:03:17:57 +0300] "GET /%d1%80%d0%b5%d1%88%d0%b5%d0%bd%d0%b8%d0%b5-%d0%bf%d1%80%d0%be%d0%b1%d0%bb%d0%b5%d0%bc-%d0%bf%d1%80%d0%b8-%d1%80%d0%b0%d0%b7%d0%bc%d0%b5%d1%89%d0%b5%d0%bd%d0%b8%d0%b8-cisco-7942g-%d0%b7%d0%b0-nat/ HTTP/2.0" 200 12957 "-" "Mozilla/5.0 AppleWebKit/537.36 (KHTML, like Gecko; compatible; ClaudeBot/1.0; +claudebot@anthropic.com)"
216.73.216.14 - - [19/Aug/2026:03:17:57 +0300] "GET /%d0%be%d1%82%d0%ba%d0%b0%d0%b7%d0%be%d1%83%d1%81%d1%82%d0%be%d0%b9%d1%87%d0%b8%d0%b2%d1%8b%d0%b9-asterisk-%d0%ba%d0%bb%d0%b0%d1%81%d1%82%d0%b5%d1%80-%d0%bd%d0%b0-%d0%be%d1%81%d0%bd%d0%be%d0%b2%d0%b5-d/ HTTP/2.0" 200 17895 "-" "Mozilla/5.0 AppleWebKit/537.36 (KHTML, like Gecko; compatible; ClaudeBot/1.0; +claudebot@anthropic.com)"
216.73.216.14 - - [19/Aug/2026:03:17:57 +0300] "GET /qos-%d0%ba%d0%b0%d1%87%d0%b5%d1%81%d1%82%d0%b2%d0%be-%d0%be%d0%b1%d1%81%d0%bb%d1%83%d0%b6%d0%b8%d0%b2%d0%b0%d0%bd%d0%b8%d1%8f-%d0%b2-%d0%be%d0%bf%d0%b5%d1%80%d0%b0%d1%82%d0%be%d1%80%d1%81%d0%ba%d0%b8/ HTTP/2.0" 200 50239 "-" "Mozilla/5.0 AppleWebKit/537.36 (KHTML, like Gecko; compatible; ClaudeBot/1.0; +claudebot@anthropic.com)"
216.73.216.14 - - [19/Aug/2026:03:17:57 +0300] "GET /%d0%be%d0%b3%d1%80%d0%b0%d0%bd%d0%b8%d1%87%d0%b5%d0%bd%d0%b8%d0%b5-%d0%bf%d1%80%d0%be%d0%bf%d1%83%d1%81%d0%ba%d0%bd%d0%be%d0%b9-%d1%81%d0%bf%d0%be%d1%81%d0%be%d0%b1%d0%bd%d0%be%d1%81%d1%82%d0%b8/ HTTP/2.0" 200 12337 "-" "Mozilla/5.0 AppleWebKit/537.36 (KHTML, like Gecko; compatible; ClaudeBot/1.0; +claudebot@anthropic.com)"
216.73.216.14 - - [19/Aug/2026:03:17:57 +0300] "GET /%d0%be%d0%b3%d1%80%d0%b0%d0%bd%d0%b8%d1%87%d0%b5%d0%bd%d0%b8%d0%b5-%d1%81%d0%ba%d0%be%d1%80%d0%be%d1%81%d1%82%d0%b8-%d0%b4%d0%bb%d1%8f-%d0%be%d1%82%d0%b4%d0%b5%d0%bb%d1%8c%d0%bd%d0%be%d0%b3%d0%be/ HTTP/2.0" 200 12552 "-" "Mozilla/5.0 AppleWebKit/537.36 (KHTML, like Gecko; compatible; ClaudeBot/1.0; +claudebot@anthropic.com)"
216.73.216.14 - - [19/Aug/2026:03:17:57 +0300] "GET /%d1%80%d0%b0%d0%b7%d0%b4%d0%b5%d0%bb%d0%b5%d0%bd%d0%b8%d0%b5-%d0%b1%d0%be%d0%bb%d1%8c%d1%88%d0%be%d0%b3%d0%be-%d1%84%d0%b0%d0%b9%d0%bb%d0%b0-%d0%bd%d0%b0-%d0%bd%d0%b5%d1%81%d0%ba%d0%be%d0%bb%d1%8c/ HTTP/2.0" 200 11803 "-" "Mozilla/5.0 AppleWebKit/537.36 (KHTML, like Gecko; compatible; ClaudeBot/1.0; +claudebot@anthropic.com)"
216.73.216.14 - - [19/Aug/2026:03:17:57 +0300] "GET /ssh-%d0%b1%d0%b5%d1%81%d0%bf%d0%b0%d1%80%d0%be%d0%bb%d1%8c%d0%bd%d0%b0%d1%8f-%d0%b0%d1%83%d1%82%d0%b5%d0%bd%d1%82%d0%b8%d1%84%d0%b8%d0%ba%d0%b0%d1%86%d0%b8%d1%8f-%d1%81-%d0%bf%d0%be%d0%bc%d0%be/ HTTP/2.0" 200 12531 "-" "Mozilla/5.0 AppleWebKit/537.36 (KHTML, like Gecko; compatible; ClaudeBot/1.0; +claudebot@anthropic.com)"
216.73.216.14 - - [19/Aug/2026:03:17:57 +0300] "GET /wget-%d0%bb%d1%83%d1%87%d1%88%d0%b8%d0%b5-%d0%bf%d1%80%d0%b0%d0%ba%d1%82%d0%b8%d0%ba%d0%b8-%d0%b8%d1%81%d0%bf%d0%be%d0%bb%d1%8c%d0%b7%d0%be%d0%b2%d0%b0%d0%bd%d0%b8%d1%8f/ HTTP/2.0" 200 13000 "-" "Mozilla/5.0 AppleWebKit/537.36 (KHTML, like Gecko; compatible; ClaudeBot/1.0; +claudebot@anthropic.com)"
216.73.216.14 - - [19/Aug/2026:03:17:58 +0300] "GET /%d0%ba%d0%b0%d0%ba-%d1%8f-%d0%b2%d0%bd%d0%b5%d0%b4%d1%80%d1%8f%d0%bb-%d0%bf%d0%b5%d1%80%d0%b2%d0%be%d0%b5-%d0%bf%d1%80%d0%b0%d0%b2%d0%b8%d0%bb%d0%be-%d0%b2%d0%b5%d0%b4%d0%b5%d0%bd%d0%b8%d1%8f-%d0%b1/ HTTP/2.0" 200 16170 "-" "Mozilla/5.0 AppleWebKit/537.36 (KHTML, like Gecko; compatible; ClaudeBot/1.0; +claudebot@anthropic.com)"
216.73.216.14 - - [19/Aug/2026:03:17:58 +0300] "GET /%d0%bf%d1%80%d0%b8%d0%bc%d0%b5%d1%80-%d0%bf%d0%be%d0%b4%d0%ba%d0%bb%d1%8e%d1%87%d0%b5%d0%bd%d0%b8%d1%8f-%d0%bb%d0%be%d0%ba%d0%b0%d0%bb%d1%8c%d0%bd%d0%be%d0%b9-%d1%81%d0%b5%d1%82%d0%b8-%d0%ba-%d0%b8/ HTTP/2.0" 200 16821 "-" "Mozilla/5.0 AppleWebKit/537.36 (KHTML, like Gecko; compatible; ClaudeBot/1.0; +claudebot@anthropic.com)"
216.73.216.14 - - [19/Aug/2026:03:17:58 +0300] "GET /%d0%b1%d0%b5%d0%b7%d0%be%d0%bf%d0%b0%d1%81%d0%bd%d0%be%d1%81%d1%82%d1%8c-%d0%bc%d0%b0%d1%80%d1%88%d1%80%d1%83%d1%82%d0%b8%d0%b7%d0%b0%d1%82%d0%be%d1%80%d0%be%d0%b2-cisco/ HTTP/2.0" 200 23242 "-" "Mozilla/5.0 AppleWebKit/537.36 (KHTML, like Gecko; compatible; ClaudeBot/1.0; +claudebot@anthropic.com)"
216.73.216.14 - - [19/Aug/2026:03:17:58 +0300] "GET /%d0%b7%d0%b0%d1%89%d0%b8%d1%82%d0%b0-asterisk-%d0%b8%d0%bb%d0%b8-%d0%ba%d1%83%d0%b1%d0%b8%d0%bd%d1%81%d0%ba%d0%b0%d1%8f-%d1%8d%d0%bf%d0%b8%d0%b4%d0%b5%d0%bc%d0%b8%d1%8f/ HTTP/2.0" 200 12716 "-" "Mozilla/5.0 AppleWebKit/537.36 (KHTML, like Gecko; compatible; ClaudeBot/1.0; +claudebot@anthropic.com)"
216.73.216.14 - - [19/Aug/2026:03:17:58 +0300] "GET /%d0%90%d0%b2%d1%82%d0%be%d0%bc%d0%b0%d1%82%d0%b8%d1%87%d0%b5%d1%81%d0%ba%d0%b0%d1%8f-%d0%bf%d0%b5%d1%80%d0%b5%d0%b7%d0%b0%d0%b3%d1%80%d1%83%d0%b7%d0%ba%d0%b0-%d0%bf%d1%80%d0%b8-kernel-panic/ HTTP/2.0" 200 11297 "-" "Mozilla/5.0 AppleWebKit/537.36 (KHTML, like Gecko; compatible; ClaudeBot/1.0; +claudebot@anthropic.com)"
216.73.216.14 - - [19/Aug/2026:03:17:58 +0300] "GET /%d0%bf%d1%80%d0%be%d0%b7%d1%80%d0%b0%d1%87%d0%bd%d0%be%d0%b5-%d0%bf%d1%80%d0%be%d0%ba%d1%81%d0%b8%d1%80%d0%be%d0%b2%d0%b0%d0%bd%d0%b8%d0%b5-%d1%81-%d0%bf%d0%be%d0%bc%d0%be%d1%89%d1%8c%d1%8e-netfilter/ HTTP/2.0" 200 14274 "-" "Mozilla/5.0 AppleWebKit/537.36 (KHTML, like Gecko; compatible; ClaudeBot/1.0; +claudebot@anthropic.com)"
216.73.216.14 - - [19/Aug/2026:03:17:58 +0300] "GET /%d0%be%d0%bf%d0%b5%d1%80%d0%b0%d1%82%d0%b8%d0%b2%d0%bd%d0%b0%d1%8f-%d1%80%d0%b5%d0%b0%d0%ba%d1%86%d0%b8%d1%8f-%d0%bd%d0%b0-ddos-%d0%b0%d1%82%d0%b0%d0%ba%d0%b8/ HTTP/2.0" 200 14247 "-" "Mozilla/5.0 AppleWebKit/537.36 (KHTML, like Gecko; compatible; ClaudeBot/1.0; +claudebot@anthropic.com)"
176.202.24.145 - - [19/Aug/2026:03:18:05 +0300] "POST /xmlrpc.php HTTP/1.1" 200 459 "-" "WordPress.com; https://wordpress.com"
176.202.24.145 - - [19/Aug/2026:03:18:15 +0300] "POST /xmlrpc.php HTTP/1.1" 200 459 "-" "Jetpack by WordPress.com"
176.202.24.145 - - [19/Aug/2026:03:18:26 +0300] "POST /xmlrpc.php HTTP/1.1" 200 459 "-" "Jetpack/12.1; WordPress/6.1; http://site79235272.com"
216.73.216.14 - - [19/Aug/2026:03:18:34 +0300] "GET /tag/django-python/ HTTP/2.0" 200 10499 "-" "Mozilla/5.0 AppleWebKit/537.36 (KHTML, like Gecko; compatible; ClaudeBot/1.0; +claudebot@anthropic.com)"
216.73.216.14 - - [19/Aug/2026:03:18:34 +0300] "GET /goods.php HTTP/2.0" 404 11120 "-" "Mozilla/5.0 AppleWebKit/537.36 (KHTML, like Gecko; compatible; ClaudeBot/1.0; +claudebot@anthropic.com)"
216.73.216.14 - - [19/Aug/2026:03:18:34 +0300] "GET / HTTP/2.0" 200 38517 "-" "Mozilla/5.0 AppleWebKit/537.36 (KHTML, like Gecko; compatible; ClaudeBot/1.0; +claudebot@anthropic.com)"
176.202.24.145 - - [19/Aug/2026:03:18:36 +0300] "POST /xmlrpc.php HTTP/1.1" 200 459 "-" "Jetpack by WordPress.com (Jetpack 13.0; WordPress 6.1)"
176.202.24.145 - - [19/Aug/2026:03:18:46 +0300] "POST /xmlrpc.php HTTP/1.1" 200 459 "-" "Jetpack by WordPress.com (Jetpack 12.1; WordPress 6.2)"
216.73.216.14 - - [19/Aug/2026:03:18:57 +0300] "GET /tag/less/ HTTP/2.0" 200 14120 "-" "Mozilla/5.0 AppleWebKit/537.36 (KHTML, like Gecko; compatible; ClaudeBot/1.0; +claudebot@anthropic.com)"
216.73.216.14 - - [19/Aug/2026:03:18:57 +0300] "GET /tag/static/ HTTP/2.0" 200 10440 "-" "Mozilla/5.0 AppleWebKit/537.36 (KHTML, like Gecko; compatible; ClaudeBot/1.0; +claudebot@anthropic.com)"
216.73.216.14 - - [19/Aug/2026:03:18:57 +0300] "GET /tag/debug_toolbar/ HTTP/2.0" 200 11527 "-" "Mozilla/5.0 AppleWebKit/537.36 (KHTML, like Gecko; compatible; ClaudeBot/1.0; +claudebot@anthropic.com)"
176.202.24.145 - - [19/Aug/2026:03:18:57 +0300] "POST /xmlrpc.php HTTP/1.1" 200 459 "-" "Jetpack by WordPress.com (Jetpack 12.5; WordPress 6.3)"
216.73.216.14 - - [19/Aug/2026:03:19:02 +0300] "GET /tag/compass/ HTTP/2.0" 200 14121 "-" "Mozilla/5.0 AppleWebKit/537.36 (KHTML, like Gecko; compatible; ClaudeBot/1.0; +claudebot@anthropic.com)"
216.73.216.14 - - [19/Aug/2026:03:19:02 +0300] "GET /tag/radius/ HTTP/2.0" 200 10646 "-" "Mozilla/5.0 AppleWebKit/537.36 (KHTML, like Gecko; compatible; ClaudeBot/1.0; +claudebot@anthropic.com)"
216.73.216.14 - - [19/Aug/2026:03:19:02 +0300] "GET /tag/windows/ HTTP/2.0" 200 11526 "-" "Mozilla/5.0 AppleWebKit/537.36 (KHTML, like Gecko; compatible; ClaudeBot/1.0; +claudebot@anthropic.com)"
176.202.24.145 - - [19/Aug/2026:03:19:07 +0300] "POST /xmlrpc.php HTTP/1.1" 200 459 "-" "Jetpack by WordPress.com"
216.73.216.14 - - [19/Aug/2026:03:19:09 +0300] "GET /tag/failover/ HTTP/2.0" 200 10216 "-" "Mozilla/5.0 AppleWebKit/537.36 (KHTML, like Gecko; compatible; ClaudeBot/1.0; +claudebot@anthropic.com)"
216.73.216.14 - - [19/Aug/2026:03:19:09 +0300] "GET /tag/mongodb-engine/ HTTP/2.0" 200 12834 "-" "Mozilla/5.0 AppleWebKit/537.36 (KHTML, like Gecko; compatible; ClaudeBot/1.0; +claudebot@anthropic.com)"
176.202.24.145 - - [19/Aug/2026:03:19:18 +0300] "POST /xmlrpc.php HTTP/1.1" 200 459 "-" "Jetpack by WordPress.com"
216.73.216.14 - - [19/Aug/2026:03:19:28 +0300] "GET /tag/django-debug-toolbar/ HTTP/2.0" 200 11535 "-" "Mozilla/5.0 AppleWebKit/537.36 (KHTML, like Gecko; compatible; ClaudeBot/1.0; +claudebot@anthropic.com)"
216.73.216.14 - - [19/Aug/2026:03:19:28 +0300] "GET /mongodb-django/ HTTP/2.0" 200 13933 "-" "Mozilla/5.0 AppleWebKit/537.36 (KHTML, like Gecko; compatible; ClaudeBot/1.0; +claudebot@anthropic.com)"
176.202.24.145 - - [19/Aug/2026:03:19:28 +0300] "POST /xmlrpc.php HTTP/1.1" 200 459 "-" "Jetpack/12.0; WordPress/6.4; http://site72230393.com"
43.157.38.131 - - [19/Aug/2026:03:19:30 +0300] "GET /2024/02/ HTTP/1.1" 200 12702 "-" "Mozilla/5.0 (iPhone; CPU iPhone OS 13_2_3 like Mac OS X) AppleWebKit/605.1.15 (KHTML, like Gecko) Version/13.0.3 Mobile/15E148 Safari/604.1"
176.202.24.145 - - [19/Aug/2026:03:19:39 +0300] "POST /xmlrpc.php HTTP/1.1" 200 459 "-" "Jetpack by WordPress.com (Jetpack 13.0; WordPress 6.1)"
216.73.216.14 - - [19/Aug/2026:03:19:49 +0300] "GET /tag/mongodb/ HTTP/2.0" 200 12831 "-" "Mozilla/5.0 AppleWebKit/537.36 (KHTML, like Gecko; compatible; ClaudeBot/1.0; +claudebot@anthropic.com)"
216.73.216.14 - - [19/Aug/2026:03:19:49 +0300] "GET /tag/regex/ HTTP/2.0" 200 12310 "-" "Mozilla/5.0 AppleWebKit/537.36 (KHTML, like Gecko; compatible; ClaudeBot/1.0; +claudebot@anthropic.com)"
176.202.24.145 - - [19/Aug/2026:03:19:49 +0300] "POST /xmlrpc.php HTTP/1.1" 200 459 "-" "Jetpack by WordPress.com"
176.202.24.145 - - [19/Aug/2026:03:20:00 +0300] "POST /xmlrpc.php HTTP/1.1" 200 459 "-" "Jetpack by WordPress.com"
216.73.216.14 - - [19/Aug/2026:03:20:05 +0300] "GET /tag/grunt/ HTTP/2.0" 200 14118 "-" "Mozilla/5.0 AppleWebKit/537.36 (KHTML, like Gecko; compatible; ClaudeBot/1.0; +claudebot@anthropic.com)"
216.73.216.14 - - [19/Aug/2026:03:20:05 +0300] "GET /tag/sass/ HTTP/2.0" 200 14122 "-" "Mozilla/5.0 AppleWebKit/537.36 (KHTML, like Gecko; compatible; ClaudeBot/1.0; +claudebot@anthropic.com)"
176.202.24.145 - - [19/Aug/2026:03:20:10 +0300] "POST /xmlrpc.php HTTP/1.1" 200 459 "-" "Jetpack by WordPress.com (Jetpack 12.0; WordPress 6.4)"
176.202.24.145 - - [19/Aug/2026:03:20:21 +0300] "POST /xmlrpc.php HTTP/1.1" 200 459 "-" "Jetpack/12.0; WordPress/6.3; http://site70538897.com"
216.73.216.14 - - [19/Aug/2026:03:20:28 +0300] "GET /fsck-root-on-boot/ HTTP/2.0" 200 10984 "-" "Mozilla/5.0 AppleWebKit/537.36 (KHTML, like Gecko; compatible; ClaudeBot/1.0; +claudebot@anthropic.com)"
216.73.216.14 - - [19/Aug/2026:03:20:28 +0300] "GET /tag/troubleshooting/ HTTP/2.0" 200 10443 "-" "Mozilla/5.0 AppleWebKit/537.36 (KHTML, like Gecko; compatible; ClaudeBot/1.0; +claudebot@anthropic.com)"
176.202.24.145 - - [19/Aug/2026:03:20:31 +0300] "POST /xmlrpc.php HTTP/1.1" 200 459 "-" "WordPress.com; https://wordpress.com"
216.73.216.14 - - [19/Aug/2026:03:20:32 +0300] "GET /tag/ias/ HTTP/2.0" 200 10647 "-" "Mozilla/5.0 AppleWebKit/537.36 (KHTML, like Gecko; compatible; ClaudeBot/1.0; +claudebot@anthropic.com)"
216.73.216.14 - - [19/Aug/2026:03:20:32 +0300] "GET /tag/ngn/ HTTP/2.0" 200 19527 "-" "Mozilla/5.0 AppleWebKit/537.36 (KHTML, like Gecko; compatible; ClaudeBot/1.0; +claudebot@anthropic.com)"
176.202.24.145 - - [19/Aug/2026:03:20:42 +0300] "POST /xmlrpc.php HTTP/1.1" 200 459 "-" "Jetpack by WordPress.com"
79.132.69.120 - - [19/Aug/2026:03:20:42 +0300] "GET /crypto-currencies/ HTTP/1.1" 200 11293 "-" "Mozilla/5.0 (Macintosh; Intel Mac OS X 10_15_7) AppleWebKit/537.36 (KHTML, like Gecko) Chrome/104.0.0.0 Safari/537.36"
79.132.69.120 - - [19/Aug/2026:03:20:42 +0300] "GET /tag/linux/ HTTP/1.1" 200 43017 "-" "Mozilla/5.0 (Macintosh; Intel Mac OS X 10_15_7) AppleWebKit/537.36 (KHTML, like Gecko) Chrome/104.0.0.0 Safari/537.36"
79.132.69.120 - - [19/Aug/2026:03:20:42 +0300] "GET /tag/5500/ HTTP/1.1" 200 14250 "-" "Mozilla/5.0 (Macintosh; Intel Mac OS X 10_15_7) AppleWebKit/537.36 (KHTML, like Gecko) Chrome/104.0.0.0 Safari/537.36"
79.132.69.120 - - [19/Aug/2026:03:20:43 +0300] "GET /tag/rtp/ HTTP/1.1" 200 12401 "-" "Mozilla/5.0 (Macintosh; Intel Mac OS X 10_15_7) AppleWebKit/537.36 (KHTML, like Gecko) Chrome/104.0.0.0 Safari/537.36"
79.132.69.120 - - [19/Aug/2026:03:20:43 +0300] "GET /viewsonic-vp2650wb/77322_3160_draft_large/ HTTP/1.1" 200 10883 "-" "Mozilla/5.0 (Macintosh; Intel Mac OS X 10_15_7) AppleWebKit/537.36 (KHTML, like Gecko) Chrome/104.0.0.0 Safari/537.36"
79.132.69.120 - - [19/Aug/2026:03:20:43 +0300] "GET /viewsonic-vp2650wb/77322_2247_draft_large/ HTTP/1.1" 200 10884 "-" "Mozilla/5.0 (Macintosh; Intel Mac OS X 10_15_7) AppleWebKit/537.36 (KHTML, like Gecko) Chrome/104.0.0.0 Safari/537.36"
79.132.69.120 - - [19/Aug/2026:03:20:43 +0300] "GET /viewsonic-vp2650wb/77322_2246_draft_large/ HTTP/1.1" 200 10884 "-" "Mozilla/5.0 (Macintosh; Intel Mac OS X 10_15_7) AppleWebKit/537.36 (KHTML, like Gecko) Chrome/104.0.0.0 Safari/537.36"
79.132.69.120 - - [19/Aug/2026:03:20:43 +0300] "GET /example-post-for-wordpress-3/ HTTP/1.1" 200 10237 "-" "Mozilla/5.0 (Macintosh; Intel Mac OS X 10_15_7) AppleWebKit/537.36 (KHTML, like Gecko) Chrome/104.0.0.0 Safari/537.36"
79.132.69.120 - - [19/Aug/2026:03:20:44 +0300] "GET /tag/alaw/ HTTP/1.1" 200 11198 "-" "Mozilla/5.0 (Macintosh; Intel Mac OS X 10_15_7) AppleWebKit/537.36 (KHTML, like Gecko) Chrome/104.0.0.0 Safari/537.36"
79.132.69.120 - - [19/Aug/2026:03:20:44 +0300] "GET /tag/nat/ HTTP/1.1" 200 27907 "-" "Mozilla/5.0 (Macintosh; Intel Mac OS X 10_15_7) AppleWebKit/537.36 (KHTML, like Gecko) Chrome/104.0.0.0 Safari/537.36"
216.73.216.14 - - [19/Aug/2026:03:20:44 +0300] "GET /tag/cryptocurrencies/feed/ HTTP/2.0" 200 1580 "-" "Mozilla/5.0 AppleWebKit/537.36 (KHTML, like Gecko; compatible; ClaudeBot/1.0; +claudebot@anthropic.com)"
216.73.216.14 - - [19/Aug/2026:03:20:44 +0300] "GET /tag/tune2fs/ HTTP/2.0" 200 10818 "-" "Mozilla/5.0 AppleWebKit/537.36 (KHTML, like Gecko; compatible; ClaudeBot/1.0; +claudebot@anthropic.com)"
176.202.24.145 - - [19/Aug/2026:03:20:52 +0300] "POST /xmlrpc.php HTTP/1.1" 200 459 "-" "Jetpack/12.0; WordPress/6.3; http://site27517768.com"
216.73.216.14 - - [19/Aug/2026:03:21:00 +0300] "GET /tag/django/feed/ HTTP/2.0" 200 12993 "-" "Mozilla/5.0 AppleWebKit/537.36 (KHTML, like Gecko; compatible; ClaudeBot/1.0; +claudebot@anthropic.com)"
216.73.216.14 - - [19/Aug/2026:03:21:00 +0300] "GET /tag/nichost/ HTTP/2.0" 200 10502 "-" "Mozilla/5.0 AppleWebKit/537.36 (KHTML, like Gecko; compatible; ClaudeBot/1.0; +claudebot@anthropic.com)"
176.202.24.145 - - [19/Aug/2026:03:21:03 +0300] "POST /xmlrpc.php HTTP/1.1" 200 459 "-" "WordPress.com; https://wordpress.com"
114.119.147.152 - - [19/Aug/2026:03:21:04 +0300] "GET /shopdetail/transmit/033041177 HTTP/1.1" 404 11133 "https://891rpm.com/sitemap852.xml" "Mozilla/5.0 (Linux; Android 7.0;) AppleWebKit/537.36 (HTML, like Gecko) Mobile Safari/537.36 (compatible; PetalBot;+https://webmaster.petalsearch.com/site/petalbot)"
176.202.24.145 - - [19/Aug/2026:03:21:13 +0300] "POST /xmlrpc.php HTTP/1.1" 200 459 "-" "Jetpack by WordPress.com"
89.167.26.28 - - [19/Aug/2026:03:21:14 +0300] "GET /wp-content/uploads/2013/05/find-2.jpg HTTP/1.1" 301 162 "-" "Python/3.13 aiohttp/3.14.1"
89.167.26.28 - - [19/Aug/2026:03:21:14 +0300] "GET //891rpm.arthead.ru/wp-content/uploads/2012/12/git.jpg HTTP/1.1" 301 16 "-" "Python/3.13 aiohttp/3.14.1"
89.167.26.28 - - [19/Aug/2026:03:21:14 +0300] "GET /891rpm.arthead.ru/wp-content/uploads/2012/12/git.jpg HTTP/1.1" 404 11133 "-" "Python/3.13 aiohttp/3.14.1"
216.73.216.14 - - [19/Aug/2026:03:21:20 +0300] "GET /tag/fsck/feed/ HTTP/2.0" 200 5189 "-" "Mozilla/5.0 AppleWebKit/537.36 (KHTML, like Gecko; compatible; ClaudeBot/1.0; +claudebot@anthropic.com)"
216.73.216.14 - - [19/Aug/2026:03:21:20 +0300] "GET /tag/sha1/feed/ HTTP/2.0" 200 7090 "-" "Mozilla/5.0 AppleWebKit/537.36 (KHTML, like Gecko; compatible; ClaudeBot/1.0; +claudebot@anthropic.com)"
204.168.157.54 - - [19/Aug/2026:03:21:22 +0300] "GET //891rpm.arthead.ru/wp-content/uploads/2013/04/split.png HTTP/1.1" 301 16 "-" "Python/3.13 aiohttp/3.14.1"
204.168.157.54 - - [19/Aug/2026:03:21:22 +0300] "GET //891rpm.arthead.ru/wp-content/uploads/2011/10/StarcraftII.png HTTP/1.1" 301 16 "-" "Python/3.13 aiohttp/3.14.1"
68.183.124.229 - - [19/Aug/2026:03:21:22 +0300] "GET /wp-content/uploads/2014/12/colored_bash-300x167.png HTTP/1.1" 301 162 "http://891rpm.com/" "Mozilla/5.0 (Windows NT 10.0; Win64; x64) AppleWebKit/537.36 (KHTML, like Gecko) Chrome/133.0.0.0 Safari/537.36"
204.168.157.54 - - [19/Aug/2026:03:21:22 +0300] "GET /891rpm.arthead.ru/wp-content/uploads/2013/04/split.png HTTP/1.1" 404 11133 "-" "Python/3.13 aiohttp/3.14.1"
204.168.157.54 - - [19/Aug/2026:03:21:22 +0300] "GET /891rpm.arthead.ru/wp-content/uploads/2011/10/StarcraftII.png HTTP/1.1" 404 11133 "-" "Python/3.13 aiohttp/3.14.1"
176.202.24.145 - - [19/Aug/2026:03:21:24 +0300] "POST /xmlrpc.php HTTP/1.1" 200 459 "-" "Jetpack/12.5; WordPress/6.1; http://site61157656.com"
216.73.216.14 - - [19/Aug/2026:03:21:30 +0300] "GET /tag/djangotoolbox/ HTTP/2.0" 200 12831 "-" "Mozilla/5.0 AppleWebKit/537.36 (KHTML, like Gecko; compatible; ClaudeBot/1.0; +claudebot@anthropic.com)"
216.73.216.14 - - [19/Aug/2026:03:21:30 +0300] "GET /accessing-and-debugging-the-django-development-server-from-another-machine/ HTTP/2.0" 200 12709 "-" "Mozilla/5.0 AppleWebKit/537.36 (KHTML, like Gecko; compatible; ClaudeBot/1.0; +claudebot@anthropic.com)"
176.202.24.145 - - [19/Aug/2026:03:21:34 +0300] "POST /xmlrpc.php HTTP/1.1" 200 459 "-" "WordPress.com; https://wordpress.com"
102.66.158.95 - - [19/Aug/2026:03:21:38 +0300] "GET http://891rpm.com/wp-content/uploads/2014/12/colored_bash-300x167.png HTTP/1.1" 301 162 "http://891rpm.com/" "Mozilla/5.0 (Windows NT 10.0; Win64; x64) AppleWebKit/537.36 (KHTML, like Gecko) Chrome/133.0.0.0 Safari/537.36"
176.202.24.145 - - [19/Aug/2026:03:21:45 +0300] "POST /xmlrpc.php HTTP/1.1" 200 459 "-" "Jetpack/12.1; WordPress/6.4; http://site56169154.com"
121.200.216.188 - - [19/Aug/2026:03:21:48 +0300] "GET /wp-login.php HTTP/2.0" 200 3354 "-" "Mozilla/5.0 (Windows NT 10.0; Win64; x64) AppleWebKit/537.36 (KHTML, like Gecko) Chrome/151.0.0.0 Safari/537.36"
121.200.216.188 - - [19/Aug/2026:03:21:49 +0300] "POST /wp-login.php HTTP/2.0" 200 3503 "https://891rpm.com/wp-login.php" "Mozilla/5.0 (Windows NT 10.0; Win64; x64) AppleWebKit/537.36 (KHTML, like Gecko) Chrome/151.0.0.0 Safari/537.36"
176.202.24.145 - - [19/Aug/2026:03:21:55 +0300] "POST /xmlrpc.php HTTP/1.1" 200 459 "-" "Jetpack by WordPress.com"
216.73.216.14 - - [19/Aug/2026:03:22:00 +0300] "GET /tag/nosql/ HTTP/2.0" 200 12826 "-" "Mozilla/5.0 AppleWebKit/537.36 (KHTML, like Gecko; compatible; ClaudeBot/1.0; +claudebot@anthropic.com)"
216.73.216.14 - - [19/Aug/2026:03:22:00 +0300] "GET /tag/5510/feed/ HTTP/2.0" 200 17228 "-" "Mozilla/5.0 AppleWebKit/537.36 (KHTML, like Gecko; compatible; ClaudeBot/1.0; +claudebot@anthropic.com)"
176.202.24.145 - - [19/Aug/2026:03:22:06 +0300] "POST /xmlrpc.php HTTP/1.1" 200 459 "-" "WordPress.com; https://wordpress.com"
176.202.24.145 - - [19/Aug/2026:03:22:16 +0300] "POST /xmlrpc.php HTTP/1.1" 200 459 "-" "Jetpack by WordPress.com"
94.154.35.236 - - [19/Aug/2026:03:22:17 +0300] "HEAD /2019.tar HTTP/1.1" 301 0 "-" "Mozilla/5.0 (Windows NT 10.0; Win64; x64) AppleWebKit/537.36 (KHTML, like Gecko) Chrome/101.0.4951.67 Safari/537.36"
94.154.35.236 - - [19/Aug/2026:03:22:18 +0300] "HEAD /2019.tar HTTP/1.1" 404 0 "-" "Mozilla/5.0 (Windows NT 10.0; Win64; x64) AppleWebKit/537.36 (KHTML, like Gecko) Chrome/101.0.4951.67 Safari/537.36"
176.202.24.145 - - [19/Aug/2026:03:22:27 +0300] "POST /xmlrpc.php HTTP/1.1" 200 459 "-" "WordPress.com; https://wordpress.com"
176.202.24.145 - - [19/Aug/2026:03:22:37 +0300] "POST /xmlrpc.php HTTP/1.1" 200 459 "-" "Jetpack by WordPress.com"
216.73.216.14 - - [19/Aug/2026:03:22:40 +0300] "GET /tag/django-nonrel/ HTTP/2.0" 200 12832 "-" "Mozilla/5.0 AppleWebKit/537.36 (KHTML, like Gecko; compatible; ClaudeBot/1.0; +claudebot@anthropic.com)"
216.73.216.14 - - [19/Aug/2026:03:22:40 +0300] "GET /tag/dhcp/feed/ HTTP/2.0" 200 7871 "-" "Mozilla/5.0 AppleWebKit/537.36 (KHTML, like Gecko; compatible; ClaudeBot/1.0; +claudebot@anthropic.com)"
176.202.24.145 - - [19/Aug/2026:03:22:48 +0300] "POST /xmlrpc.php HTTP/1.1" 200 459 "-" "Jetpack by WordPress.com"
216.73.216.14 - - [19/Aug/2026:03:22:50 +0300] "GET /crypto-currencies/feed/ HTTP/2.0" 200 843 "-" "Mozilla/5.0 AppleWebKit/537.36 (KHTML, like Gecko; compatible; ClaudeBot/1.0; +claudebot@anthropic.com)"
216.73.216.14 - - [19/Aug/2026:03:22:50 +0300] "GET /where-am-i/feed/ HTTP/2.0" 200 792 "-" "Mozilla/5.0 AppleWebKit/537.36 (KHTML, like Gecko; compatible; ClaudeBot/1.0; +claudebot@anthropic.com)"
43.160.241.129 - - [19/Aug/2026:03:22:52 +0300] "GET /filez/fonulator HTTP/1.1" 301 162 "-" "Mozilla/5.0 (iPhone; CPU iPhone OS 13_2_3 like Mac OS X) AppleWebKit/605.1.15 (KHTML, like Gecko) Version/13.0.3 Mobile/15E148 Safari/604.1"
43.160.241.129 - - [19/Aug/2026:03:22:57 +0300] "GET /filez/fonulator HTTP/1.1" 404 11133 "http://891rpm.arthead.ru/filez/fonulator" "Mozilla/5.0 (iPhone; CPU iPhone OS 13_2_3 like Mac OS X) AppleWebKit/605.1.15 (KHTML, like Gecko) Version/13.0.3 Mobile/15E148 Safari/604.1"
216.73.216.14 - - [19/Aug/2026:03:22:58 +0300] "GET /tag/qos/feed/ HTTP/2.0" 200 9666 "-" "Mozilla/5.0 AppleWebKit/537.36 (KHTML, like Gecko; compatible; ClaudeBot/1.0; +claudebot@anthropic.com)"
216.73.216.14 - - [19/Aug/2026:03:22:58 +0300] "GET /failover-into-cisco-asa/ HTTP/2.0" 200 11337 "-" "Mozilla/5.0 AppleWebKit/537.36 (KHTML, like Gecko; compatible; ClaudeBot/1.0; +claudebot@anthropic.com)"
176.202.24.145 - - [19/Aug/2026:03:22:58 +0300] "POST /xmlrpc.php HTTP/1.1" 200 459 "-" "Jetpack/13.0; WordPress/6.4; http://site27882265.com"
176.202.24.145 - - [19/Aug/2026:03:23:09 +0300] "POST /xmlrpc.php HTTP/1.1" 200 459 "-" "Jetpack by WordPress.com (Jetpack 12.5; WordPress 6.4)"
216.73.216.14 - - [19/Aug/2026:03:23:10 +0300] "GET /simplifying-your-django-frontend-tasks-with-grunt/ HTTP/2.0" 200 15307 "-" "Mozilla/5.0 AppleWebKit/537.36 (KHTML, like Gecko; compatible; ClaudeBot/1.0; +claudebot@anthropic.com)"
216.73.216.14 - - [19/Aug/2026:03:23:11 +0300] "GET /tag/5510/page/2/ HTTP/2.0" 200 19092 "-" "Mozilla/5.0 AppleWebKit/537.36 (KHTML, like Gecko; compatible; ClaudeBot/1.0; +claudebot@anthropic.com)"
176.202.24.145 - - [19/Aug/2026:03:23:19 +0300] "POST /xmlrpc.php HTTP/1.1" 200 459 "-" "WordPress.com; https://wordpress.com"
116.206.58.194 - - [19/Aug/2026:03:23:22 +0300] "POST /xmlrpc.php HTTP/1.1" 200 459 "-" "Jetpack/12.5; WordPress/6.1; http://site63738672.com"
176.202.24.145 - - [19/Aug/2026:03:23:30 +0300] "POST /xmlrpc.php HTTP/1.1" 200 459 "-" "WordPress.com; https://wordpress.com"
116.206.58.194 - - [19/Aug/2026:03:23:32 +0300] "POST /xmlrpc.php HTTP/1.1" 200 459 "-" "Jetpack/13.0; WordPress/6.1; http://site51560198.com"
176.202.24.145 - - [19/Aug/2026:03:23:40 +0300] "POST /xmlrpc.php HTTP/1.1" 200 459 "-" "Jetpack/12.0; WordPress/6.4; http://site38144880.com"
216.73.216.14 - - [19/Aug/2026:03:23:41 +0300] "GET /tag/891rpm/feed/ HTTP/2.0" 200 2133 "-" "Mozilla/5.0 AppleWebKit/537.36 (KHTML, like Gecko; compatible; ClaudeBot/1.0; +claudebot@anthropic.com)"
216.73.216.14 - - [19/Aug/2026:03:23:41 +0300] "GET /how-to-static-nat-two-public-ips-to-1-private-ip/ HTTP/2.0" 200 11613 "-" "Mozilla/5.0 AppleWebKit/537.36 (KHTML, like Gecko; compatible; ClaudeBot/1.0; +claudebot@anthropic.com)"
116.206.58.194 - - [19/Aug/2026:03:23:42 +0300] "POST /xmlrpc.php HTTP/1.1" 200 459 "-" "WordPress.com; https://wordpress.com"
216.73.216.14 - - [19/Aug/2026:03:23:49 +0300] "GET /category/%d0%b1%d0%b5%d0%b7-%d1%80%d1%83%d0%b1%d1%80%d0%b8%d0%ba%d0%b8/feed/ HTTP/2.0" 200 12266 "-" "Mozilla/5.0 AppleWebKit/537.36 (KHTML, like Gecko; compatible; ClaudeBot/1.0; +claudebot@anthropic.com)"
216.73.216.14 - - [19/Aug/2026:03:23:50 +0300] "GET /%d0%bd%d0%b0%d1%81%d1%82%d1%80%d0%be%d0%b9%d0%ba%d0%b0-internet-authentication-service-radius-%d0%b2-windows-server-2003/ HTTP/2.0" 200 11744 "-" "Mozilla/5.0 AppleWebKit/537.36 (KHTML, like Gecko; compatible; ClaudeBot/1.0; +claudebot@anthropic.com)"
176.202.24.145 - - [19/Aug/2026:03:23:51 +0300] "POST /xmlrpc.php HTTP/1.1" 200 459 "-" "Jetpack/12.1; WordPress/6.3; http://site38525113.com"
116.206.58.194 - - [19/Aug/2026:03:23:53 +0300] "POST /xmlrpc.php HTTP/1.1" 200 459 "-" "Jetpack by WordPress.com"
176.202.24.145 - - [19/Aug/2026:03:24:01 +0300] "POST /xmlrpc.php HTTP/1.1" 200 459 "-" "Jetpack by WordPress.com"
116.206.58.194 - - [19/Aug/2026:03:24:04 +0300] "POST /xmlrpc.php HTTP/1.1" 200 459 "-" "Jetpack by WordPress.com"
176.202.24.145 - - [19/Aug/2026:03:24:12 +0300] "POST /xmlrpc.php HTTP/1.1" 200 459 "-" "Jetpack/12.1; WordPress/6.1; http://site44911183.com"
116.206.58.194 - - [19/Aug/2026:03:24:14 +0300] "POST /xmlrpc.php HTTP/1.1" 200 459 "-" "Jetpack by WordPress.com"
216.73.216.14 - - [19/Aug/2026:03:24:19 +0300] "GET /url-%d1%84%d0%b8%d0%bb%d1%8c%d1%82%d1%80%d0%b0%d1%86%d0%b8%d1%8f-%d0%b2-cisco-asa/ HTTP/2.0" 200 13373 "-" "Mozilla/5.0 AppleWebKit/537.36 (KHTML, like Gecko; compatible; ClaudeBot/1.0; +claudebot@anthropic.com)"
216.73.216.14 - - [19/Aug/2026:03:24:19 +0300] "GET /category/%d0%b1%d0%b5%d0%b7-%d1%80%d1%83%d0%b1%d1%80%d0%b8%d0%ba%d0%b8/page/2/ HTTP/2.0" 200 39640 "-" "Mozilla/5.0 AppleWebKit/537.36 (KHTML, like Gecko; compatible; ClaudeBot/1.0; +claudebot@anthropic.com)"
216.73.216.14 - - [19/Aug/2026:03:24:21 +0300] "GET /%d1%81%d1%87%d0%b5%d1%82%d1%87%d0%b8%d0%ba-%d0%bc%d0%be%d0%bd%d1%82%d0%b8%d1%80%d0%be%d0%b2%d0%b0%d0%bd%d0%b8%d0%b9-fsck/ HTTP/2.0" 200 11935 "-" "Mozilla/5.0 AppleWebKit/537.36 (KHTML, like Gecko; compatible; ClaudeBot/1.0; +claudebot@anthropic.com)"
216.73.216.14 - - [19/Aug/2026:03:24:21 +0300] "GET /%d0%bf%d0%b5%d1%80%d0%b5%d1%85%d0%b2%d0%b0%d1%82-%d1%82%d1%80%d0%b0%d1%84%d0%b8%d0%ba%d0%b0-%d0%bd%d0%b0-cisco-asa/ HTTP/2.0" 200 15501 "-" "Mozilla/5.0 AppleWebKit/537.36 (KHTML, like Gecko; compatible; ClaudeBot/1.0; +claudebot@anthropic.com)"
176.202.24.145 - - [19/Aug/2026:03:24:22 +0300] "POST /xmlrpc.php HTTP/1.1" 200 459 "-" "WordPress.com; https://wordpress.com"
116.206.58.194 - - [19/Aug/2026:03:24:25 +0300] "POST /xmlrpc.php HTTP/1.1" 200 459 "-" "Jetpack/12.5; WordPress/6.2; http://site98247488.com"
176.202.24.145 - - [19/Aug/2026:03:24:33 +0300] "POST /xmlrpc.php HTTP/1.1" 200 459 "-" "WordPress.com; https://wordpress.com"
116.206.58.194 - - [19/Aug/2026:03:24:35 +0300] "POST /xmlrpc.php HTTP/1.1" 200 459 "-" "WordPress.com; https://wordpress.com"
216.73.216.14 - - [19/Aug/2026:03:24:37 +0300] "GET /%d1%83%d1%81%d1%82%d0%b0%d0%bd%d0%be%d0%b2%d0%ba%d0%b0-django-1-4-%d0%bd%d0%b0-%d1%85%d0%be%d1%81%d1%82%d0%b8%d0%bd%d0%b3-nic-ru/ HTTP/2.0" 200 11725 "-" "Mozilla/5.0 AppleWebKit/537.36 (KHTML, like Gecko; compatible; ClaudeBot/1.0; +claudebot@anthropic.com)"
216.73.216.14 - - [19/Aug/2026:03:24:37 +0300] "GET /%d0%b1%d0%b0%d0%b7%d0%be%d0%b2%d1%8b%d0%b5-%d1%81%d0%b5%d1%80%d0%b2%d0%b8%d1%81%d1%8b-%d1%82%d0%b5%d1%85%d0%bd%d0%be%d0%bb%d0%be%d0%b3%d0%b8%d0%b8-mpls/ HTTP/2.0" 200 20794 "-" "Mozilla/5.0 AppleWebKit/537.36 (KHTML, like Gecko; compatible; ClaudeBot/1.0; +claudebot@anthropic.com)"
176.202.24.145 - - [19/Aug/2026:03:24:43 +0300] "POST /xmlrpc.php HTTP/1.1" 200 459 "-" "Jetpack/13.0; WordPress/6.4; http://site18143477.com"
116.206.58.194 - - [19/Aug/2026:03:24:46 +0300] "POST /xmlrpc.php HTTP/1.1" 200 459 "-" "WordPress.com; https://wordpress.com"
176.202.24.145 - - [19/Aug/2026:03:24:54 +0300] "POST /xmlrpc.php HTTP/1.1" 200 459 "-" "WordPress.com; https://wordpress.com"
116.206.58.194 - - [19/Aug/2026:03:24:57 +0300] "POST /xmlrpc.php HTTP/1.1" 200 459 "-" "WordPress.com; https://wordpress.com"
176.202.24.145 - - [19/Aug/2026:03:25:04 +0300] "POST /xmlrpc.php HTTP/1.1" 200 459 "-" "WordPress.com; https://wordpress.com"
116.206.58.194 - - [19/Aug/2026:03:25:07 +0300] "POST /xmlrpc.php HTTP/1.1" 200 459 "-" "WordPress.com; https://wordpress.com"
176.202.24.145 - - [19/Aug/2026:03:25:15 +0300] "POST /xmlrpc.php HTTP/1.1" 200 459 "-" "Jetpack/13.0; WordPress/6.2; http://site99915159.com"
116.206.58.194 - - [19/Aug/2026:03:25:18 +0300] "POST /xmlrpc.php HTTP/1.1" 200 459 "-" "Jetpack by WordPress.com (Jetpack 13.0; WordPress 6.2)"
176.202.24.145 - - [19/Aug/2026:03:25:25 +0300] "POST /xmlrpc.php HTTP/1.1" 200 459 "-" "Jetpack by WordPress.com (Jetpack 13.0; WordPress 6.1)"
116.206.58.194 - - [19/Aug/2026:03:25:28 +0300] "POST /xmlrpc.php HTTP/1.1" 200 459 "-" "Jetpack by WordPress.com"
176.202.24.145 - - [19/Aug/2026:03:25:36 +0300] "POST /xmlrpc.php HTTP/1.1" 200 459 "-" "Jetpack by WordPress.com (Jetpack 12.1; WordPress 6.3)"
116.206.58.194 - - [19/Aug/2026:03:25:39 +0300] "POST /xmlrpc.php HTTP/1.1" 200 459 "-" "Jetpack by WordPress.com"
176.202.24.145 - - [19/Aug/2026:03:25:46 +0300] "POST /xmlrpc.php HTTP/1.1" 200 459 "-" "WordPress.com; https://wordpress.com"
116.206.58.194 - - [19/Aug/2026:03:25:50 +0300] "POST /xmlrpc.php HTTP/1.1" 200 459 "-" "Jetpack/12.5; WordPress/6.2; http://site70156987.com"
176.202.24.145 - - [19/Aug/2026:03:25:57 +0300] "POST /xmlrpc.php HTTP/1.1" 200 459 "-" "WordPress.com; https://wordpress.com"
116.206.58.194 - - [19/Aug/2026:03:26:00 +0300] "POST /xmlrpc.php HTTP/1.1" 200 459 "-" "Jetpack/12.5; WordPress/6.3; http://site24873789.com"
176.202.24.145 - - [19/Aug/2026:03:26:07 +0300] "POST /xmlrpc.php HTTP/1.1" 200 459 "-" "WordPress.com; https://wordpress.com"
116.206.58.194 - - [19/Aug/2026:03:26:11 +0300] "POST /xmlrpc.php HTTP/1.1" 200 459 "-" "WordPress.com; https://wordpress.com"
176.202.24.145 - - [19/Aug/2026:03:26:18 +0300] "POST /xmlrpc.php HTTP/1.1" 200 459 "-" "Jetpack/12.1; WordPress/6.2; http://site29819390.com"
116.206.58.194 - - [19/Aug/2026:03:26:22 +0300] "POST /xmlrpc.php HTTP/1.1" 200 459 "-" "Jetpack by WordPress.com (Jetpack 12.1; WordPress 6.1)"
176.202.24.145 - - [19/Aug/2026:03:26:28 +0300] "POST /xmlrpc.php HTTP/1.1" 200 459 "-" "WordPress.com; https://wordpress.com"
116.206.58.194 - - [19/Aug/2026:03:26:32 +0300] "POST /xmlrpc.php HTTP/1.1" 200 459 "-" "Jetpack by WordPress.com"
176.202.24.145 - - [19/Aug/2026:03:26:38 +0300] "POST /xmlrpc.php HTTP/1.1" 200 459 "-" "Jetpack/12.0; WordPress/6.1; http://site60590880.com"
116.206.58.194 - - [19/Aug/2026:03:26:43 +0300] "POST /xmlrpc.php HTTP/1.1" 200 459 "-" "Jetpack by WordPress.com (Jetpack 12.0; WordPress 6.2)"
176.202.24.145 - - [19/Aug/2026:03:26:49 +0300] "POST /xmlrpc.php HTTP/1.1" 200 459 "-" "Jetpack/13.0; WordPress/6.1; http://site43202376.com"
116.206.58.194 - - [19/Aug/2026:03:26:54 +0300] "POST /xmlrpc.php HTTP/1.1" 200 459 "-" "WordPress.com; https://wordpress.com"
176.202.24.145 - - [19/Aug/2026:03:26:59 +0300] "POST /xmlrpc.php HTTP/1.1" 200 459 "-" "Jetpack by WordPress.com"
116.206.58.194 - - [19/Aug/2026:03:27:04 +0300] "POST /xmlrpc.php HTTP/1.1" 200 459 "-" "Jetpack by WordPress.com (Jetpack 13.0; WordPress 6.4)"
176.202.24.145 - - [19/Aug/2026:03:27:10 +0300] "POST /xmlrpc.php HTTP/1.1" 200 459 "-" "Jetpack by WordPress.com"
43.160.241.42 - - [19/Aug/2026:03:27:12 +0300] "GET /wp-login.php HTTP/2.0" 200 3354 "-" "Mozilla/5.0 (Windows NT 10.0; Win64; x64) AppleWebKit/537.36 (KHTML, like Gecko) Chrome/151.0.0.0 Safari/537.36"
43.160.241.42 - - [19/Aug/2026:03:27:12 +0300] "POST /wp-login.php HTTP/2.0" 200 3503 "https://891rpm.com/wp-login.php" "Mozilla/5.0 (Windows NT 10.0; Win64; x64) AppleWebKit/537.36 (KHTML, like Gecko) Chrome/151.0.0.0 Safari/537.36"
116.206.58.194 - - [19/Aug/2026:03:27:15 +0300] "POST /xmlrpc.php HTTP/1.1" 200 459 "-" "Jetpack/13.0; WordPress/6.3; http://site69954587.com"
176.202.24.145 - - [19/Aug/2026:03:27:20 +0300] "POST /xmlrpc.php HTTP/1.1" 200 459 "-" "Jetpack by WordPress.com"
116.206.58.194 - - [19/Aug/2026:03:27:25 +0300] "POST /xmlrpc.php HTTP/1.1" 200 459 "-" "Jetpack by WordPress.com (Jetpack 12.1; WordPress 6.4)"
176.202.24.145 - - [19/Aug/2026:03:27:31 +0300] "POST /xmlrpc.php HTTP/1.1" 200 459 "-" "WordPress.com; https://wordpress.com"
116.206.58.194 - - [19/Aug/2026:03:27:36 +0300] "POST /xmlrpc.php HTTP/1.1" 200 459 "-" "WordPress.com; https://wordpress.com"
176.202.24.145 - - [19/Aug/2026:03:27:41 +0300] "POST /xmlrpc.php HTTP/1.1" 200 459 "-" "Jetpack by WordPress.com (Jetpack 13.0; WordPress 6.4)"
116.206.58.194 - - [19/Aug/2026:03:27:46 +0300] "POST /xmlrpc.php HTTP/1.1" 200 459 "-" "Jetpack by WordPress.com (Jetpack 12.1; WordPress 6.1)"
176.202.24.145 - - [19/Aug/2026:03:27:52 +0300] "POST /xmlrpc.php HTTP/1.1" 200 459 "-" "Jetpack/12.0; WordPress/6.3; http://site62532404.com"
116.206.58.194 - - [19/Aug/2026:03:27:57 +0300] "POST /xmlrpc.php HTTP/1.1" 200 459 "-" "Jetpack/12.0; WordPress/6.3; http://site95705755.com"
176.202.24.145 - - [19/Aug/2026:03:28:03 +0300] "POST /xmlrpc.php HTTP/1.1" 200 459 "-" "Jetpack/12.5; WordPress/6.4; http://site83884056.com"
116.206.58.194 - - [19/Aug/2026:03:28:08 +0300] "POST /xmlrpc.php HTTP/1.1" 200 459 "-" "WordPress.com; https://wordpress.com"
82.148.16.210 - - [19/Aug/2026:03:28:13 +0300] "POST /wp-cron.php?doing_wp_cron=1787099293.3169920444488525390625 HTTP/1.1" 499 0 "-" "WordPress/6.9.1; https://891rpm.com"
176.202.24.145 - - [19/Aug/2026:03:28:13 +0300] "POST /xmlrpc.php HTTP/1.1" 200 459 "-" "Jetpack by WordPress.com"
116.206.58.194 - - [19/Aug/2026:03:28:18 +0300] "POST /xmlrpc.php HTTP/1.1" 200 459 "-" "WordPress.com; https://wordpress.com"
176.202.24.145 - - [19/Aug/2026:03:28:23 +0300] "POST /xmlrpc.php HTTP/1.1" 200 459 "-" "WordPress.com; https://wordpress.com"
116.206.58.194 - - [19/Aug/2026:03:28:29 +0300] "POST /xmlrpc.php HTTP/1.1" 200 459 "-" "Jetpack/12.5; WordPress/6.1; http://site76545221.com"
176.202.24.145 - - [19/Aug/2026:03:28:34 +0300] "POST /xmlrpc.php HTTP/1.1" 200 459 "-" "Jetpack/12.1; WordPress/6.4; http://site38867483.com"
116.206.58.194 - - [19/Aug/2026:03:28:40 +0300] "POST /xmlrpc.php HTTP/1.1" 200 459 "-" "Jetpack by WordPress.com"
176.202.24.145 - - [19/Aug/2026:03:28:44 +0300] "POST /xmlrpc.php HTTP/1.1" 200 459 "-" "Jetpack by WordPress.com (Jetpack 12.0; WordPress 6.3)"
116.206.58.194 - - [19/Aug/2026:03:28:50 +0300] "POST /xmlrpc.php HTTP/1.1" 200 459 "-" "Jetpack/12.0; WordPress/6.2; http://site61338959.com"
176.202.24.145 - - [19/Aug/2026:03:28:55 +0300] "POST /xmlrpc.php HTTP/1.1" 200 459 "-" "Jetpack by WordPress.com (Jetpack 12.5; WordPress 6.3)"
116.206.58.194 - - [19/Aug/2026:03:29:01 +0300] "POST /xmlrpc.php HTTP/1.1" 200 459 "-" "Jetpack by WordPress.com"
176.202.24.145 - - [19/Aug/2026:03:29:05 +0300] "POST /xmlrpc.php HTTP/1.1" 200 459 "-" "Jetpack by WordPress.com (Jetpack 12.5; WordPress 6.1)"
116.206.58.194 - - [19/Aug/2026:03:29:11 +0300] "POST /xmlrpc.php HTTP/1.1" 200 459 "-" "Jetpack by WordPress.com"
176.202.24.145 - - [19/Aug/2026:03:29:16 +0300] "POST /xmlrpc.php HTTP/1.1" 200 459 "-" "Jetpack/12.1; WordPress/6.2; http://site20091981.com"
116.206.58.194 - - [19/Aug/2026:03:29:22 +0300] "POST /xmlrpc.php HTTP/1.1" 200 459 "-" "Jetpack by WordPress.com (Jetpack 12.5; WordPress 6.3)"
176.202.24.145 - - [19/Aug/2026:03:29:26 +0300] "POST /xmlrpc.php HTTP/1.1" 200 459 "-" "Jetpack/12.1; WordPress/6.3; http://site22623595.com"
116.206.58.194 - - [19/Aug/2026:03:29:33 +0300] "POST /xmlrpc.php HTTP/1.1" 200 459 "-" "Jetpack by WordPress.com (Jetpack 13.0; WordPress 6.3)"
176.202.24.145 - - [19/Aug/2026:03:29:37 +0300] "POST /xmlrpc.php HTTP/1.1" 200 459 "-" "Jetpack by WordPress.com (Jetpack 13.0; WordPress 6.2)"
116.206.58.194 - - [19/Aug/2026:03:29:43 +0300] "POST /xmlrpc.php HTTP/1.1" 200 459 "-" "Jetpack by WordPress.com"
176.202.24.145 - - [19/Aug/2026:03:29:47 +0300] "POST /xmlrpc.php HTTP/1.1" 200 459 "-" "WordPress.com; https://wordpress.com"
116.206.58.194 - - [19/Aug/2026:03:29:54 +0300] "POST /xmlrpc.php HTTP/1.1" 200 459 "-" "Jetpack by WordPress.com (Jetpack 12.1; WordPress 6.2)"
176.202.24.145 - - [19/Aug/2026:03:29:58 +0300] "POST /xmlrpc.php HTTP/1.1" 200 459 "-" "Jetpack/12.0; WordPress/6.3; http://site81006379.com"
116.206.58.194 - - [19/Aug/2026:03:30:05 +0300] "POST /xmlrpc.php HTTP/1.1" 200 459 "-" "Jetpack by WordPress.com"
176.202.24.145 - - [19/Aug/2026:03:30:08 +0300] "POST /xmlrpc.php HTTP/1.1" 200 459 "-" "Jetpack by WordPress.com"
116.206.58.194 - - [19/Aug/2026:03:30:15 +0300] "POST /xmlrpc.php HTTP/1.1" 200 459 "-" "WordPress.com; https://wordpress.com"
176.202.24.145 - - [19/Aug/2026:03:30:19 +0300] "POST /xmlrpc.php HTTP/1.1" 200 459 "-" "Jetpack by WordPress.com"
116.206.58.194 - - [19/Aug/2026:03:30:26 +0300] "POST /xmlrpc.php HTTP/1.1" 200 459 "-" "WordPress.com; https://wordpress.com"
176.202.24.145 - - [19/Aug/2026:03:30:29 +0300] "POST /xmlrpc.php HTTP/1.1" 200 459 "-" "Jetpack/12.1; WordPress/6.2; http://site50331784.com"
43.166.136.24 - - [19/Aug/2026:03:30:36 +0300] "GET /2011/10/ HTTP/1.1" 200 20392 "-" "Mozilla/5.0 (iPhone; CPU iPhone OS 13_2_3 like Mac OS X) AppleWebKit/605.1.15 (KHTML, like Gecko) Version/13.0.3 Mobile/15E148 Safari/604.1"
116.206.58.194 - - [19/Aug/2026:03:30:36 +0300] "POST /xmlrpc.php HTTP/1.1" 200 459 "-" "Jetpack by WordPress.com"
176.202.24.145 - - [19/Aug/2026:03:30:40 +0300] "POST /xmlrpc.php HTTP/1.1" 200 459 "-" "Jetpack by WordPress.com (Jetpack 12.1; WordPress 6.2)"
116.206.58.194 - - [19/Aug/2026:03:30:47 +0300] "POST /xmlrpc.php HTTP/1.1" 200 459 "-" "Jetpack by WordPress.com (Jetpack 12.1; WordPress 6.1)"
176.202.24.145 - - [19/Aug/2026:03:30:50 +0300] "POST /xmlrpc.php HTTP/1.1" 200 459 "-" "Jetpack/12.5; WordPress/6.2; http://site31462262.com"
66.249.76.135 - - [19/Aug/2026:03:30:55 +0300] "GET /shop/truth/judgment085000184.shtml HTTP/1.1" 404 11133 "-" "Mozilla/5.0 (Linux; Android 6.0.1; Nexus 5X Build/MMB29P) AppleWebKit/537.36 (KHTML, like Gecko) Chrome/151.0.7922.137 Mobile Safari/537.36 (compatible; Googlebot/2.1; +http://www.google.com/bot.html)"
116.206.58.194 - - [19/Aug/2026:03:30:58 +0300] "POST /xmlrpc.php HTTP/1.1" 200 459 "-" "Jetpack by WordPress.com"
176.202.24.145 - - [19/Aug/2026:03:31:01 +0300] "POST /xmlrpc.php HTTP/1.1" 200 459 "-" "WordPress.com; https://wordpress.com"
116.206.58.194 - - [19/Aug/2026:03:31:08 +0300] "POST /xmlrpc.php HTTP/1.1" 200 459 "-" "Jetpack by WordPress.com (Jetpack 12.5; WordPress 6.2)"
176.202.24.145 - - [19/Aug/2026:03:31:11 +0300] "POST /xmlrpc.php HTTP/1.1" 200 459 "-" "Jetpack/12.1; WordPress/6.3; http://site36021876.com"
116.206.58.194 - - [19/Aug/2026:03:31:19 +0300] "POST /xmlrpc.php HTTP/1.1" 200 459 "-" "WordPress.com; https://wordpress.com"
176.202.24.145 - - [19/Aug/2026:03:31:22 +0300] "POST /xmlrpc.php HTTP/1.1" 200 459 "-" "Jetpack/12.0; WordPress/6.1; http://site61388810.com"
116.206.58.194 - - [19/Aug/2026:03:31:29 +0300] "POST /xmlrpc.php HTTP/1.1" 200 459 "-" "Jetpack by WordPress.com"
176.202.24.145 - - [19/Aug/2026:03:31:32 +0300] "POST /xmlrpc.php HTTP/1.1" 200 459 "-" "Jetpack/13.0; WordPress/6.4; http://site87811665.com"
116.206.58.194 - - [19/Aug/2026:03:31:40 +0300] "POST /xmlrpc.php HTTP/1.1" 200 459 "-" "Jetpack/12.1; WordPress/6.1; http://site79286491.com"
176.202.24.145 - - [19/Aug/2026:03:31:43 +0300] "POST /xmlrpc.php HTTP/1.1" 200 459 "-" "Jetpack by WordPress.com (Jetpack 13.0; WordPress 6.1)"
66.249.66.204 - - [19/Aug/2026:03:31:50 +0300] "GET /shopdetail/painful/048000794 HTTP/1.1" 404 11133 "-" "Mozilla/5.0 (Linux; Android 6.0.1; Nexus 5X Build/MMB29P) AppleWebKit/537.36 (KHTML, like Gecko) Chrome/151.0.7922.137 Mobile Safari/537.36 (compatible; Googlebot/2.1; +http://www.google.com/bot.html)"
116.206.58.194 - - [19/Aug/2026:03:31:50 +0300] "POST /xmlrpc.php HTTP/1.1" 200 459 "-" "Jetpack by WordPress.com (Jetpack 12.5; WordPress 6.2)"
176.202.24.145 - - [19/Aug/2026:03:31:53 +0300] "POST /xmlrpc.php HTTP/1.1" 200 459 "-" "Jetpack by WordPress.com (Jetpack 12.5; WordPress 6.3)"
116.206.58.194 - - [19/Aug/2026:03:32:01 +0300] "POST /xmlrpc.php HTTP/1.1" 200 459 "-" "WordPress.com; https://wordpress.com"
176.202.24.145 - - [19/Aug/2026:03:32:04 +0300] "POST /xmlrpc.php HTTP/1.1" 200 459 "-" "Jetpack by WordPress.com (Jetpack 12.0; WordPress 6.2)"
114.119.129.128 - - [19/Aug/2026:03:32:04 +0300] "GET /shopdetail/translation/090035608 HTTP/1.1" 404 11133 "https://891rpm.com/sitemap837.xml" "Mozilla/5.0 (Linux; Android 7.0;) AppleWebKit/537.36 (HTML, like Gecko) Mobile Safari/537.36 (compatible; PetalBot;+https://webmaster.petalsearch.com/site/petalbot)"
116.206.58.194 - - [19/Aug/2026:03:32:12 +0300] "POST /xmlrpc.php HTTP/1.1" 200 459 "-" "Jetpack by WordPress.com (Jetpack 12.1; WordPress 6.3)"
176.202.24.145 - - [19/Aug/2026:03:32:14 +0300] "POST /xmlrpc.php HTTP/1.1" 200 459 "-" "Jetpack by WordPress.com (Jetpack 13.0; WordPress 6.2)"
116.206.58.194 - - [19/Aug/2026:03:32:23 +0300] "POST /xmlrpc.php HTTP/1.1" 200 459 "-" "Jetpack by WordPress.com (Jetpack 13.0; WordPress 6.4)"
176.202.24.145 - - [19/Aug/2026:03:32:25 +0300] "POST /xmlrpc.php HTTP/1.1" 200 459 "-" "Jetpack by WordPress.com"
116.206.58.194 - - [19/Aug/2026:03:32:33 +0300] "POST /xmlrpc.php HTTP/1.1" 200 459 "-" "Jetpack by WordPress.com"
