216.73.216.14 - - [19/Aug/2026:08:09:27 +0300] "GET /mise-a-jour-1xbet-i-comment-mettre-a-jour-1xbet-apk/ HTTP/2.0" 200 13977 "-" "Mozilla/5.0 AppleWebKit/537.36 (KHTML, like Gecko; compatible; ClaudeBot/1.0; +claudebot@anthropic.com)"
216.73.216.14 - - [19/Aug/2026:08:09:27 +0300] "GET /1khbet-zerkalo-kak-ono-pomogaet-v-rabote-s-kapperom/ HTTP/2.0" 200 13518 "-" "Mozilla/5.0 AppleWebKit/537.36 (KHTML, like Gecko; compatible; ClaudeBot/1.0; +claudebot@anthropic.com)"
216.73.216.14 - - [19/Aug/2026:08:09:29 +0300] "GET /category/%d0%b1%d0%b5%d0%b7-%d1%80%d1%83%d0%b1%d1%80%d0%b8%d0%ba%d0%b8/page/8/ HTTP/2.0" 200 22148 "-" "Mozilla/5.0 AppleWebKit/537.36 (KHTML, like Gecko; compatible; ClaudeBot/1.0; +claudebot@anthropic.com)"
216.73.216.14 - - [19/Aug/2026:08:09:29 +0300] "GET /les-mysteres-du-jackpot-daquawin-casino-devoiles/ HTTP/2.0" 200 12476 "-" "Mozilla/5.0 AppleWebKit/537.36 (KHTML, like Gecko; compatible; ClaudeBot/1.0; +claudebot@anthropic.com)"
216.73.216.14 - - [19/Aug/2026:08:09:30 +0300] "GET /sensible-medical-insurance-preparations/ HTTP/2.0" 200 11325 "-" "Mozilla/5.0 AppleWebKit/537.36 (KHTML, like Gecko; compatible; ClaudeBot/1.0; +claudebot@anthropic.com)"
139.5.71.207 - - [19/Aug/2026:08:09:36 +0300] "POST /xmlrpc.php HTTP/1.1" 200 459 "-" "WordPress.com; https://wordpress.com"
3.215.59.93 - - [19/Aug/2026:08:09:38 +0300] "GET /tag/ulaw/ HTTP/1.1" 200 13776 "-" "Mozilla/5.0 AppleWebKit/537.36 (KHTML, like Gecko; compatible; Amazonbot/0.1; +https://developer.amazon.com/support/amazonbot) Chrome/119.0.6045.214 Safari/537.36"
122.183.37.68 - - [19/Aug/2026:08:09:38 +0300] "POST /xmlrpc.php HTTP/1.1" 200 459 "-" "Jetpack by WordPress.com"
139.5.71.207 - - [19/Aug/2026:08:09:47 +0300] "POST /xmlrpc.php HTTP/1.1" 200 459 "-" "WordPress.com; https://wordpress.com"
122.183.37.68 - - [19/Aug/2026:08:09:49 +0300] "POST /xmlrpc.php HTTP/1.1" 200 459 "-" "Jetpack/12.0; WordPress/6.4; http://site37725807.com"
139.5.71.207 - - [19/Aug/2026:08:09:57 +0300] "POST /xmlrpc.php HTTP/1.1" 200 459 "-" "Jetpack by WordPress.com (Jetpack 12.1; WordPress 6.2)"
122.183.37.68 - - [19/Aug/2026:08:09:59 +0300] "POST /xmlrpc.php HTTP/1.1" 200 459 "-" "Jetpack by WordPress.com (Jetpack 12.0; WordPress 6.2)"
159.223.124.144 - - [19/Aug/2026:08:10:04 +0300] "GET /.git/config HTTP/1.1" 301 162 "-" "Mozilla/5.0 (X11; Linux x86_64) AppleWebKit/537.36 (KHTML, like Gecko) Chrome/81.0.4044.129 Safari/537.36"
18.208.11.93 - - [19/Aug/2026:08:10:07 +0300] "GET /tag/barracuda/ HTTP/1.1" 200 12446 "-" "Mozilla/5.0 AppleWebKit/537.36 (KHTML, like Gecko; compatible; Amazonbot/0.1; +https://developer.amazon.com/support/amazonbot) Chrome/119.0.6045.214 Safari/537.36"
139.5.71.207 - - [19/Aug/2026:08:10:08 +0300] "POST /xmlrpc.php HTTP/1.1" 200 459 "-" "Jetpack by WordPress.com"
122.183.37.68 - - [19/Aug/2026:08:10:10 +0300] "POST /xmlrpc.php HTTP/1.1" 200 459 "-" "Jetpack by WordPress.com (Jetpack 13.0; WordPress 6.3)"
139.5.71.207 - - [19/Aug/2026:08:10:18 +0300] "POST /xmlrpc.php HTTP/1.1" 200 459 "-" "Jetpack/12.5; WordPress/6.1; http://site61832686.com"
122.183.37.68 - - [19/Aug/2026:08:10:21 +0300] "POST /xmlrpc.php HTTP/1.1" 200 459 "-" "Jetpack by WordPress.com"
139.5.71.207 - - [19/Aug/2026:08:10:29 +0300] "POST /xmlrpc.php HTTP/1.1" 200 459 "-" "Jetpack by WordPress.com"
122.183.37.68 - - [19/Aug/2026:08:10:31 +0300] "POST /xmlrpc.php HTTP/1.1" 200 459 "-" "WordPress.com; https://wordpress.com"
139.5.71.207 - - [19/Aug/2026:08:10:40 +0300] "POST /xmlrpc.php HTTP/1.1" 200 459 "-" "WordPress.com; https://wordpress.com"
122.183.37.68 - - [19/Aug/2026:08:10:42 +0300] "POST /xmlrpc.php HTTP/1.1" 200 459 "-" "Jetpack by WordPress.com"
139.5.71.207 - - [19/Aug/2026:08:10:50 +0300] "POST /xmlrpc.php HTTP/1.1" 200 459 "-" "Jetpack by WordPress.com (Jetpack 13.0; WordPress 6.1)"
122.183.37.68 - - [19/Aug/2026:08:10:53 +0300] "POST /xmlrpc.php HTTP/1.1" 200 459 "-" "Jetpack/13.0; WordPress/6.2; http://site80573400.com"
139.5.71.207 - - [19/Aug/2026:08:11:01 +0300] "POST /xmlrpc.php HTTP/1.1" 200 459 "-" "Jetpack/12.5; WordPress/6.4; http://site34927617.com"
122.183.37.68 - - [19/Aug/2026:08:11:03 +0300] "POST /xmlrpc.php HTTP/1.1" 200 459 "-" "Jetpack by WordPress.com"
105.235.158.27 - - [19/Aug/2026:08:11:08 +0300] "GET /tag/xmpp HTTP/2.0" 301 6 "https://891rpm.com" "Mozilla/5.0 (Macintosh; Intel Mac OS X 10_15_7) AppleWebKit/537.36 (KHTML, like Gecko) Chrome/144.0.0.0 Safari/537.36"
139.5.71.207 - - [19/Aug/2026:08:11:11 +0300] "POST /xmlrpc.php HTTP/1.1" 200 459 "-" "Jetpack by WordPress.com (Jetpack 12.0; WordPress 6.4)"
122.183.37.68 - - [19/Aug/2026:08:11:14 +0300] "POST /xmlrpc.php HTTP/1.1" 200 459 "-" "WordPress.com; https://wordpress.com"
139.5.71.207 - - [19/Aug/2026:08:11:22 +0300] "POST /xmlrpc.php HTTP/1.1" 200 459 "-" "Jetpack by WordPress.com"
103.126.219.243 - - [19/Aug/2026:08:11:23 +0300] "GET /tag/xmpp HTTP/2.0" 301 6 "https://891rpm.com" "Mozilla/5.0 (Macintosh; Intel Mac OS X 10_15_7) AppleWebKit/537.36 (KHTML, like Gecko) Chrome/144.0.0.0 Safari/537.36"
122.183.37.68 - - [19/Aug/2026:08:11:25 +0300] "POST /xmlrpc.php HTTP/1.1" 200 459 "-" "Jetpack by WordPress.com (Jetpack 12.1; WordPress 6.2)"
92.130.56.50 - - [19/Aug/2026:08:11:27 +0300] "GET /tag/xmpp/ HTTP/2.0" 200 12895 "https://891rpm.com/tag/xmpp" "Mozilla/5.0 (Macintosh; Intel Mac OS X 10_15_7) AppleWebKit/537.36 (KHTML, like Gecko) Chrome/144.0.0.0 Safari/537.36"
139.5.71.207 - - [19/Aug/2026:08:11:32 +0300] "POST /xmlrpc.php HTTP/1.1" 200 459 "-" "Jetpack by WordPress.com (Jetpack 12.1; WordPress 6.2)"
122.183.37.68 - - [19/Aug/2026:08:11:35 +0300] "POST /xmlrpc.php HTTP/1.1" 200 459 "-" "Jetpack/12.5; WordPress/6.3; http://site74082551.com"
139.5.71.207 - - [19/Aug/2026:08:11:43 +0300] "POST /xmlrpc.php HTTP/1.1" 200 459 "-" "Jetpack by WordPress.com"
122.183.37.68 - - [19/Aug/2026:08:11:46 +0300] "POST /xmlrpc.php HTTP/1.1" 200 459 "-" "WordPress.com; https://wordpress.com"
139.5.71.207 - - [19/Aug/2026:08:11:54 +0300] "POST /xmlrpc.php HTTP/1.1" 200 459 "-" "Jetpack/12.0; WordPress/6.1; http://site93380912.com"
122.183.37.68 - - [19/Aug/2026:08:11:56 +0300] "POST /xmlrpc.php HTTP/1.1" 200 459 "-" "WordPress.com; https://wordpress.com"
139.5.71.207 - - [19/Aug/2026:08:12:05 +0300] "POST /xmlrpc.php HTTP/1.1" 200 459 "-" "Jetpack/12.1; WordPress/6.1; http://site24084536.com"
122.183.37.68 - - [19/Aug/2026:08:12:07 +0300] "POST /xmlrpc.php HTTP/1.1" 200 459 "-" "Jetpack/13.0; WordPress/6.4; http://site68608040.com"
139.5.71.207 - - [19/Aug/2026:08:12:15 +0300] "POST /xmlrpc.php HTTP/1.1" 200 459 "-" "Jetpack/12.0; WordPress/6.4; http://site84503936.com"
122.183.37.68 - - [19/Aug/2026:08:12:18 +0300] "POST /xmlrpc.php HTTP/1.1" 200 459 "-" "WordPress.com; https://wordpress.com"
139.5.71.207 - - [19/Aug/2026:08:12:25 +0300] "POST /xmlrpc.php HTTP/1.1" 200 459 "-" "Jetpack by WordPress.com"
122.183.37.68 - - [19/Aug/2026:08:12:28 +0300] "POST /xmlrpc.php HTTP/1.1" 200 459 "-" "WordPress.com; https://wordpress.com"
139.5.71.207 - - [19/Aug/2026:08:12:36 +0300] "POST /xmlrpc.php HTTP/1.1" 200 459 "-" "Jetpack by WordPress.com (Jetpack 12.5; WordPress 6.3)"
122.183.37.68 - - [19/Aug/2026:08:12:39 +0300] "POST /xmlrpc.php HTTP/1.1" 200 459 "-" "Jetpack by WordPress.com"
139.5.71.207 - - [19/Aug/2026:08:12:47 +0300] "POST /xmlrpc.php HTTP/1.1" 200 459 "-" "Jetpack by WordPress.com (Jetpack 12.0; WordPress 6.1)"
122.183.37.68 - - [19/Aug/2026:08:12:50 +0300] "POST /xmlrpc.php HTTP/1.1" 200 459 "-" "Jetpack/12.1; WordPress/6.4; http://site10308091.com"
129.121.123.168 - - [19/Aug/2026:08:12:50 +0300] "GET /wp-login.php HTTP/2.0" 200 3354 "-" "Mozilla/5.0 (Windows NT 10.0; Win64; x64) AppleWebKit/537.36 (KHTML, like Gecko) Chrome/151.0.0.0 Safari/537.36"
129.121.123.168 - - [19/Aug/2026:08:12:50 +0300] "POST /wp-login.php HTTP/2.0" 200 3503 "https://891rpm.com/wp-login.php" "Mozilla/5.0 (Windows NT 10.0; Win64; x64) AppleWebKit/537.36 (KHTML, like Gecko) Chrome/151.0.0.0 Safari/537.36"
139.5.71.207 - - [19/Aug/2026:08:12:57 +0300] "POST /xmlrpc.php HTTP/1.1" 200 459 "-" "Jetpack by WordPress.com"
122.183.37.68 - - [19/Aug/2026:08:13:00 +0300] "POST /xmlrpc.php HTTP/1.1" 200 459 "-" "Jetpack by WordPress.com"
138.252.41.146 - - [19/Aug/2026:08:13:03 +0300] "GET /page/2 HTTP/2.0" 301 6 "https://891rpm.com" "Mozilla/5.0 (Windows NT 10.0; Win64; x64) AppleWebKit/537.36 (KHTML, like Gecko) Chrome/144.0.0.0 Safari/537.36 Edg/144.0.0.0"
176.64.15.8 - - [19/Aug/2026:08:13:06 +0300] "GET /page/2/ HTTP/2.0" 200 27171 "https://891rpm.com/page/2" "Mozilla/5.0 (Windows NT 10.0; Win64; x64) AppleWebKit/537.36 (KHTML, like Gecko) Chrome/144.0.0.0 Safari/537.36 Edg/144.0.0.0"
139.5.71.207 - - [19/Aug/2026:08:13:08 +0300] "POST /xmlrpc.php HTTP/1.1" 200 459 "-" "WordPress.com; https://wordpress.com"
122.183.37.68 - - [19/Aug/2026:08:13:11 +0300] "POST /xmlrpc.php HTTP/1.1" 200 459 "-" "Jetpack by WordPress.com"
139.5.71.207 - - [19/Aug/2026:08:13:18 +0300] "POST /xmlrpc.php HTTP/1.1" 200 459 "-" "Jetpack by WordPress.com (Jetpack 13.0; WordPress 6.4)"
122.183.37.68 - - [19/Aug/2026:08:13:21 +0300] "POST /xmlrpc.php HTTP/1.1" 200 459 "-" "Jetpack by WordPress.com"
139.5.71.207 - - [19/Aug/2026:08:13:29 +0300] "POST /xmlrpc.php HTTP/1.1" 200 459 "-" "Jetpack by WordPress.com (Jetpack 12.1; WordPress 6.1)"
122.183.37.68 - - [19/Aug/2026:08:13:32 +0300] "POST /xmlrpc.php HTTP/1.1" 200 459 "-" "Jetpack by WordPress.com"
139.5.71.207 - - [19/Aug/2026:08:13:40 +0300] "POST /xmlrpc.php HTTP/1.1" 200 459 "-" "Jetpack by WordPress.com"
122.183.37.68 - - [19/Aug/2026:08:13:43 +0300] "POST /xmlrpc.php HTTP/1.1" 200 459 "-" "Jetpack by WordPress.com (Jetpack 12.5; WordPress 6.2)"
139.5.71.207 - - [19/Aug/2026:08:13:51 +0300] "POST /xmlrpc.php HTTP/1.1" 200 459 "-" "WordPress.com; https://wordpress.com"
122.183.37.68 - - [19/Aug/2026:08:13:53 +0300] "POST /xmlrpc.php HTTP/1.1" 200 459 "-" "Jetpack by WordPress.com"
139.5.71.207 - - [19/Aug/2026:08:14:01 +0300] "POST /xmlrpc.php HTTP/1.1" 200 459 "-" "WordPress.com; https://wordpress.com"
122.183.37.68 - - [19/Aug/2026:08:14:04 +0300] "POST /xmlrpc.php HTTP/1.1" 200 459 "-" "Jetpack/13.0; WordPress/6.1; http://site86093566.com"
139.5.71.207 - - [19/Aug/2026:08:14:12 +0300] "POST /xmlrpc.php HTTP/1.1" 200 459 "-" "Jetpack by WordPress.com (Jetpack 13.0; WordPress 6.2)"
122.183.37.68 - - [19/Aug/2026:08:14:14 +0300] "POST /xmlrpc.php HTTP/1.1" 200 459 "-" "Jetpack/12.1; WordPress/6.4; http://site28667976.com"
139.5.71.207 - - [19/Aug/2026:08:14:22 +0300] "POST /xmlrpc.php HTTP/1.1" 200 459 "-" "Jetpack by WordPress.com (Jetpack 12.0; WordPress 6.1)"
122.183.37.68 - - [19/Aug/2026:08:14:25 +0300] "POST /xmlrpc.php HTTP/1.1" 200 459 "-" "Jetpack by WordPress.com"
52.203.68.145 - - [19/Aug/2026:08:14:30 +0300] "GET /tag/starcraft-ii/ HTTP/1.1" 200 11696 "-" "Mozilla/5.0 AppleWebKit/537.36 (KHTML, like Gecko; compatible; Amazonbot/0.1; +https://developer.amazon.com/support/amazonbot) Chrome/119.0.6045.214 Safari/537.36"
139.5.71.207 - - [19/Aug/2026:08:14:33 +0300] "POST /xmlrpc.php HTTP/1.1" 200 459 "-" "Jetpack/12.1; WordPress/6.2; http://site25171331.com"
122.183.37.68 - - [19/Aug/2026:08:14:36 +0300] "POST /xmlrpc.php HTTP/1.1" 200 459 "-" "WordPress.com; https://wordpress.com"
139.5.71.207 - - [19/Aug/2026:08:14:43 +0300] "POST /xmlrpc.php HTTP/1.1" 200 459 "-" "WordPress.com; https://wordpress.com"
122.183.37.68 - - [19/Aug/2026:08:14:46 +0300] "POST /xmlrpc.php HTTP/1.1" 200 459 "-" "WordPress.com; https://wordpress.com"
139.5.71.207 - - [19/Aug/2026:08:14:54 +0300] "POST /xmlrpc.php HTTP/1.1" 200 459 "-" "Jetpack/12.5; WordPress/6.1; http://site48636807.com"
122.183.37.68 - - [19/Aug/2026:08:14:57 +0300] "POST /xmlrpc.php HTTP/1.1" 200 459 "-" "Jetpack by WordPress.com (Jetpack 12.5; WordPress 6.3)"
139.5.71.207 - - [19/Aug/2026:08:15:05 +0300] "POST /xmlrpc.php HTTP/1.1" 200 459 "-" "Jetpack by WordPress.com (Jetpack 12.1; WordPress 6.4)"
122.183.37.68 - - [19/Aug/2026:08:15:08 +0300] "POST /xmlrpc.php HTTP/1.1" 200 459 "-" "Jetpack by WordPress.com (Jetpack 12.1; WordPress 6.3)"
66.249.66.205 - - [19/Aug/2026:08:15:15 +0300] "GET /shop/strengthen/alone010000759.shtml HTTP/1.1" 404 11133 "-" "Mozilla/5.0 (Linux; Android 6.0.1; Nexus 5X Build/MMB29P) AppleWebKit/537.36 (KHTML, like Gecko) Chrome/151.0.7922.137 Mobile Safari/537.36 (compatible; Googlebot/2.1; +http://www.google.com/bot.html)"
139.5.71.207 - - [19/Aug/2026:08:15:15 +0300] "POST /xmlrpc.php HTTP/1.1" 200 459 "-" "Jetpack by WordPress.com"
122.183.37.68 - - [19/Aug/2026:08:15:18 +0300] "POST /xmlrpc.php HTTP/1.1" 200 459 "-" "WordPress.com; https://wordpress.com"
139.5.71.207 - - [19/Aug/2026:08:15:26 +0300] "POST /xmlrpc.php HTTP/1.1" 200 459 "-" "Jetpack by WordPress.com"
122.183.37.68 - - [19/Aug/2026:08:15:29 +0300] "POST /xmlrpc.php HTTP/1.1" 200 459 "-" "Jetpack/12.5; WordPress/6.2; http://site79987337.com"
139.5.71.207 - - [19/Aug/2026:08:15:36 +0300] "POST /xmlrpc.php HTTP/1.1" 200 459 "-" "Jetpack/12.5; WordPress/6.1; http://site54345929.com"
122.183.37.68 - - [19/Aug/2026:08:15:39 +0300] "POST /xmlrpc.php HTTP/1.1" 200 459 "-" "Jetpack by WordPress.com (Jetpack 12.1; WordPress 6.1)"
139.5.71.207 - - [19/Aug/2026:08:15:47 +0300] "POST /xmlrpc.php HTTP/1.1" 200 459 "-" "WordPress.com; https://wordpress.com"
122.183.37.68 - - [19/Aug/2026:08:15:50 +0300] "POST /xmlrpc.php HTTP/1.1" 200 459 "-" "WordPress.com; https://wordpress.com"
82.148.16.210 - - [19/Aug/2026:08:15:58 +0300] "POST /wp-cron.php?doing_wp_cron=1787116558.0136990547180175781250 HTTP/1.1" 200 31 "-" "WordPress/6.9.1; https://891rpm.com"
139.5.71.207 - - [19/Aug/2026:08:15:58 +0300] "POST /xmlrpc.php HTTP/1.1" 200 459 "-" "Jetpack by WordPress.com"
122.183.37.68 - - [19/Aug/2026:08:16:00 +0300] "POST /xmlrpc.php HTTP/1.1" 200 459 "-" "Jetpack by WordPress.com (Jetpack 13.0; WordPress 6.4)"
122.183.37.68 - - [19/Aug/2026:08:16:16 +0300] "POST /xmlrpc.php HTTP/1.1" 200 459 "-" "WordPress.com; https://wordpress.com"
139.5.71.207 - - [19/Aug/2026:08:16:19 +0300] "POST /xmlrpc.php HTTP/1.1" 200 459 "-" "Jetpack/12.5; WordPress/6.2; http://site77975627.com"
122.183.37.68 - - [19/Aug/2026:08:16:22 +0300] "POST /xmlrpc.php HTTP/1.1" 200 459 "-" "Jetpack by WordPress.com"
82.148.16.210 - - [19/Aug/2026:08:16:29 +0300] "POST /wp-cron.php?doing_wp_cron=1787116589.6192989349365234375000 HTTP/1.1" 499 0 "-" "WordPress/6.9.1; https://891rpm.com"
139.5.71.207 - - [19/Aug/2026:08:16:29 +0300] "POST /xmlrpc.php HTTP/1.1" 200 459 "-" "WordPress.com; https://wordpress.com"
122.183.37.68 - - [19/Aug/2026:08:16:32 +0300] "POST /xmlrpc.php HTTP/1.1" 200 459 "-" "Jetpack/13.0; WordPress/6.2; http://site77709635.com"
139.5.71.207 - - [19/Aug/2026:08:16:40 +0300] "POST /xmlrpc.php HTTP/1.1" 200 459 "-" "WordPress.com; https://wordpress.com"
122.183.37.68 - - [19/Aug/2026:08:16:43 +0300] "POST /xmlrpc.php HTTP/1.1" 200 459 "-" "WordPress.com; https://wordpress.com"
139.5.71.207 - - [19/Aug/2026:08:16:50 +0300] "POST /xmlrpc.php HTTP/1.1" 200 459 "-" "WordPress.com; https://wordpress.com"
122.183.37.68 - - [19/Aug/2026:08:16:54 +0300] "POST /xmlrpc.php HTTP/1.1" 200 459 "-" "WordPress.com; https://wordpress.com"
139.5.71.207 - - [19/Aug/2026:08:17:01 +0300] "POST /xmlrpc.php HTTP/1.1" 200 459 "-" "Jetpack/12.5; WordPress/6.3; http://site39746741.com"
122.183.37.68 - - [19/Aug/2026:08:17:05 +0300] "POST /xmlrpc.php HTTP/1.1" 200 459 "-" "WordPress.com; https://wordpress.com"
139.5.71.207 - - [19/Aug/2026:08:17:11 +0300] "POST /xmlrpc.php HTTP/1.1" 200 459 "-" "Jetpack/13.0; WordPress/6.4; http://site92707348.com"
122.183.37.68 - - [19/Aug/2026:08:17:15 +0300] "POST /xmlrpc.php HTTP/1.1" 200 459 "-" "Jetpack by WordPress.com"
139.5.71.207 - - [19/Aug/2026:08:17:22 +0300] "POST /xmlrpc.php HTTP/1.1" 200 459 "-" "WordPress.com; https://wordpress.com"
122.183.37.68 - - [19/Aug/2026:08:17:26 +0300] "POST /xmlrpc.php HTTP/1.1" 200 459 "-" "Jetpack by WordPress.com (Jetpack 12.0; WordPress 6.2)"
46.62.208.238 - - [19/Aug/2026:08:17:30 +0300] "GET /wp-login.php HTTP/2.0" 200 3354 "-" "Mozilla/5.0 (Windows NT 10.0; Win64; x64) AppleWebKit/537.36 (KHTML, like Gecko) Chrome/151.0.0.0 Safari/537.36"
46.62.208.238 - - [19/Aug/2026:08:17:30 +0300] "POST /wp-login.php HTTP/2.0" 200 3503 "https://891rpm.com/wp-login.php" "Mozilla/5.0 (Windows NT 10.0; Win64; x64) AppleWebKit/537.36 (KHTML, like Gecko) Chrome/151.0.0.0 Safari/537.36"
139.5.71.207 - - [19/Aug/2026:08:17:32 +0300] "POST /xmlrpc.php HTTP/1.1" 200 459 "-" "Jetpack/12.1; WordPress/6.4; http://site98855962.com"
122.183.37.68 - - [19/Aug/2026:08:17:36 +0300] "POST /xmlrpc.php HTTP/1.1" 200 459 "-" "Jetpack by WordPress.com (Jetpack 12.1; WordPress 6.2)"
114.119.156.165 - - [19/Aug/2026:08:17:40 +0300] "GET /sitemap559.xml HTTP/1.1" 404 11133 "-" "Mozilla/5.0 (Linux; Android 7.0;) AppleWebKit/537.36 (KHTML, like Gecko) Mobile Safari/537.36 (compatible; PetalBot;+https://webmaster.petalsearch.com/site/petalbot)"
139.5.71.207 - - [19/Aug/2026:08:17:43 +0300] "POST /xmlrpc.php HTTP/1.1" 200 459 "-" "WordPress.com; https://wordpress.com"
122.183.37.68 - - [19/Aug/2026:08:17:47 +0300] "POST /xmlrpc.php HTTP/1.1" 200 459 "-" "Jetpack by WordPress.com (Jetpack 12.5; WordPress 6.3)"
139.5.71.207 - - [19/Aug/2026:08:17:54 +0300] "POST /xmlrpc.php HTTP/1.1" 200 459 "-" "Jetpack/12.1; WordPress/6.4; http://site20838523.com"
122.183.37.68 - - [19/Aug/2026:08:17:58 +0300] "POST /xmlrpc.php HTTP/1.1" 200 459 "-" "WordPress.com; https://wordpress.com"
18.218.118.203 - - [19/Aug/2026:08:18:00 +0300] "GET / HTTP/1.1" 301 162 "-" "visionheight.com/scan Mozilla/5.0 (Macintosh; Intel Mac OS X 10_15_7) Chrome/126.0.0.0 Safari/537.36"
139.5.71.207 - - [19/Aug/2026:08:18:05 +0300] "POST /xmlrpc.php HTTP/1.1" 200 459 "-" "Jetpack by WordPress.com"
122.183.37.68 - - [19/Aug/2026:08:18:16 +0300] "POST /xmlrpc.php HTTP/1.1" 499 0 "-" "WordPress.com; https://wordpress.com"
139.5.71.207 - - [19/Aug/2026:08:18:45 +0300] "POST /xmlrpc.php HTTP/1.1" 499 0 "-" "WordPress.com; https://wordpress.com"
18.218.118.203 - - [19/Aug/2026:08:18:49 +0300] "" 400 0 "-" "-"
139.5.71.207 - - [19/Aug/2026:08:18:51 +0300] "POST /xmlrpc.php HTTP/1.1" 200 459 "-" "Jetpack/13.0; WordPress/6.3; http://site26130805.com"
122.183.37.68 - - [19/Aug/2026:08:18:53 +0300] "POST /xmlrpc.php HTTP/1.1" 200 459 "-" "Jetpack/13.0; WordPress/6.4; http://site58744028.com"
139.5.71.207 - - [19/Aug/2026:08:18:57 +0300] "POST /xmlrpc.php HTTP/1.1" 200 459 "-" "Jetpack/12.0; WordPress/6.2; http://site67561115.com"
122.183.37.68 - - [19/Aug/2026:08:19:03 +0300] "POST /xmlrpc.php HTTP/1.1" 200 459 "-" "Jetpack by WordPress.com (Jetpack 12.1; WordPress 6.2)"
18.218.118.203 - - [19/Aug/2026:08:19:06 +0300] "GET / HTTP/1.1" 301 162 "-" "visionheight.com/scan Mozilla/5.0 (Macintosh; Intel Mac OS X 10_15_7) Chrome/126.0.0.0 Safari/537.36"
139.5.71.207 - - [19/Aug/2026:08:19:08 +0300] "POST /xmlrpc.php HTTP/1.1" 200 459 "-" "Jetpack by WordPress.com"
18.218.118.203 - - [19/Aug/2026:08:19:09 +0300] "GET / HTTP/2.0" 200 38517 "http://82.148.16.210/" "visionheight.com/scan Mozilla/5.0 (Macintosh; Intel Mac OS X 10_15_7) Chrome/126.0.0.0 Safari/537.36"
122.183.37.68 - - [19/Aug/2026:08:19:14 +0300] "POST /xmlrpc.php HTTP/1.1" 200 459 "-" "WordPress.com; https://wordpress.com"
139.5.71.207 - - [19/Aug/2026:08:19:18 +0300] "POST /xmlrpc.php HTTP/1.1" 200 459 "-" "WordPress.com; https://wordpress.com"
122.183.37.68 - - [19/Aug/2026:08:19:24 +0300] "POST /xmlrpc.php HTTP/1.1" 200 459 "-" "WordPress.com; https://wordpress.com"
139.5.71.207 - - [19/Aug/2026:08:19:28 +0300] "POST /xmlrpc.php HTTP/1.1" 200 459 "-" "Jetpack by WordPress.com"
122.183.37.68 - - [19/Aug/2026:08:19:34 +0300] "POST /xmlrpc.php HTTP/1.1" 200 459 "-" "Jetpack by WordPress.com"
139.5.71.207 - - [19/Aug/2026:08:19:39 +0300] "POST /xmlrpc.php HTTP/1.1" 200 459 "-" "WordPress.com; https://wordpress.com"
122.183.37.68 - - [19/Aug/2026:08:19:44 +0300] "POST /xmlrpc.php HTTP/1.1" 200 459 "-" "Jetpack by WordPress.com"
139.5.71.207 - - [19/Aug/2026:08:19:49 +0300] "POST /xmlrpc.php HTTP/1.1" 200 459 "-" "Jetpack by WordPress.com (Jetpack 13.0; WordPress 6.4)"
122.183.37.68 - - [19/Aug/2026:08:19:55 +0300] "POST /xmlrpc.php HTTP/1.1" 200 459 "-" "Jetpack/12.5; WordPress/6.3; http://site46674876.com"
139.5.71.207 - - [19/Aug/2026:08:20:00 +0300] "POST /xmlrpc.php HTTP/1.1" 200 459 "-" "WordPress.com; https://wordpress.com"
122.183.37.68 - - [19/Aug/2026:08:20:06 +0300] "POST /xmlrpc.php HTTP/1.1" 200 459 "-" "Jetpack by WordPress.com"
139.5.71.207 - - [19/Aug/2026:08:20:10 +0300] "POST /xmlrpc.php HTTP/1.1" 200 459 "-" "Jetpack by WordPress.com (Jetpack 12.5; WordPress 6.4)"
122.183.37.68 - - [19/Aug/2026:08:20:16 +0300] "POST /xmlrpc.php HTTP/1.1" 200 459 "-" "Jetpack by WordPress.com (Jetpack 12.5; WordPress 6.2)"
139.5.71.207 - - [19/Aug/2026:08:20:21 +0300] "POST /xmlrpc.php HTTP/1.1" 200 459 "-" "WordPress.com; https://wordpress.com"
122.183.37.68 - - [19/Aug/2026:08:20:27 +0300] "POST /xmlrpc.php HTTP/1.1" 200 459 "-" "Jetpack/12.5; WordPress/6.3; http://site88987451.com"
139.5.71.207 - - [19/Aug/2026:08:20:32 +0300] "POST /xmlrpc.php HTTP/1.1" 200 459 "-" "Jetpack by WordPress.com"
122.183.37.68 - - [19/Aug/2026:08:20:37 +0300] "POST /xmlrpc.php HTTP/1.1" 200 459 "-" "Jetpack by WordPress.com (Jetpack 12.0; WordPress 6.3)"
139.5.71.207 - - [19/Aug/2026:08:20:42 +0300] "POST /xmlrpc.php HTTP/1.1" 200 459 "-" "Jetpack/12.5; WordPress/6.1; http://site75827148.com"
122.183.37.68 - - [19/Aug/2026:08:20:48 +0300] "POST /xmlrpc.php HTTP/1.1" 200 459 "-" "WordPress.com; https://wordpress.com"
139.5.71.207 - - [19/Aug/2026:08:20:53 +0300] "POST /xmlrpc.php HTTP/1.1" 200 459 "-" "WordPress.com; https://wordpress.com"
122.183.37.68 - - [19/Aug/2026:08:20:59 +0300] "POST /xmlrpc.php HTTP/1.1" 200 459 "-" "WordPress.com; https://wordpress.com"
139.5.71.207 - - [19/Aug/2026:08:21:03 +0300] "POST /xmlrpc.php HTTP/1.1" 200 459 "-" "Jetpack by WordPress.com (Jetpack 12.5; WordPress 6.4)"
122.183.37.68 - - [19/Aug/2026:08:21:09 +0300] "POST /xmlrpc.php HTTP/1.1" 200 459 "-" "Jetpack by WordPress.com (Jetpack 13.0; WordPress 6.3)"
139.5.71.207 - - [19/Aug/2026:08:21:14 +0300] "POST /xmlrpc.php HTTP/1.1" 200 459 "-" "WordPress.com; https://wordpress.com"
122.183.37.68 - - [19/Aug/2026:08:21:20 +0300] "POST /xmlrpc.php HTTP/1.1" 200 459 "-" "Jetpack by WordPress.com (Jetpack 12.0; WordPress 6.1)"
139.5.71.207 - - [19/Aug/2026:08:21:24 +0300] "POST /xmlrpc.php HTTP/1.1" 200 459 "-" "WordPress.com; https://wordpress.com"
122.183.37.68 - - [19/Aug/2026:08:21:31 +0300] "POST /xmlrpc.php HTTP/1.1" 200 459 "-" "Jetpack/12.5; WordPress/6.2; http://site38721022.com"
139.5.71.207 - - [19/Aug/2026:08:21:35 +0300] "POST /xmlrpc.php HTTP/1.1" 200 459 "-" "Jetpack by WordPress.com (Jetpack 12.1; WordPress 6.3)"
122.183.37.68 - - [19/Aug/2026:08:21:41 +0300] "POST /xmlrpc.php HTTP/1.1" 200 459 "-" "Jetpack/12.0; WordPress/6.3; http://site89622248.com"
139.5.71.207 - - [19/Aug/2026:08:21:45 +0300] "POST /xmlrpc.php HTTP/1.1" 200 459 "-" "Jetpack by WordPress.com (Jetpack 12.5; WordPress 6.1)"
122.183.37.68 - - [19/Aug/2026:08:21:52 +0300] "POST /xmlrpc.php HTTP/1.1" 200 459 "-" "Jetpack/12.5; WordPress/6.2; http://site87951834.com"
139.5.71.207 - - [19/Aug/2026:08:21:56 +0300] "POST /xmlrpc.php HTTP/1.1" 200 459 "-" "Jetpack by WordPress.com"
122.183.37.68 - - [19/Aug/2026:08:22:03 +0300] "POST /xmlrpc.php HTTP/1.1" 200 459 "-" "Jetpack by WordPress.com"
139.5.71.207 - - [19/Aug/2026:08:22:06 +0300] "POST /xmlrpc.php HTTP/1.1" 200 459 "-" "WordPress.com; https://wordpress.com"
129.121.103.155 - - [19/Aug/2026:08:22:10 +0300] "GET /wp-login.php HTTP/2.0" 200 3354 "-" "Mozilla/5.0 (Windows NT 10.0; Win64; x64) AppleWebKit/537.36 (KHTML, like Gecko) Chrome/151.0.0.0 Safari/537.36"
129.121.103.155 - - [19/Aug/2026:08:22:10 +0300] "POST /wp-login.php HTTP/2.0" 200 3503 "https://891rpm.com/wp-login.php" "Mozilla/5.0 (Windows NT 10.0; Win64; x64) AppleWebKit/537.36 (KHTML, like Gecko) Chrome/151.0.0.0 Safari/537.36"
122.183.37.68 - - [19/Aug/2026:08:22:13 +0300] "POST /xmlrpc.php HTTP/1.1" 200 459 "-" "Jetpack by WordPress.com (Jetpack 13.0; WordPress 6.1)"
139.5.71.207 - - [19/Aug/2026:08:22:17 +0300] "POST /xmlrpc.php HTTP/1.1" 200 459 "-" "Jetpack by WordPress.com (Jetpack 12.1; WordPress 6.2)"
122.183.37.68 - - [19/Aug/2026:08:22:24 +0300] "POST /xmlrpc.php HTTP/1.1" 200 459 "-" "Jetpack by WordPress.com"
139.5.71.207 - - [19/Aug/2026:08:22:27 +0300] "POST /xmlrpc.php HTTP/1.1" 200 459 "-" "Jetpack by WordPress.com"
122.183.37.68 - - [19/Aug/2026:08:22:35 +0300] "POST /xmlrpc.php HTTP/1.1" 200 459 "-" "Jetpack by WordPress.com"
139.5.71.207 - - [19/Aug/2026:08:22:38 +0300] "POST /xmlrpc.php HTTP/1.1" 200 459 "-" "Jetpack by WordPress.com (Jetpack 13.0; WordPress 6.1)"
122.183.37.68 - - [19/Aug/2026:08:22:45 +0300] "POST /xmlrpc.php HTTP/1.1" 200 459 "-" "Jetpack by WordPress.com (Jetpack 12.5; WordPress 6.2)"
139.5.71.207 - - [19/Aug/2026:08:22:48 +0300] "POST /xmlrpc.php HTTP/1.1" 200 459 "-" "WordPress.com; https://wordpress.com"
122.183.37.68 - - [19/Aug/2026:08:22:56 +0300] "POST /xmlrpc.php HTTP/1.1" 200 459 "-" "Jetpack/12.0; WordPress/6.2; http://site40789768.com"
139.5.71.207 - - [19/Aug/2026:08:22:59 +0300] "POST /xmlrpc.php HTTP/1.1" 200 459 "-" "Jetpack by WordPress.com (Jetpack 12.0; WordPress 6.4)"
18.218.118.203 - - [19/Aug/2026:08:23:04 +0300] "\x16\x03\x01\x01\x00\x01\x00\x00\xFC\x03\x03\x8Fz\xAFB\x8C\x01\xEFe$9|\x16\x1D\xFCbtz\xA8!Pu\x9A+\xAAgY(:\xD2\x90F\xCD A\xD62\x8A\xC9j\xB4u\xBF\xAF\x16\x0E\x94\xA9\xEA6[\x1DD\x22\xEFr\x09h\x14\xDE\xF3\xA9\xE7%7\x07\x00&\xCC\xA8\xCC\xA9\xC0/\xC00\xC0+\xC0,\xC0\x13\xC0\x09\xC0\x14\xC0" 400 150 "-" "-"
122.183.37.68 - - [19/Aug/2026:08:23:07 +0300] "POST /xmlrpc.php HTTP/1.1" 200 459 "-" "Jetpack by WordPress.com (Jetpack 13.0; WordPress 6.3)"
139.5.71.207 - - [19/Aug/2026:08:23:09 +0300] "POST /xmlrpc.php HTTP/1.1" 200 459 "-" "Jetpack/13.0; WordPress/6.3; http://site12844071.com"
18.218.118.203 - - [19/Aug/2026:08:23:16 +0300] "\x16\x03\x01\x01\x00\x01\x00\x00\xFC\x03\x03" 400 150 "-" "-"
122.183.37.68 - - [19/Aug/2026:08:23:17 +0300] "POST /xmlrpc.php HTTP/1.1" 200 459 "-" "Jetpack by WordPress.com (Jetpack 13.0; WordPress 6.3)"
216.73.216.14 - - [19/Aug/2026:08:23:20 +0300] "GET /goods.php HTTP/2.0" 404 11120 "-" "Mozilla/5.0 AppleWebKit/537.36 (KHTML, like Gecko; compatible; ClaudeBot/1.0; +claudebot@anthropic.com)"
216.73.216.14 - - [19/Aug/2026:08:23:20 +0300] "GET /coronavirus-disease-2019/ HTTP/2.0" 200 11430 "-" "Mozilla/5.0 AppleWebKit/537.36 (KHTML, like Gecko; compatible; ClaudeBot/1.0; +claudebot@anthropic.com)"
139.5.71.207 - - [19/Aug/2026:08:23:20 +0300] "POST /xmlrpc.php HTTP/1.1" 200 459 "-" "WordPress.com; https://wordpress.com"
122.183.37.68 - - [19/Aug/2026:08:23:28 +0300] "POST /xmlrpc.php HTTP/1.1" 200 459 "-" "Jetpack by WordPress.com"
139.5.71.207 - - [19/Aug/2026:08:23:31 +0300] "POST /xmlrpc.php HTTP/1.1" 200 459 "-" "Jetpack by WordPress.com (Jetpack 13.0; WordPress 6.4)"
122.183.37.68 - - [19/Aug/2026:08:23:38 +0300] "POST /xmlrpc.php HTTP/1.1" 200 459 "-" "WordPress.com; https://wordpress.com"
139.5.71.207 - - [19/Aug/2026:08:23:41 +0300] "POST /xmlrpc.php HTTP/1.1" 200 459 "-" "Jetpack/12.0; WordPress/6.1; http://site14885310.com"
122.183.37.68 - - [19/Aug/2026:08:23:49 +0300] "POST /xmlrpc.php HTTP/1.1" 200 459 "-" "WordPress.com; https://wordpress.com"
139.5.71.207 - - [19/Aug/2026:08:23:51 +0300] "POST /xmlrpc.php HTTP/1.1" 200 459 "-" "Jetpack by WordPress.com (Jetpack 13.0; WordPress 6.1)"
122.183.37.68 - - [19/Aug/2026:08:24:00 +0300] "POST /xmlrpc.php HTTP/1.1" 200 459 "-" "Jetpack by WordPress.com"
139.5.71.207 - - [19/Aug/2026:08:24:02 +0300] "POST /xmlrpc.php HTTP/1.1" 200 459 "-" "Jetpack by WordPress.com"
18.218.118.203 - - [19/Aug/2026:08:24:10 +0300] "\x03\x00\x00+&\xE0\x00\x00\x00\x00\x00Cookie: mstshash=zgrab" 400 150 "-" "-"
122.183.37.68 - - [19/Aug/2026:08:24:10 +0300] "POST /xmlrpc.php HTTP/1.1" 200 459 "-" "Jetpack/12.1; WordPress/6.1; http://site45047936.com"
139.5.71.207 - - [19/Aug/2026:08:24:13 +0300] "POST /xmlrpc.php HTTP/1.1" 200 459 "-" "Jetpack by WordPress.com"
122.183.37.68 - - [19/Aug/2026:08:24:21 +0300] "POST /xmlrpc.php HTTP/1.1" 200 459 "-" "Jetpack by WordPress.com"
139.5.71.207 - - [19/Aug/2026:08:24:23 +0300] "POST /xmlrpc.php HTTP/1.1" 200 459 "-" "Jetpack/12.1; WordPress/6.1; http://site16740317.com"
216.73.216.14 - - [19/Aug/2026:08:24:28 +0300] "GET / HTTP/2.0" 200 38517 "-" "Mozilla/5.0 AppleWebKit/537.36 (KHTML, like Gecko; compatible; ClaudeBot/1.0; +claudebot@anthropic.com)"
216.73.216.14 - - [19/Aug/2026:08:24:32 +0300] "GET /category/pistolo/ HTTP/2.0" 200 12334 "-" "Mozilla/5.0 AppleWebKit/537.36 (KHTML, like Gecko; compatible; ClaudeBot/1.0; +claudebot@anthropic.com)"
122.183.37.68 - - [19/Aug/2026:08:24:32 +0300] "POST /xmlrpc.php HTTP/1.1" 200 459 "-" "WordPress.com; https://wordpress.com"
139.5.71.207 - - [19/Aug/2026:08:24:34 +0300] "POST /xmlrpc.php HTTP/1.1" 200 459 "-" "Jetpack by WordPress.com (Jetpack 13.0; WordPress 6.4)"
122.183.37.68 - - [19/Aug/2026:08:24:42 +0300] "POST /xmlrpc.php HTTP/1.1" 200 459 "-" "WordPress.com; https://wordpress.com"
139.5.71.207 - - [19/Aug/2026:08:24:45 +0300] "POST /xmlrpc.php HTTP/1.1" 200 459 "-" "Jetpack by WordPress.com"
84.15.221.211 - - [19/Aug/2026:08:24:47 +0300] "GET /tag/converter HTTP/2.0" 301 6 "https://891rpm.com" "Mozilla/5.0 (Windows NT 10.0; Win64; x64) AppleWebKit/537.36 (KHTML, like Gecko) Chrome/144.0.0.0 Safari/537.36"
176.187.97.38 - - [19/Aug/2026:08:24:49 +0300] "GET /tag/converter/ HTTP/2.0" 200 13020 "https://891rpm.com/tag/converter" "Mozilla/5.0 (Windows NT 10.0; Win64; x64) AppleWebKit/537.36 (KHTML, like Gecko) Chrome/144.0.0.0 Safari/537.36"
66.249.76.137 - - [19/Aug/2026:08:24:51 +0300] "GET /shopdetail/bulk/017000135 HTTP/1.1" 404 11133 "-" "Mozilla/5.0 (Linux; Android 6.0.1; Nexus 5X Build/MMB29P) AppleWebKit/537.36 (KHTML, like Gecko) Chrome/151.0.7922.137 Mobile Safari/537.36 (compatible; Googlebot/2.1; +http://www.google.com/bot.html)"
122.183.37.68 - - [19/Aug/2026:08:24:53 +0300] "POST /xmlrpc.php HTTP/1.1" 200 459 "-" "Jetpack/12.5; WordPress/6.3; http://site82820257.com"
139.5.71.207 - - [19/Aug/2026:08:24:55 +0300] "POST /xmlrpc.php HTTP/1.1" 200 459 "-" "Jetpack by WordPress.com (Jetpack 12.1; WordPress 6.3)"
122.183.37.68 - - [19/Aug/2026:08:25:04 +0300] "POST /xmlrpc.php HTTP/1.1" 200 459 "-" "Jetpack by WordPress.com (Jetpack 12.0; WordPress 6.4)"
139.5.71.207 - - [19/Aug/2026:08:25:06 +0300] "POST /xmlrpc.php HTTP/1.1" 200 459 "-" "Jetpack by WordPress.com"
122.183.37.68 - - [19/Aug/2026:08:25:14 +0300] "POST /xmlrpc.php HTTP/1.1" 200 459 "-" "Jetpack/12.5; WordPress/6.4; http://site28822399.com"
139.5.71.207 - - [19/Aug/2026:08:25:16 +0300] "POST /xmlrpc.php HTTP/1.1" 200 459 "-" "Jetpack/12.0; WordPress/6.2; http://site31928295.com"
122.183.37.68 - - [19/Aug/2026:08:25:25 +0300] "POST /xmlrpc.php HTTP/1.1" 200 459 "-" "Jetpack/12.0; WordPress/6.2; http://site63219192.com"
139.5.71.207 - - [19/Aug/2026:08:25:27 +0300] "POST /xmlrpc.php HTTP/1.1" 200 459 "-" "Jetpack by WordPress.com"
216.73.216.14 - - [19/Aug/2026:08:25:29 +0300] "GET /page/10/ HTTP/2.0" 200 24901 "-" "Mozilla/5.0 AppleWebKit/537.36 (KHTML, like Gecko; compatible; ClaudeBot/1.0; +claudebot@anthropic.com)"
216.73.216.14 - - [19/Aug/2026:08:25:29 +0300] "GET /recenze-online-casina-top-pistolo-brands-to-consider-for-serious-collectors/ HTTP/2.0" 200 13422 "-" "Mozilla/5.0 AppleWebKit/537.36 (KHTML, like Gecko; compatible; ClaudeBot/1.0; +claudebot@anthropic.com)"
122.183.37.68 - - [19/Aug/2026:08:25:35 +0300] "POST /xmlrpc.php HTTP/1.1" 200 459 "-" "WordPress.com; https://wordpress.com"
139.5.71.207 - - [19/Aug/2026:08:25:37 +0300] "POST /xmlrpc.php HTTP/1.1" 200 459 "-" "WordPress.com; https://wordpress.com"
122.183.37.68 - - [19/Aug/2026:08:25:46 +0300] "POST /xmlrpc.php HTTP/1.1" 200 459 "-" "WordPress.com; https://wordpress.com"
139.5.71.207 - - [19/Aug/2026:08:25:48 +0300] "POST /xmlrpc.php HTTP/1.1" 200 459 "-" "Jetpack by WordPress.com"
66.249.76.136 - - [19/Aug/2026:08:25:51 +0300] "GET /shop/bureau/carpet094000851.shtml HTTP/1.1" 404 11133 "-" "Mozilla/5.0 (Linux; Android 6.0.1; Nexus 5X Build/MMB29P) AppleWebKit/537.36 (KHTML, like Gecko) Chrome/151.0.7922.137 Mobile Safari/537.36 (compatible; Googlebot/2.1; +http://www.google.com/bot.html)"
122.183.37.68 - - [19/Aug/2026:08:25:57 +0300] "POST /xmlrpc.php HTTP/1.1" 200 459 "-" "WordPress.com; https://wordpress.com"
139.5.71.207 - - [19/Aug/2026:08:25:59 +0300] "POST /xmlrpc.php HTTP/1.1" 200 459 "-" "Jetpack by WordPress.com"
122.183.37.68 - - [19/Aug/2026:08:26:07 +0300] "POST /xmlrpc.php HTTP/1.1" 200 459 "-" "WordPress.com; https://wordpress.com"
139.5.71.207 - - [19/Aug/2026:08:26:09 +0300] "POST /xmlrpc.php HTTP/1.1" 200 459 "-" "Jetpack/12.0; WordPress/6.1; http://site81020630.com"
122.183.37.68 - - [19/Aug/2026:08:26:18 +0300] "POST /xmlrpc.php HTTP/1.1" 200 459 "-" "Jetpack by WordPress.com (Jetpack 12.5; WordPress 6.2)"
139.5.71.207 - - [19/Aug/2026:08:26:20 +0300] "POST /xmlrpc.php HTTP/1.1" 200 459 "-" "Jetpack by WordPress.com"
122.183.37.68 - - [19/Aug/2026:08:26:29 +0300] "POST /xmlrpc.php HTTP/1.1" 200 459 "-" "Jetpack by WordPress.com (Jetpack 13.0; WordPress 6.1)"
139.5.71.207 - - [19/Aug/2026:08:26:30 +0300] "POST /xmlrpc.php HTTP/1.1" 200 459 "-" "Jetpack by WordPress.com"
122.183.37.68 - - [19/Aug/2026:08:26:39 +0300] "POST /xmlrpc.php HTTP/1.1" 200 459 "-" "WordPress.com; https://wordpress.com"
139.5.71.207 - - [19/Aug/2026:08:26:41 +0300] "POST /xmlrpc.php HTTP/1.1" 200 459 "-" "WordPress.com; https://wordpress.com"
18.218.118.203 - - [19/Aug/2026:08:26:47 +0300] "\x16\x03\x01\x00\xEE\x01\x00\x00\xEA\x03\x03J\xFE\xAE\x08yt\xDD\xAF\x97x\xDE;\xB4,\x08\x8D\xD7l\xDE\x9E}4\xD8[\xF6'\xF2\xF1\x8D\xE4u& \x07\x91\x95\xE8G\xDF\x96\xE5z\xEF\xA5\xF2\xCCm\x9DT\x9D\xED\x9B\x85\xEB\xF5T(\x1D\xD1\xAE\xE3\xF5\x03\xA3\xAA\x00&\xCC\xA8\xCC\xA9\xC0/\xC00\xC0+\xC0,\xC0\x13\xC0\x09\xC0\x14\xC0" 400 150 "-" "-"
122.183.37.68 - - [19/Aug/2026:08:26:50 +0300] "POST /xmlrpc.php HTTP/1.1" 200 459 "-" "WordPress.com; https://wordpress.com"
139.5.71.207 - - [19/Aug/2026:08:26:52 +0300] "POST /xmlrpc.php HTTP/1.1" 200 459 "-" "Jetpack by WordPress.com"
122.183.37.68 - - [19/Aug/2026:08:27:01 +0300] "POST /xmlrpc.php HTTP/1.1" 200 459 "-" "Jetpack by WordPress.com"
139.5.71.207 - - [19/Aug/2026:08:27:02 +0300] "POST /xmlrpc.php HTTP/1.1" 200 459 "-" "WordPress.com; https://wordpress.com"
46.105.28.235 - - [19/Aug/2026:08:27:03 +0300] "GET /wp-login.php HTTP/2.0" 200 3354 "-" "Mozilla/5.0 (Windows NT 10.0; Win64; x64) AppleWebKit/537.36 (KHTML, like Gecko) Chrome/151.0.0.0 Safari/537.36"
46.105.28.235 - - [19/Aug/2026:08:27:04 +0300] "POST /wp-login.php HTTP/2.0" 200 3503 "https://891rpm.com/wp-login.php" "Mozilla/5.0 (Windows NT 10.0; Win64; x64) AppleWebKit/537.36 (KHTML, like Gecko) Chrome/151.0.0.0 Safari/537.36"
122.183.37.68 - - [19/Aug/2026:08:27:11 +0300] "POST /xmlrpc.php HTTP/1.1" 200 459 "-" "WordPress.com; https://wordpress.com"
139.5.71.207 - - [19/Aug/2026:08:27:13 +0300] "POST /xmlrpc.php HTTP/1.1" 200 459 "-" "Jetpack by WordPress.com"
122.183.37.68 - - [19/Aug/2026:08:27:22 +0300] "POST /xmlrpc.php HTTP/1.1" 200 459 "-" "WordPress.com; https://wordpress.com"
139.5.71.207 - - [19/Aug/2026:08:27:23 +0300] "POST /xmlrpc.php HTTP/1.1" 200 459 "-" "Jetpack by WordPress.com"
122.183.37.68 - - [19/Aug/2026:08:27:33 +0300] "POST /xmlrpc.php HTTP/1.1" 200 459 "-" "WordPress.com; https://wordpress.com"
139.5.71.207 - - [19/Aug/2026:08:27:34 +0300] "POST /xmlrpc.php HTTP/1.1" 200 459 "-" "WordPress.com; https://wordpress.com"
122.183.37.68 - - [19/Aug/2026:08:27:43 +0300] "POST /xmlrpc.php HTTP/1.1" 200 459 "-" "WordPress.com; https://wordpress.com"
216.73.216.14 - - [19/Aug/2026:08:27:44 +0300] "GET /category/public/ HTTP/2.0" 200 11107 "-" "Mozilla/5.0 AppleWebKit/537.36 (KHTML, like Gecko; compatible; ClaudeBot/1.0; +claudebot@anthropic.com)"
139.5.71.207 - - [19/Aug/2026:08:27:44 +0300] "POST /xmlrpc.php HTTP/1.1" 200 459 "-" "Jetpack by WordPress.com (Jetpack 12.0; WordPress 6.4)"
122.183.37.68 - - [19/Aug/2026:08:27:54 +0300] "POST /xmlrpc.php HTTP/1.1" 200 459 "-" "WordPress.com; https://wordpress.com"
139.5.71.207 - - [19/Aug/2026:08:27:55 +0300] "POST /xmlrpc.php HTTP/1.1" 200 459 "-" "Jetpack by WordPress.com"
122.183.37.68 - - [19/Aug/2026:08:28:05 +0300] "POST /xmlrpc.php HTTP/1.1" 200 459 "-" "Jetpack by WordPress.com"
139.5.71.207 - - [19/Aug/2026:08:28:06 +0300] "POST /xmlrpc.php HTTP/1.1" 200 459 "-" "Jetpack/13.0; WordPress/6.2; http://site80194600.com"
122.183.37.68 - - [19/Aug/2026:08:28:16 +0300] "POST /xmlrpc.php HTTP/1.1" 200 459 "-" "Jetpack by WordPress.com"
139.5.71.207 - - [19/Aug/2026:08:28:16 +0300] "POST /xmlrpc.php HTTP/1.1" 200 459 "-" "Jetpack by WordPress.com"
122.183.37.68 - - [19/Aug/2026:08:28:27 +0300] "POST /xmlrpc.php HTTP/1.1" 200 459 "-" "Jetpack by WordPress.com"
139.5.71.207 - - [19/Aug/2026:08:28:27 +0300] "POST /xmlrpc.php HTTP/1.1" 200 459 "-" "Jetpack by WordPress.com (Jetpack 13.0; WordPress 6.1)"
139.5.71.207 - - [19/Aug/2026:08:28:37 +0300] "POST /xmlrpc.php HTTP/1.1" 200 459 "-" "Jetpack by WordPress.com (Jetpack 13.0; WordPress 6.3)"
122.183.37.68 - - [19/Aug/2026:08:28:37 +0300] "POST /xmlrpc.php HTTP/1.1" 200 459 "-" "WordPress.com; https://wordpress.com"
114.119.156.44 - - [19/Aug/2026:08:28:42 +0300] "GET /sitemap550.xml HTTP/1.1" 404 11133 "-" "Mozilla/5.0 (Linux; Android 7.0;) AppleWebKit/537.36 (KHTML, like Gecko) Mobile Safari/537.36 (compatible; PetalBot;+https://webmaster.petalsearch.com/site/petalbot)"
139.5.71.207 - - [19/Aug/2026:08:28:48 +0300] "POST /xmlrpc.php HTTP/1.1" 200 459 "-" "Jetpack/12.0; WordPress/6.4; http://site45463323.com"
122.183.37.68 - - [19/Aug/2026:08:28:48 +0300] "POST /xmlrpc.php HTTP/1.1" 200 459 "-" "Jetpack by WordPress.com (Jetpack 13.0; WordPress 6.1)"
45.198.224.26 - - [19/Aug/2026:08:28:51 +0300] "POST /goform/formJsonAjaxReq HTTP/1.1" 301 162 "http://82.148.16.210:80/login.asp" "Mozilla/5.0 (X11; Linux x86_64; rv:128.0) Gecko/20100101 Firefox/128.0"
139.5.71.207 - - [19/Aug/2026:08:28:58 +0300] "POST /xmlrpc.php HTTP/1.1" 200 459 "-" "Jetpack by WordPress.com"
122.183.37.68 - - [19/Aug/2026:08:28:59 +0300] "POST /xmlrpc.php HTTP/1.1" 200 459 "-" "WordPress.com; https://wordpress.com"
139.5.71.207 - - [19/Aug/2026:08:29:09 +0300] "POST /xmlrpc.php HTTP/1.1" 200 459 "-" "Jetpack by WordPress.com"
122.183.37.68 - - [19/Aug/2026:08:29:10 +0300] "POST /xmlrpc.php HTTP/1.1" 200 459 "-" "Jetpack/12.5; WordPress/6.2; http://site56030870.com"
139.5.71.207 - - [19/Aug/2026:08:29:19 +0300] "POST /xmlrpc.php HTTP/1.1" 200 459 "-" "Jetpack by WordPress.com (Jetpack 13.0; WordPress 6.4)"
122.183.37.68 - - [19/Aug/2026:08:29:21 +0300] "POST /xmlrpc.php HTTP/1.1" 200 459 "-" "Jetpack by WordPress.com"
139.5.71.207 - - [19/Aug/2026:08:29:30 +0300] "POST /xmlrpc.php HTTP/1.1" 200 459 "-" "Jetpack by WordPress.com (Jetpack 12.1; WordPress 6.2)"
122.183.37.68 - - [19/Aug/2026:08:29:31 +0300] "POST /xmlrpc.php HTTP/1.1" 200 459 "-" "Jetpack/12.1; WordPress/6.4; http://site84892546.com"
139.5.71.207 - - [19/Aug/2026:08:29:40 +0300] "POST /xmlrpc.php HTTP/1.1" 200 459 "-" "WordPress.com; https://wordpress.com"
122.183.37.68 - - [19/Aug/2026:08:29:42 +0300] "POST /xmlrpc.php HTTP/1.1" 200 459 "-" "Jetpack/12.0; WordPress/6.4; http://site71174273.com"
139.5.71.207 - - [19/Aug/2026:08:29:51 +0300] "POST /xmlrpc.php HTTP/1.1" 200 459 "-" "Jetpack by WordPress.com"
122.183.37.68 - - [19/Aug/2026:08:29:53 +0300] "POST /xmlrpc.php HTTP/1.1" 200 459 "-" "Jetpack by WordPress.com (Jetpack 12.1; WordPress 6.1)"
66.132.172.189 - - [19/Aug/2026:08:29:55 +0300] "\x16\x03\x01\x01\x05\x01\x00\x01\x01\x03\x03~47\xDC\x12=\x0F\xDA\xBD\xA3S\xB3\x1F\x03\xFF\xC1\x8B\xA9m\x1F\xAE\x01\x22(\x94l!\xA4s|{I \xB2`\x0FG\x1F\x8F\xCA\xF8\xF2\x11\xA3\xF7:\xA1\x91\x90\x8C\xE243\xDE\x04\xB9\x06" 400 150 "-" "-"
66.132.172.189 - - [19/Aug/2026:08:29:57 +0300] "PRI * HTTP/2.0" 400 150 "-" "-"
139.5.71.207 - - [19/Aug/2026:08:30:02 +0300] "POST /xmlrpc.php HTTP/1.1" 200 459 "-" "WordPress.com; https://wordpress.com"
122.183.37.68 - - [19/Aug/2026:08:30:04 +0300] "POST /xmlrpc.php HTTP/1.1" 200 459 "-" "WordPress.com; https://wordpress.com"
139.5.71.207 - - [19/Aug/2026:08:30:13 +0300] "POST /xmlrpc.php HTTP/1.1" 200 459 "-" "Jetpack by WordPress.com"
122.183.37.68 - - [19/Aug/2026:08:30:14 +0300] "POST /xmlrpc.php HTTP/1.1" 200 459 "-" "Jetpack by WordPress.com (Jetpack 13.0; WordPress 6.1)"
122.183.37.68 - - [19/Aug/2026:08:30:25 +0300] "POST /xmlrpc.php HTTP/1.1" 200 459 "-" "Jetpack by WordPress.com (Jetpack 13.0; WordPress 6.3)"
122.183.37.68 - - [19/Aug/2026:08:30:35 +0300] "POST /xmlrpc.php HTTP/1.1" 200 459 "-" "Jetpack by WordPress.com (Jetpack 12.1; WordPress 6.1)"
122.183.37.68 - - [19/Aug/2026:08:30:46 +0300] "POST /xmlrpc.php HTTP/1.1" 200 459 "-" "Jetpack by WordPress.com"
122.183.37.68 - - [19/Aug/2026:08:30:56 +0300] "POST /xmlrpc.php HTTP/1.1" 200 459 "-" "Jetpack by WordPress.com"
122.183.37.68 - - [19/Aug/2026:08:31:07 +0300] "POST /xmlrpc.php HTTP/1.1" 200 459 "-" "Jetpack by WordPress.com (Jetpack 12.1; WordPress 6.4)"
122.183.37.68 - - [19/Aug/2026:08:31:18 +0300] "POST /xmlrpc.php HTTP/1.1" 200 459 "-" "Jetpack by WordPress.com"
122.183.37.68 - - [19/Aug/2026:08:31:28 +0300] "POST /xmlrpc.php HTTP/1.1" 200 459 "-" "Jetpack by WordPress.com"
122.183.37.68 - - [19/Aug/2026:08:31:39 +0300] "POST /xmlrpc.php HTTP/1.1" 200 459 "-" "Jetpack/12.5; WordPress/6.4; http://site29954657.com"
122.183.37.68 - - [19/Aug/2026:08:31:50 +0300] "POST /xmlrpc.php HTTP/1.1" 200 459 "-" "WordPress.com; https://wordpress.com"
122.183.37.68 - - [19/Aug/2026:08:32:00 +0300] "POST /xmlrpc.php HTTP/1.1" 200 459 "-" "Jetpack by WordPress.com (Jetpack 13.0; WordPress 6.2)"
122.183.37.68 - - [19/Aug/2026:08:32:11 +0300] "POST /xmlrpc.php HTTP/1.1" 200 459 "-" "Jetpack by WordPress.com"
122.183.37.68 - - [19/Aug/2026:08:32:22 +0300] "POST /xmlrpc.php HTTP/1.1" 200 459 "-" "Jetpack by WordPress.com (Jetpack 12.1; WordPress 6.2)"
122.183.37.68 - - [19/Aug/2026:08:32:32 +0300] "POST /xmlrpc.php HTTP/1.1" 200 459 "-" "Jetpack by WordPress.com (Jetpack 12.5; WordPress 6.3)"
94.154.35.236 - - [19/Aug/2026:08:32:43 +0300] "HEAD /2025.tar HTTP/1.1" 301 0 "-" "Mozilla/5.0 (Windows NT 10.0; Win64; x64) AppleWebKit/537.36 (KHTML, like Gecko) Chrome/101.0.4951.67 Safari/537.36"
94.154.35.236 - - [19/Aug/2026:08:32:43 +0300] "HEAD /2025.tar HTTP/1.1" 404 0 "-" "Mozilla/5.0 (Windows NT 10.0; Win64; x64) AppleWebKit/537.36 (KHTML, like Gecko) Chrome/101.0.4951.67 Safari/537.36"
54.163.169.168 - - [19/Aug/2026:08:33:23 +0300] "GET /%D0%B7%D0%B0%D1%89%D0%B8%D1%82%D0%B0-asterisk-%D0%B8%D0%BB%D0%B8-%D0%BA%D1%83%D0%B1%D0%B8%D0%BD%D1%81%D0%BA%D0%B0%D1%8F-%D1%8D%D0%BF%D0%B8%D0%B4%D0%B5%D0%BC%D0%B8%D1%8F/feed/ HTTP/1.1" 200 1167 "-" "Mozilla/5.0 AppleWebKit/537.36 (KHTML, like Gecko; compatible; Amazonbot/0.1; +https://developer.amazon.com/support/amazonbot) Chrome/119.0.6045.214 Safari/537.36"
23.21.228.180 - - [19/Aug/2026:08:33:26 +0300] "GET /tag/linux/feed/ HTTP/1.1" 200 18770 "-" "Mozilla/5.0 AppleWebKit/537.36 (KHTML, like Gecko; compatible; Amazonbot/0.1; +https://developer.amazon.com/support/amazonbot) Chrome/119.0.6045.214 Safari/537.36"
147.135.213.11 - - [19/Aug/2026:08:35:43 +0300] "GET /%D0%B2%D0%B8%D0%B7%D1%83%D0%B0%D0%BB%D1%8C%D0%BD%D0%BE%D0%B5-%D1%80%D0%B0%D1%81%D0%BF%D0%BE%D0%B7%D0%BD%D0%B0%D0%B2%D0%B0%D0%BD%D0%B8%D0%B5-%D1%85%D1%8D%D1%88%D0%B5%D0%B9/john-to-crack-the-password/feed/ HTTP/1.1" 200 1187 "-" "Mozilla/5.0 (compatible; MJ12bot/v1.4.8; http://mj12bot.com/)"
147.135.213.11 - - [19/Aug/2026:08:35:45 +0300] "GET /%D1%83%D1%81%D1%82%D0%B0%D0%BD%D0%BE%D0%B2%D0%BA%D0%B0-%D0%B8-%D0%BD%D0%B0%D1%81%D1%82%D1%80%D0%BE%D0%B9%D0%BA%D0%B0-wowza-media-server-2-2-4-%D0%B8-jw-player-%D0%BD%D0%B0-debian/dia-wirecast-wowza/feed/ HTTP/1.1" 200 1166 "-" "Mozilla/5.0 (compatible; MJ12bot/v1.4.8; http://mj12bot.com/)"
147.135.213.11 - - [19/Aug/2026:08:35:47 +0300] "GET /%D1%83%D1%81%D1%82%D0%B0%D0%BD%D0%BE%D0%B2%D0%BA%D0%B0-%D0%B8-%D0%BD%D0%B0%D1%81%D1%82%D1%80%D0%BE%D0%B9%D0%BA%D0%B0-wowza-media-server-2-2-4-%D0%B8-jw-player-%D0%BD%D0%B0-debian/jwplaeer-300x171/feed/ HTTP/1.1" 200 1178 "-" "Mozilla/5.0 (compatible; MJ12bot/v1.4.8; http://mj12bot.com/)"
147.135.213.11 - - [19/Aug/2026:08:35:49 +0300] "GET /rtmp-%D1%81%D0%B5%D1%80%D0%B2%D0%B5%D1%80-%D0%BD%D0%B0-debian-linux/red5/feed/ HTTP/1.1" 200 915 "-" "Mozilla/5.0 (compatible; MJ12bot/v1.4.8; http://mj12bot.com/)"
103.83.93.122 - - [19/Aug/2026:08:36:45 +0300] "POST /xmlrpc.php HTTP/1.1" 200 459 "-" "Mozilla/5.0 (Windows NT 6.2; x86) AppleWebKit/537.36 (KHTML, like Gecko) Edge/82.0.0.0 Safari/537.36"
216.73.216.14 - - [19/Aug/2026:08:38:58 +0300] "GET /category/tech-articles/page/9/ HTTP/2.0" 200 24235 "-" "Mozilla/5.0 AppleWebKit/537.36 (KHTML, like Gecko; compatible; ClaudeBot/1.0; +claudebot@anthropic.com)"
114.119.146.126 - - [19/Aug/2026:08:39:42 +0300] "GET /sitemap548.xml HTTP/1.1" 404 11133 "-" "Mozilla/5.0 (Linux; Android 7.0;) AppleWebKit/537.36 (KHTML, like Gecko) Mobile Safari/537.36 (compatible; PetalBot;+https://webmaster.petalsearch.com/site/petalbot)"
47.76.201.107 - - [19/Aug/2026:08:43:05 +0300] "GET /wp-login.php HTTP/2.0" 200 3354 "-" "Mozilla/5.0 (Windows NT 10.0; Win64; x64) AppleWebKit/537.36 (KHTML, like Gecko) Chrome/151.0.0.0 Safari/537.36"
47.76.201.107 - - [19/Aug/2026:08:43:07 +0300] "POST /wp-login.php HTTP/2.0" 200 3503 "https://891rpm.com/wp-login.php" "Mozilla/5.0 (Windows NT 10.0; Win64; x64) AppleWebKit/537.36 (KHTML, like Gecko) Chrome/151.0.0.0 Safari/537.36"
104.209.144.33 - - [19/Aug/2026:08:44:30 +0300] "GET /wp-content/plugins/hellopress/wp_filemanager.php HTTP/1.1" 301 162 "-" "-"
104.209.144.33 - - [19/Aug/2026:08:44:33 +0300] "GET /wp-content/plugins/hellopress/wp_filemanager.php HTTP/1.1" 404 53837 "-" "-"
104.209.144.33 - - [19/Aug/2026:08:44:34 +0300] "GET /this_is_a_new_hello_world.php HTTP/1.1" 301 162 "-" "-"
104.209.144.33 - - [19/Aug/2026:08:44:34 +0300] "GET /this_is_a_new_hello_world.php HTTP/1.1" 404 53837 "-" "-"
104.209.144.33 - - [19/Aug/2026:08:44:35 +0300] "GET /weozh.php HTTP/1.1" 301 162 "-" "-"
104.209.144.33 - - [19/Aug/2026:08:44:35 +0300] "GET /weozh.php HTTP/1.1" 404 53837 "-" "-"
104.209.144.33 - - [19/Aug/2026:08:44:36 +0300] "GET /rymmm.php HTTP/1.1" 301 162 "-" "-"
104.209.144.33 - - [19/Aug/2026:08:44:36 +0300] "GET /rymmm.php HTTP/1.1" 404 53837 "-" "-"
104.209.144.33 - - [19/Aug/2026:08:44:36 +0300] "GET /lddxs.php HTTP/1.1" 301 162 "-" "-"
104.209.144.33 - - [19/Aug/2026:08:44:37 +0300] "GET /lddxs.php HTTP/1.1" 404 53837 "-" "-"
104.209.144.33 - - [19/Aug/2026:08:44:37 +0300] "GET /zjggu.php HTTP/1.1" 301 162 "-" "-"
144.202.92.17 - - [19/Aug/2026:08:44:37 +0300] "GET / HTTP/2.0" 200 38517 "https://82.148.16.210/" "Mozilla/5.0 (compatible; CyberConvoyScout/1.0; +https://scout.cyberconvoy.co)"
104.209.144.33 - - [19/Aug/2026:08:44:37 +0300] "GET /zjggu.php HTTP/1.1" 404 53837 "-" "-"
104.209.144.33 - - [19/Aug/2026:08:44:38 +0300] "GET /dlvqo.php HTTP/1.1" 301 162 "-" "-"
104.209.144.33 - - [19/Aug/2026:08:44:38 +0300] "GET /dlvqo.php HTTP/1.1" 404 53837 "-" "-"
104.209.144.33 - - [19/Aug/2026:08:44:38 +0300] "GET /pkmoj.php HTTP/1.1" 301 162 "-" "-"
104.209.144.33 - - [19/Aug/2026:08:44:39 +0300] "GET /pkmoj.php HTTP/1.1" 404 53837 "-" "-"
104.209.144.33 - - [19/Aug/2026:08:44:39 +0300] "GET /kopyw.php HTTP/1.1" 301 162 "-" "-"
104.209.144.33 - - [19/Aug/2026:08:44:39 +0300] "GET /kopyw.php HTTP/1.1" 404 53837 "-" "-"
104.209.144.33 - - [19/Aug/2026:08:44:39 +0300] "GET /zznmg.php HTTP/1.1" 301 162 "-" "-"
104.209.144.33 - - [19/Aug/2026:08:44:40 +0300] "GET /zznmg.php HTTP/1.1" 404 53837 "-" "-"
104.209.144.33 - - [19/Aug/2026:08:44:40 +0300] "GET /bhfnd.php HTTP/1.1" 301 162 "-" "-"
104.209.144.33 - - [19/Aug/2026:08:44:40 +0300] "GET /bhfnd.php HTTP/1.1" 404 53837 "-" "-"
104.209.144.33 - - [19/Aug/2026:08:44:40 +0300] "GET /qfvqu.php HTTP/1.1" 301 162 "-" "-"
104.209.144.33 - - [19/Aug/2026:08:44:41 +0300] "GET /qfvqu.php HTTP/1.1" 404 53837 "-" "-"
104.209.144.33 - - [19/Aug/2026:08:44:41 +0300] "GET /oivcl.php HTTP/1.1" 301 162 "-" "-"
104.209.144.33 - - [19/Aug/2026:08:44:41 +0300] "GET /oivcl.php HTTP/1.1" 404 53837 "-" "-"
104.209.144.33 - - [19/Aug/2026:08:44:42 +0300] "GET /zugvi.php HTTP/1.1" 301 162 "-" "-"
104.209.144.33 - - [19/Aug/2026:08:44:42 +0300] "GET /zugvi.php HTTP/1.1" 404 53837 "-" "-"
104.209.144.33 - - [19/Aug/2026:08:44:43 +0300] "GET /wsrer.php HTTP/1.1" 301 162 "-" "-"
104.209.144.33 - - [19/Aug/2026:08:44:43 +0300] "GET /wsrer.php HTTP/1.1" 404 53837 "-" "-"
104.209.144.33 - - [19/Aug/2026:08:44:43 +0300] "GET /ucpfr.php HTTP/1.1" 301 162 "-" "-"
104.209.144.33 - - [19/Aug/2026:08:44:44 +0300] "GET /ucpfr.php HTTP/1.1" 404 53837 "-" "-"
104.209.144.33 - - [19/Aug/2026:08:44:44 +0300] "GET /yxijx.php HTTP/1.1" 301 162 "-" "-"
104.209.144.33 - - [19/Aug/2026:08:44:44 +0300] "GET /yxijx.php HTTP/1.1" 404 53837 "-" "-"
104.209.144.33 - - [19/Aug/2026:08:44:45 +0300] "GET /zwlsv.php HTTP/1.1" 301 162 "-" "-"
104.209.144.33 - - [19/Aug/2026:08:44:45 +0300] "GET /zwlsv.php HTTP/1.1" 404 53837 "-" "-"
104.209.144.33 - - [19/Aug/2026:08:44:46 +0300] "GET /jrpga.php HTTP/1.1" 301 162 "-" "-"
104.209.144.33 - - [19/Aug/2026:08:44:46 +0300] "GET /jrpga.php HTTP/1.1" 404 53837 "-" "-"
104.209.144.33 - - [19/Aug/2026:08:44:47 +0300] "GET /museu/yhweq.php HTTP/1.1" 301 162 "-" "-"
104.209.144.33 - - [19/Aug/2026:08:44:47 +0300] "GET /museu/yhweq.php HTTP/1.1" 404 53837 "-" "-"
104.209.144.33 - - [19/Aug/2026:08:44:47 +0300] "GET /nwwha.php HTTP/1.1" 301 162 "-" "-"
104.209.144.33 - - [19/Aug/2026:08:44:48 +0300] "GET /nwwha.php HTTP/1.1" 404 53837 "-" "-"
104.209.144.33 - - [19/Aug/2026:08:44:48 +0300] "GET /opsqt.php HTTP/1.1" 301 162 "-" "-"
